{"id":9931,"date":"2024-08-22T07:48:25","date_gmt":"2024-08-22T00:48:25","guid":{"rendered":"https:\/\/congtybinhminh.com\/?post_type=product&#038;p=9931"},"modified":"2024-09-03T07:17:22","modified_gmt":"2024-09-03T00:17:22","slug":"may-say-nong-san-mini-10k","status":"publish","type":"product","link":"https:\/\/congtybinhminh.com\/?product=may-say-nong-san-mini-10k","title":{"rendered":"M\u00e1y s\u1ea5y n\u00f4ng s\u1ea3n mini 10K"},"content":{"rendered":"<h2>Video ho\u1ea1t \u0111\u1ed9ng c\u1ee7a m\u00e1y<\/h2>\n<p><iframe loading=\"lazy\" title=\"Gi\u00e1 B\u00e1n Th\u00e1ng 9\/2024 T\u1ee7 S\u1ea5y N\u00f4ng S\u1ea3n Mini 10K Th\u1ebf H\u1ec7 M\u1edbi 10 Khay S\u1ea5y L\u00e0 Bao Nhi\u00eau?\" width=\"1020\" height=\"574\" src=\"https:\/\/www.youtube.com\/embed\/XguzMYgyiQA?feature=oembed\" frameborder=\"0\" allow=\"accelerometer; autoplay; clipboard-write; encrypted-media; gyroscope; picture-in-picture; web-share\" referrerpolicy=\"strict-origin-when-cross-origin\" allowfullscreen><\/iframe><\/p>\n<h2>Gi\u1edbi thi\u1ec7u m\u00e1y s\u1ea5y n\u00f4ng s\u1ea3n mini 10K<\/h2>\n<p>M\u00e1y s\u1ea5y n\u00f4ng s\u1ea3n mini 10K do c\u00f4ng ty B\u00ecnh M\u00ednh s\u1ea3n xu\u1ea5t &#8211; s\u1ef1 l\u1ef1a ch\u1ecdn ho\u00e0n h\u1ea3o cho c\u00e1c h\u1ed9 gia \u0111\u00ecnh, c\u01a1 s\u1edf ch\u1ebf bi\u1ebfn th\u1ef1c ph\u1ea9m v\u1edbi c\u00f4ng ngh\u1ec7 s\u1ea5y hi\u1ec7n \u0111\u1ea1i v\u00e0 thi\u1ebft k\u1ebf \u0111\u1ea3m b\u1ea3o an to\u00e0n.<\/p>\n<p><img loading=\"lazy\" decoding=\"async\" class=\"aligncenter wp-image-9938 size-full\" src=\"https:\/\/congtybinhminh.com\/wp-content\/uploads\/2024\/08\/may-say-nong-san-mini-10k-binh-minh_result222.webp\" alt=\"may-say-nong-san-mini-10k-binh-minh_result222\" width=\"800\" height=\"1078\" srcset=\"https:\/\/congtybinhminh.com\/wp-content\/uploads\/2024\/08\/may-say-nong-san-mini-10k-binh-minh_result222.webp 800w, https:\/\/congtybinhminh.com\/wp-content\/uploads\/2024\/08\/may-say-nong-san-mini-10k-binh-minh_result222-297x400.webp 297w, https:\/\/congtybinhminh.com\/wp-content\/uploads\/2024\/08\/may-say-nong-san-mini-10k-binh-minh_result222-594x800.webp 594w, https:\/\/congtybinhminh.com\/wp-content\/uploads\/2024\/08\/may-say-nong-san-mini-10k-binh-minh_result222-768x1035.webp 768w, https:\/\/congtybinhminh.com\/wp-content\/uploads\/2024\/08\/may-say-nong-san-mini-10k-binh-minh_result222-510x687.webp 510w\" sizes=\"auto, (max-width: 800px) 100vw, 800px\" \/><\/p>\n<p>M\u00e1y mang \u0111\u1ebfn kh\u1ea3 n\u0103ng s\u1ea5y kh\u00f4 ho\u00e0n h\u1ea3o v\u1edbi \u0111a d\u1ea1ng c\u00e1c lo\u1ea1i nguy\u00ean li\u1ec7u;<\/p>\n<p><img loading=\"lazy\" decoding=\"async\" class=\"aligncenter wp-image-9939 size-full\" src=\"https:\/\/congtybinhminh.com\/wp-content\/uploads\/2024\/08\/may-say-thit_result222.webp\" alt=\"may-say-thit_result222\" width=\"800\" height=\"568\" srcset=\"https:\/\/congtybinhminh.com\/wp-content\/uploads\/2024\/08\/may-say-thit_result222.webp 800w, https:\/\/congtybinhminh.com\/wp-content\/uploads\/2024\/08\/may-say-thit_result222-563x400.webp 563w, https:\/\/congtybinhminh.com\/wp-content\/uploads\/2024\/08\/may-say-thit_result222-768x545.webp 768w, https:\/\/congtybinhminh.com\/wp-content\/uploads\/2024\/08\/may-say-thit_result222-510x362.webp 510w\" sizes=\"auto, (max-width: 800px) 100vw, 800px\" \/><\/p>\n<ul>\n<li>S\u1ea5y kh\u00f4 th\u1ef1c ph\u1ea9m: c\u00e1c lo\u1ea1i th\u1ecbt c\u00e1<\/li>\n<li>S\u1ea5y kh\u00f4 rau c\u1ee7: c\u00e1c lo\u1ea1i rau c\u1ee7 th\u00e1i l\u00e1t m\u01b0\u1edb \u0111\u1eafng; c\u1ee7 c\u1ea3i tr\u1eafng<\/li>\n<li>S\u1ea5y kh\u00f4 hoa qu\u1ea3: cam; thanh long; chu\u1ed1i..<\/li>\n<li>S\u1ea5y kh\u00f4 gia v\u1ecb: \u1edbt; g\u1eebng; x\u1ea3; t\u1ecfi..<\/li>\n<\/ul>\n<h2>C\u1ea5u t\u1ea1o m\u00e1y s\u1ea5y n\u00f4ng s\u1ea3n mini 10K<\/h2>\n<p>M\u00e1y s\u1ea5y n\u00f4ng s\u1ea3n mini 10K \u0111\u01b0\u1ee3c thi\u1ebft k\u1ebf v\u1edbi ki\u1ec3u d\u00e1ng h\u00ecnh h\u1ed9p ch\u1eef nh\u1eadt \u0111\u1ee9ng nh\u1ecf g\u1ecdn v\u1edbi dung t\u00edch 60 l\u00edt, c\u00f3 th\u1ec3 \u0111\u1eb7t ngay tr\u00ean b\u00e0n c\u0169ng kh\u00f4ng chi\u1ebfm nhi\u1ec1u di\u1ec7n t\u00edch<\/p>\n<p><img loading=\"lazy\" decoding=\"async\" class=\"aligncenter wp-image-9940 size-full\" src=\"https:\/\/congtybinhminh.com\/wp-content\/uploads\/2024\/08\/cau-tao-may-say-mini-10-khay_result222.webp\" alt=\"cau-tao-may-say-mini-10-khay_result222\" width=\"800\" height=\"529\" srcset=\"https:\/\/congtybinhminh.com\/wp-content\/uploads\/2024\/08\/cau-tao-may-say-mini-10-khay_result222.webp 800w, https:\/\/congtybinhminh.com\/wp-content\/uploads\/2024\/08\/cau-tao-may-say-mini-10-khay_result222-605x400.webp 605w, https:\/\/congtybinhminh.com\/wp-content\/uploads\/2024\/08\/cau-tao-may-say-mini-10-khay_result222-768x508.webp 768w, https:\/\/congtybinhminh.com\/wp-content\/uploads\/2024\/08\/cau-tao-may-say-mini-10-khay_result222-510x337.webp 510w\" sizes=\"auto, (max-width: 800px) 100vw, 800px\" \/><\/p>\n<p>Ph\u00eda d\u01b0\u1edbi ch\u00e2n m\u00e1y l\u1eafp \u0111\u1eb7t 4 b\u00e1nh xe thu\u1eadn ti\u1ec7n di chuy\u1ec3n v\u1ecb tr\u00ed \u0111\u1eb7t m\u00e1y \u0111\u1ebfn b\u1ea5t k\u1ef3 v\u1ecb tr\u00ed n\u00e0o m\u00e0 kh\u00f4ng c\u1ea7n t\u1ed1n s\u1ee9c<\/p>\n<p><img loading=\"lazy\" decoding=\"async\" class=\"aligncenter wp-image-9946 size-full\" src=\"https:\/\/congtybinhminh.com\/wp-content\/uploads\/2024\/08\/may-say-10-khay_result222.webp\" alt=\"may-say-10-khay_result222\" width=\"800\" height=\"600\" srcset=\"https:\/\/congtybinhminh.com\/wp-content\/uploads\/2024\/08\/may-say-10-khay_result222.webp 800w, https:\/\/congtybinhminh.com\/wp-content\/uploads\/2024\/08\/may-say-10-khay_result222-533x400.webp 533w, https:\/\/congtybinhminh.com\/wp-content\/uploads\/2024\/08\/may-say-10-khay_result222-768x576.webp 768w, https:\/\/congtybinhminh.com\/wp-content\/uploads\/2024\/08\/may-say-10-khay_result222-510x383.webp 510w\" sizes=\"auto, (max-width: 800px) 100vw, 800px\" \/><\/p>\n<p>Ch\u1ea5t li\u1ec7u inox cao c\u1ea5p kh\u00f4ng ch\u1ec9 ch\u1ed1ng han g\u1ec9 m\u00e0 c\u00f2n \u0111\u1ea3m b\u1ea3o v\u1ec7 sinh tuy\u1ec7t \u0111\u1ed1i trong su\u1ed1t qu\u00e1 tr\u00ecnh s\u1ea5y. \u0110\u1eb7c bi\u1ec7t, t\u1ea5m k\u00ednh trong su\u1ed1t tr\u00ean c\u00e1nh t\u1ee7 gi\u00fap b\u1ea1n d\u1ec5 d\u00e0ng quan s\u00e1t qu\u00e1 tr\u00ecnh s\u1ea5y t\u1eeb b\u00ean ngo\u00e0i, mang l\u1ea1i s\u1ef1 ti\u1ec7n l\u1ee3i m\u00e0 kh\u00f4ng c\u1ea7n m\u1edf t\u1ee7<\/p>\n<h3>10 t\u1ea7ng khay s\u1ea5y<\/h3>\n<p>B\u00ean trong khoang s\u1ea5y kh\u00e9p k\u00edn v\u1edbi 10 khay s\u1ea5y d\u1ea1ng l\u01b0\u1edbi h\u00ecnh ch\u1eef nh\u1eadt k\u00edch th\u01b0\u1edbc 320*420mm, \u0111\u01b0\u1ee3c x\u1ebfp th\u00e0nh 10 t\u1ea7ng v\u1edbi kho\u1ea3ng c\u00e1ch gi\u1eefa c\u00e1c khay kho\u1ea3ng 3cm<\/p>\n<p><img loading=\"lazy\" decoding=\"async\" class=\"aligncenter wp-image-9941 size-full\" src=\"https:\/\/congtybinhminh.com\/wp-content\/uploads\/2024\/08\/khay-say_result222.webp\" alt=\"khay-say_result222\" width=\"800\" height=\"600\" srcset=\"https:\/\/congtybinhminh.com\/wp-content\/uploads\/2024\/08\/khay-say_result222.webp 800w, https:\/\/congtybinhminh.com\/wp-content\/uploads\/2024\/08\/khay-say_result222-533x400.webp 533w, https:\/\/congtybinhminh.com\/wp-content\/uploads\/2024\/08\/khay-say_result222-768x576.webp 768w, https:\/\/congtybinhminh.com\/wp-content\/uploads\/2024\/08\/khay-say_result222-510x383.webp 510w\" sizes=\"auto, (max-width: 800px) 100vw, 800px\" \/><\/p>\n<p>\u0110i\u1ec1u n\u00e0y \u0111\u1ea3m b\u1ea3o th\u1ef1c ph\u1ea9m \u0111\u01b0\u1ee3c s\u1ea5y \u0111\u1ec1u tr\u00ean t\u1ea5t c\u1ea3 c\u00e1c khay, mang l\u1ea1i s\u1ef1 hi\u1ec7u qu\u1ea3 v\u00e0 ch\u1ea5t l\u01b0\u1ee3ng s\u1ea5y<\/p>\n<h3>B\u1ea3ng \u0111i\u1ec1u khi\u1ec3n c\u1ea3m \u1ee9ng<\/h3>\n<p>Qu\u00e1 tr\u00ecnh m\u00e1y ho\u1ea1t \u0111\u1ed9ng th\u00f4ng qua h\u1ec7 th\u1ed1ng b\u1ea3ng \u0111i\u1ec1u khi\u1ec3n c\u1ea3m \u1ee9ng th\u00f4ng minh, bao g\u1ed3m c\u00e1c t\u00ednh n\u0103ng:<\/p>\n<p><img loading=\"lazy\" decoding=\"async\" class=\"aligncenter wp-image-9942 size-full\" src=\"https:\/\/congtybinhminh.com\/wp-content\/uploads\/2024\/08\/bang-dieu-khien-may-say_result222.webp\" alt=\"bang-dieu-khien-may-say_result222\" width=\"800\" height=\"554\" srcset=\"https:\/\/congtybinhminh.com\/wp-content\/uploads\/2024\/08\/bang-dieu-khien-may-say_result222.webp 800w, https:\/\/congtybinhminh.com\/wp-content\/uploads\/2024\/08\/bang-dieu-khien-may-say_result222-578x400.webp 578w, https:\/\/congtybinhminh.com\/wp-content\/uploads\/2024\/08\/bang-dieu-khien-may-say_result222-768x532.webp 768w, https:\/\/congtybinhminh.com\/wp-content\/uploads\/2024\/08\/bang-dieu-khien-may-say_result222-510x353.webp 510w\" sizes=\"auto, (max-width: 800px) 100vw, 800px\" \/><\/p>\n<ul>\n<li>C\u00f4ng t\u1eafc t\u1eaft &#8211; m\u1edf<\/li>\n<li>C\u00f4ng t\u1eafc h\u1eb9n gi\u1edd<\/li>\n<li>C\u00f4ng t\u1eafc nhi\u1ec7t<\/li>\n<li>C\u00f4ng t\u1eafc t\u0103ng &#8211; gi\u1ea3m khi c\u00e0i \u0111\u1eb7t nhi\u1ec7t<\/li>\n<\/ul>\n<p>Khi t\u1ee7 s\u1ea5y kh\u1edfi \u0111\u1ed9ng, h\u1ec7 th\u1ed1ng thanh nhi\u1ec7t b\u1eaft \u0111\u1ea7u t\u1ea1o ra nhi\u1ec7t l\u00ean \u0111\u1ebfn 90 \u0111\u1ed9 C \u0111\u01b0\u1ee3c hi\u1ec3n th\u1ecb r\u00f5 r\u00e0ng tr\u00ean b\u1ea3ng \u0111i\u1ec1u khi\u1ec3n. C\u00f9ng l\u00fac, qu\u1ea1t gi\u00f3 ph\u00eda sau t\u1ee7 s\u1ebd th\u1ed5i lu\u1ed3n kh\u00ed n\u00f2ng tu\u1ea7n ho\u00e0n kh\u1eafp c\u00e1c ng\u0103n, ti\u1ebfp x\u00fac \u0111\u1ec1u tr\u00ean b\u1ec1 m\u1eb7t nguy\u00ean li\u1ec7u<\/p>\n<p><img loading=\"lazy\" decoding=\"async\" class=\"aligncenter wp-image-9944 size-full\" src=\"https:\/\/congtybinhminh.com\/wp-content\/uploads\/2024\/08\/thanh-nhiet-may-day_result222.webp\" alt=\"thanh-nhiet-may-day_result222\" width=\"800\" height=\"618\" srcset=\"https:\/\/congtybinhminh.com\/wp-content\/uploads\/2024\/08\/thanh-nhiet-may-day_result222.webp 800w, https:\/\/congtybinhminh.com\/wp-content\/uploads\/2024\/08\/thanh-nhiet-may-day_result222-518x400.webp 518w, https:\/\/congtybinhminh.com\/wp-content\/uploads\/2024\/08\/thanh-nhiet-may-day_result222-768x593.webp 768w, https:\/\/congtybinhminh.com\/wp-content\/uploads\/2024\/08\/thanh-nhiet-may-day_result222-510x394.webp 510w\" sizes=\"auto, (max-width: 800px) 100vw, 800px\" \/><\/p>\n<p>Nh\u1edd v\u1eady, \u0111\u1ed9 \u1ea9m b\u00ean trong nguy\u00ean li\u1ec7u nhanh ch\u00f3ng \u0111\u01b0\u1ee3c r\u00fat ki\u1ec7t v\u00e0 \u0111\u01b0a ra ngo\u00e0i qua c\u00e1c khe h\u1edf 2 b\u00ean h\u00f4ng c\u00e1nh t\u1ee7<\/p>\n<p><img loading=\"lazy\" decoding=\"async\" class=\"aligncenter wp-image-9945 size-full\" src=\"https:\/\/congtybinhminh.com\/wp-content\/uploads\/2024\/08\/thit-say-kho_result222.webp\" alt=\"thit-say-kho_result222\" width=\"800\" height=\"456\" srcset=\"https:\/\/congtybinhminh.com\/wp-content\/uploads\/2024\/08\/thit-say-kho_result222.webp 800w, https:\/\/congtybinhminh.com\/wp-content\/uploads\/2024\/08\/thit-say-kho_result222-702x400.webp 702w, https:\/\/congtybinhminh.com\/wp-content\/uploads\/2024\/08\/thit-say-kho_result222-768x438.webp 768w, https:\/\/congtybinhminh.com\/wp-content\/uploads\/2024\/08\/thit-say-kho_result222-510x291.webp 510w\" sizes=\"auto, (max-width: 800px) 100vw, 800px\" \/><\/p>\n<p>V\u1edbi ph\u01b0\u01a1ng ph\u00e1p s\u1ea5y hi\u1ec7n \u0111\u1ea1i n\u00e0y, th\u1ef1c ph\u1ea9m \u0111\u01b0\u1ee3c s\u1ea5y kh\u00f4 nhanh ch\u00f3ng v\u00e0 \u0111\u1ed3ng \u0111\u1ec1u h\u01a1n so v\u1edbi ph\u01b0\u01a1ng ph\u00e1p th\u1ee7 c\u00f4ng. Nguy\u00ean li\u1ec7u lu\u00f4n \u0111\u01b0\u1ee3c kh\u00f4 r\u00e1o, kh\u00f4ng b\u1ecb h\u1ea5p h\u01a1i g\u00e2y \u1ea9m \u01b0\u1edbt \u0111\u1ea3m b\u1ea3o ch\u1ea5t l\u01b0\u1ee3ng cao v\u00e0 tr\u00e1nh t\u00ecnh tr\u1ea1ng h\u1ecfng<\/p>\n<h2>M\u00e1y s\u1ea5y n\u00f4ng s\u1ea3n mang t\u1edbi gi\u1ea3i ph\u00e1p g\u00ec cho b\u1ea1n ?<\/h2>\n<p>&#8220;M\u00e1y m\u00f3c thay th\u1ebf s\u1ee9c ng\u01b0\u1eddi&#8221; vi\u1ec7c \u1ee9ng d\u1ee5ng m\u00e1y m\u00f3c v\u00e0o ch\u1ebf bi\u1ebfn mang t\u1edbi gi\u1ea3i ph\u00e1p m\u1edbi cho ng\u01b0\u1eddi d\u00f9ng:<\/p>\n<p><img loading=\"lazy\" decoding=\"async\" class=\"aligncenter wp-image-9943 size-full\" src=\"https:\/\/congtybinhminh.com\/wp-content\/uploads\/2024\/08\/cach-su-dung-may-say-nong-san-mini_result222.webp\" alt=\"cach-su-dung-may-say-nong-san-mini_result222\" width=\"800\" height=\"893\" srcset=\"https:\/\/congtybinhminh.com\/wp-content\/uploads\/2024\/08\/cach-su-dung-may-say-nong-san-mini_result222.webp 800w, https:\/\/congtybinhminh.com\/wp-content\/uploads\/2024\/08\/cach-su-dung-may-say-nong-san-mini_result222-358x400.webp 358w, https:\/\/congtybinhminh.com\/wp-content\/uploads\/2024\/08\/cach-su-dung-may-say-nong-san-mini_result222-717x800.webp 717w, https:\/\/congtybinhminh.com\/wp-content\/uploads\/2024\/08\/cach-su-dung-may-say-nong-san-mini_result222-768x857.webp 768w, https:\/\/congtybinhminh.com\/wp-content\/uploads\/2024\/08\/cach-su-dung-may-say-nong-san-mini_result222-510x569.webp 510w\" sizes=\"auto, (max-width: 800px) 100vw, 800px\" \/><\/p>\n<ul>\n<li>Th\u1ef1c ph\u1ea9m s\u1ea5y \u0111a d\u1ea1ng v\u1edbi kh\u1ea3 n\u0103ng s\u1ea5y kh\u00f4 \u0111\u1ec1u \u1edf c\u00e1c v\u1ecb tr\u00ed<\/li>\n<li>Di\u1ec7n t\u00edch khay s\u1ea5y r\u1ed9ng, ch\u1ee9a \u0111\u01b0\u1ee3c nhi\u1ec1u nguy\u00ean li\u1ec7u h\u01a1n<\/li>\n<li>Qu\u00e1 tr\u00ecnh s\u1ea5y kh\u00e9p k\u00edn, ch\u1ec9 c\u1ea7n cho nguy\u00ean li\u1ec7u v\u00e0o m\u00e1y v\u00e0 c\u00e0i \u0111\u1eb7t th\u1eddi gian ch\u1eb3ng c\u1ea7n &#8221; tr\u00f4ng n\u1eafng &#8211; tr\u00f4ng m\u01b0a&#8221;<\/li>\n<li>Gi\u1eef h\u01b0\u01a1ng v\u1ecb v\u00e0 m\u00e0u s\u1eafc t\u1ef1 nhi\u00ean c\u1ee7a th\u1ef1c ph\u1ea9m<\/li>\n<\/ul>\n<h2>\u0110\u1ecba ch\u1ec9 mua m\u00e1y s\u1ea5y n\u00f4ng s\u1ea3n gi\u00e1 t\u1ed1t, ch\u00ednh h\u00e3ng<\/h2>\n<p>\u0110\u1ec3 \u0111\u1eb7t mua h\u00e0ng ch\u00ednh h\u00e3ng, b\u00e0 con c\u00f3 th\u1ec3 \u0111\u1ebfn tr\u1ee5 s\u1edf g\u1ea7n nh\u1ea5t c\u1ee7a c\u00f4ng ty \u0111\u1ec3 xem v\u00e0 \u0111\u1eb7t mua h\u00e0ng:<\/p>\n<ul>\n<li>Tr\u1ee5 s\u1edf ch\u00ednh: p. L\u00ea L\u1ee3i &#8211; Tx S\u01a1n T\u00e2y &#8211; H\u00e0 N\u1ed9i<\/li>\n<li>Chi nh\u00e1nh mi\u1ec1n Nam: x\u00e3 T\u00e2n Ki\u00ean &#8211; H. B\u00ecnh Ch\u00e1nh &#8211; Tp H\u1ed3 Ch\u00ed Minh<\/li>\n<\/ul>\n<p><img loading=\"lazy\" decoding=\"async\" class=\"aligncenter wp-image-9947 size-full\" src=\"https:\/\/congtybinhminh.com\/wp-content\/uploads\/2024\/08\/dia-chi-ban-may-say-thuc-pham-copy_result222.webp\" alt=\"dia-chi-ban-may-say-thuc-pham copy_result222\" width=\"800\" height=\"1139\" srcset=\"https:\/\/congtybinhminh.com\/wp-content\/uploads\/2024\/08\/dia-chi-ban-may-say-thuc-pham-copy_result222.webp 800w, https:\/\/congtybinhminh.com\/wp-content\/uploads\/2024\/08\/dia-chi-ban-may-say-thuc-pham-copy_result222-281x400.webp 281w, https:\/\/congtybinhminh.com\/wp-content\/uploads\/2024\/08\/dia-chi-ban-may-say-thuc-pham-copy_result222-562x800.webp 562w, https:\/\/congtybinhminh.com\/wp-content\/uploads\/2024\/08\/dia-chi-ban-may-say-thuc-pham-copy_result222-768x1093.webp 768w, https:\/\/congtybinhminh.com\/wp-content\/uploads\/2024\/08\/dia-chi-ban-may-say-thuc-pham-copy_result222-510x726.webp 510w\" sizes=\"auto, (max-width: 800px) 100vw, 800px\" \/><\/p>\n<p>Khi \u0111\u1ebfn \u0111\u00e2y, b\u00e0 con s\u1ebd \u0111\u01b0\u1ee3c th\u1eed nghi\u1ec7m v\u1eadn h\u00e0nh m\u00e1y d\u01b0\u1edbi s\u1ef1 h\u01b0\u1edbng d\u1eabn c\u1ee7a \u0111\u1ed9i ng\u0169 k\u1ef9 thu\u1eadt<\/p>\n<p>\u0110\u1ed1i v\u1edbi b\u00e0 con \u1edf xa, c\u00f3 th\u1ec3 li\u00ean h\u1ec7 t\u1edbi s\u1ed1 \u0111i\u1ec7n tho\u1ea1i tr\u00ean website ho\u1eb7c \u0111\u1ec3 l\u1ea1i l\u1eddi nh\u1eafn \u0111\u1ed9i ng\u0169 t\u01b0 v\u1ea5n s\u1ebd li\u00ean h\u1ec7 t\u1edbi b\u00e0 con trong th\u1eddi gian s\u1edbm nh\u1ea5t<\/p>\n<p><strong>Th\u00f4ng s\u1ed1 k\u1ef9 thu\u1eadt\u00a0<\/strong><\/p>\n<table border=\"1\" cellspacing=\"1\" cellpadding=\"1\">\n<tbody>\n<tr>\n<td colspan=\"1\" rowspan=\"3\">C\u00f4ng su\u1ea5t m\u00e1y<\/td>\n<td>C\u00f4ng su\u1ea5t ti\u00eau th\u1ee5 nhi\u1ec7t<\/td>\n<td>1 thanh nhi\u1ec7t ch\u1eef U\/800W<\/td>\n<\/tr>\n<tr>\n<td>Ngu\u1ed3n \u0111i\u1ec7n<\/td>\n<td>220V<\/td>\n<\/tr>\n<tr>\n<td>S\u1ed1 l\u01b0\u1ee3ng khay<\/td>\n<td>\u00a010 khay inox<\/td>\n<\/tr>\n<tr>\n<td colspan=\"1\" rowspan=\"2\">B\u1ea3o h\u00e0nh<\/td>\n<td>K\u1ef9 thu\u1eadt<\/td>\n<td>06 th\u00e1ng<\/td>\n<\/tr>\n<tr>\n<td>\u0110\u1ed9ng c\u01a1<\/td>\n<td>Theo t\u1eebng h\u00e3ng s\u1ea3n xu\u1ea5t<\/td>\n<\/tr>\n<tr>\n<td>Th\u1ec3 t\u00edch<\/td>\n<td colspan=\"2\" rowspan=\"1\">\u00a060 l\u00edt<\/td>\n<\/tr>\n<tr>\n<td>N\u0103ng su\u1ea5t<\/td>\n<td colspan=\"2\" rowspan=\"1\">\u00a0kg\/m\u1ebb<\/td>\n<\/tr>\n<tr>\n<td>K\u00edch th\u01b0\u1edbc (d*c*r)<\/td>\n<td colspan=\"2\" rowspan=\"1\">\u00a049*55*44 cm<\/td>\n<\/tr>\n<\/tbody>\n<\/table>\n","protected":false},"excerpt":{"rendered":"<ul>\n<li><strong>H\u00e3ng s\u1ea3n xu\u1ea5t:<\/strong> B\u00ecnh Minh<\/li>\n<li><strong>Ch\u1ea5t li\u1ec7u<\/strong>: inox<\/li>\n<li><strong>S\u1ed1 l\u01b0\u1ee3ng khay:<\/strong>\u00a010 khay s\u1ea5y<\/li>\n<li><strong>B\u1ea3ng \u0111i\u1ec1u khi\u1ec3n<\/strong>: c\u1ea3m \u1ee9ng th\u00f4ng minh<\/li>\n<li><strong>K\u00edch th\u01b0\u1edbc (d*c*t):<\/strong>\u00a049*55*44 cm<\/li>\n<li><strong>T\u00ednh n\u0103ng:<\/strong>\u00a0m\u00e1y chuy\u00ean s\u1ea5y kh\u00f4 hoa qu\u1ea3, d\u01b0\u1ee3c li\u1ec7u v\u00e0 c\u00e1c lo\u1ea1i th\u1ef1c ph\u1ea9m t\u01b0\u01a1i s\u1ed1ng<\/li>\n<\/ul>\n","protected":false},"featured_media":9933,"comment_status":"closed","ping_status":"closed","template":"","meta":[],"product_brand":[],"product_cat":[27],"product_tag":[],"class_list":{"0":"post-9931","1":"product","2":"type-product","3":"status-publish","4":"has-post-thumbnail","6":"product_cat-may-say","8":"first","9":"instock","10":"shipping-taxable","11":"product-type-simple"},"_links":{"self":[{"href":"https:\/\/congtybinhminh.com\/index.php?rest_route=\/wp\/v2\/product\/9931","targetHints":{"allow":["GET"]}}],"collection":[{"href":"https:\/\/congtybinhminh.com\/index.php?rest_route=\/wp\/v2\/product"}],"about":[{"href":"https:\/\/congtybinhminh.com\/index.php?rest_route=\/wp\/v2\/types\/product"}],"replies":[{"embeddable":true,"href":"https:\/\/congtybinhminh.com\/index.php?rest_route=%2Fwp%2Fv2%2Fcomments&post=9931"}],"wp:featuredmedia":[{"embeddable":true,"href":"https:\/\/congtybinhminh.com\/index.php?rest_route=\/wp\/v2\/media\/9933"}],"wp:attachment":[{"href":"https:\/\/congtybinhminh.com\/index.php?rest_route=%2Fwp%2Fv2%2Fmedia&parent=9931"}],"wp:term":[{"taxonomy":"product_brand","embeddable":true,"href":"https:\/\/congtybinhminh.com\/index.php?rest_route=%2Fwp%2Fv2%2Fproduct_brand&post=9931"},{"taxonomy":"product_cat","embeddable":true,"href":"https:\/\/congtybinhminh.com\/index.php?rest_route=%2Fwp%2Fv2%2Fproduct_cat&post=9931"},{"taxonomy":"product_tag","embeddable":true,"href":"https:\/\/congtybinhminh.com\/index.php?rest_route=%2Fwp%2Fv2%2Fproduct_tag&post=9931"}],"curies":[{"name":"wp","href":"https:\/\/api.w.org\/{rel}","templated":true}]}}