{"id":9871,"date":"2024-08-08T15:10:25","date_gmt":"2024-08-08T08:10:25","guid":{"rendered":"https:\/\/congtybinhminh.com\/?post_type=product&#038;p=9871"},"modified":"2024-08-08T15:15:26","modified_gmt":"2024-08-08T08:15:26","slug":"may-nghien-thuc-an-chan-nuoi-bti14","status":"publish","type":"product","link":"https:\/\/congtybinhminh.com\/?product=may-nghien-thuc-an-chan-nuoi-bti14","title":{"rendered":"M\u00e1y nghi\u1ec1n th\u1ee9c \u0103n ch\u0103n nu\u00f4i BTi14"},"content":{"rendered":"<h2>Video ho\u1ea1t \u0111\u1ed9ng c\u1ee7a m\u00e1y<\/h2>\n<p><iframe loading=\"lazy\" title=\"M\u00e1y Nghi\u1ec1n 14 Inox 304 100% Nghi\u1ec1n H\u00e0ng T\u1ea5n \u0110\u1ed3ng Sunfat Th\u00e0nh B\u1ed9t M\u1ecbn\" width=\"1020\" height=\"574\" src=\"https:\/\/www.youtube.com\/embed\/70vPOy5q-Pw?feature=oembed\" frameborder=\"0\" allow=\"accelerometer; autoplay; clipboard-write; encrypted-media; gyroscope; picture-in-picture; web-share\" referrerpolicy=\"strict-origin-when-cross-origin\" allowfullscreen><\/iframe><\/p>\n<h2>Gi\u1edbi thi\u1ec7u m\u00e1y nghi\u1ec1n th\u1ee9c \u0103n ch\u0103n nu\u00f4i BTi14<\/h2>\n<p>M\u00e1y nghi\u1ec1n th\u1ee9c \u0103n ch\u0103n nu\u00f4i BTi14 do c\u00f4ng ty B\u00ecnh Minh s\u1ea3n xu\u1ea5t thi\u1ebft b\u1ecb chuy\u00ean d\u00f9ng \u0111\u1ec3 nghi\u1ec1n c\u00e1c lo\u1ea1i n\u00f4ng ph\u1ea9m kh\u00f4 th\u00e0nh d\u1ea1ng b\u1ed9t<\/p>\n<p><img loading=\"lazy\" decoding=\"async\" class=\"aligncenter wp-image-9873 size-full\" src=\"https:\/\/congtybinhminh.com\/wp-content\/uploads\/2024\/08\/may-nghien-thuc-an-chan-nuoi-bti14-binh-minh_result222.webp\" alt=\"may-nghien-thuc-an-chan-nuoi-bti14-binh-minh_result222\" width=\"800\" height=\"1078\" srcset=\"https:\/\/congtybinhminh.com\/wp-content\/uploads\/2024\/08\/may-nghien-thuc-an-chan-nuoi-bti14-binh-minh_result222.webp 800w, https:\/\/congtybinhminh.com\/wp-content\/uploads\/2024\/08\/may-nghien-thuc-an-chan-nuoi-bti14-binh-minh_result222-297x400.webp 297w, https:\/\/congtybinhminh.com\/wp-content\/uploads\/2024\/08\/may-nghien-thuc-an-chan-nuoi-bti14-binh-minh_result222-594x800.webp 594w, https:\/\/congtybinhminh.com\/wp-content\/uploads\/2024\/08\/may-nghien-thuc-an-chan-nuoi-bti14-binh-minh_result222-768x1035.webp 768w, https:\/\/congtybinhminh.com\/wp-content\/uploads\/2024\/08\/may-nghien-thuc-an-chan-nuoi-bti14-binh-minh_result222-510x687.webp 510w\" sizes=\"auto, (max-width: 800px) 100vw, 800px\" \/><\/p>\n<p>S\u1eed d\u1ee5ng \u0111\u1ed9ng c\u01a1 7,5kw ngu\u1ed3n \u0111i\u1ec7n 3 pha 380V cho n\u0103ng su\u1ea5t \u0111\u1ea1t t\u1eeb 500 &#8211; 800 kg\/gi\u1edd \u0111\u00e1p \u1ee9ng t\u1ed1t nhu c\u1ea7u c\u1ee7a c\u00e1c h\u1ed9 gia \u0111\u00ecnh, trang tr\u1ea1i<\/p>\n<h2>Nguy\u00ean l\u00fd ho\u1ea1t \u0111\u1ed9ng m\u00e1y nghi\u1ec1n<\/h2>\n<p>M\u00e1y nghi\u1ec1n ho\u1ea1t \u0111\u1ed9ng theo nguy\u00ean l\u00fd s\u1eed d\u1ee5ng nh\u1eefng thanh b\u00faa v\u00e0 \u0111\u0129a nghi\u1ec1n nguy\u00ean li\u1ec7u v\u1edbi m\u1eb7t s\u00e0ng t\u1ea1o th\u00e0nh b\u1ed9t, m\u00e1y c\u00f3 th\u1ec3 nghi\u1ec1n \u0111a d\u1ea1ng c\u00e1c lo\u1ea1i nguy\u00ean li\u1ec7u \u1ee9ng d\u1ee5ng trong nhi\u1ec1u l\u0129nh v\u1ef1c nh\u01b0:<\/p>\n<p><img loading=\"lazy\" decoding=\"async\" class=\"aligncenter wp-image-9874 size-full\" src=\"https:\/\/congtybinhminh.com\/wp-content\/uploads\/2024\/08\/may-nghien-bua_result222.webp\" alt=\"may-nghien-bua_result222\" width=\"800\" height=\"1421\" srcset=\"https:\/\/congtybinhminh.com\/wp-content\/uploads\/2024\/08\/may-nghien-bua_result222.webp 800w, https:\/\/congtybinhminh.com\/wp-content\/uploads\/2024\/08\/may-nghien-bua_result222-225x400.webp 225w, https:\/\/congtybinhminh.com\/wp-content\/uploads\/2024\/08\/may-nghien-bua_result222-450x800.webp 450w, https:\/\/congtybinhminh.com\/wp-content\/uploads\/2024\/08\/may-nghien-bua_result222-768x1364.webp 768w, https:\/\/congtybinhminh.com\/wp-content\/uploads\/2024\/08\/may-nghien-bua_result222-510x906.webp 510w\" sizes=\"auto, (max-width: 800px) 100vw, 800px\" \/><\/p>\n<ul>\n<li>Nghi\u1ec1n c\u00e1c lo\u1ea1i n\u00f4ng ph\u1ea9m kh\u00f4: ng\u00f4 h\u1ea1t, th\u00f3c tr\u1ea5u..<\/li>\n<li>Nghi\u1ec1n c\u00e1c lo\u1ea1i h\u1ea1t \u0111\u1ed7: \u0111\u1ed7 xanh, \u0111\u1ed7 \u0111en, \u0111\u1ed7 t\u01b0\u01a1ng&#8230;<\/li>\n<li>Nghi\u1ec1n d\u01b0\u1ee3c li\u1ec7u: l\u00e1 kh\u00f4..<\/li>\n<\/ul>\n<h2>C\u1ea5u t\u1ea1o m\u00e1y nghi\u1ec1n th\u1ee9c \u0103n ch\u0103n nu\u00f4i BTi14<\/h2>\n<p>M\u00e1y \u0111\u01b0\u1ee3c thi\u1ebft k\u1ebf nh\u1ecf g\u1ecdn, kh\u00f4ng chi\u1ebfm nhi\u1ec1u di\u1ec7n t\u00edch v\u1edbi ph\u1ea7n khung m\u00e1y \u0111\u01b0\u1ee3c h\u00e0n g\u1eafn ch\u1eafc ch\u1eafn kh\u00f4ng g\u00e2y rung l\u1eafc trong qu\u00e1 tr\u00ecnh ho\u1ea1t \u0111\u1ed9ng<\/p>\n<p><img loading=\"lazy\" decoding=\"async\" class=\"aligncenter wp-image-9875 size-full\" src=\"https:\/\/congtybinhminh.com\/wp-content\/uploads\/2024\/08\/cau-tao-may-nghien-thuc-an-chan-nuoi-bti14_result222.webp\" alt=\"cau-tao-may-nghien-thuc-an-chan-nuoi-bti14_result222\" width=\"800\" height=\"600\" srcset=\"https:\/\/congtybinhminh.com\/wp-content\/uploads\/2024\/08\/cau-tao-may-nghien-thuc-an-chan-nuoi-bti14_result222.webp 800w, https:\/\/congtybinhminh.com\/wp-content\/uploads\/2024\/08\/cau-tao-may-nghien-thuc-an-chan-nuoi-bti14_result222-533x400.webp 533w, https:\/\/congtybinhminh.com\/wp-content\/uploads\/2024\/08\/cau-tao-may-nghien-thuc-an-chan-nuoi-bti14_result222-768x576.webp 768w, https:\/\/congtybinhminh.com\/wp-content\/uploads\/2024\/08\/cau-tao-may-nghien-thuc-an-chan-nuoi-bti14_result222-510x383.webp 510w\" sizes=\"auto, (max-width: 800px) 100vw, 800px\" \/><\/p>\n<p>Toa n\u1ea1p \u0111\u01b0\u1ee3c thi\u1ebft k\u1ebf d\u1ea1ng m\u00e1ng r\u1ed9ng v\u1edbi s\u1ee9c ch\u1ee9a nhi\u1ec1u nguy\u00ean li\u1ec7u h\u01a1n, h\u01b0\u1edbng d\u1ed1c v\u1ec1 bu\u1ed3ng nghi\u1ec1n<\/p>\n<p><img loading=\"lazy\" decoding=\"async\" class=\"aligncenter wp-image-9876 size-full\" src=\"https:\/\/congtybinhminh.com\/wp-content\/uploads\/2024\/08\/toa-nap-nguyen-lieu_result222-1.webp\" alt=\"toa-nap-nguyen-lieu_result222\" width=\"800\" height=\"520\" srcset=\"https:\/\/congtybinhminh.com\/wp-content\/uploads\/2024\/08\/toa-nap-nguyen-lieu_result222-1.webp 800w, https:\/\/congtybinhminh.com\/wp-content\/uploads\/2024\/08\/toa-nap-nguyen-lieu_result222-1-615x400.webp 615w, https:\/\/congtybinhminh.com\/wp-content\/uploads\/2024\/08\/toa-nap-nguyen-lieu_result222-1-768x499.webp 768w, https:\/\/congtybinhminh.com\/wp-content\/uploads\/2024\/08\/toa-nap-nguyen-lieu_result222-1-510x332.webp 510w\" sizes=\"auto, (max-width: 800px) 100vw, 800px\" \/><\/p>\n<p>Ph\u00eda tr\u01b0\u1edbc c\u1ed5 n\u1ea1p c\u00f3 t\u1ea5m ch\u1eafn gi\u00fap ng\u01b0\u1eddi d\u00f9ng c\u00f3 th\u1ec3 t\u1ef1 \u0111i\u1ec1u ch\u1ec9nh l\u01b0\u1ee3ng nguy\u00ean li\u1ec7u xu\u1ed1ng bu\u1ed3ng nghi\u1ec1n tr\u00e1nh l\u00e0m ngh\u1eb9n m\u00e1y<\/p>\n<p><img loading=\"lazy\" decoding=\"async\" class=\"aligncenter wp-image-9877 size-full\" src=\"https:\/\/congtybinhminh.com\/wp-content\/uploads\/2024\/08\/toa-nap-may-nghien_result222.webp\" alt=\"toa-nap-may-nghien_result222\" width=\"800\" height=\"538\" srcset=\"https:\/\/congtybinhminh.com\/wp-content\/uploads\/2024\/08\/toa-nap-may-nghien_result222.webp 800w, https:\/\/congtybinhminh.com\/wp-content\/uploads\/2024\/08\/toa-nap-may-nghien_result222-595x400.webp 595w, https:\/\/congtybinhminh.com\/wp-content\/uploads\/2024\/08\/toa-nap-may-nghien_result222-768x516.webp 768w, https:\/\/congtybinhminh.com\/wp-content\/uploads\/2024\/08\/toa-nap-may-nghien_result222-510x343.webp 510w\" sizes=\"auto, (max-width: 800px) 100vw, 800px\" \/><\/p>\n<p>H\u1ec7 th\u1ed1ng bu\u1ed3ng l\u00e0m vi\u1ec7c c\u1ee7a m\u00e1y g\u1ed3m 18 b\u00faa \u0111\u1eadp khi m\u00e1y ho\u1ea1t \u0111\u1ed9ng c\u00e1c thanh b\u00faa n\u00e0y s\u1ebd \u0111\u1eadp v\u1ee1 v\u00e0 nghi\u1ec1n nguy\u00ean li\u1ec7u v\u1edbi m\u1eb7t s\u00e0ng \u0111\u1ebfn khi th\u00e0nh ph\u1ea9m \u0111\u1ea1t ti\u00eau chu\u1ea9n s\u1ebd theo l\u1ed7 s\u00e0ng tho\u00e1t ra ngo\u00e0i<\/p>\n<p><img loading=\"lazy\" decoding=\"async\" class=\"aligncenter wp-image-9880 size-full\" src=\"https:\/\/congtybinhminh.com\/wp-content\/uploads\/2024\/08\/bua-nghien_result222.webp\" alt=\"bua-nghien_result222\" width=\"800\" height=\"1038\" srcset=\"https:\/\/congtybinhminh.com\/wp-content\/uploads\/2024\/08\/bua-nghien_result222.webp 800w, https:\/\/congtybinhminh.com\/wp-content\/uploads\/2024\/08\/bua-nghien_result222-308x400.webp 308w, https:\/\/congtybinhminh.com\/wp-content\/uploads\/2024\/08\/bua-nghien_result222-617x800.webp 617w, https:\/\/congtybinhminh.com\/wp-content\/uploads\/2024\/08\/bua-nghien_result222-768x996.webp 768w, https:\/\/congtybinhminh.com\/wp-content\/uploads\/2024\/08\/bua-nghien_result222-510x662.webp 510w\" sizes=\"auto, (max-width: 800px) 100vw, 800px\" \/><\/p>\n<p>Ng\u01b0\u1eddi d\u00f9ng c\u00f3 th\u1ec3 thay \u0111\u1ed5i k\u00edch c\u1ee1 hay \u0111\u1ed9 m\u1ecbn c\u1ee7a b\u1ed9t c\u00e1m b\u1eb1ng c\u00e1ch l\u1ef1a ch\u1ecdn m\u1eb7t s\u00e0ng l\u1eafp trong m\u00e1y<\/p>\n<p><img loading=\"lazy\" decoding=\"async\" class=\"aligncenter wp-image-9879 size-full\" src=\"https:\/\/congtybinhminh.com\/wp-content\/uploads\/2024\/08\/mat-sang-may-nghien_result222.webp\" alt=\"mat-sang-may-nghien_result222\" width=\"800\" height=\"1038\" srcset=\"https:\/\/congtybinhminh.com\/wp-content\/uploads\/2024\/08\/mat-sang-may-nghien_result222.webp 800w, https:\/\/congtybinhminh.com\/wp-content\/uploads\/2024\/08\/mat-sang-may-nghien_result222-308x400.webp 308w, https:\/\/congtybinhminh.com\/wp-content\/uploads\/2024\/08\/mat-sang-may-nghien_result222-617x800.webp 617w, https:\/\/congtybinhminh.com\/wp-content\/uploads\/2024\/08\/mat-sang-may-nghien_result222-768x996.webp 768w, https:\/\/congtybinhminh.com\/wp-content\/uploads\/2024\/08\/mat-sang-may-nghien_result222-510x662.webp 510w\" sizes=\"auto, (max-width: 800px) 100vw, 800px\" \/><\/p>\n<p>Th\u00e0nh ph\u1ea9m sau khi nghi\u1ec1n \u0111\u01b0\u1ee3c \u0111\u01b0a tr\u1ef1c ti\u1ebfp ra ngo\u00e0i c\u1eeda x\u1ea3. Ph\u00eda tr\u01b0\u1edbc c\u1eeda x\u1ea3 thi\u1ebft k\u1ebf d\u1ed1c h\u01b0\u1edbng th\u1eb3ng xu\u1ed1ng ph\u00eda d\u01b0\u1edbi, gi\u00fap nguy\u00ean li\u1ec7u \u0111\u01b0\u1ee3c x\u1ea3 ra ngo\u00e0i d\u1ec5 d\u00e0ng<\/p>\n<p><img loading=\"lazy\" decoding=\"async\" class=\"aligncenter wp-image-9878 size-full\" src=\"https:\/\/congtybinhminh.com\/wp-content\/uploads\/2024\/08\/cua-xa-thanh-oham_result222.webp\" alt=\"cua-xa-thanh-oham_result222\" width=\"800\" height=\"490\" srcset=\"https:\/\/congtybinhminh.com\/wp-content\/uploads\/2024\/08\/cua-xa-thanh-oham_result222.webp 800w, https:\/\/congtybinhminh.com\/wp-content\/uploads\/2024\/08\/cua-xa-thanh-oham_result222-653x400.webp 653w, https:\/\/congtybinhminh.com\/wp-content\/uploads\/2024\/08\/cua-xa-thanh-oham_result222-768x470.webp 768w, https:\/\/congtybinhminh.com\/wp-content\/uploads\/2024\/08\/cua-xa-thanh-oham_result222-510x312.webp 510w\" sizes=\"auto, (max-width: 800px) 100vw, 800px\" \/><\/p>\n<p>M\u00e1y nghi\u1ec1n b\u1ed9t 3 pha s\u1eed d\u1ee5ng \u0111\u1ed9ng c\u01a1 7,5kw motor l\u00f5i d\u00e2y \u0111\u1ed3ng 100% cho n\u0103ng su\u1ea5t \u0111\u1ea1t t\u1eeb 500 &#8211; 800 kg\/gi\u1edd<\/p>\n<p><img loading=\"lazy\" decoding=\"async\" class=\"aligncenter wp-image-9881 size-full\" src=\"https:\/\/congtybinhminh.com\/wp-content\/uploads\/2024\/08\/may-nghien-bua-3-pha_result222.webp\" alt=\"may-nghien-bua-3-pha_result222\" width=\"800\" height=\"600\" srcset=\"https:\/\/congtybinhminh.com\/wp-content\/uploads\/2024\/08\/may-nghien-bua-3-pha_result222.webp 800w, https:\/\/congtybinhminh.com\/wp-content\/uploads\/2024\/08\/may-nghien-bua-3-pha_result222-533x400.webp 533w, https:\/\/congtybinhminh.com\/wp-content\/uploads\/2024\/08\/may-nghien-bua-3-pha_result222-768x576.webp 768w, https:\/\/congtybinhminh.com\/wp-content\/uploads\/2024\/08\/may-nghien-bua-3-pha_result222-510x383.webp 510w\" sizes=\"auto, (max-width: 800px) 100vw, 800px\" \/><\/p>\n<p>V\u1edbi kh\u1ea3 n\u0103ng \u1ee9ng d\u1ee5ng linh ho\u1ea1t trong vi\u1ec7c s\u01a1 ch\u1ebf l\u00e0m th\u1ee9c \u0103n ch\u0103n nu\u00f4i v\u00e0 s\u1ea3n xu\u1ea5t, m\u00e1y kh\u00f4ng ch\u1ec9 gi\u00fap t\u0103ng n\u0103ng su\u1ea5t m\u00e0 c\u00f2n ti\u1ebft ki\u1ec7m chi ph\u00ed, n\u00e2ng cao hi\u1ec7u qu\u1ea3 kinh t\u1ebf cho ng\u01b0\u1eddi s\u1eed d\u1ee5ng<\/p>\n<h2>M\u00e1y nghi\u1ec1n th\u1ee9c \u0103n ch\u0103n nu\u00f4i BTi14 mang t\u1edbi gi\u1ea3i ph\u00e1p g\u00ec cho b\u1ea1n ?<\/h2>\n<p>&#8220;M\u00e1y m\u00f3c thay th\u1ebf s\u1ee9c ng\u01b0\u1eddi&#8221; vi\u1ec7c s\u1eed d\u1ee5ng m\u00e1y nghi\u1ec1n v\u00e0o ch\u0103n nu\u00f4i s\u1ebd gi\u00fap ng\u01b0\u1eddi d\u00f9ng c\u00f3 th\u1ec3 ch\u1ee7 \u0111\u1ed9ng, r\u00fat ng\u1eafn th\u1eddi gian s\u01a1 ch\u1ebf nguy\u00ean li\u1ec7u mang l\u1ea1i nhi\u1ec1u ti\u1ec7n \u00edch:<\/p>\n<ul>\n<li>M\u00e1y nghi\u1ec1n \u0111a d\u1ea1ng nguy\u00ean li\u1ec7u gi\u00fap qu\u00e1 tr\u00ecnh chuy\u1ec3n \u0111\u1ed5i nguy\u00ean li\u1ec7u th\u00f4 th\u00e0nh d\u1ea1ng b\u1ed9t nhanh ch\u00f3ng v\u00e0 hi\u1ec7u qu\u1ea3 h\u01a1n so v\u1edbi nghi\u1ec1n th\u1ee7 c\u00f4ng<\/li>\n<li>Th\u00e0nh ph\u1ea9m b\u1ed9t \u0111\u01b0\u1ee3c nghi\u1ec1n \u0111\u1ed3ng \u0111\u1ec1u, gi\u00fap v\u1eadt nu\u00f4i d\u1ec5 \u0103n &#8211; \u0103n \u0111\u01b0\u1ee3c nhi\u1ec1u h\u01a1n &#8211; h\u1ea5p th\u1ee5 c\u00e1c ch\u1ea5t dinh d\u01b0\u1ee1ng h\u01a1n<\/li>\n<li>Ti\u1ebft ki\u1ec7m chi ph\u00ed nh\u00e2n c\u00f4ng v\u00e0 th\u1eddi gian lao \u0111\u1ed9ng, gi\u1ea3m chi ph\u00ed mua c\u00e1m ngo\u00e0i mang l\u1ea1i l\u1ee3i \u00edch kinh t\u1ebf l\u00e2u d\u00e0i<\/li>\n<li>\u0110\u1ea3m b\u1ea3o ngu\u1ed3n th\u1ee9c \u0103n t\u1ef1 ch\u1ee7 trong s\u1ea3n xu\u1ea5t<\/li>\n<\/ul>\n<h2>\u0110\u1ecba ch\u1ec9 mua m\u00e1y nghi\u1ec1n gi\u00e1 g\u1ed1c t\u1ea1i x\u01b0\u1edfng<\/h2>\n<p>\u0110\u1ec3 \u0111\u1eb7t mua h\u00e0ng ch\u00ednh h\u00e3ng, b\u00e0 con c\u00f3 th\u1ec3 \u0111\u1ebfn tr\u1ee5 s\u1edf g\u1ea7n nh\u1ea5t c\u1ee7a c\u00f4ng ty \u0111\u1ec3 xem v\u00e0 \u0111\u1eb7t mua h\u00e0ng:<\/p>\n<ul>\n<li>Tr\u1ee5 s\u1edf ch\u00ednh: p.L\u00ea L\u1ee3i &#8211; Tx S\u01a1n T\u00e2y &#8211; H\u00e0 N\u1ed9i<\/li>\n<li>Chi nh\u00e1nh mi\u1ec1n Nam: x\u00e3 T\u00e2n Ki\u00ean &#8211; H. B\u00ecnh Ch\u00e1nh &#8211; Tp H\u1ed3 Ch\u00ed Minh<\/li>\n<\/ul>\n<p><img loading=\"lazy\" decoding=\"async\" class=\"aligncenter wp-image-9882 size-full\" src=\"https:\/\/congtybinhminh.com\/wp-content\/uploads\/2024\/08\/dia-chi-mua-may-nghien_result222.webp\" alt=\"dia-chi-mua-may-nghien_result222\" width=\"800\" height=\"1064\" srcset=\"https:\/\/congtybinhminh.com\/wp-content\/uploads\/2024\/08\/dia-chi-mua-may-nghien_result222.webp 800w, https:\/\/congtybinhminh.com\/wp-content\/uploads\/2024\/08\/dia-chi-mua-may-nghien_result222-301x400.webp 301w, https:\/\/congtybinhminh.com\/wp-content\/uploads\/2024\/08\/dia-chi-mua-may-nghien_result222-602x800.webp 602w, https:\/\/congtybinhminh.com\/wp-content\/uploads\/2024\/08\/dia-chi-mua-may-nghien_result222-768x1021.webp 768w, https:\/\/congtybinhminh.com\/wp-content\/uploads\/2024\/08\/dia-chi-mua-may-nghien_result222-510x678.webp 510w\" sizes=\"auto, (max-width: 800px) 100vw, 800px\" \/><\/p>\n<p>Khi \u0111\u1ebfn \u0111\u00e2y, b\u00e0 con s\u1ebd \u0111\u01b0\u1ee3c th\u1eed nghi\u1ec7m v\u1eadn h\u00e0nh m\u00e1y d\u01b0\u1edbi s\u1ef1 h\u01b0\u1edbng d\u1eabn c\u1ee7a \u0111\u1ed9i ng\u0169 k\u1ef9 thu\u1eadt<\/p>\n<p>\u0110\u1ed1i v\u1edbi b\u00e0 con \u1edf xa, c\u00f3 th\u1ec3 li\u00ean h\u1ec7 t\u1edbi s\u1ed1 \u0111i\u1ec7n tho\u1ea1i Hotline tr\u00ean website ho\u1eb7c \u0111\u1ec3 l\u1ea1i l\u1eddi nh\u1eafn \u0111\u1ed9i ng\u0169 t\u01b0 v\u1ea5n s\u1ebd li\u00ean h\u1ec7 b\u00e0 con trong th\u1eddi gian s\u1edbm nh\u1ea5t<\/p>\n<p><strong>Th\u00f4ng s\u1ed1 k\u1ef9 thu\u1eadt<\/strong><\/p>\n<table border=\"1\" cellspacing=\"1\" cellpadding=\"1\">\n<tbody>\n<tr>\n<td colspan=\"1\" rowspan=\"3\">\u0110\u1ed9ng c\u01a1<\/td>\n<td>C\u00f4ng su\u1ea5t \u0111\u1ed9ng c\u01a1<\/td>\n<td>7.5kw<\/td>\n<\/tr>\n<tr>\n<td>Ngu\u1ed3n \u0111i\u1ec7n<\/td>\n<td>380V<\/td>\n<\/tr>\n<tr>\n<td>T\u1ed1c \u0111\u1ed9<\/td>\n<td>2900 v\/p<\/td>\n<\/tr>\n<tr>\n<td colspan=\"1\" rowspan=\"2\">B\u1ea3o h\u00e0nh<\/td>\n<td>\u00a0K\u1ef9 thu\u1eadt<\/td>\n<td>\u00a006 th\u00e1ng<\/td>\n<\/tr>\n<tr>\n<td>\u0110\u1ed9ng c\u01a1<\/td>\n<td>\u00a0Theo t\u1eebng h\u00e3ng s\u1ea3n xu\u1ea5t<\/td>\n<\/tr>\n<tr>\n<td>N\u0103ng su\u1ea5t<\/td>\n<td colspan=\"2\" rowspan=\"1\">\u00a0500 \u2013 800 kg\/gi\u1edd<\/td>\n<\/tr>\n<tr>\n<td>K\u00edch th\u01b0\u1edbc (d*c*r)<\/td>\n<td colspan=\"2\" rowspan=\"1\">138*122*60 cm<\/td>\n<\/tr>\n<tr>\n<td>H\u00ecnh th\u1ee9c thanh to\u00e1n<\/td>\n<td colspan=\"2\" rowspan=\"1\">\u00a0Ti\u1ec1n m\u1eb7t ho\u1eb7c chuy\u1ec3n kho\u1ea3n<\/td>\n<\/tr>\n<\/tbody>\n<\/table>\n","protected":false},"excerpt":{"rendered":"<ul>\n<li><strong>H\u00e3ng s\u1ea3n xu\u1ea5t:<\/strong>\u00a0B\u00ecnh Minh<\/li>\n<li><strong>C\u00f4ng su\u1ea5t \u0111\u1ed9ng c\u01a1:<\/strong>\u00a07,5kw<\/li>\n<li><strong>Ngu\u1ed3n \u0111i\u1ec7n:<\/strong>\u00a0380V<\/li>\n<li><strong>T\u1ed1c \u0111\u1ed9:<\/strong>\u00a02900 v\/p<\/li>\n<li><strong>K\u00edch th\u01b0\u1edbc (d*c*r):<\/strong>\u00a0138*122*60 cm<\/li>\n<li><strong>T\u00ednh n\u0103ng:<\/strong>\u00a0m\u00e1y chuy\u00ean nghi\u1ec1n c\u00e1c lo\u1ea1i n\u00f4ng ph\u1ea9m kh\u00f4 th\u00e0nh b\u1ed9t c\u00e1m nh\u01b0 ng\u00f4 h\u1ea1t, th\u00f3c tr\u1ea5u v\u00e0 c\u00e1c nguy\u00ean li\u1ec7u kh\u00e1c<\/li>\n<\/ul>\n","protected":false},"featured_media":9884,"comment_status":"closed","ping_status":"closed","template":"","meta":[],"product_brand":[],"product_cat":[32],"product_tag":[],"class_list":{"0":"post-9871","1":"product","2":"type-product","3":"status-publish","4":"has-post-thumbnail","6":"product_cat-may-nghien","8":"first","9":"instock","10":"shipping-taxable","11":"product-type-simple"},"_links":{"self":[{"href":"https:\/\/congtybinhminh.com\/index.php?rest_route=\/wp\/v2\/product\/9871","targetHints":{"allow":["GET"]}}],"collection":[{"href":"https:\/\/congtybinhminh.com\/index.php?rest_route=\/wp\/v2\/product"}],"about":[{"href":"https:\/\/congtybinhminh.com\/index.php?rest_route=\/wp\/v2\/types\/product"}],"replies":[{"embeddable":true,"href":"https:\/\/congtybinhminh.com\/index.php?rest_route=%2Fwp%2Fv2%2Fcomments&post=9871"}],"wp:featuredmedia":[{"embeddable":true,"href":"https:\/\/congtybinhminh.com\/index.php?rest_route=\/wp\/v2\/media\/9884"}],"wp:attachment":[{"href":"https:\/\/congtybinhminh.com\/index.php?rest_route=%2Fwp%2Fv2%2Fmedia&parent=9871"}],"wp:term":[{"taxonomy":"product_brand","embeddable":true,"href":"https:\/\/congtybinhminh.com\/index.php?rest_route=%2Fwp%2Fv2%2Fproduct_brand&post=9871"},{"taxonomy":"product_cat","embeddable":true,"href":"https:\/\/congtybinhminh.com\/index.php?rest_route=%2Fwp%2Fv2%2Fproduct_cat&post=9871"},{"taxonomy":"product_tag","embeddable":true,"href":"https:\/\/congtybinhminh.com\/index.php?rest_route=%2Fwp%2Fv2%2Fproduct_tag&post=9871"}],"curies":[{"name":"wp","href":"https:\/\/api.w.org\/{rel}","templated":true}]}}