{"id":9777,"date":"2024-07-18T15:43:52","date_gmt":"2024-07-18T08:43:52","guid":{"rendered":"https:\/\/congtybinhminh.com\/?post_type=product&#038;p=9777"},"modified":"2025-10-20T07:51:43","modified_gmt":"2025-10-20T00:51:43","slug":"may-say-thuc-pham-bx20","status":"publish","type":"product","link":"https:\/\/congtybinhminh.com\/?product=may-say-thuc-pham-bx20","title":{"rendered":"M\u00e1y s\u1ea5y th\u1ef1c ph\u1ea9m BX20"},"content":{"rendered":"<h2>Video ho\u1ea1t \u0111\u1ed9ng c\u1ee7a m\u00e1y<\/h2>\n<p><iframe loading=\"lazy\" title=\"M\u00e1y S\u1ea5y Th\u1ef1c Ph\u1ea9m BX20 Th\u1ebf H\u1ec7 M\u1edbi 20 Khay S\u1ea5y Xoay Tr\u00f2n T\u1ef1 \u0110\u1ed9ng L\u00e0 Bao Nhi\u00eau?\" width=\"1020\" height=\"574\" src=\"https:\/\/www.youtube.com\/embed\/8cardi94cMg?feature=oembed\" frameborder=\"0\" allow=\"accelerometer; autoplay; clipboard-write; encrypted-media; gyroscope; picture-in-picture; web-share\" referrerpolicy=\"strict-origin-when-cross-origin\" allowfullscreen><\/iframe><\/p>\n<h2>Gi\u1edbi thi\u1ec7u m\u00e1y s\u1ea5y th\u1ef1c ph\u1ea9m BX20<\/h2>\n<p>M\u00e1y s\u1ea5y th\u1ef1c ph\u1ea9m BX20 do c\u00f4ng ty B\u00ecnh Minh s\u1ea3n xu\u1ea5t &#8211; thi\u1ebft b\u1ecb s\u1ea5y kh\u00f4 hi\u1ec7n \u0111\u1ea1i v\u00e0 hi\u1ec7u qu\u1ea3 b\u1eadc nh\u1ea5t hi\u1ec7n nay<\/p>\n<p><img loading=\"lazy\" decoding=\"async\" class=\"aligncenter wp-image-9783 size-full\" src=\"https:\/\/congtybinhminh.com\/wp-content\/uploads\/2024\/07\/may-say-thuc-pham-bx20-binh-minh_result222.webp\" alt=\"may-say-thuc-pham-bx20-binh-minh_result222\" width=\"800\" height=\"1077\" srcset=\"https:\/\/congtybinhminh.com\/wp-content\/uploads\/2024\/07\/may-say-thuc-pham-bx20-binh-minh_result222.webp 800w, https:\/\/congtybinhminh.com\/wp-content\/uploads\/2024\/07\/may-say-thuc-pham-bx20-binh-minh_result222-297x400.webp 297w, https:\/\/congtybinhminh.com\/wp-content\/uploads\/2024\/07\/may-say-thuc-pham-bx20-binh-minh_result222-594x800.webp 594w, https:\/\/congtybinhminh.com\/wp-content\/uploads\/2024\/07\/may-say-thuc-pham-bx20-binh-minh_result222-768x1034.webp 768w, https:\/\/congtybinhminh.com\/wp-content\/uploads\/2024\/07\/may-say-thuc-pham-bx20-binh-minh_result222-510x687.webp 510w\" sizes=\"auto, (max-width: 800px) 100vw, 800px\" \/><\/p>\n<p>\u0110\u01b0\u1ee3c c\u00e1c h\u1ed9 gia \u0111\u00ecnh v\u00e0 c\u00e1c c\u01a1 s\u1edf ch\u1ebf bi\u1ebfn th\u1ef1c ph\u1ea9m tin d\u00f9ng v\u1edbi kh\u1ea3 n\u0103ng &#8220;s\u1ea5y nhanh &#8211; s\u1ea5y kh\u00f4 \u0111\u1ec1u &#8211; kh\u00f4ng b\u1ecb d\u00ednh b\u1ea9n&#8221;<\/p>\n<h2>Nh\u1eefng t\u00ednh n\u0103ng m\u00e1y s\u1ea5y th\u1ef1c ph\u1ea9m BX20<\/h2>\n<p>Thu\u1ed9c d\u00f2ng m\u00e1y ch\u1ebf bi\u1ebfn th\u1ef1c ph\u1ea9m, m\u00e1y \u0111\u01b0\u1ee3c c\u1ea3i ti\u00ean v\u1edbi ph\u1ea7n \u0111\u1ed9ng c\u01a1 xoay tr\u00f2n 360 \u0111\u1ed9 cho to\u00e0n b\u1ed9 20 khay l\u1ea7n l\u01b0\u1ee3t t\u1eeb ph\u1ea3i sang tr\u00e1i<\/p>\n<p><img loading=\"lazy\" decoding=\"async\" class=\"aligncenter wp-image-11026 size-full\" src=\"https:\/\/congtybinhminh.com\/wp-content\/uploads\/2024\/07\/cach-su-dung-may-say-thuc-pham-binh-minh_result222.webp\" alt=\"cach-su-dung-may-say-thuc-pham-binh-minh_result222\" width=\"800\" height=\"893\" srcset=\"https:\/\/congtybinhminh.com\/wp-content\/uploads\/2024\/07\/cach-su-dung-may-say-thuc-pham-binh-minh_result222.webp 800w, https:\/\/congtybinhminh.com\/wp-content\/uploads\/2024\/07\/cach-su-dung-may-say-thuc-pham-binh-minh_result222-358x400.webp 358w, https:\/\/congtybinhminh.com\/wp-content\/uploads\/2024\/07\/cach-su-dung-may-say-thuc-pham-binh-minh_result222-717x800.webp 717w, https:\/\/congtybinhminh.com\/wp-content\/uploads\/2024\/07\/cach-su-dung-may-say-thuc-pham-binh-minh_result222-768x857.webp 768w, https:\/\/congtybinhminh.com\/wp-content\/uploads\/2024\/07\/cach-su-dung-may-say-thuc-pham-binh-minh_result222-510x569.webp 510w\" sizes=\"auto, (max-width: 800px) 100vw, 800px\" \/><\/p>\n<p>Nh\u1eb1m \u0111\u1ea3m b\u1ea3o m\u1ecdi v\u1ecb tr\u00ed tr\u00ean khay s\u1ea5y \u0111\u01b0\u1ee3c ti\u1ebfp x\u00fac \u0111\u1ec1u v\u1edbi ngu\u1ed3n nhi\u1ec7t c\u1ee7a m\u00e1y<\/p>\n<ul>\n<li>Th\u1ef1c ph\u1ea9m s\u1ea5y b\u1eb1ng m\u00e1y s\u1ebd \u0111\u01b0\u1ee3c kh\u00f4 \u0111\u1ec1u \u1edf c\u00e1c v\u1ecb tr\u00ed trong m\u00e1y<\/li>\n<li>Gi\u1ea3m b\u1edbt c\u00f4ng \u0111o\u1ea1n l\u1eadt \u0111\u1ea3o khay khi s\u1ea5y<\/li>\n<li>Kh\u00f4ng l\u00e0m th\u1ea5t tho\u00e1t nhi\u1ec7t<\/li>\n<li>Th\u1ef1c ph\u1ea9m v\u1eabn gi\u1eef \u0111\u01b0\u1ee3c h\u01b0\u01a1ng v\u1ecb t\u1ef1 nhi\u00ean<\/li>\n<\/ul>\n<h2>C\u1ea5u t\u1ea1o m\u00e1y s\u1ea5y th\u1ef1c ph\u1ea9m BX20<\/h2>\n<p>M\u00e1y s\u1ea5y th\u1ef1c ph\u1ea9m BX20 \u0111\u01b0\u1ee3c thi\u1ebft k\u1ebf h\u00ecnh h\u1ed9p ch\u1eef nh\u1eadt \u0111\u1ee9ng kh\u00f4ng chi\u1ebfm nhi\u1ec1u di\u1ec7n t\u00edch. Ph\u00eda d\u01b0\u1edbi ch\u00e2n m\u00e1y l\u1eafp \u0111\u1eb7t 4 b\u00e1nh xe thu\u1eadn ti\u1ec7n di chuy\u1ec3n v\u1ecb tr\u00ed \u0111\u1eb7t m\u00e1y m\u00e0 kh\u00f4ng t\u1ed1n nhi\u1ec1u th\u1eddi gian v\u00e0 c\u00f4ng s\u1ee9c<\/p>\n<p><img loading=\"lazy\" decoding=\"async\" class=\"aligncenter wp-image-9785 size-full\" src=\"https:\/\/congtybinhminh.com\/wp-content\/uploads\/2024\/07\/cau-tao-may-say-thuc-pham-bx20_result222-1.webp\" alt=\"cau-tao-may-say-thuc-pham-bx20_result222\" width=\"800\" height=\"618\" srcset=\"https:\/\/congtybinhminh.com\/wp-content\/uploads\/2024\/07\/cau-tao-may-say-thuc-pham-bx20_result222-1.webp 800w, https:\/\/congtybinhminh.com\/wp-content\/uploads\/2024\/07\/cau-tao-may-say-thuc-pham-bx20_result222-1-518x400.webp 518w, https:\/\/congtybinhminh.com\/wp-content\/uploads\/2024\/07\/cau-tao-may-say-thuc-pham-bx20_result222-1-768x593.webp 768w, https:\/\/congtybinhminh.com\/wp-content\/uploads\/2024\/07\/cau-tao-may-say-thuc-pham-bx20_result222-1-510x394.webp 510w\" sizes=\"auto, (max-width: 800px) 100vw, 800px\" \/><\/p>\n<p>M\u00e1y s\u1ea5y \u0111\u01b0\u1ee3c l\u00e0m b\u1eb1ng ch\u1ea5t li\u00eau inox cao c\u1ea5p, kh\u00f4ng g\u00e2y han g\u1ec9 \u0111\u1ea3m b\u1ea3o v\u1ec7 sinh trong su\u1ed1t qu\u00e1 tr\u00ecnh s\u1eed d\u1ee5ng. Tr\u00ean c\u00e1nh t\u1ee7 l\u1eafp \u0111\u1eb7t t\u1ea5m k\u00ednh c\u00f3 th\u1ec3 quan s\u00e1t qu\u00e1 tr\u00ecnh s\u1ea5y ngay t\u1eeb b\u00ean ngo\u00e0i ti\u1ec7n l\u1ee3i<\/p>\n<p><img loading=\"lazy\" decoding=\"async\" class=\"aligncenter wp-image-9786 size-full\" src=\"https:\/\/congtybinhminh.com\/wp-content\/uploads\/2024\/07\/may-say-thuc-pham-20-khay_result222.webp\" alt=\"may-say-thuc-pham-20-khay_result222\" width=\"800\" height=\"600\" srcset=\"https:\/\/congtybinhminh.com\/wp-content\/uploads\/2024\/07\/may-say-thuc-pham-20-khay_result222.webp 800w, https:\/\/congtybinhminh.com\/wp-content\/uploads\/2024\/07\/may-say-thuc-pham-20-khay_result222-533x400.webp 533w, https:\/\/congtybinhminh.com\/wp-content\/uploads\/2024\/07\/may-say-thuc-pham-20-khay_result222-768x576.webp 768w, https:\/\/congtybinhminh.com\/wp-content\/uploads\/2024\/07\/may-say-thuc-pham-20-khay_result222-510x383.webp 510w\" sizes=\"auto, (max-width: 800px) 100vw, 800px\" \/><\/p>\n<p>Khoang s\u1ea5y \u0111\u01b0\u1ee3c thi\u1ebft k\u1ebf kh\u00e9p k\u00edn, b\u00ean trong khoang g\u1ed3m 20 t\u1ea7ng khay tr\u00f2n d\u1ea1ng l\u01b0\u1edbi. Kho\u1ea3ng c\u00e1ch gi\u1eefa c\u00e1c t\u1ea7ng s\u1ea5y kho\u1ea3ng 35mm \u0111\u1ea3m b\u1ea3o nhi\u1ec7t \u0111\u1ed9 tr\u1ea3i \u0111\u1ec1u \u1edf m\u1ed7i t\u1ea7ng<\/p>\n<p>Qu\u00e1 tr\u00ecnh m\u00e1y ho\u1ea1t \u0111\u1ed9ng th\u00f4ng qua h\u1ec7 th\u1ed1ng b\u1ea3ng \u0111i\u1ec1u khi\u1ec3n c\u1ea3m \u1ee9ng th\u00f4ng minh, bao g\u1ed3m c\u00e1c t\u00ednh n\u0103ng;<\/p>\n<p><img loading=\"lazy\" decoding=\"async\" class=\"aligncenter wp-image-9787 size-full\" src=\"https:\/\/congtybinhminh.com\/wp-content\/uploads\/2024\/07\/bang-dieu-khien-may-say_result222.webp\" alt=\"bang-dieu-khien-may-say_result222\" width=\"800\" height=\"513\" srcset=\"https:\/\/congtybinhminh.com\/wp-content\/uploads\/2024\/07\/bang-dieu-khien-may-say_result222.webp 800w, https:\/\/congtybinhminh.com\/wp-content\/uploads\/2024\/07\/bang-dieu-khien-may-say_result222-624x400.webp 624w, https:\/\/congtybinhminh.com\/wp-content\/uploads\/2024\/07\/bang-dieu-khien-may-say_result222-768x492.webp 768w, https:\/\/congtybinhminh.com\/wp-content\/uploads\/2024\/07\/bang-dieu-khien-may-say_result222-510x327.webp 510w\" sizes=\"auto, (max-width: 800px) 100vw, 800px\" \/><\/p>\n<ul>\n<li>C\u00f4ng t\u1eafc t\u1eaft &#8211; m\u1edf<\/li>\n<li>\u0110\u00e8n s\u00e1ng<\/li>\n<li>C\u00f4ng t\u1eafc quay 1 chi\u1ec1u<\/li>\n<li>C\u00f4ng t\u1eafc h\u1eb9n gi\u1edd<\/li>\n<li>C\u00f4ng t\u1eafc nhi\u1ec7t \u0111\u1ed9<\/li>\n<li>C\u00f4ng t\u1eafc t\u0103ng &#8211; gi\u1ea3m khi c\u00e0i \u0111\u1eb7t nhi\u1ec7t<\/li>\n<\/ul>\n<p>Khi t\u1ee7 s\u1ea5y \u0111\u01b0\u1ee3c kh\u1edfi \u0111\u1ed9ng, h\u1ec7 th\u1ed1ng thanh nhi\u1ec7t s\u1ebd t\u1ea1o ra m\u1ed9t l\u01b0\u1ee3ng nhi\u1ec7t n\u00f3ng k\u1ebft h\u1ee3p v\u1edbi 2 qu\u1ea1t gi\u00f3 \u1edf ph\u00eda sau s\u1ebd th\u1ed5i kh\u00ed n\u00f3ng tu\u1ea7n ho\u00e0n khi kh\u1eafp c\u00e1c ng\u0103n trong t\u1ee7<\/p>\n<p><img loading=\"lazy\" decoding=\"async\" class=\"aligncenter wp-image-9788 size-full\" src=\"https:\/\/congtybinhminh.com\/wp-content\/uploads\/2024\/07\/say-tuan-hoan_result222.webp\" alt=\"say-tuan-hoan_result222\" width=\"800\" height=\"600\" srcset=\"https:\/\/congtybinhminh.com\/wp-content\/uploads\/2024\/07\/say-tuan-hoan_result222.webp 800w, https:\/\/congtybinhminh.com\/wp-content\/uploads\/2024\/07\/say-tuan-hoan_result222-533x400.webp 533w, https:\/\/congtybinhminh.com\/wp-content\/uploads\/2024\/07\/say-tuan-hoan_result222-768x576.webp 768w, https:\/\/congtybinhminh.com\/wp-content\/uploads\/2024\/07\/say-tuan-hoan_result222-510x383.webp 510w\" sizes=\"auto, (max-width: 800px) 100vw, 800px\" \/><\/p>\n<p>T\u1eeb \u0111\u00e2y, d\u01b0\u1edbi nhi\u1ec7t \u0111\u1ed9 cao s\u1ebd l\u00e0m h\u01a1i n\u01b0\u1edbc trong nguy\u00ean li\u1ec7u b\u1ed1c l\u00ean, th\u00f4ng qua c\u1eeda tho\u00e1t nhi\u1ec7t tho\u00e1t ra ngo\u00e0i. \u0110i\u1ec1u n\u00e0y s\u1ebd gi\u00fap nguy\u00ean li\u1ec7u lu\u00f4n kh\u00f4 r\u00e1o m\u00e0 kh\u00f4ng b\u1ecb h\u1ea5p h\u01a1i g\u00e2y \u01b0\u1edbt th\u1eadm chi l\u00e0m h\u1ecfng nguy\u00ean li\u1ec7u<\/p>\n<h2>M\u00e1y s\u1ea5y th\u1ef1c ph\u1ea9m BX20 mang t\u1edbi gi\u1ea3i ph\u00e1p g\u00ec cho b\u1ea1n<\/h2>\n<p>\u0110a s\u1ed1 nh\u1eefng c\u01a1 s\u1edf s\u1ea3n xu\u1ea5t th\u1ef1c ph\u1ea9m hi\u1ec7n nay \u0111\u1ec1u chuy\u1ec3n \u0111\u1ed5i t\u1eeb ph\u01b0\u01a1ng ph\u00e1p s\u1ea5y th\u1eed c\u00f4ng sang s\u1eed d\u1ee5ng m\u00e1y s\u1ea5y th\u1ef1c ph\u1ea9m b\u1edfi nh\u1eefng l\u00fd do sau:<\/p>\n<p><img loading=\"lazy\" decoding=\"async\" class=\"aligncenter wp-image-9789 size-full\" src=\"https:\/\/congtybinhminh.com\/wp-content\/uploads\/2024\/07\/may-say-20-khay-inox_result222.webp\" alt=\"may-say-20-khay-inox_result222\" width=\"800\" height=\"564\" srcset=\"https:\/\/congtybinhminh.com\/wp-content\/uploads\/2024\/07\/may-say-20-khay-inox_result222.webp 800w, https:\/\/congtybinhminh.com\/wp-content\/uploads\/2024\/07\/may-say-20-khay-inox_result222-567x400.webp 567w, https:\/\/congtybinhminh.com\/wp-content\/uploads\/2024\/07\/may-say-20-khay-inox_result222-768x541.webp 768w, https:\/\/congtybinhminh.com\/wp-content\/uploads\/2024\/07\/may-say-20-khay-inox_result222-510x360.webp 510w\" sizes=\"auto, (max-width: 800px) 100vw, 800px\" \/><\/p>\n<ul>\n<li>Th\u1eddi gian s\u1ea5y nhanh h\u01a1n, ti\u1ebft ki\u1ec7m th\u1eddi gian v\u00e0 c\u00f4ng s\u1ee9c th\u00f4ng qua h\u1ec7 th\u1ed1ng b\u1ea3ng \u0111i\u1ec1u khi\u1ec3n<\/li>\n<li>N\u0103ng su\u1ea5t cao v\u01b0\u1ee3t tr\u1ed9i &#8211; ch\u1ee7 \u0111\u1ed9ng kh\u00f4ng lo th\u1eddi ti\u1ebft x\u1ea5u g\u00e2y \u1ea3nh h\u01b0\u1edfng ch\u1ea5t l\u01b0\u1ee3ng s\u1ea3n ph\u1ea9m<\/li>\n<li>Qu\u00e1 tr\u00ecnh s\u1ea5y kh\u00e9p k\u00edn, \u0111\u1ea3m b\u1ea3o v\u1ec7 sinh an to\u00e0n th\u1ef1c ph\u1ea9m<\/li>\n<\/ul>\n<h2>\u0110\u1ecba ch\u1ec9 mua m\u00e1y s\u1ea5y th\u1ef1c ph\u1ea9m gi\u00e1 t\u1ed1t, ch\u00ednh h\u00e3ng<\/h2>\n<p>\u0110\u1ec3 \u0111\u1eb7t mua h\u00e0ng ch\u00ednh h\u00e3ng, b\u00e0 con c\u00f3 th\u1ec3 \u0111\u1ebfn tr\u1ee5 s\u1edf g\u1ea7n nh\u1ea5t c\u1ee7a c\u00f4ng ty \u0111\u1ec3 xem v\u00e0 \u0111\u1eb7t mua h\u00e0ng:<\/p>\n<ul>\n<li>Tr\u1ee5 s\u1edf ch\u00ednh : P.L\u00ea L\u1ee3i &#8211; Tx S\u01a1n T\u00e2y &#8211; H\u00e0 N\u1ed9i<\/li>\n<li>Chi nh\u00e1nh mi\u1ec1n Nam: x\u00e3 T\u00e2n Ki\u00ean &#8211; H. B\u00ecnh Ch\u00e1nh &#8211; TP H\u1ed3 Ch\u00ed Minh<\/li>\n<\/ul>\n<p>Khi \u0111\u1ebfn \u0111\u00e2y, b\u00e0 con s\u1ebd \u0111\u01b0\u1ee3c th\u1eed nghi\u1ec7m v\u1eadn h\u00e0nh m\u00e1y d\u01b0\u1edbi s\u1ef1 h\u01b0\u1edbng d\u1eabn c\u1ee7a \u0111\u1ed9i ng\u0169 k\u1ef9 thu\u1eadt<\/p>\n<p>\u0110\u1ed1i v\u1edbi b\u00e0 con \u1edf xa, c\u00f3 th\u1ec3 li\u00ean h\u1ec7 t\u1edbi s\u1ed1 \u0111i\u1ec7n tho\u1ea1i Hotline tr\u00ean website ho\u1eb7c \u0111\u1ec3 l\u1ea1i l\u1eddi nh\u1eafn \u0111\u1ed9i ng\u0169 t\u01b0 v\u1ea5n s\u1ebd li\u00ean h\u1ec7 t\u1edbi b\u00e0 con trong th\u1eddi gian s\u1edbm nh\u1ea5t<\/p>\n<p><strong>Th\u00f4ng s\u1ed1 k\u1ef9 thu\u1eadt\u00a0<\/strong><\/p>\n<table border=\"1\" cellspacing=\"1\" cellpadding=\"1\">\n<tbody>\n<tr>\n<td colspan=\"1\" rowspan=\"3\">\u00a0C\u00f4ng su\u1ea5t m\u00e1y<\/td>\n<td>C\u00f4ng su\u1ea5t ti\u00eau th\u1ee5 nhi\u1ec7t<\/td>\n<td>\u00a01 thanh nhi\u1ec7t<\/td>\n<\/tr>\n<tr>\n<td>Ngu\u1ed3n \u0111i\u1ec7n<\/td>\n<td>\u00a0220V<\/td>\n<\/tr>\n<tr>\n<td>S\u1ed1 l\u01b0\u1ee3ng khay<\/td>\n<td>\u00a020 khay inox<\/td>\n<\/tr>\n<tr>\n<td>Th\u1ec3 t\u00edch<\/td>\n<td colspan=\"2\" rowspan=\"1\">140 l\u00edt<\/td>\n<\/tr>\n<tr>\n<td colspan=\"1\" rowspan=\"2\">B\u1ea3o h\u00e0nh<\/td>\n<td>\u00a0K\u1ef9 thu\u1eadt<\/td>\n<td>\u00a006 th\u00e1ng<\/td>\n<\/tr>\n<tr>\n<td>\u0110\u1ed9ng c\u01a1<\/td>\n<td>\u00a0Theo t\u1eebng h\u00e3ng s\u1ea3n xu\u1ea5t<\/td>\n<\/tr>\n<tr>\n<td>\u00a0N\u0103ng su\u1ea5t<\/td>\n<td colspan=\"2\" rowspan=\"1\">\u00a0 10 &#8211; 20 kg\/m\u1ebb<\/td>\n<\/tr>\n<tr>\n<td>K\u00edch th\u01b0\u1edbc (d*c*r)<\/td>\n<td colspan=\"2\" rowspan=\"1\">\u00a059*95*44 cm<\/td>\n<\/tr>\n<\/tbody>\n<\/table>\n","protected":false},"excerpt":{"rendered":"<ul>\n<li><strong>H\u00e3ng s\u1ea3n xu\u1ea5t:<\/strong> B\u00ecnh Minh<\/li>\n<li><strong>Ch\u1ea5t li\u1ec7u:<\/strong> inox<\/li>\n<li><strong>S\u1ed1 l\u01b0\u1ee3ng khay<\/strong>: 20 khay<\/li>\n<li><strong>N\u0103ng su\u1ea5t:<\/strong> 10 &#8211; 20 kg\/m\u1ebb<\/li>\n<li><strong>B\u1ea3ng \u0111i\u1ec1u khi\u1ec3n:<\/strong> c\u1ea3m \u1ee9ng th\u00f4ng minh<\/li>\n<li><strong>K\u00edch th\u01b0\u1edbc (d*c*r):<\/strong> 59*95*44 cm<\/li>\n<li><strong>T\u00ednh n\u0103ng:<\/strong> m\u00e1y chuy\u00ean d\u00f9ng s\u1ea5y kh\u00f4 hoa qu\u1ea3, d\u01b0\u1ee3c li\u1ec7u v\u00e0 c\u00e1c lo\u1ea1i th\u1ef1c ph\u1ea9m t\u01b0\u01a1i s\u1ed1ng th\u1ecbt, t\u00f4m.<\/li>\n<\/ul>\n","protected":false},"featured_media":9778,"comment_status":"closed","ping_status":"closed","template":"","meta":[],"product_brand":[],"product_cat":[27],"product_tag":[],"class_list":{"0":"post-9777","1":"product","2":"type-product","3":"status-publish","4":"has-post-thumbnail","6":"product_cat-may-say","8":"first","9":"instock","10":"shipping-taxable","11":"product-type-simple"},"_links":{"self":[{"href":"https:\/\/congtybinhminh.com\/index.php?rest_route=\/wp\/v2\/product\/9777","targetHints":{"allow":["GET"]}}],"collection":[{"href":"https:\/\/congtybinhminh.com\/index.php?rest_route=\/wp\/v2\/product"}],"about":[{"href":"https:\/\/congtybinhminh.com\/index.php?rest_route=\/wp\/v2\/types\/product"}],"replies":[{"embeddable":true,"href":"https:\/\/congtybinhminh.com\/index.php?rest_route=%2Fwp%2Fv2%2Fcomments&post=9777"}],"wp:featuredmedia":[{"embeddable":true,"href":"https:\/\/congtybinhminh.com\/index.php?rest_route=\/wp\/v2\/media\/9778"}],"wp:attachment":[{"href":"https:\/\/congtybinhminh.com\/index.php?rest_route=%2Fwp%2Fv2%2Fmedia&parent=9777"}],"wp:term":[{"taxonomy":"product_brand","embeddable":true,"href":"https:\/\/congtybinhminh.com\/index.php?rest_route=%2Fwp%2Fv2%2Fproduct_brand&post=9777"},{"taxonomy":"product_cat","embeddable":true,"href":"https:\/\/congtybinhminh.com\/index.php?rest_route=%2Fwp%2Fv2%2Fproduct_cat&post=9777"},{"taxonomy":"product_tag","embeddable":true,"href":"https:\/\/congtybinhminh.com\/index.php?rest_route=%2Fwp%2Fv2%2Fproduct_tag&post=9777"}],"curies":[{"name":"wp","href":"https:\/\/api.w.org\/{rel}","templated":true}]}}