{"id":9711,"date":"2024-05-30T15:43:54","date_gmt":"2024-05-30T08:43:54","guid":{"rendered":"https:\/\/congtybinhminh.com\/?post_type=product&#038;p=9711"},"modified":"2025-06-24T08:32:39","modified_gmt":"2025-06-24T01:32:39","slug":"may-bam-xo-dua-b250-dau-no-2","status":"publish","type":"product","link":"https:\/\/congtybinhminh.com\/?product=may-bam-xo-dua-b250-dau-no-2","title":{"rendered":"M\u00e1y b\u0103m x\u01a1 d\u1eeba B250 \u0111\u1ea7u n\u1ed5"},"content":{"rendered":"<h2>Video ho\u1ea1t \u0111\u1ed9ng c\u1ee7a m\u00e1y<\/h2>\n<p><iframe loading=\"lazy\" title=\"M\u00e1y B\u0103m X\u01a1 D\u1eeba B250 \u0110\u1ea7u N\u1ed5 10HP Kh\u00f4ng C\u1ea7n \u0110i\u1ec7n Phi\u00ean B\u1ea3n C\u1ea3i Ti\u1ebfn 2 B\u00e1nh \u0110\u00e0 C\u00f3 G\u00ec \u0110\u1eb7c Bi\u1ec7t?\" width=\"1020\" height=\"574\" src=\"https:\/\/www.youtube.com\/embed\/-910TL-FZ8U?feature=oembed\" frameborder=\"0\" allow=\"accelerometer; autoplay; clipboard-write; encrypted-media; gyroscope; picture-in-picture; web-share\" referrerpolicy=\"strict-origin-when-cross-origin\" allowfullscreen><\/iframe><\/p>\n<h2>Gi\u1edbi thi\u1ec7u m\u00e1y b\u0103m x\u01a1 d\u1eeba B250 \u0111\u1ea7u n\u1ed5<\/h2>\n<p>M\u00e1y b\u0103m x\u01a1 d\u1eeba B250 kh\u00f4ng ch\u1ec9 \u0111\u01a1n thu\u1ea7n l\u00e0 m\u1ed9t s\u1ea3n ph\u1ea9m, m\u00e0 c\u00f2n l\u00e0 m\u1ed9t gi\u1ea3i ph\u00e1p ho\u00e0n h\u1ea3o cho c\u00e1c c\u01a1 s\u1edf t\u00e1i ch\u1ebf v\u1ecf d\u1eeba.<\/p>\n<p><img loading=\"lazy\" decoding=\"async\" class=\"aligncenter wp-image-9724 size-full\" src=\"https:\/\/congtybinhminh.com\/wp-content\/uploads\/2024\/05\/may-bam-xo-dua-b250-lap-dau-no-binh-minh_result222-1.webp\" alt=\"may-bam-xo-dua-b250-lap-dau-no-binh-minh_result222\" width=\"800\" height=\"1082\" srcset=\"https:\/\/congtybinhminh.com\/wp-content\/uploads\/2024\/05\/may-bam-xo-dua-b250-lap-dau-no-binh-minh_result222-1.webp 800w, https:\/\/congtybinhminh.com\/wp-content\/uploads\/2024\/05\/may-bam-xo-dua-b250-lap-dau-no-binh-minh_result222-1-296x400.webp 296w, https:\/\/congtybinhminh.com\/wp-content\/uploads\/2024\/05\/may-bam-xo-dua-b250-lap-dau-no-binh-minh_result222-1-591x800.webp 591w, https:\/\/congtybinhminh.com\/wp-content\/uploads\/2024\/05\/may-bam-xo-dua-b250-lap-dau-no-binh-minh_result222-1-768x1039.webp 768w, https:\/\/congtybinhminh.com\/wp-content\/uploads\/2024\/05\/may-bam-xo-dua-b250-lap-dau-no-binh-minh_result222-1-510x690.webp 510w\" sizes=\"auto, (max-width: 800px) 100vw, 800px\" \/><\/p>\n<p>V\u1edbi thi\u1ebft k\u1ebf \u0111\u1ea7u n\u1ed5 ch\u1ea1y m\u00e1y, m\u00e1y c\u00f3 th\u1ec3 s\u1eed d\u1ee5ng linh ho\u1ea1t \u1edf nh\u1eefng n\u01a1i \u0111i\u1ec7n y\u1ebfu v\u00e0 \u0111i\u1ec7n kh\u00f4ng \u0111\u1ee7 t\u1ea3i. Kh\u00f4ng ph\u1ea3i lo l\u1eafng v\u1ec1 vi\u1ec7c cung c\u1ea5p ngu\u1ed3n \u0111i\u1ec7n, m\u00e1y v\u1eabn ho\u1ea1t \u0111\u1ed9ng hi\u1ec7u qu\u1ea3, gi\u00fap ti\u1ebft ki\u1ec7m chi ph\u00ed v\u00e0 n\u0103ng l\u01b0\u1ee3ng \u0111\u1ed3ng th\u1eddi t\u1edbi \u01b0u h\u00f3a hi\u1ec7u su\u1ea5t c\u00f4ng vi\u1ec7c<\/p>\n<h2>Nh\u1eefng t\u00ednh n\u0103ng m\u00e1y b\u0103m x\u01a1 d\u1eeba B250 \u0111\u1ea7u n\u1ed5<\/h2>\n<p>Nh\u1eefng tr\u00e1i d\u1eeba sau khi s\u1eed d\u1ee5ng thay v\u00ec \u0111em v\u1ee9t b\u1ecf v\u1ecf v\u1eeba l\u00e3ng ph\u00ed l\u1ea1i \u00f4 nhi\u1ec5m m\u00f4i tr\u01b0\u1eddng, b\u00e0 con c\u00f3 th\u1ec3 s\u1eed d\u1ee5ng m\u00e1y b\u0103m \u0111\u1ec3 chuy\u1ec3n \u0111\u1ed5i v\u1ecf d\u1eeba th\u00e0nh d\u1ea1ng m\u00f9n ho\u1eb7c b\u0103m nh\u1ecf \u0111\u1ec3 c\u00f3 th\u1ec3 t\u00e1i ch\u1ebf v\u00e0 s\u1eed d\u1ee5ng l\u1ea1i g\u00f3p ph\u1ea7n t\u0103ng thu nh\u1eadp:<\/p>\n<p><img loading=\"lazy\" decoding=\"async\" class=\"aligncenter wp-image-9722 size-full\" src=\"https:\/\/congtybinhminh.com\/wp-content\/uploads\/2024\/05\/may-xay-vo-dua_result222.webp\" alt=\"may-xay-vo-dua_result222\" width=\"800\" height=\"1552\" srcset=\"https:\/\/congtybinhminh.com\/wp-content\/uploads\/2024\/05\/may-xay-vo-dua_result222.webp 800w, https:\/\/congtybinhminh.com\/wp-content\/uploads\/2024\/05\/may-xay-vo-dua_result222-206x400.webp 206w, https:\/\/congtybinhminh.com\/wp-content\/uploads\/2024\/05\/may-xay-vo-dua_result222-412x800.webp 412w, https:\/\/congtybinhminh.com\/wp-content\/uploads\/2024\/05\/may-xay-vo-dua_result222-768x1490.webp 768w, https:\/\/congtybinhminh.com\/wp-content\/uploads\/2024\/05\/may-xay-vo-dua_result222-792x1536.webp 792w, https:\/\/congtybinhminh.com\/wp-content\/uploads\/2024\/05\/may-xay-vo-dua_result222-510x989.webp 510w\" sizes=\"auto, (max-width: 800px) 100vw, 800px\" \/><\/p>\n<ul>\n<li>L\u00e0m ph\u00e2n b\u00f3n vi sinh, ph\u00e2n h\u01b0u c\u1ee1, l\u00e0m \u0111\u1ec7m l\u00f3t sinh h\u1ecdc v\u1edbi kh\u1ea3 n\u0103ng kh\u1eed mui h\u00f4i chu\u1ed3ng<\/li>\n<li>L\u00e0m gi\u00e1 th\u1ec3 tr\u1ed3ng c\u00e2y, tr\u1ed3ng n\u1ea5m, tr\u1ed3ng lan b\u1eb1ng x\u01a1 d\u1eeba<\/li>\n<li>C\u1ea3i t\u1ea1o \u0111\u1ea5t tr\u1ed3ng<\/li>\n<\/ul>\n<h2>C\u1ea5u t\u1ea1o m\u00e1y b\u0103m x\u01a1 d\u1eeba B250 \u0111\u1ea7u n\u1ed5<\/h2>\n<h3>Khung m\u00e1y ch\u1eafc ch\u1eafn<\/h3>\n<p>Thi\u1ebft k\u1ebf nh\u1ecf g\u1ecdn kh\u00f4ng chi\u1ebfm nhi\u1ec1u di\u1ec7n t\u00edch, v\u1edbi ph\u1ea7n k\u1ebft c\u1ea5u \u00e1y \u0111\u01b0\u1ee3c h\u00e0n g\u1eafn ch\u1eafc ch\u1eafn kh\u00f4ng g\u00e2y rung l\u1eafc trong qu\u00e1 tr\u00ecnh b\u0103m an to\u00e0n cho ng\u01b0\u1eddi d\u00f9ng<\/p>\n<p><img loading=\"lazy\" decoding=\"async\" class=\"aligncenter wp-image-9719 size-full\" src=\"https:\/\/congtybinhminh.com\/wp-content\/uploads\/2024\/05\/cau-tao-may-bam-xo-dua-b250-lap-dau-no-binh-minhopy-2_result222.webp\" alt=\"cau-tao-may-bam-xo-dua-b250-lap-dau-no-binh-minhopy 2_result222\" width=\"800\" height=\"648\" srcset=\"https:\/\/congtybinhminh.com\/wp-content\/uploads\/2024\/05\/cau-tao-may-bam-xo-dua-b250-lap-dau-no-binh-minhopy-2_result222.webp 800w, https:\/\/congtybinhminh.com\/wp-content\/uploads\/2024\/05\/cau-tao-may-bam-xo-dua-b250-lap-dau-no-binh-minhopy-2_result222-494x400.webp 494w, https:\/\/congtybinhminh.com\/wp-content\/uploads\/2024\/05\/cau-tao-may-bam-xo-dua-b250-lap-dau-no-binh-minhopy-2_result222-768x622.webp 768w, https:\/\/congtybinhminh.com\/wp-content\/uploads\/2024\/05\/cau-tao-may-bam-xo-dua-b250-lap-dau-no-binh-minhopy-2_result222-510x413.webp 510w\" sizes=\"auto, (max-width: 800px) 100vw, 800px\" \/><\/p>\n<p>B\u00ean d\u01b0\u1edbi b\u1ec7 m\u00e1y l\u1eafp \u0111\u1eb7t 4 b\u00e1nh xe thu\u1eadn ti\u1ec7n di chuy\u1ec3n v\u1ecb tr\u00ed \u0111\u1eb7t m\u00e1y<\/p>\n<h3>Toa n\u1ea1p v\u00e0 c\u1eeda x\u1ea3<\/h3>\n<p>Toa n\u1ea1p thi\u1ebft k\u1ebf d\u1ea1ng \u0111\u1ee9ng v\u1edbi \u0111\u1ed9 cao v\u1eeba t\u1ea7m ng\u01b0\u1eddi d\u00f9ng. Ph\u1ea7n ph\u1ec5u thi\u1ebft k\u1ebf mi\u1ec7ng r\u1ed9ng ch\u1ee9a \u0111\u01b0\u1ee3c nhi\u1ec1u nguy\u00ean li\u1ec7u h\u01a1n khi b\u0103m<\/p>\n<p><img loading=\"lazy\" decoding=\"async\" class=\"aligncenter wp-image-9725 size-full\" src=\"https:\/\/congtybinhminh.com\/wp-content\/uploads\/2024\/05\/toa-nap-may-bam-xo-dua_result222.webp\" alt=\"toa-nap-may-bam-xo-dua_result222\" width=\"800\" height=\"642\" srcset=\"https:\/\/congtybinhminh.com\/wp-content\/uploads\/2024\/05\/toa-nap-may-bam-xo-dua_result222.webp 800w, https:\/\/congtybinhminh.com\/wp-content\/uploads\/2024\/05\/toa-nap-may-bam-xo-dua_result222-498x400.webp 498w, https:\/\/congtybinhminh.com\/wp-content\/uploads\/2024\/05\/toa-nap-may-bam-xo-dua_result222-768x616.webp 768w, https:\/\/congtybinhminh.com\/wp-content\/uploads\/2024\/05\/toa-nap-may-bam-xo-dua_result222-510x409.webp 510w\" sizes=\"auto, (max-width: 800px) 100vw, 800px\" \/><\/p>\n<p>Th\u00e0nh ph\u1ea9m sau khi b\u0103m \u0111\u01b0\u1ee3c \u0111\u01b0a tr\u1ef1c ti\u1ebfp ra ngo\u00e0i c\u1eeda x\u1ea3. Ph\u1ea7n c\u1eeda thi\u1ebft k\u1ebf l\u1edbn thu\u1eadn ti\u1ec7n trong qu\u00e1 tr\u00ecnh thu gom th\u00e0nh ph\u1ea9m<\/p>\n<h3>Bu\u1ed3ng l\u00e0m vi\u1ec7c<\/h3>\n<p>B\u00ean trong h\u1ec7 th\u1ed1ng bu\u1ed3ng l\u00e0m vi\u1ec7c thi\u1ebft k\u1ebf r\u1ed9ng g\u1ed3m 2 h\u1ec7 th\u1ed1ng dao:<\/p>\n<ul>\n<li>2 dao k\u00ea g\u1eafn c\u1ed1 \u0111\u1ecbnh \u1edf 2 \u0111\u1ea7u bu\u1ed3ng b\u0103m<\/li>\n<li>4 dao 2 l\u01b0\u1ee1i d\u00e0y d\u1eb7n \u0111\u01b0\u1ee3c r\u00e8n s\u1eafc b\u00e9n g\u1eafn tr\u00ean tr\u1ee5c xoay. Ho\u1ea1t \u0111\u1ed9ng b\u0103m nh\u1ecf nguy\u00ean li\u1ec7u \u0111\u1ebfn ki v\u1eeba v\u1edbi l\u1ed7 s\u00e0ng l\u1eafp b\u00ean d\u01b0\u1edbi tho\u00e1t ra ngo\u00e0i<\/li>\n<\/ul>\n<p><img loading=\"lazy\" decoding=\"async\" class=\"aligncenter wp-image-9723 size-full\" src=\"https:\/\/congtybinhminh.com\/wp-content\/uploads\/2024\/05\/dao-bam-xo-dua_result222.webp\" alt=\"dao-bam-xo-dua_result222\" width=\"800\" height=\"1117\" srcset=\"https:\/\/congtybinhminh.com\/wp-content\/uploads\/2024\/05\/dao-bam-xo-dua_result222.webp 800w, https:\/\/congtybinhminh.com\/wp-content\/uploads\/2024\/05\/dao-bam-xo-dua_result222-286x400.webp 286w, https:\/\/congtybinhminh.com\/wp-content\/uploads\/2024\/05\/dao-bam-xo-dua_result222-573x800.webp 573w, https:\/\/congtybinhminh.com\/wp-content\/uploads\/2024\/05\/dao-bam-xo-dua_result222-768x1072.webp 768w, https:\/\/congtybinhminh.com\/wp-content\/uploads\/2024\/05\/dao-bam-xo-dua_result222-510x712.webp 510w\" sizes=\"auto, (max-width: 800px) 100vw, 800px\" \/><\/p>\n<p>M\u1eb7t s\u00e0ng bi\u00ean \u0111\u1ed9 cong n\u1eb1m d\u01b0\u1edbi h\u1ec7 th\u1ed1ng dao. V\u1edbi thi\u1ebft k\u1ebf m\u1edbi, ng\u01b0\u1eddi d\u00f9ng c\u00f3 th\u1ec3 ch\u1ee7 \u0111\u1ed9ng th\u00e1o l\u1eafp s\u00e0ng tr\u1ef1c ti\u1ebfp ngay b\u00ean ngo\u00e0i m\u00e0 kh\u00f4ng ph\u1ea3i m\u1edf bu\u1ed3ng b\u0103m nh\u01b0 phi\u00ean b\u1ea3n tr\u01b0\u1edbc<\/p>\n<p><img loading=\"lazy\" decoding=\"async\" class=\"size-medium wp-image-9720 aligncenter\" src=\"https:\/\/congtybinhminh.com\/wp-content\/uploads\/2024\/05\/cach-lap-mat-sang-may-bam-xo-dua_result222-762x400.webp\" alt=\"cach-lap-mat-sang-may-bam-xo-dua_result222\" width=\"762\" height=\"400\" srcset=\"https:\/\/congtybinhminh.com\/wp-content\/uploads\/2024\/05\/cach-lap-mat-sang-may-bam-xo-dua_result222-762x400.webp 762w, https:\/\/congtybinhminh.com\/wp-content\/uploads\/2024\/05\/cach-lap-mat-sang-may-bam-xo-dua_result222-768x403.webp 768w, https:\/\/congtybinhminh.com\/wp-content\/uploads\/2024\/05\/cach-lap-mat-sang-may-bam-xo-dua_result222-510x268.webp 510w, https:\/\/congtybinhminh.com\/wp-content\/uploads\/2024\/05\/cach-lap-mat-sang-may-bam-xo-dua_result222.webp 800w\" sizes=\"auto, (max-width: 762px) 100vw, 762px\" \/><\/p>\n<p>M\u00e1y c\u00f3 \u0111a d\u1ea1ng k\u00edch c\u1ee1 m\u1eb7t s\u00e0ng ly to &#8211; nh\u1ecf cho ra th\u00e0nh ph\u1ea9m t\u01b0\u01a1ng \u1ee9ng ( v\u00ed d\u1ee5: 10ly; 14ly; 20 ly.) li\u00ean h\u1ec7 ngay v\u1edbi \u0111\u1ed9i ng\u0169 b\u00e1n h\u00e0ng \u0111\u1ec3 \u0111\u01b0\u1ee3c t\u01b0 v\u1ea5n<\/p>\n<p><img loading=\"lazy\" decoding=\"async\" class=\"size-medium wp-image-10854 aligncenter\" src=\"https:\/\/congtybinhminh.com\/wp-content\/uploads\/2024\/01\/mat-sang-may-bam-xo-dua-b250_result222-569x400.webp\" alt=\"mat-sang-may-bam-xo-dua-b250_result222\" width=\"569\" height=\"400\" srcset=\"https:\/\/congtybinhminh.com\/wp-content\/uploads\/2024\/01\/mat-sang-may-bam-xo-dua-b250_result222-569x400.webp 569w, https:\/\/congtybinhminh.com\/wp-content\/uploads\/2024\/01\/mat-sang-may-bam-xo-dua-b250_result222-768x540.webp 768w, https:\/\/congtybinhminh.com\/wp-content\/uploads\/2024\/01\/mat-sang-may-bam-xo-dua-b250_result222-510x358.webp 510w, https:\/\/congtybinhminh.com\/wp-content\/uploads\/2024\/01\/mat-sang-may-bam-xo-dua-b250_result222.webp 800w\" sizes=\"auto, (max-width: 569px) 100vw, 569px\" \/><\/p>\n<h2>M\u00e1y b\u0103m x\u01a1 d\u1eeba B250 mang t\u1edbi l\u1ee3i \u00edch g\u00ec cho b\u1ea1n ?<\/h2>\n<p>Qu\u00e1 tr\u00ecnh b\u0103m t\u1ef1 \u0111\u1ed9ng, vi\u1ec7c \u1ee9ng d\u1ee5ng m\u00e1y m\u00f3c v\u00e0o cu\u1ed9c s\u1ed1ng mang t\u1edbi nhi\u1ec1u l\u1ee3i \u00edch cho c\u00e1c h\u1ed9 gia \u0111\u00ecnh v\u00e0 c\u01a1 s\u1edf t\u00e1i ch\u1ebf, bao g\u1ed3m:<\/p>\n<p><img loading=\"lazy\" decoding=\"async\" class=\"aligncenter wp-image-9726 size-full\" src=\"https:\/\/congtybinhminh.com\/wp-content\/uploads\/2024\/05\/dia-chi-mua-may-bam-xo-dua_result222.webp\" alt=\"dia-chi-mua-may-bam-xo-dua_result222\" width=\"800\" height=\"1077\" srcset=\"https:\/\/congtybinhminh.com\/wp-content\/uploads\/2024\/05\/dia-chi-mua-may-bam-xo-dua_result222.webp 800w, https:\/\/congtybinhminh.com\/wp-content\/uploads\/2024\/05\/dia-chi-mua-may-bam-xo-dua_result222-297x400.webp 297w, https:\/\/congtybinhminh.com\/wp-content\/uploads\/2024\/05\/dia-chi-mua-may-bam-xo-dua_result222-594x800.webp 594w, https:\/\/congtybinhminh.com\/wp-content\/uploads\/2024\/05\/dia-chi-mua-may-bam-xo-dua_result222-768x1034.webp 768w, https:\/\/congtybinhminh.com\/wp-content\/uploads\/2024\/05\/dia-chi-mua-may-bam-xo-dua_result222-510x687.webp 510w\" sizes=\"auto, (max-width: 800px) 100vw, 800px\" \/><\/p>\n<ul>\n<li>T\u1ed1i \u01b0u h\u00f3a qu\u00e1 tr\u00ecnh t\u00e1i ch\u1ebf b\u1eb1ng c\u00e1ch chuy\u1ec3n \u0111\u1ed1i ch\u00fang th\u00e0nh d\u1ea1ng m\u00f9n ho\u1eb7c b\u0103m nh\u1ecf, \u1ee9ng d\u1ee5ng cho nhi\u1ec1u m\u1ee5c \u0111\u00edch kh\u00e1c nhau<\/li>\n<li>Gi\u1ea3m thi\u1ec3u l\u01b0\u1ee3ng r\u00e1c th\u1ea3i, t\u0103ng c\u01b0\u1eddng hi\u1ec7u qu\u1ea3 s\u1eed d\u1ee5ng ngu\u1ed3n t\u00e0i nguy\u00ean t\u00e0i ch\u1ebf<\/li>\n<li>Ti\u1ebft ki\u1ec7m chi ph\u00ed v\u00e0 n\u0103ng l\u01b0\u1ee3ng so v\u1edbi vi\u1ec7c x\u1eed l\u00fd th\u1ee7 c\u00f4ng b\u1eb1ng tay<\/li>\n<\/ul>\n<h2>\u0110\u1ecba ch\u1ec9 mua m\u00e1y b\u0103m x\u01a1 d\u1eeba gi\u00e1 g\u1ed1c t\u1ea1i x\u01b0\u1edfng<\/h2>\n<p>\u0110\u1ec3 \u0111\u1eb7t mua h\u00e0ng ch\u00ednh h\u00e3ng, b\u00e0 con c\u00f3 th\u1ec3 \u0111\u1ebfn tr\u1ee5 s\u1edf g\u1ea7n nh\u1ea5t c\u1ee7a c\u00f4ng ty \u0111\u1ec3 xem v\u00e0 \u0111\u1eb7t mua h\u00e0ng:<\/p>\n<ul>\n<li>Tr\u1ee5 s\u1edf ch\u00ednh: p.L\u00ea L\u1ee3i &#8211; Tx S\u01a1n T\u00e2y &#8211; H\u00e0 N\u1ed9i<\/li>\n<li>Chi nh\u00e1nh mi\u1ec1n Nam: x\u00e3 T\u00e2n Ki\u00ean &#8211; H, B\u00ecnh Ch\u00e1nh &#8211; Tp H\u1ed3 Ch\u00ed Minh<\/li>\n<\/ul>\n<p>Khi \u0111\u1ebfn \u0111\u00e2y, b\u00e0 con s\u1ebd \u0111\u01b0\u1ee3c th\u1eed nghi\u1ec7m v\u1eadn h\u00e0nh m\u00e1y d\u01b0\u1edbi s\u1ef1 h\u01b0\u1edbng d\u1eabn c\u1ee7a \u0111\u1ed9i ng\u0169 k\u1ef9 thu\u1eadt<\/p>\n<p>\u0110\u1ed1i v\u1edbi b\u00e0 con \u1edf xa, c\u00f3 th\u1ec3 li\u00ean h\u1ec7 t\u1edbi s\u1ed1 \u0111i\u1ec7n tho\u1ea1i Hotline tr\u00ean website ho\u1eb7c \u0111\u1ec3 l\u1ea1i l\u1eddi nh\u1eafn \u0111\u1ed9i ng\u0169 t\u01b0 v\u1ea5n s\u1ebd li\u00ean h\u1ec7 t\u1edbi b\u00e0 con trong th\u1eddi gian s\u1edbm nh\u1ea5t<\/p>\n<p><strong>Th\u00f4ng s\u1ed1 k\u1ef9 thu\u1eadt\u00a0<\/strong><\/p>\n<table border=\"1\" cellspacing=\"1\" cellpadding=\"1\">\n<tbody>\n<tr>\n<td colspan=\"1\" rowspan=\"3\">\u0110\u1ed9ng c\u01a1<\/td>\n<td>C\u00f4ng su\u1ea5t \u0111\u1ea7u n\u1ed5<\/td>\n<td>D10<\/td>\n<\/tr>\n<tr>\n<td>\u00a0Ngu\u1ed3n \u0111i\u1ec7n<\/td>\n<td>V<\/td>\n<\/tr>\n<tr>\n<td>T\u1ed1c \u0111\u1ed9<\/td>\n<td>v\/p<\/td>\n<\/tr>\n<tr>\n<td colspan=\"1\" rowspan=\"2\">Tr\u1ecdng l\u01b0\u1ee3ng m\u00e1y<\/td>\n<td>Nguy\u00ean b\u1ed9<\/td>\n<td>242 kg<\/td>\n<\/tr>\n<tr>\n<td>Kh\u00f4ng \u0111\u1ed9ng c\u01a1<\/td>\n<td>\u00a0 kg<\/td>\n<\/tr>\n<tr>\n<td colspan=\"1\" rowspan=\"2\">B\u1ea3o h\u00e0nh<\/td>\n<td>K\u1ef9 thu\u1eadt<\/td>\n<td>\u00a006 th\u00e1ng<\/td>\n<\/tr>\n<tr>\n<td>\u0110\u1ed9ng c\u01a1<\/td>\n<td>\u00a0Theo t\u1eebng h\u00e3ng s\u1ea3n xu\u1ea5t<\/td>\n<\/tr>\n<tr>\n<td>N\u0103ng su\u1ea5t<\/td>\n<td colspan=\"2\" rowspan=\"1\">kg\/gi\u1edd<\/td>\n<\/tr>\n<tr>\n<td>K\u00edch th\u01b0\u1edbc (d*c*r)<\/td>\n<td colspan=\"2\" rowspan=\"1\">138*127*55cm<\/td>\n<\/tr>\n<tr>\n<td>H\u00ecnh th\u1ee9c thanh to\u00e1n<\/td>\n<td colspan=\"2\" rowspan=\"1\">Ti\u1ec1n m\u1eb7t ho\u1eb7c chuy\u1ec3n kho\u1ea3n<\/td>\n<\/tr>\n<\/tbody>\n<\/table>\n<p>&nbsp;<\/p>\n","protected":false},"excerpt":{"rendered":"<ul>\n<li><strong>H\u00e3ng s\u1ea3n xu\u1ea5t :\u00a0<\/strong>B\u00ecnh Minh<\/li>\n<li><strong>C\u00f4ng su\u1ea5t \u0111\u1ea7u n\u1ed5:\u00a0<\/strong>D10<\/li>\n<li><strong>K\u00edch th\u01b0\u1edbc (d*c*r):\u00a0<\/strong>138*127*55 cm<\/li>\n<li><strong>T\u00ednh n\u0103ng:<\/strong>\u00a0m\u00e1y chuy\u00ean b\u0103m v\u1ecf d\u1eeba kh\u00f4, v\u1ecf d\u1eeba t\u01b0\u01a1i th\u00e0nh d\u1ea1ng m\u00f9n l\u00e0m ph\u00e2n vi sinh, ph\u00e2n b\u00f3n tr\u1ed3ng c\u00e2y, \u0111\u1ec7m l\u00f3t chu\u1ed3ng<\/li>\n<\/ul>\n","protected":false},"featured_media":9712,"comment_status":"closed","ping_status":"closed","template":"","meta":[],"product_brand":[],"product_cat":[197],"product_tag":[],"class_list":{"0":"post-9711","1":"product","2":"type-product","3":"status-publish","4":"has-post-thumbnail","6":"product_cat-may-bam-xo-dua-2","8":"first","9":"instock","10":"shipping-taxable","11":"product-type-simple"},"_links":{"self":[{"href":"https:\/\/congtybinhminh.com\/index.php?rest_route=\/wp\/v2\/product\/9711","targetHints":{"allow":["GET"]}}],"collection":[{"href":"https:\/\/congtybinhminh.com\/index.php?rest_route=\/wp\/v2\/product"}],"about":[{"href":"https:\/\/congtybinhminh.com\/index.php?rest_route=\/wp\/v2\/types\/product"}],"replies":[{"embeddable":true,"href":"https:\/\/congtybinhminh.com\/index.php?rest_route=%2Fwp%2Fv2%2Fcomments&post=9711"}],"wp:featuredmedia":[{"embeddable":true,"href":"https:\/\/congtybinhminh.com\/index.php?rest_route=\/wp\/v2\/media\/9712"}],"wp:attachment":[{"href":"https:\/\/congtybinhminh.com\/index.php?rest_route=%2Fwp%2Fv2%2Fmedia&parent=9711"}],"wp:term":[{"taxonomy":"product_brand","embeddable":true,"href":"https:\/\/congtybinhminh.com\/index.php?rest_route=%2Fwp%2Fv2%2Fproduct_brand&post=9711"},{"taxonomy":"product_cat","embeddable":true,"href":"https:\/\/congtybinhminh.com\/index.php?rest_route=%2Fwp%2Fv2%2Fproduct_cat&post=9711"},{"taxonomy":"product_tag","embeddable":true,"href":"https:\/\/congtybinhminh.com\/index.php?rest_route=%2Fwp%2Fv2%2Fproduct_tag&post=9711"}],"curies":[{"name":"wp","href":"https:\/\/api.w.org\/{rel}","templated":true}]}}