{"id":9477,"date":"2024-03-14T16:40:29","date_gmt":"2024-03-14T09:40:29","guid":{"rendered":"https:\/\/congtybinhminh.com\/?post_type=product&#038;p=9477"},"modified":"2024-03-14T16:41:56","modified_gmt":"2024-03-14T09:41:56","slug":"may-nghien-bot-nuoc-inox-250","status":"publish","type":"product","link":"https:\/\/congtybinhminh.com\/?product=may-nghien-bot-nuoc-inox-250","title":{"rendered":"M\u00e1y nghi\u1ec1n b\u1ed9t n\u01b0\u1edbc inox 250"},"content":{"rendered":"<h2>Video ho\u1ea1t \u0111\u1ed9ng c\u1ee7a m\u00e1y<\/h2>\n<p><iframe loading=\"lazy\" title=\"M\u00e1y Xay Nghi\u1ec1n B\u1ed9t N\u01b0\u1edbc Inox 250 Th\u1ebf H\u1ec7 M\u1edbi Gi\u00e0nh Cho M\u1ecdi H\u1ed9 Kinh Doanh\" width=\"1020\" height=\"574\" src=\"https:\/\/www.youtube.com\/embed\/HDLf_XtUazU?feature=oembed\" frameborder=\"0\" allow=\"accelerometer; autoplay; clipboard-write; encrypted-media; gyroscope; picture-in-picture; web-share\" allowfullscreen><\/iframe><\/p>\n<h2>Gi\u1edbi thi\u1ec7u m\u00e1y nghi\u1ec1n b\u1ed9t n\u01b0\u1edbc inox 250<\/h2>\n<p>M\u00e1y nghi\u1ec1n b\u1ed9t n\u01b0\u1edbc inox 250 do c\u00f4ng ty B\u00ecnh Minh s\u1ea3n xu\u1ea5t chuy\u00ean nghi\u1ec1n c\u00e1c lo\u1ea1i g\u1ea1o \u0111\u00e3 ng\u00e2m th\u00e0nh b\u1ed9t n\u01b0\u1edbc<\/p>\n<p><img loading=\"lazy\" decoding=\"async\" class=\"aligncenter wp-image-9483 size-full\" src=\"https:\/\/congtybinhminh.com\/wp-content\/uploads\/2024\/03\/may-nghien-bot-nuoc-inox-250-1_result222.webp\" alt=\"may-nghien-bot-n\u01b0\u01a1c-inox-250-1_result222\" width=\"800\" height=\"1078\" srcset=\"https:\/\/congtybinhminh.com\/wp-content\/uploads\/2024\/03\/may-nghien-bot-nuoc-inox-250-1_result222.webp 800w, https:\/\/congtybinhminh.com\/wp-content\/uploads\/2024\/03\/may-nghien-bot-nuoc-inox-250-1_result222-297x400.webp 297w, https:\/\/congtybinhminh.com\/wp-content\/uploads\/2024\/03\/may-nghien-bot-nuoc-inox-250-1_result222-594x800.webp 594w, https:\/\/congtybinhminh.com\/wp-content\/uploads\/2024\/03\/may-nghien-bot-nuoc-inox-250-1_result222-768x1035.webp 768w, https:\/\/congtybinhminh.com\/wp-content\/uploads\/2024\/03\/may-nghien-bot-nuoc-inox-250-1_result222-510x687.webp 510w\" sizes=\"auto, (max-width: 800px) 100vw, 800px\" \/><\/p>\n<p>\u0110\u00e1p \u1ee9ng nhu c\u1ea7u ch\u1ebf bi\u1ebfn th\u1ef1c ph\u1ea9m t\u1ea1i c\u00e1c h\u1ed9 gia \u0111\u00ecnh,c\u01a1 s\u1edf ch\u1ebf bi\u1ebfn<\/p>\n<h2>C\u1ea5u t\u1ea1o m\u00e1y nghi\u1ec1n b\u1ed9t n\u01b0\u1edbc inox 250<\/h2>\n<p>M\u00e1y nghi\u1ec1n b\u1ed9t n\u01b0\u1edbc \u0111\u01b0\u1ee3c l\u00e0m b\u1eb1ng ch\u1ea5t li\u1ec7u inox cao c\u1ea5p, ch\u1ed1ng han g\u1ec9 thu\u1eadn ti\u1ec7n v\u1ec7 sinh gi\u00fap m\u00e1y lu\u00f4n s\u1ea1ch &#8211; s\u00e1ng b\u00f3ng gi\u1eef \u0111\u1ed9 b\u1ec1n v\u00e0 k\u00e9o d\u00e0i tu\u1ed5i th\u1ecd c\u1ee7a m\u00e1y<\/p>\n<p><img loading=\"lazy\" decoding=\"async\" class=\"aligncenter wp-image-9484 size-full\" src=\"https:\/\/congtybinhminh.com\/wp-content\/uploads\/2024\/03\/cau-tao-may-nghien-bot-nuoc_result222-1.webp\" alt=\"cau-tao-may-nghien-bot-n\u01b0\u01a1c_result222\" width=\"800\" height=\"600\" srcset=\"https:\/\/congtybinhminh.com\/wp-content\/uploads\/2024\/03\/cau-tao-may-nghien-bot-nuoc_result222-1.webp 800w, https:\/\/congtybinhminh.com\/wp-content\/uploads\/2024\/03\/cau-tao-may-nghien-bot-nuoc_result222-1-533x400.webp 533w, https:\/\/congtybinhminh.com\/wp-content\/uploads\/2024\/03\/cau-tao-may-nghien-bot-nuoc_result222-1-768x576.webp 768w, https:\/\/congtybinhminh.com\/wp-content\/uploads\/2024\/03\/cau-tao-may-nghien-bot-nuoc_result222-1-510x383.webp 510w\" sizes=\"auto, (max-width: 800px) 100vw, 800px\" \/><\/p>\n<p>Toa n\u1ea1p nguy\u00ean li\u1ec7u \u0111\u01b0\u1ee3c thi\u1ebft k\u1ebf d\u1ea1ng ph\u1ec5u r\u1ed9ng v\u1edbi s\u1ee9c ch\u1ee9a l\u1edbn, k\u1ebft h\u1ee3p v\u1edbi thanh n\u1ed1i \u0111\u01b0a nguy\u00ean li\u1ec7u xu\u1ed1ng bu\u1ed3ng nghi\u1ec1n<\/p>\n<p><img loading=\"lazy\" decoding=\"async\" class=\"aligncenter wp-image-9485 size-full\" src=\"https:\/\/congtybinhminh.com\/wp-content\/uploads\/2024\/03\/toa-nap-nguyen-lieu_result222.webp\" alt=\"toa-nap-nguyen-lieu_result222\" width=\"800\" height=\"600\" srcset=\"https:\/\/congtybinhminh.com\/wp-content\/uploads\/2024\/03\/toa-nap-nguyen-lieu_result222.webp 800w, https:\/\/congtybinhminh.com\/wp-content\/uploads\/2024\/03\/toa-nap-nguyen-lieu_result222-533x400.webp 533w, https:\/\/congtybinhminh.com\/wp-content\/uploads\/2024\/03\/toa-nap-nguyen-lieu_result222-768x576.webp 768w, https:\/\/congtybinhminh.com\/wp-content\/uploads\/2024\/03\/toa-nap-nguyen-lieu_result222-510x383.webp 510w\" sizes=\"auto, (max-width: 800px) 100vw, 800px\" \/><\/p>\n<p>Tr\u00ean thanh n\u1ed1i c\u00f3 t\u1ea5m ch\u1eafn gi\u00fap ng\u01b0\u1eddi d\u00f9ng \u0111i\u1ec1u ch\u1ec9nh l\u01b0\u1ee3ng nguy\u00ean li\u1ec7u v\u1eeba \u0111\u1ee7 \u0111i xu\u1ed1ng bu\u1ed3ng nghi\u1ec1n<\/p>\n<p>Tr\u00e1nh \u0111\u1ec3 nguy\u00ean li\u1ec7u r\u01a1i xu\u1ed1ng qu\u00e1 nhi\u1ec1u l\u00e0m ngh\u1eb9n m\u00e1y<\/p>\n<p>Ph\u00eda tr\u00ean toa n\u1ea1p \u0111\u01b0\u1ee3c trang b\u1ecb m\u00f3c treo th\u00f9ng ch\u1ee9a n\u01b0\u1edbc c\u00f3 van s\u1ea3 \u0111i\u1ec1u ch\u1ec9nh l\u01b0\u1ee3ng n\u01b0\u1edbc ch\u1ea3y \u0111\u1ec1u xuy\u00ean su\u1ed1t qu\u00e1 tr\u00ecnh nghi\u1ec1n<\/p>\n<p>Khi m\u00e1y ho\u1ea1t \u0111\u1ed9ng, ng\u01b0\u1eddi d\u00f9ng ch\u1ec9 c\u1ea7n th\u00eam n\u01b0\u1edbc v\u00e0o th\u00f9ng ch\u1ee9a v\u00e0 \u0111i\u1ec1u ch\u1ec9nh van ch\u1ea3y m\u1ea1nh ho\u1eb7c ch\u1ea3y nh\u1eb9. Vi\u1ec7c c\u00f2n l\u1ea1i chi\u1ebfc m\u00e1y s\u1ebd t\u1ef1 \u0111\u1ed9ng nghi\u1ec1n b\u1ed9t cho b\u1ea1n<\/p>\n<p><img loading=\"lazy\" decoding=\"async\" class=\"aligncenter wp-image-9486 size-full\" src=\"https:\/\/congtybinhminh.com\/wp-content\/uploads\/2024\/03\/may-nghien-bua_result222.webp\" alt=\"may-nghien-bua_result222\" width=\"800\" height=\"748\" srcset=\"https:\/\/congtybinhminh.com\/wp-content\/uploads\/2024\/03\/may-nghien-bua_result222.webp 800w, https:\/\/congtybinhminh.com\/wp-content\/uploads\/2024\/03\/may-nghien-bua_result222-428x400.webp 428w, https:\/\/congtybinhminh.com\/wp-content\/uploads\/2024\/03\/may-nghien-bua_result222-768x718.webp 768w, https:\/\/congtybinhminh.com\/wp-content\/uploads\/2024\/03\/may-nghien-bua_result222-510x477.webp 510w\" sizes=\"auto, (max-width: 800px) 100vw, 800px\" \/><\/p>\n<p>Tr\u1ee5c xo\u1eafn inox d\u00e0y d\u1eabn n\u01b0\u1edbc v\u00e0 nguy\u00ean li\u1ec7u t\u1eeb \u1ed1ng d\u1eabn \u0111i v\u00e0o bu\u1ed3ng nghi\u1ec1n<\/p>\n<p>T\u1ea1i \u0111\u00e2y, h\u1ec7 th\u1ed1ng 4 c\u00e1nh qu\u1ea1t c\u00f3 nhi\u1ec7m v\u1ee5 \u0111\u1eadp v\u1ee1 v\u00e0 nghi\u1ec1n ch\u00fang<\/p>\n<p><img loading=\"lazy\" decoding=\"async\" class=\"aligncenter wp-image-9487 size-full\" src=\"https:\/\/congtybinhminh.com\/wp-content\/uploads\/2024\/03\/sang-may-nghien_result222.webp\" alt=\"sang-may-nghien_result222\" width=\"800\" height=\"748\" srcset=\"https:\/\/congtybinhminh.com\/wp-content\/uploads\/2024\/03\/sang-may-nghien_result222.webp 800w, https:\/\/congtybinhminh.com\/wp-content\/uploads\/2024\/03\/sang-may-nghien_result222-428x400.webp 428w, https:\/\/congtybinhminh.com\/wp-content\/uploads\/2024\/03\/sang-may-nghien_result222-768x718.webp 768w, https:\/\/congtybinhminh.com\/wp-content\/uploads\/2024\/03\/sang-may-nghien_result222-510x477.webp 510w\" sizes=\"auto, (max-width: 800px) 100vw, 800px\" \/><\/p>\n<p>K\u1ebft h\u1ee3p bao quanh th\u00e0nh l\u00e0 l\u01b0\u1edbi s\u00e0ng m\u1ecbn l\u00f3c ph\u1ea7n c\u1eb7n, ph\u1ea7n n\u01b0\u1edbc c\u1ed1t s\u1ebd \u0111i qua s\u00e0ng v\u00e0 tho\u00e1t ra ngo\u00e0i<\/p>\n<p><img loading=\"lazy\" decoding=\"async\" class=\"aligncenter wp-image-9488 size-full\" src=\"https:\/\/congtybinhminh.com\/wp-content\/uploads\/2024\/03\/nghien-bot-gao_result222.webp\" alt=\"nghien-bot-gao_result222\" width=\"800\" height=\"600\" srcset=\"https:\/\/congtybinhminh.com\/wp-content\/uploads\/2024\/03\/nghien-bot-gao_result222.webp 800w, https:\/\/congtybinhminh.com\/wp-content\/uploads\/2024\/03\/nghien-bot-gao_result222-533x400.webp 533w, https:\/\/congtybinhminh.com\/wp-content\/uploads\/2024\/03\/nghien-bot-gao_result222-768x576.webp 768w, https:\/\/congtybinhminh.com\/wp-content\/uploads\/2024\/03\/nghien-bot-gao_result222-510x383.webp 510w\" sizes=\"auto, (max-width: 800px) 100vw, 800px\" \/><\/p>\n<p>M\u00e1y s\u1eed d\u1ee5ng \u0111\u1ed9ng c\u01a1 3,5kw d\u00f9ng \u0111i\u1ec7n gia \u0111\u00ecnh 220V t\u1ed1c \u0111\u1ed9 quay 2900 v\u00f2ng\/ph\u00fat cho n\u0103ng su\u1ea5t \u0111\u1ea1t t\u1eeb 25 &#8211; 30 kg\/gi\u1edd<\/p>\n<p><strong>Th\u00f4ng s\u1ed1 k\u1ef9 thu\u1eadt\u00a0<\/strong><\/p>\n<table border=\"1\" cellspacing=\"1\" cellpadding=\"1\">\n<tbody>\n<tr>\n<td colspan=\"1\" rowspan=\"3\">\u0110\u1ed9ng c\u01a1<\/td>\n<td>C\u00f4ng su\u1ea5t \u0111\u1ed9ng c\u01a1<\/td>\n<td>3.5 kw<\/td>\n<\/tr>\n<tr>\n<td>T\u1ed1c \u0111\u1ed9<\/td>\n<td>2900 v\/p<\/td>\n<\/tr>\n<tr>\n<td>Ngu\u1ed3n \u0111i\u1ec7n<\/td>\n<td>220V<\/td>\n<\/tr>\n<tr>\n<td colspan=\"1\" rowspan=\"2\">B\u1ea3o h\u00e0nh<\/td>\n<td>K\u1ef9 thu\u1eadt<\/td>\n<td>\u00a006 th\u00e1ng<\/td>\n<\/tr>\n<tr>\n<td>\u0110\u1ed9ng c\u01a1<\/td>\n<td>\u00a0Theo t\u1eebng h\u00e3ng s\u1ea3n xu\u1ea5t<\/td>\n<\/tr>\n<tr>\n<td>N\u0103ng su\u1ea5t<\/td>\n<td colspan=\"2\" rowspan=\"1\">\u00a025 &#8211; 30 kg<\/td>\n<\/tr>\n<tr>\n<td>K\u00edch th\u01b0\u1edbc (d*c*r)<\/td>\n<td colspan=\"2\" rowspan=\"1\">\u00a080*142*49 cm<\/td>\n<\/tr>\n<tr>\n<td>H\u00ecnh th\u1ee9c thanh to\u00e1n<\/td>\n<td colspan=\"2\" rowspan=\"1\">Ti\u1ec1n m\u1eb7t ho\u1eb7c chuy\u1ec3n kho\u1ea3n<\/td>\n<\/tr>\n<\/tbody>\n<\/table>\n","protected":false},"excerpt":{"rendered":"<ul>\n<li><strong>H\u00e3ng s\u1ea3n xu\u1ea5t:<\/strong> B\u00ecnh Minh<\/li>\n<li><strong>C\u00f4ng su\u1ea5t \u0111\u1ed9ng c\u01a1:<\/strong> 3,5kw<\/li>\n<li><strong>Ngu\u1ed3n \u0111i\u1ec7n:<\/strong> 220V<\/li>\n<li><strong>T\u1ed1c \u0111\u1ed9:<\/strong> 2900 v\u00f2ng\/ph\u00fat<\/li>\n<li><strong>N\u0103ng su\u1ea5t<\/strong>: 25-30 kg\/gi\u1edd<\/li>\n<li><strong>K\u00edch th\u01b0\u1edbc (d*c*r):<\/strong> 80*142*49 cm<\/li>\n<li><strong>T\u00ednh n\u0103ng:<\/strong> chuy\u00ean nghi\u1ec1n c\u00e1c lo\u1ea1i g\u1ea1o \u1ea9m th\u00e0nh b\u1ed9t n\u01b0\u1edbc l\u00e0m b\u00e1nh, ch\u1ebf bi\u1ebfn th\u1ef1c ph\u1ea9m<\/li>\n<\/ul>\n","protected":false},"featured_media":9478,"comment_status":"closed","ping_status":"closed","template":"","meta":[],"product_brand":[],"product_cat":[213],"product_tag":[],"class_list":{"0":"post-9477","1":"product","2":"type-product","3":"status-publish","4":"has-post-thumbnail","6":"product_cat-may-nghien-bot-nuoc","8":"first","9":"instock","10":"shipping-taxable","11":"product-type-simple"},"_links":{"self":[{"href":"https:\/\/congtybinhminh.com\/index.php?rest_route=\/wp\/v2\/product\/9477","targetHints":{"allow":["GET"]}}],"collection":[{"href":"https:\/\/congtybinhminh.com\/index.php?rest_route=\/wp\/v2\/product"}],"about":[{"href":"https:\/\/congtybinhminh.com\/index.php?rest_route=\/wp\/v2\/types\/product"}],"replies":[{"embeddable":true,"href":"https:\/\/congtybinhminh.com\/index.php?rest_route=%2Fwp%2Fv2%2Fcomments&post=9477"}],"wp:featuredmedia":[{"embeddable":true,"href":"https:\/\/congtybinhminh.com\/index.php?rest_route=\/wp\/v2\/media\/9478"}],"wp:attachment":[{"href":"https:\/\/congtybinhminh.com\/index.php?rest_route=%2Fwp%2Fv2%2Fmedia&parent=9477"}],"wp:term":[{"taxonomy":"product_brand","embeddable":true,"href":"https:\/\/congtybinhminh.com\/index.php?rest_route=%2Fwp%2Fv2%2Fproduct_brand&post=9477"},{"taxonomy":"product_cat","embeddable":true,"href":"https:\/\/congtybinhminh.com\/index.php?rest_route=%2Fwp%2Fv2%2Fproduct_cat&post=9477"},{"taxonomy":"product_tag","embeddable":true,"href":"https:\/\/congtybinhminh.com\/index.php?rest_route=%2Fwp%2Fv2%2Fproduct_tag&post=9477"}],"curies":[{"name":"wp","href":"https:\/\/api.w.org\/{rel}","templated":true}]}}