{"id":9283,"date":"2024-01-20T08:56:28","date_gmt":"2024-01-20T01:56:28","guid":{"rendered":"https:\/\/congtybinhminh.com\/?post_type=product&#038;p=9283"},"modified":"2024-01-20T09:22:26","modified_gmt":"2024-01-20T02:22:26","slug":"may-no-bong-1-pha","status":"publish","type":"product","link":"https:\/\/congtybinhminh.com\/?product=may-no-bong-1-pha","title":{"rendered":"M\u00e1y n\u1ed5 b\u1ecfng 1 pha"},"content":{"rendered":"<h2>Video ho\u1ea1t \u0111\u1ed9ng m\u00e1y n\u1ed5 b\u1ecfng 1 pha<\/h2>\n<p><iframe loading=\"lazy\" title=\"M\u00e1y N\u1ed5 B\u1ecfng D\u00f9ng \u0110i\u1ec7n D\u00e2n D\u1ee5ng 220V D\u00e0nh Cho H\u1ed9 Gia \u0110\u00ecnh Gi\u00e1 Ch\u01b0a T\u1edbi 6 Tri\u1ec7u\" width=\"1020\" height=\"574\" src=\"https:\/\/www.youtube.com\/embed\/Wny9XN7C9ps?feature=oembed\" frameborder=\"0\" allow=\"accelerometer; autoplay; clipboard-write; encrypted-media; gyroscope; picture-in-picture; web-share\" allowfullscreen><\/iframe><\/p>\n<h2>Gi\u1edbi thi\u1ec7u m\u00e1y n\u1ed5 b\u1ecfng 1 pha<\/h2>\n<p>C\u00f4ng ty B\u00ecnh Minh \u0111\u01a1n v\u1ecb chuy\u00ean s\u1ea3n xu\u1ea5t m\u00e1y n\u1ed5 b\u1ecfng v\u1edbi 3 h\u01a1n 30 n\u0103m kinh nghi\u1ec7m trong l\u0129nh v\u1ef1c c\u01a1 kh\u00ed. T\u1ef1 h\u00e0o l\u00e0 \u0111\u1ecba ch\u1ec9 uy t\u00edn cung c\u1ea5p cho b\u00e0 con nh\u1eefng s\u1ea3n ph\u1ea9m t\u1ed1t &#8211; gi\u00e1 c\u1ea3 h\u1ee3p l\u00fd<\/p>\n<p><img loading=\"lazy\" decoding=\"async\" class=\"aligncenter wp-image-9292 size-full\" src=\"https:\/\/congtybinhminh.com\/wp-content\/uploads\/2024\/01\/may-no-bong-1-pha-cong-ty-binh-minh_result222.webp\" alt=\"may-no-bong-1-pha-cong-ty-binh-minh_result222\" width=\"800\" height=\"1078\" srcset=\"https:\/\/congtybinhminh.com\/wp-content\/uploads\/2024\/01\/may-no-bong-1-pha-cong-ty-binh-minh_result222.webp 800w, https:\/\/congtybinhminh.com\/wp-content\/uploads\/2024\/01\/may-no-bong-1-pha-cong-ty-binh-minh_result222-510x687.webp 510w, https:\/\/congtybinhminh.com\/wp-content\/uploads\/2024\/01\/may-no-bong-1-pha-cong-ty-binh-minh_result222-297x400.webp 297w, https:\/\/congtybinhminh.com\/wp-content\/uploads\/2024\/01\/may-no-bong-1-pha-cong-ty-binh-minh_result222-594x800.webp 594w, https:\/\/congtybinhminh.com\/wp-content\/uploads\/2024\/01\/may-no-bong-1-pha-cong-ty-binh-minh_result222-768x1035.webp 768w\" sizes=\"auto, (max-width: 800px) 100vw, 800px\" \/><\/p>\n<p>M\u00e1y n\u1ed5 \u0111\u01b0\u1ee3c nhi\u1ec1u lo\u1ea1i nguy\u00ean li\u1ec7u nh\u01b0 g\u1ea1o, l\u1ea1c, \u0111\u01b0\u1eddng,&#8230;s\u1eed d\u1ee5ng \u0111\u1ed9ng c\u01a1 3kw cho n\u0103ng su\u1ea5t \u0111\u1ea1t 10 &#8211; 15kg\/gi\u1edd<\/p>\n<p><img loading=\"lazy\" decoding=\"async\" class=\"aligncenter wp-image-9301 size-full\" src=\"https:\/\/congtybinhminh.com\/wp-content\/uploads\/2024\/01\/may-no-bong-ken-tam_result222.webp\" alt=\"may-no-bong-ken-tam_result222\" width=\"800\" height=\"1472\" srcset=\"https:\/\/congtybinhminh.com\/wp-content\/uploads\/2024\/01\/may-no-bong-ken-tam_result222.webp 800w, https:\/\/congtybinhminh.com\/wp-content\/uploads\/2024\/01\/may-no-bong-ken-tam_result222-510x938.webp 510w, https:\/\/congtybinhminh.com\/wp-content\/uploads\/2024\/01\/may-no-bong-ken-tam_result222-217x400.webp 217w, https:\/\/congtybinhminh.com\/wp-content\/uploads\/2024\/01\/may-no-bong-ken-tam_result222-435x800.webp 435w, https:\/\/congtybinhminh.com\/wp-content\/uploads\/2024\/01\/may-no-bong-ken-tam_result222-768x1413.webp 768w\" sizes=\"auto, (max-width: 800px) 100vw, 800px\" \/><\/p>\n<p>\u0110\u1eb7c bi\u1ec7t, m\u00e1y c\u00f3 th\u1ec3 n\u1ed5 \u0111\u01b0\u1ee3c \u0111a d\u1ea1ng c\u00e1c lo\u1ea1i b\u1ecfng: b\u1ecfng \u1ed1ng, b\u1ecfng k\u00e9n t\u1eb1m, b\u1ecfng bizonzon, h\u1ea1t \u0111u \u0111\u1ee7. Th\u00edch h\u1ee3p s\u1eed d\u1ee5ng t\u1ea1i c\u00e1c h\u1ed9 gia \u0111\u00ecnh, c\u01a1 s\u1edf ch\u1ebf bi\u1ebfn quy m\u00f4 v\u1eeba v\u00e0 nh\u1ecf<\/p>\n<h2>C\u1ea5u t\u1ea1o m\u00e1y n\u1ed5 b\u1ecfng 1 pha<\/h2>\n<p>M\u00e1y \u0111\u01b0\u1ee3c thi\u1ebft k\u1ebf nh\u1ecf g\u1ecdn, khung m\u00e1y d\u01b0\u1ee3c h\u00e0n g\u1eafn ch\u1eafc ch\u1eafn kh\u00f4ng g\u00e2y rung l\u1eafc trong qu\u00e1 tr\u00ecnh v\u1eadn h\u00e0nh<\/p>\n<p><img loading=\"lazy\" decoding=\"async\" class=\"aligncenter wp-image-9293 size-full\" src=\"https:\/\/congtybinhminh.com\/wp-content\/uploads\/2024\/01\/cau-tao-may-no-bong-1-pha_result222-1.webp\" alt=\"cau-tao-may-no-bong-1-pha_result222\" width=\"800\" height=\"600\" srcset=\"https:\/\/congtybinhminh.com\/wp-content\/uploads\/2024\/01\/cau-tao-may-no-bong-1-pha_result222-1.webp 800w, https:\/\/congtybinhminh.com\/wp-content\/uploads\/2024\/01\/cau-tao-may-no-bong-1-pha_result222-1-510x383.webp 510w, https:\/\/congtybinhminh.com\/wp-content\/uploads\/2024\/01\/cau-tao-may-no-bong-1-pha_result222-1-533x400.webp 533w, https:\/\/congtybinhminh.com\/wp-content\/uploads\/2024\/01\/cau-tao-may-no-bong-1-pha_result222-1-768x576.webp 768w\" sizes=\"auto, (max-width: 800px) 100vw, 800px\" \/><\/p>\n<p>Toa n\u1ea1p d\u1ea1ng ph\u1ec5u \u0111\u1ee9ng, ph\u00eda tr\u01b0\u1edbc c\u00f3 t\u1ea5m ch\u1eafn gi\u1eefa c\u1eeda n\u1ea1p v\u00e0 th\u00e2n m\u00e1y gi\u00fap ng\u01b0\u1eddi d\u00f9ng \u0111i\u1ec1u ch\u1ec9nh l\u01b0\u1ee3ng nguy\u00ean li\u1ec7u ch\u1ea1y xu\u1ed1ng mi\u1ec7ng b\u00edch b\u1ecfng<\/p>\n<p><img loading=\"lazy\" decoding=\"async\" class=\"aligncenter wp-image-9294 size-full\" src=\"https:\/\/congtybinhminh.com\/wp-content\/uploads\/2024\/01\/toa-nap-may-bong-copy_result222.webp\" alt=\"toa-nap-may-bong copy_result222\" width=\"800\" height=\"621\" srcset=\"https:\/\/congtybinhminh.com\/wp-content\/uploads\/2024\/01\/toa-nap-may-bong-copy_result222.webp 800w, https:\/\/congtybinhminh.com\/wp-content\/uploads\/2024\/01\/toa-nap-may-bong-copy_result222-510x396.webp 510w, https:\/\/congtybinhminh.com\/wp-content\/uploads\/2024\/01\/toa-nap-may-bong-copy_result222-515x400.webp 515w, https:\/\/congtybinhminh.com\/wp-content\/uploads\/2024\/01\/toa-nap-may-bong-copy_result222-768x596.webp 768w\" sizes=\"auto, (max-width: 800px) 100vw, 800px\" \/><\/p>\n<p>B\u1ed9 ru\u1ed9t m\u00e1y n\u1ed5 b\u1ecfng bao g\u1ed3m: l\u00f5i xo\u1eafn v\u00e0 ru\u1ed9t th\u1ef1c hi\u1ec7n nghi\u1ec1n nh\u1ecf v\u00e0 \u00e9p h\u1ed7n h\u1ee3p nguy\u00ean li\u1ec7u v\u00e0o khu\u00f4n. \u0110\u1ed3ng th\u1eddi, th\u1ed5i ph\u1ed5ng qua b\u00e9p b\u1ecfng v\u00e0 \u0111\u01b0a th\u00e0nh ph\u1ea9m ra ngo\u00e0i<\/p>\n<p><img loading=\"lazy\" decoding=\"async\" class=\"aligncenter wp-image-9295 size-full\" src=\"https:\/\/congtybinhminh.com\/wp-content\/uploads\/2024\/01\/ruot-bong-may-no-bong-copy-2_result222.webp\" alt=\"ruot-bong-may-no-bong copy 2_result222\" width=\"800\" height=\"1274\" srcset=\"https:\/\/congtybinhminh.com\/wp-content\/uploads\/2024\/01\/ruot-bong-may-no-bong-copy-2_result222.webp 800w, https:\/\/congtybinhminh.com\/wp-content\/uploads\/2024\/01\/ruot-bong-may-no-bong-copy-2_result222-510x812.webp 510w, https:\/\/congtybinhminh.com\/wp-content\/uploads\/2024\/01\/ruot-bong-may-no-bong-copy-2_result222-251x400.webp 251w, https:\/\/congtybinhminh.com\/wp-content\/uploads\/2024\/01\/ruot-bong-may-no-bong-copy-2_result222-502x800.webp 502w, https:\/\/congtybinhminh.com\/wp-content\/uploads\/2024\/01\/ruot-bong-may-no-bong-copy-2_result222-768x1223.webp 768w\" sizes=\"auto, (max-width: 800px) 100vw, 800px\" \/><\/p>\n<p>Qu\u00e1 tr\u00ecnh m\u00e1y ho\u1ea1t \u0111\u1ed9ng sinh nhi\u1ec7t b\u1ecfng ra r\u1ea5t n\u00f3ng. Khi b\u1ecfng n\u1ed5 \u0111\u1ea1t ch\u1ea5t l\u01b0\u1ee3ng, ng\u01b0\u1eddi th\u1ee3 s\u1ebd c\u1eaft th\u00e0nh t\u1eebng \u0111o\u1ea1n v\u00e0 \u0111\u00f3ng g\u00f3i ngay kho c\u00f2n \u1ea5m \u0111\u1ec3 gi\u1eef \u0111\u1ed9 gi\u00f2n<\/p>\n<p>M\u00e1y n\u1ed5 b\u1ecfng 1 pha s\u1eed d\u1ee5ng \u0111\u1ed9ng c\u01a1 3kw &#8211; 1 pha \u0111i\u1ec7n 220V motor l\u00f5i d\u00e2y \u0111\u1ed3ng 100% cho n\u0103ng su\u1ea5t \u0111\u1ea1t kho\u1ea3ng 10 &#8211; 15 kg\/gi\u1edd<\/p>\n<p><img loading=\"lazy\" decoding=\"async\" class=\"aligncenter wp-image-9299 size-full\" src=\"https:\/\/congtybinhminh.com\/wp-content\/uploads\/2024\/01\/may-no-bong-ong_result222.webp\" alt=\"may-no-bong-ong_result222\" width=\"800\" height=\"600\" srcset=\"https:\/\/congtybinhminh.com\/wp-content\/uploads\/2024\/01\/may-no-bong-ong_result222.webp 800w, https:\/\/congtybinhminh.com\/wp-content\/uploads\/2024\/01\/may-no-bong-ong_result222-510x383.webp 510w, https:\/\/congtybinhminh.com\/wp-content\/uploads\/2024\/01\/may-no-bong-ong_result222-533x400.webp 533w, https:\/\/congtybinhminh.com\/wp-content\/uploads\/2024\/01\/may-no-bong-ong_result222-768x576.webp 768w\" sizes=\"auto, (max-width: 800px) 100vw, 800px\" \/><\/p>\n<p>Ngo\u00e0i ra, \u0111\u1ed1i v\u1edbi nh\u1eefng h\u1ed9 \u0111i\u1ec7n y\u1ebfu &#8211; \u0111i\u1ec7n kh\u00f4ng \u0111\u1ee7 t\u1ea3i v\u1eabn c\u00f3 th\u1ec3 d\u00f9ng \u0111\u1ea7u cole \u0111\u1ec3 ch\u1ea1y m\u00e1y m\u00e0 v\u1eabn \u0111\u1ea3m b\u1ea3o n\u0103ng su\u1ea5t. Ho\u1eb7c nh\u1eefng h\u1ed9 kinh doanh d\u1ecbch v\u1ee5 l\u00e0m b\u1ecfng c\u00f3 th\u1ec3 d\u00f9ng \u0111\u1ed9ng c\u01a1 3 pha<\/p>\n<p><img loading=\"lazy\" decoding=\"async\" class=\"aligncenter wp-image-9296 size-full\" src=\"https:\/\/congtybinhminh.com\/wp-content\/uploads\/2024\/01\/may-no-bong-lap-dau-no-copy_result222.webp\" alt=\"may-no-bong-lap-dau-no copy_result222\" width=\"800\" height=\"932\" srcset=\"https:\/\/congtybinhminh.com\/wp-content\/uploads\/2024\/01\/may-no-bong-lap-dau-no-copy_result222.webp 800w, https:\/\/congtybinhminh.com\/wp-content\/uploads\/2024\/01\/may-no-bong-lap-dau-no-copy_result222-510x594.webp 510w, https:\/\/congtybinhminh.com\/wp-content\/uploads\/2024\/01\/may-no-bong-lap-dau-no-copy_result222-343x400.webp 343w, https:\/\/congtybinhminh.com\/wp-content\/uploads\/2024\/01\/may-no-bong-lap-dau-no-copy_result222-687x800.webp 687w, https:\/\/congtybinhminh.com\/wp-content\/uploads\/2024\/01\/may-no-bong-lap-dau-no-copy_result222-768x895.webp 768w\" sizes=\"auto, (max-width: 800px) 100vw, 800px\" \/><\/p>\n<h2>\u0110\u1ecba ch\u1ec9 mua m\u00e1y n\u1ed5 b\u1ecfng 1 pha gi\u00e1 t\u1ed1t<\/h2>\n<p>\u0110\u1ec3 \u0111\u1eb7t mua h\u00e0ng ch\u00ednh h\u00e3ng, b\u00e0 con c\u00f3 th\u1ec3 \u0111\u1ebfn tr\u1ee5 s\u1edf g\u1ea7n nh\u1ea5t c\u1ee7a c\u00f4ng ty \u0111\u1ec3 xem v\u00e0 \u0111\u1eb7t mua h\u00e0ng:<\/p>\n<p><img loading=\"lazy\" decoding=\"async\" class=\"aligncenter wp-image-9298 size-full\" src=\"https:\/\/congtybinhminh.com\/wp-content\/uploads\/2024\/01\/dia-chi-may-no-bong-copy_result222.webp\" alt=\"dia-chi-may-no-bong copy_result222\" width=\"800\" height=\"932\" srcset=\"https:\/\/congtybinhminh.com\/wp-content\/uploads\/2024\/01\/dia-chi-may-no-bong-copy_result222.webp 800w, https:\/\/congtybinhminh.com\/wp-content\/uploads\/2024\/01\/dia-chi-may-no-bong-copy_result222-510x594.webp 510w, https:\/\/congtybinhminh.com\/wp-content\/uploads\/2024\/01\/dia-chi-may-no-bong-copy_result222-343x400.webp 343w, https:\/\/congtybinhminh.com\/wp-content\/uploads\/2024\/01\/dia-chi-may-no-bong-copy_result222-687x800.webp 687w, https:\/\/congtybinhminh.com\/wp-content\/uploads\/2024\/01\/dia-chi-may-no-bong-copy_result222-768x895.webp 768w\" sizes=\"auto, (max-width: 800px) 100vw, 800px\" \/><\/p>\n<ul>\n<li>Tr\u1ee5 s\u1edf ch\u00ednh: P.L\u00ea L\u1ee3i &#8211; Tx S\u01a1n T\u00e2y &#8211; H\u00e0 N\u1ed9i<\/li>\n<li>Chi nh\u00e1nh 1: kv 11 &#8211; p.H\u01b0ng Ph\u00fa &#8211; Q. C\u00e1i R\u0103ng &#8211; Tp C\u1ea7n Th\u01a1<\/li>\n<li>Chi nh\u00e1nh 2: x\u00e3 T\u00e2n Ki\u00ean &#8211; H. B\u00ecnh Ch\u00e1nh- Tp H\u1ed3 Ch\u00ed Minh<\/li>\n<\/ul>\n<p>Khi \u0111\u1ebfn \u0111\u00e2y, b\u00e0 con s\u1ebd \u0111\u01b0\u1ee3c th\u1eed nghi\u1ec7m v\u1eadn h\u00e0nh m\u00e1y d\u01b0\u1edbi s\u1ef1 h\u01b0\u1edbng d\u1eabn c\u1ee7a \u0111\u1ed9i ng\u0169 k\u1ef9 thu\u1eadt<\/p>\n<p>\u0110\u1ed1i v\u1edbi b\u00e0 con \u1edf xa, c\u00f3 th\u1ec3 li\u00ean h\u1ec7 t\u1edbi s\u1ed1 \u0111i\u1ec7n tho\u1ea1i Hotline tr\u00ean website ho\u1eb7c \u0111\u1ec3 l\u1ea1i l\u01a1i nh\u1eafn \u0111\u1ed9i ng\u0169 t\u01b0 v\u1ea5n s\u1ebd li\u00ean h\u1ec7 t\u1edbi b\u00e0 con trong th\u1eddi gian s\u1edbm nh\u1ea5t<\/p>\n<p><strong>Th\u00f4ng s\u1ed1 k\u1ef9 thu\u1eadt\u00a0<\/strong><\/p>\n<table border=\"1\" cellspacing=\"1\" cellpadding=\"1\">\n<tbody>\n<tr>\n<td colspan=\"1\" rowspan=\"3\">\u0110\u1ed9ng c\u01a1<\/td>\n<td>C\u00f4ng su\u1ea5t \u0111\u1ed9ng c\u01a1<\/td>\n<td>\u00a03kw<\/td>\n<\/tr>\n<tr>\n<td>Ngu\u1ed3n \u0111i\u1ec7n<\/td>\n<td>220V<\/td>\n<\/tr>\n<tr>\n<td>T\u1ed1c \u0111\u1ed9 quay<\/td>\n<td>1450 v\/p<\/td>\n<\/tr>\n<tr>\n<td colspan=\"1\" rowspan=\"2\">B\u1ea3o h\u00e0nh<\/td>\n<td>K\u1ef9 thu\u1eadt<\/td>\n<td>06 th\u00e1ng<\/td>\n<\/tr>\n<tr>\n<td>\u0110\u1ed9ng c\u01a1<\/td>\n<td>Theo t\u1eebng h\u00e3ng s\u1ea3n xu\u1ea5t<\/td>\n<\/tr>\n<tr>\n<td>N\u0103ng su\u1ea5t<\/td>\n<td colspan=\"2\" rowspan=\"1\">\u00a010 \u2013 15 kg\/gi\u1edd<\/td>\n<\/tr>\n<tr>\n<td>K\u00edch th\u01b0\u1edbc (D*C*R)<\/td>\n<td colspan=\"2\" rowspan=\"1\">66*49*40 cm<\/td>\n<\/tr>\n<tr>\n<td>H\u00ecnh th\u1ee9c thanh to\u00e1n<\/td>\n<td colspan=\"2\" rowspan=\"1\">Ti\u1ec1n m\u1eb7t ho\u1eb7c chuy\u1ec3n kho\u1ea3n<\/td>\n<\/tr>\n<\/tbody>\n<\/table>\n<p>&nbsp;<\/p>\n","protected":false},"excerpt":{"rendered":"<ul>\n<li><strong>H\u00e3ng s\u1ea3n xu\u1ea5t:<\/strong> B\u00ecnh Minh<\/li>\n<li><strong>C\u00f4ng su\u1ea5t \u0111\u1ed9ng c\u01a1:<\/strong>\u00a03kw<\/li>\n<li><strong>T\u1ed1c \u0111\u1ed9 quay:<\/strong>\u00a01450 v\/p<\/li>\n<li><strong>Ngu\u1ed3n \u0111i\u1ec7n:<\/strong>\u00a0220V<\/li>\n<li><strong>N\u0103ng su\u1ea5t:<\/strong>\u00a010 \u2013 15 kg\/gi\u1edd<\/li>\n<li><strong>K\u00edch th\u01b0\u1edbc (d*c*r):<\/strong>\u00a066*49*40 cm<\/li>\n<li><strong>T\u00ednh n\u0103ng:<\/strong>\u00a0m\u00e1y chuy\u00ean n\u1ed5 b\u1ecfng g\u1ea1o v\u1edbi \u0111a d\u1ea1ng nguy\u00ean li\u1ec7u g\u1ea1o; \u0111\u01b0\u1eddng; b\u00e1nh quy..<\/li>\n<\/ul>\n","protected":false},"featured_media":9284,"comment_status":"closed","ping_status":"closed","template":"","meta":[],"product_brand":[],"product_cat":[205],"product_tag":[],"class_list":{"0":"post-9283","1":"product","2":"type-product","3":"status-publish","4":"has-post-thumbnail","6":"product_cat-may-no-bong","8":"first","9":"instock","10":"shipping-taxable","11":"product-type-simple"},"_links":{"self":[{"href":"https:\/\/congtybinhminh.com\/index.php?rest_route=\/wp\/v2\/product\/9283","targetHints":{"allow":["GET"]}}],"collection":[{"href":"https:\/\/congtybinhminh.com\/index.php?rest_route=\/wp\/v2\/product"}],"about":[{"href":"https:\/\/congtybinhminh.com\/index.php?rest_route=\/wp\/v2\/types\/product"}],"replies":[{"embeddable":true,"href":"https:\/\/congtybinhminh.com\/index.php?rest_route=%2Fwp%2Fv2%2Fcomments&post=9283"}],"wp:featuredmedia":[{"embeddable":true,"href":"https:\/\/congtybinhminh.com\/index.php?rest_route=\/wp\/v2\/media\/9284"}],"wp:attachment":[{"href":"https:\/\/congtybinhminh.com\/index.php?rest_route=%2Fwp%2Fv2%2Fmedia&parent=9283"}],"wp:term":[{"taxonomy":"product_brand","embeddable":true,"href":"https:\/\/congtybinhminh.com\/index.php?rest_route=%2Fwp%2Fv2%2Fproduct_brand&post=9283"},{"taxonomy":"product_cat","embeddable":true,"href":"https:\/\/congtybinhminh.com\/index.php?rest_route=%2Fwp%2Fv2%2Fproduct_cat&post=9283"},{"taxonomy":"product_tag","embeddable":true,"href":"https:\/\/congtybinhminh.com\/index.php?rest_route=%2Fwp%2Fv2%2Fproduct_tag&post=9283"}],"curies":[{"name":"wp","href":"https:\/\/api.w.org\/{rel}","templated":true}]}}