{"id":9264,"date":"2024-01-11T10:00:34","date_gmt":"2024-01-11T03:00:34","guid":{"rendered":"https:\/\/congtybinhminh.com\/?post_type=product&#038;p=9264"},"modified":"2024-01-20T08:32:52","modified_gmt":"2024-01-20T01:32:52","slug":"may-mi-inox-2-nong-m50","status":"publish","type":"product","link":"https:\/\/congtybinhminh.com\/?product=may-mi-inox-2-nong-m50","title":{"rendered":"M\u00e1y m\u00ec inox 2 n\u00f2ng M50"},"content":{"rendered":"<h2>Video ho\u1ea1t \u0111\u1ed9ng m\u00e1y m\u00ec inox 2 n\u00f2ng M50<\/h2>\n<p><iframe loading=\"lazy\" title=\"M\u00e1y M\u00ec Inox 2 N\u00f2ng M50 S\u1ea3n Xu\u1ea5t H\u00e0ng T\u1ea1 M\u00ec, Ph\u1edf Kh\u00f4 S\u1ea1ch M\u1eabu M\u1edbi 2024\" width=\"1020\" height=\"574\" src=\"https:\/\/www.youtube.com\/embed\/dCUvDvW-pcM?feature=oembed\" frameborder=\"0\" allow=\"accelerometer; autoplay; clipboard-write; encrypted-media; gyroscope; picture-in-picture; web-share\" allowfullscreen><\/iframe><\/p>\n<h2>Gi\u1edbi thi\u1ec7u m\u00e1y m\u00ec inox 2 n\u00f2ng M50<\/h2>\n<p>Tr\u01b0\u1edbc \u0111\u00e2y, \u0111\u1ec3 l\u00e0m ra nh\u1eefng s\u1ee3i m\u00ec kh\u00f4 b\u00e0 con th\u01b0\u1eddng ph\u1ea3i tr\u1ea3i qua nhi\u1ec1u c\u00f4ng \u0111o\u1ea1n: t\u1eeb tr\u00e1ng b\u00e1nh &#8211; ph\u01a1i \u1ee7 m\u1ec1m &#8211; th\u00e1i s\u1ee3i t\u1ed1n nhi\u1ec1u th\u1eddi gian<\/p>\n<p><img loading=\"lazy\" decoding=\"async\" class=\"aligncenter wp-image-9289 size-full\" src=\"https:\/\/congtybinhminh.com\/wp-content\/uploads\/2024\/01\/may-mi-inox-2-nong-m50_result222-1.webp\" alt=\"may-mi-inox-2-nong-m50_result222\" width=\"800\" height=\"1078\" srcset=\"https:\/\/congtybinhminh.com\/wp-content\/uploads\/2024\/01\/may-mi-inox-2-nong-m50_result222-1.webp 800w, https:\/\/congtybinhminh.com\/wp-content\/uploads\/2024\/01\/may-mi-inox-2-nong-m50_result222-1-510x687.webp 510w, https:\/\/congtybinhminh.com\/wp-content\/uploads\/2024\/01\/may-mi-inox-2-nong-m50_result222-1-297x400.webp 297w, https:\/\/congtybinhminh.com\/wp-content\/uploads\/2024\/01\/may-mi-inox-2-nong-m50_result222-1-594x800.webp 594w, https:\/\/congtybinhminh.com\/wp-content\/uploads\/2024\/01\/may-mi-inox-2-nong-m50_result222-1-768x1035.webp 768w\" sizes=\"auto, (max-width: 800px) 100vw, 800px\" \/><\/p>\n<p>Th\u00ec gi\u1edd \u0111\u00e2y, v\u1edbi m\u00e1y m\u00ec inox 2 n\u00f2ng M50 t\u00edch h\u1ee3p 2 t\u00ednh n\u0103ng &#8221; B\u00f3n b\u1ed9t v\u00e0 \u0111\u00f9n m\u1ef3&#8221; trong 1 m\u00e1y. T\u1ea1o n\u00ean d\u00e2y chuy\u1ec1n l\u00e0m m\u00ec kh\u00e9p k\u00edn \u0111\u1ea3m b\u1ea3o v\u1ec7 sinh, d\u1ec5 s\u1eed d\u1ee5ng ai c\u0169ng c\u00f3 th\u1ec3 v\u1eadn h\u00e0nh m\u00e1y l\u00e0m ra s\u1ee3i m\u00ec<\/p>\n<h2>Quy tr\u00ecnh l\u00e0m m\u00ec v\u1edbi m\u00e1y m\u00ec 2 n\u00f2ng M50<\/h2>\n<p>Nguy\u00ean li\u1ec7u ch\u00ednh l\u00e0m m\u00ec kh\u00f4 l\u00e0 b\u1ed9t g\u1ea1o \u1ea9m. G\u1ea1o \u0111\u01b0\u1ee3c ng\u00e2m trong n\u01b0\u1edbc kho\u00e0ng 7-8 ti\u1ebfng \u0111\u1ebfn khi m\u1ec1m \u0111\u1ec1 r\u00e1o n\u01b0\u1edbc, r\u1ed3i cho v\u00e0o m\u00e1y nghi\u1ec1n th\u00e0nh b\u1ed9t<\/p>\n<p><img loading=\"lazy\" decoding=\"async\" class=\"aligncenter wp-image-9277 size-full\" src=\"https:\/\/congtybinhminh.com\/wp-content\/uploads\/2024\/01\/nghien-bot-gao_result222.webp\" alt=\"nghien-bot-gao_result222\" width=\"800\" height=\"574\" srcset=\"https:\/\/congtybinhminh.com\/wp-content\/uploads\/2024\/01\/nghien-bot-gao_result222.webp 800w, https:\/\/congtybinhminh.com\/wp-content\/uploads\/2024\/01\/nghien-bot-gao_result222-510x366.webp 510w, https:\/\/congtybinhminh.com\/wp-content\/uploads\/2024\/01\/nghien-bot-gao_result222-557x400.webp 557w, https:\/\/congtybinhminh.com\/wp-content\/uploads\/2024\/01\/nghien-bot-gao_result222-768x551.webp 768w\" sizes=\"auto, (max-width: 800px) 100vw, 800px\" \/><\/p>\n<p>D\u00e2y chuy\u1ec1n m\u00e1y l\u00e0m m\u00ec t\u1ef1 \u0111\u1ed9ng:<\/p>\n<p><img loading=\"lazy\" decoding=\"async\" class=\"aligncenter wp-image-9278 size-full\" src=\"https:\/\/congtybinhminh.com\/wp-content\/uploads\/2024\/01\/may-lam-pho-kho_result222.webp\" alt=\"may-lam-pho-kho_result222\" width=\"800\" height=\"574\" srcset=\"https:\/\/congtybinhminh.com\/wp-content\/uploads\/2024\/01\/may-lam-pho-kho_result222.webp 800w, https:\/\/congtybinhminh.com\/wp-content\/uploads\/2024\/01\/may-lam-pho-kho_result222-510x366.webp 510w, https:\/\/congtybinhminh.com\/wp-content\/uploads\/2024\/01\/may-lam-pho-kho_result222-557x400.webp 557w, https:\/\/congtybinhminh.com\/wp-content\/uploads\/2024\/01\/may-lam-pho-kho_result222-768x551.webp 768w\" sizes=\"auto, (max-width: 800px) 100vw, 800px\" \/><\/p>\n<ul>\n<li>Toa n\u1ea1p tr\u1ed9n v\u00e0 \u0111\u1ea3o b\u1ed9t theo tr\u1ee5c xo\u1eafn, b\u1ed9t s\u1ebd \u0111\u01b0\u1ee3c b\u00f3n t\u1eeb t\u1eeb xu\u1ed1ng n\u00f2ng \u1ed1ng m\u00ec<\/li>\n<li>H\u1ec7 th\u1ed1ng n\u00f2ng \u1ed1ng m\u00ec t\u1ea1o nhi\u1ec7t l\u00e0m ch\u00edn b\u1ed9t v\u00e0 t\u1ea1o h\u00ecnh s\u1ee3i qua m\u1eb7t s\u00e0ng<\/li>\n<li>H\u1ec7 th\u1ed1ng qu\u1ea1t gi\u00f3 cao c\u1ea5p l\u00e0m kh\u00f4 v\u00e0 t\u00e1ch s\u1ee3i m\u00ec kh\u00f4 lo b\u1ebft d\u00ednh<\/li>\n<\/ul>\n<h2>C\u1ea5u t\u1ea1o m\u00e1y m\u00ec inox 2 n\u00f2ng M50<\/h2>\n<p>Thu\u1ed9c d\u00f2ng m\u00e1y th\u1ef1c ph\u1ea9m, m\u00e1y \u0111\u01b0\u1ee3c l\u00e0m b\u1eb1ng inox cao c\u1ea5p \u0111\u1ea3m b\u1ea3o v\u1ec7 sinh. Ph\u1ea7n khung m\u00e1y \u0111\u01b0\u1ee3c h\u00e0n g\u1eafn ch\u1eafc ch\u1eafn kh\u00f4ng g\u00e2y rung l\u1eafc trong qu\u00e1 tr\u00ecnh v\u1eadn h\u00e0nh<\/p>\n<p><img loading=\"lazy\" decoding=\"async\" class=\"aligncenter wp-image-9271 size-full\" src=\"https:\/\/congtybinhminh.com\/wp-content\/uploads\/2024\/01\/cau-tao-may-mi-2-nong-mt50-copy_result222.webp\" alt=\"cau-tao-may-mi-2-nong-mt50 copy_result222\" width=\"800\" height=\"600\" srcset=\"https:\/\/congtybinhminh.com\/wp-content\/uploads\/2024\/01\/cau-tao-may-mi-2-nong-mt50-copy_result222.webp 800w, https:\/\/congtybinhminh.com\/wp-content\/uploads\/2024\/01\/cau-tao-may-mi-2-nong-mt50-copy_result222-510x383.webp 510w, https:\/\/congtybinhminh.com\/wp-content\/uploads\/2024\/01\/cau-tao-may-mi-2-nong-mt50-copy_result222-533x400.webp 533w, https:\/\/congtybinhminh.com\/wp-content\/uploads\/2024\/01\/cau-tao-may-mi-2-nong-mt50-copy_result222-768x576.webp 768w\" sizes=\"auto, (max-width: 800px) 100vw, 800px\" \/><\/p>\n<p>V\u1edbi l\u1ee3i th\u1ebf nh\u1ecf g\u1ecdn, k\u1ebft h\u1ee3p v\u1edbi 4 b\u00e1nh xe thu\u1eadn ti\u1ec7n di chuy\u1ec3n v\u1ecb tr\u00ed \u0111\u1eb7t m\u00e1y<\/p>\n<p>Qu\u00e1 tr\u00ecnh l\u00e0m m\u00ec t\u1ef1 \u0111\u1ed9ng xuy\u00ean su\u1ed1t qu\u00e1 tr\u00ecnh t\u1ea1o s\u1ee3i th\u00f4ng qua h\u1ec7 th\u1ed1ng b\u1ea3ng \u0111i\u1ec1u khi\u1ec3n<\/p>\n<p><img loading=\"lazy\" decoding=\"async\" class=\"aligncenter wp-image-9272 size-full\" src=\"https:\/\/congtybinhminh.com\/wp-content\/uploads\/2024\/01\/bang-dieu-khien-may-mi_result222.webp\" alt=\"bang-dieu-khien-may-mi_result222\" width=\"800\" height=\"544\" srcset=\"https:\/\/congtybinhminh.com\/wp-content\/uploads\/2024\/01\/bang-dieu-khien-may-mi_result222.webp 800w, https:\/\/congtybinhminh.com\/wp-content\/uploads\/2024\/01\/bang-dieu-khien-may-mi_result222-510x347.webp 510w, https:\/\/congtybinhminh.com\/wp-content\/uploads\/2024\/01\/bang-dieu-khien-may-mi_result222-588x400.webp 588w, https:\/\/congtybinhminh.com\/wp-content\/uploads\/2024\/01\/bang-dieu-khien-may-mi_result222-768x522.webp 768w\" sizes=\"auto, (max-width: 800px) 100vw, 800px\" \/><\/p>\n<p>B\u1ed9t g\u1ea1o \u0111\u01b0\u1ee3c \u0111\u01b0a v\u00e0o toa n\u1ea1p, h\u1ec7 th\u1ed1ng c\u00e1nh \u0111\u1ea3o tr\u1ed9n \u0111\u1ec1u r\u1ed3i theo tr\u1ee5c xo\u1eafn t\u1eeb t\u1eeb b\u00f3n nguy\u00ean li\u1ec7u v\u00e0o ph\u1ec5u n\u00f2ng \u1ed1ng l\u00e0m m\u00ec<\/p>\n<p>B\u1ed9t ngay khi \u0111\u01b0\u1ee3c b\u00f3n v\u00e0o n\u00f2ng \u1ed1ng th\u1ee9 1, ti\u1ebfp t\u1ee5c theo tr\u1ee5c xo\u1eafn s\u1ebd c\u00f3 nhi\u1ec7m v\u1ee5 t\u1ea1o nhi\u1ec1u \u0111\u1ebfn khi b\u1ed9t ch\u00edn r\u1ed3i t\u1eeb t\u1eeb x\u1ea3 van<\/p>\n<p>B\u1ed9t s\u1ebd \u0111\u01b0\u1ee3c \u0111\u00f9n sang n\u00f3ng \u1ed1ng m\u00ec th\u1ee9 2. Cu\u1ed1i c\u00f9ng, \u0111i qua m\u1eb7t s\u00e0ng t\u1ea1o th\u00e0nh s\u1ee3i tho\u00e1t ra ngo\u00e0i<\/p>\n<p><img loading=\"lazy\" decoding=\"async\" class=\"aligncenter wp-image-9273 size-full\" src=\"https:\/\/congtybinhminh.com\/wp-content\/uploads\/2024\/01\/nong-dun-mi_result222.webp\" alt=\"nong-dun-mi_result222\" width=\"800\" height=\"1329\" srcset=\"https:\/\/congtybinhminh.com\/wp-content\/uploads\/2024\/01\/nong-dun-mi_result222.webp 800w, https:\/\/congtybinhminh.com\/wp-content\/uploads\/2024\/01\/nong-dun-mi_result222-510x847.webp 510w, https:\/\/congtybinhminh.com\/wp-content\/uploads\/2024\/01\/nong-dun-mi_result222-241x400.webp 241w, https:\/\/congtybinhminh.com\/wp-content\/uploads\/2024\/01\/nong-dun-mi_result222-482x800.webp 482w, https:\/\/congtybinhminh.com\/wp-content\/uploads\/2024\/01\/nong-dun-mi_result222-768x1276.webp 768w\" sizes=\"auto, (max-width: 800px) 100vw, 800px\" \/><\/p>\n<p>\u0110\u1eb7c bi\u1ec7t, m\u00e1y thi\u1ebft k\u1ebf 2 qu\u1ea1t gi\u00f3 b\u00ean s\u01b0\u1eddn, d\u01b0\u1edbi s\u1ee9c gi\u00f3 kh\u00f4ng ch\u1ec9 l\u00e0m kh\u00f4 s\u1ee3i m\u00e0 c\u00f2n t\u00e1ch t\u1eebng s\u1ee3i m\u00ec kh\u00f4ng \u0111\u1ec3 s\u1ee3i m\u00ec d\u00ednh v\u00e0o nhau nh\u01b0 c\u00e1c d\u00f2ng m\u00e1y th\u00f4ng th\u01b0\u1eddng<\/p>\n<p><img loading=\"lazy\" decoding=\"async\" class=\"aligncenter wp-image-9274 size-full\" src=\"https:\/\/congtybinhminh.com\/wp-content\/uploads\/2024\/01\/he-thong-quat-gio-lam-mi_result222.webp\" alt=\"he-thong-quat-gio-lam-mi_result222\" width=\"800\" height=\"574\" srcset=\"https:\/\/congtybinhminh.com\/wp-content\/uploads\/2024\/01\/he-thong-quat-gio-lam-mi_result222.webp 800w, https:\/\/congtybinhminh.com\/wp-content\/uploads\/2024\/01\/he-thong-quat-gio-lam-mi_result222-510x366.webp 510w, https:\/\/congtybinhminh.com\/wp-content\/uploads\/2024\/01\/he-thong-quat-gio-lam-mi_result222-557x400.webp 557w, https:\/\/congtybinhminh.com\/wp-content\/uploads\/2024\/01\/he-thong-quat-gio-lam-mi_result222-768x551.webp 768w\" sizes=\"auto, (max-width: 800px) 100vw, 800px\" \/><\/p>\n<p>M\u00e1y m\u00ec inox 2 n\u00f2ng M50 d\u00f9ng 2 \u0111\u1ed9ng c\u01a1 g\u1ed3m: \u0111\u1ed9ng c\u01a1 gi\u1ea3m t\u1ed1c 0.75kw v\u00e0 \u0111\u1ed9ng c\u01a1 ch\u00ednh 7.5kw &#8211; 3 pha motor l\u00f5i d\u00e2y \u0111\u1ed3ng 100% cho n\u0103ng su\u1ea5t \u0111\u1ea1t kho\u1ea3ng 30 &#8211; 50 kg\/gi\u1edd<\/p>\n<p><img loading=\"lazy\" decoding=\"async\" class=\"aligncenter wp-image-9276 size-full\" src=\"https:\/\/congtybinhminh.com\/wp-content\/uploads\/2024\/01\/mat-sang-may-mi-kho-copy_result222.webp\" alt=\"mat-sang-may-mi-kho copy_result222\" width=\"800\" height=\"1514\" srcset=\"https:\/\/congtybinhminh.com\/wp-content\/uploads\/2024\/01\/mat-sang-may-mi-kho-copy_result222.webp 800w, https:\/\/congtybinhminh.com\/wp-content\/uploads\/2024\/01\/mat-sang-may-mi-kho-copy_result222-510x965.webp 510w, https:\/\/congtybinhminh.com\/wp-content\/uploads\/2024\/01\/mat-sang-may-mi-kho-copy_result222-211x400.webp 211w, https:\/\/congtybinhminh.com\/wp-content\/uploads\/2024\/01\/mat-sang-may-mi-kho-copy_result222-423x800.webp 423w, https:\/\/congtybinhminh.com\/wp-content\/uploads\/2024\/01\/mat-sang-may-mi-kho-copy_result222-768x1453.webp 768w\" sizes=\"auto, (max-width: 800px) 100vw, 800px\" \/><\/p>\n<h2>\u01afu \u0111i\u1ec3m khi d\u00f9ng m\u00e1y m\u00ec inox 2 n\u00f2ng M50<\/h2>\n<p>Ph\u1ee5c v\u1ee5 trong ng\u00e0nh th\u1ef1c ph\u1ea9m, m\u1ed7i thi\u1ebft b\u1ecb tham gia quy tr\u00ecnh \u0111\u1ec1u \u0111\u00f2i h\u1ecfi s\u1ef1 kh\u1eaft khe v\u1ea5n \u0111\u1ec1 \u0111\u1ea3m b\u1ea3o v\u1ec7 sinh, vi\u1ec7c s\u1eed d\u1ee5ng m\u00e1y m\u00ec M50 mang t\u1edbi nhi\u1ec1u l\u1ee3i \u00edch cho b\u1ea1n:<\/p>\n<p><img loading=\"lazy\" decoding=\"async\" class=\"aligncenter wp-image-9279 size-full\" src=\"https:\/\/congtybinhminh.com\/wp-content\/uploads\/2024\/01\/may-lam-mi-kho_result222.webp\" alt=\"may-lam-mi-kho_result222\" width=\"800\" height=\"574\" srcset=\"https:\/\/congtybinhminh.com\/wp-content\/uploads\/2024\/01\/may-lam-mi-kho_result222.webp 800w, https:\/\/congtybinhminh.com\/wp-content\/uploads\/2024\/01\/may-lam-mi-kho_result222-510x366.webp 510w, https:\/\/congtybinhminh.com\/wp-content\/uploads\/2024\/01\/may-lam-mi-kho_result222-557x400.webp 557w, https:\/\/congtybinhminh.com\/wp-content\/uploads\/2024\/01\/may-lam-mi-kho_result222-768x551.webp 768w\" sizes=\"auto, (max-width: 800px) 100vw, 800px\" \/><\/p>\n<ul>\n<li>M\u00e1y \u0111\u00f9n \u0111a d\u1ea1ng k\u00edch c\u1ee1 s\u1ee3i m\u00ec t\u01b0\u01a1ng \u1ee9ng v\u1edbi l\u1ed7 s\u00e0ng l\u1eafp trong m\u00e1y<\/li>\n<li>D\u00e2y chuy\u1ec1n l\u00e0m m\u00ec kh\u00e9p k\u00edn \u0111\u1ea3m b\u1ea3o v\u1ec7 sinh an to\u00e0n th\u1ef1c ph\u1ea9m<\/li>\n<li>Qu\u00e1 tr\u00ecnh v\u1eadn h\u00e0nh t\u1ef1 \u0111\u1ed9ng, h\u1ea1n ch\u1ebf ti\u1ebfp x\u00fac v\u1edbi b\u00ean ngo\u00e0i kh\u00f4ng kh\u00ed \u1ea3nh h\u01b0\u1edfng \u0111\u1ebfn ch\u1ea5t l\u01b0\u1ee3ng c\u1ee7a th\u00e0nh ph\u1ea9m<\/li>\n<\/ul>\n<h2>\u0110\u1ecba ch\u1ec9 mua m\u00e1y l\u00e0m m\u00ec gi\u00e1 t\u1ed1t ch\u00ednh h\u00e3ng<\/h2>\n<p>\u0110\u1ec3 \u0111\u1eb7t mua h\u00e0ng ch\u00ednh h\u00e3ng, b\u00e0 con c\u00f3 th\u1ec3 \u0111\u1ebfn tr\u1ee5 s\u1edf g\u1ea7n nh\u1ea5t c\u1ee7a c\u00f4ng ty \u0111\u1ec3 xem v\u00e0 \u0111\u1eb7t mua h\u00e0ng:<\/p>\n<ul>\n<li>Tr\u1ee5 s\u1edf ch\u00ednh: khu c\u00f4ng nghi\u1ec7p Ph\u00fa Th\u1ecbnh &#8211; Tx S\u01a1n T\u00e2y &#8211; H\u00e0 N\u1ed9i<\/li>\n<li>Chi nh\u00e1nh 1: kv 11 &#8211; P. H\u01b0ng Ph\u00fa &#8211; Q. C\u00e1i R\u0103ng &#8211; Tp C\u1ea7n Th\u01a1<\/li>\n<li>Chi nh\u00e1nh 2: x\u00e3 T\u00e2n Ki\u00ean &#8211; H.B\u00ecnh Ch\u00e1nh &#8211; Tp H\u1ed3 Ch\u00ed Minh<\/li>\n<\/ul>\n<p>Khi \u0111\u1ebfn \u0111\u00e2y, b\u00e0 con s\u1ebd \u0111\u01b0\u1ee3c th\u1eed nghi\u1ec7m v\u1eadn h\u00e0nh m\u00e1y d\u01b0\u1edbi s\u1ef1 h\u01b0\u1edbng d\u1eabn c\u1ee7a \u0111\u1ed9i ng\u0169 k\u1ef9 thu\u1eadt<\/p>\n<p>\u0110\u1ed1i v\u1edbi b\u00e0 con \u1edf xa, c\u00f3 th\u1ec3 li\u00ean h\u1ec7 t\u1edbi s\u1ed1 \u0111i\u1ec7n tho\u1ea1i Hotline tr\u00ean website ho\u1eb7c \u0111\u1ec3 l\u1ea1i l\u1eddi nh\u1eafn \u0111\u1ed9i ng\u0169 t\u01b0 v\u1ea5n s\u1ebd li\u00ean h\u1ec7 t\u1edbi b\u00e0 con trong th\u1eddi gian s\u1edbm nh\u1ea5t<\/p>\n<p><strong>Th\u00f4ng s\u1ed1 k\u1ef9 thu\u1eadt\u00a0<\/strong><\/p>\n<table border=\"1\" cellspacing=\"1\" cellpadding=\"1\">\n<tbody>\n<tr>\n<td colspan=\"1\" rowspan=\"3\">\u0110\u1ed9ng c\u01a1<\/td>\n<td>C\u00f4ng su\u1ea5t \u0111\u1ed9ng c\u01a1<\/td>\n<td>7.5kw<\/td>\n<\/tr>\n<tr>\n<td>Ngu\u1ed3n \u0111i\u1ec7n<\/td>\n<td>380V<\/td>\n<\/tr>\n<tr>\n<td>T\u1ed1c \u0111\u1ed9 m\u00e1y<\/td>\n<td><\/td>\n<\/tr>\n<tr>\n<td colspan=\"1\" rowspan=\"2\">B\u1ea3o h\u00e0nh<\/td>\n<td>K\u1ef9 thu\u1eadt<\/td>\n<td>06 th\u00e1ng<\/td>\n<\/tr>\n<tr>\n<td>\u0110\u1ed9ng c\u01a1<\/td>\n<td>theo t\u1eebng h\u00e3ng s\u1ea3n xu\u1ea5t<\/td>\n<\/tr>\n<tr>\n<td>N\u0103ng su\u1ea5t<\/td>\n<td colspan=\"2\" rowspan=\"1\">30-50 kg\/gi\u1edd<\/td>\n<\/tr>\n<tr>\n<td>K\u00edch th\u01b0\u1edbc (d*c*r)<\/td>\n<td colspan=\"2\" rowspan=\"1\">\u00a085*135*70 cm<\/td>\n<\/tr>\n<tr>\n<td>H\u00ecnh th\u1ee9c thanh to\u00e1n<\/td>\n<td colspan=\"2\" rowspan=\"1\">Ti\u1ec1n m\u1eb7t ho\u1eb7c chuy\u1ec3n kho\u1ea3n<\/td>\n<\/tr>\n<\/tbody>\n<\/table>\n","protected":false},"excerpt":{"rendered":"<ul>\n<li><strong>H\u00e3ng s\u1ea3n xu\u1ea5t:<\/strong>\u00a0B\u00ecnh Minh<\/li>\n<li><strong>C\u00f4ng su\u1ea5t \u0111\u1ed9ng c\u01a1:<\/strong>\u00a07,5kw<\/li>\n<li><strong>Ngu\u1ed3n \u0111i\u1ec7n:<\/strong>\u00a0380V<\/li>\n<li><strong>N\u0103ng su\u1ea5t<\/strong>: 30-50 kg\/gi\u1edd<\/li>\n<li><strong>K\u00edch th\u01b0\u1edbc (d*c*r)<\/strong>: 85*135*70 cm<\/li>\n<li><strong>T\u00ednh n\u0103ng:<\/strong>\u00a0m\u00e1y chuy\u00ean l\u00e0m s\u1ee3i m\u00ec kh\u00f4 t\u1eeb b\u1ed9t g\u1ea1o<\/li>\n<\/ul>\n","protected":false},"featured_media":9265,"comment_status":"closed","ping_status":"closed","template":"","meta":[],"product_brand":[],"product_cat":[204],"product_tag":[],"class_list":{"0":"post-9264","1":"product","2":"type-product","3":"status-publish","4":"has-post-thumbnail","6":"product_cat-may-dun-my","8":"first","9":"instock","10":"shipping-taxable","11":"product-type-simple"},"_links":{"self":[{"href":"https:\/\/congtybinhminh.com\/index.php?rest_route=\/wp\/v2\/product\/9264","targetHints":{"allow":["GET"]}}],"collection":[{"href":"https:\/\/congtybinhminh.com\/index.php?rest_route=\/wp\/v2\/product"}],"about":[{"href":"https:\/\/congtybinhminh.com\/index.php?rest_route=\/wp\/v2\/types\/product"}],"replies":[{"embeddable":true,"href":"https:\/\/congtybinhminh.com\/index.php?rest_route=%2Fwp%2Fv2%2Fcomments&post=9264"}],"wp:featuredmedia":[{"embeddable":true,"href":"https:\/\/congtybinhminh.com\/index.php?rest_route=\/wp\/v2\/media\/9265"}],"wp:attachment":[{"href":"https:\/\/congtybinhminh.com\/index.php?rest_route=%2Fwp%2Fv2%2Fmedia&parent=9264"}],"wp:term":[{"taxonomy":"product_brand","embeddable":true,"href":"https:\/\/congtybinhminh.com\/index.php?rest_route=%2Fwp%2Fv2%2Fproduct_brand&post=9264"},{"taxonomy":"product_cat","embeddable":true,"href":"https:\/\/congtybinhminh.com\/index.php?rest_route=%2Fwp%2Fv2%2Fproduct_cat&post=9264"},{"taxonomy":"product_tag","embeddable":true,"href":"https:\/\/congtybinhminh.com\/index.php?rest_route=%2Fwp%2Fv2%2Fproduct_tag&post=9264"}],"curies":[{"name":"wp","href":"https:\/\/api.w.org\/{rel}","templated":true}]}}