{"id":9247,"date":"2024-01-10T15:10:32","date_gmt":"2024-01-10T08:10:32","guid":{"rendered":"https:\/\/congtybinhminh.com\/?post_type=product&#038;p=9247"},"modified":"2025-06-24T08:31:20","modified_gmt":"2025-06-24T01:31:20","slug":"may-bam-xo-dua-b250-phien-ban-moi","status":"publish","type":"product","link":"https:\/\/congtybinhminh.com\/?product=may-bam-xo-dua-b250-phien-ban-moi","title":{"rendered":"M\u00e1y b\u0103m x\u01a1 d\u1eeba B250 phi\u00ean b\u1ea3n m\u1edbi"},"content":{"rendered":"<h2>Video ho\u1ea1t \u0111\u1ed9ng m\u00e1y b\u0103m x\u01a1 d\u1eeba B250 phi\u00ean b\u1ea3n m\u1edbi<\/h2>\n<p><iframe loading=\"lazy\" title=\"M\u00e1y Xay X\u01a1 D\u1eeba B250 Phi\u00ean B\u1ea3n 2024 C\u1ea3i Ti\u1ebfn B\u0103m V\u1ecf D\u1eeba N\u0103ng Su\u1ea5t 4 T\u1ea1\" width=\"1020\" height=\"574\" src=\"https:\/\/www.youtube.com\/embed\/etMLEIVqS4E?feature=oembed\" frameborder=\"0\" allow=\"accelerometer; autoplay; clipboard-write; encrypted-media; gyroscope; picture-in-picture; web-share\" referrerpolicy=\"strict-origin-when-cross-origin\" allowfullscreen><\/iframe><\/p>\n<h2>Gi\u1edbi thi\u1ec7u m\u00e1y b\u0103m x\u01a1 d\u1eeba B250 phi\u00ean b\u1ea3n m\u1edbi<\/h2>\n<p>M\u00e1y b\u0103m x\u01a1 d\u1eeba B250 phi\u00ean b\u1ea3n m\u1edbi do c\u00f4ng ty B\u00ecnh Qu\u00e2n tr\u1ef1c ti\u1ebfp s\u1ea3n xu\u1ea5t chuy\u00ean d\u00f9ng b\u0103m nh\u1ecf v\u1ecf d\u1eeba t\u01b0\u01a1i\u00a0 &#8211; v\u1ecf d\u1eeba kh\u00f4 th\u00e0nh d\u1ea1ng m\u00f9n g\u00f3p ph\u1ea7n t\u00e1i ch\u1ebf t\u1ea1o ra nh\u1eefng nguy\u00ean li\u1ec7u c\u00f3 gi\u00e1 tr\u1ecb<\/p>\n<p><img loading=\"lazy\" decoding=\"async\" class=\"aligncenter wp-image-9248 size-full\" src=\"https:\/\/congtybinhminh.com\/wp-content\/uploads\/2024\/01\/may-bam-xo-dua-b250-phien-ban-moi-1_result222.webp\" alt=\"may-bam-xo-dua-b250-phien-ban-moi-1_result222\" width=\"800\" height=\"1081\" srcset=\"https:\/\/congtybinhminh.com\/wp-content\/uploads\/2024\/01\/may-bam-xo-dua-b250-phien-ban-moi-1_result222.webp 800w, https:\/\/congtybinhminh.com\/wp-content\/uploads\/2024\/01\/may-bam-xo-dua-b250-phien-ban-moi-1_result222-510x689.webp 510w, https:\/\/congtybinhminh.com\/wp-content\/uploads\/2024\/01\/may-bam-xo-dua-b250-phien-ban-moi-1_result222-296x400.webp 296w, https:\/\/congtybinhminh.com\/wp-content\/uploads\/2024\/01\/may-bam-xo-dua-b250-phien-ban-moi-1_result222-592x800.webp 592w, https:\/\/congtybinhminh.com\/wp-content\/uploads\/2024\/01\/may-bam-xo-dua-b250-phien-ban-moi-1_result222-768x1038.webp 768w\" sizes=\"auto, (max-width: 800px) 100vw, 800px\" \/><\/p>\n<p>M\u00e1y s\u1eed d\u1ee5ng \u0111\u1ed9ng c\u01a1 3,5kw ngu\u1ed3n \u0111i\u1ec7n 1 pha 220V cho n\u0103ng su\u1ea5t \u0111\u1ea1t kho\u1ea3ng 200 &#8211; 400 kg\/gi\u1edd, \u1ee9ng d\u1ee5ng \u0111\u01b0\u1ee3c trong nhi\u1ec1u l\u0129nh v\u1ef1c<\/p>\n<p><img loading=\"lazy\" decoding=\"async\" class=\"aligncenter wp-image-9250 size-full\" src=\"https:\/\/congtybinhminh.com\/wp-content\/uploads\/2024\/01\/quy-trinh-may-bam-xo-dua_result222.webp\" alt=\"quy-trinh-may-bam-xo-dua_result222\" width=\"800\" height=\"1251\" srcset=\"https:\/\/congtybinhminh.com\/wp-content\/uploads\/2024\/01\/quy-trinh-may-bam-xo-dua_result222.webp 800w, https:\/\/congtybinhminh.com\/wp-content\/uploads\/2024\/01\/quy-trinh-may-bam-xo-dua_result222-510x798.webp 510w, https:\/\/congtybinhminh.com\/wp-content\/uploads\/2024\/01\/quy-trinh-may-bam-xo-dua_result222-256x400.webp 256w, https:\/\/congtybinhminh.com\/wp-content\/uploads\/2024\/01\/quy-trinh-may-bam-xo-dua_result222-512x800.webp 512w, https:\/\/congtybinhminh.com\/wp-content\/uploads\/2024\/01\/quy-trinh-may-bam-xo-dua_result222-768x1201.webp 768w\" sizes=\"auto, (max-width: 800px) 100vw, 800px\" \/><\/p>\n<ul>\n<li>Trong n\u00f4ng nghi\u1ec7p: l\u00e0m ph\u00e2n b\u00f3n, gi\u00e1 th\u1ec3 tr\u1ed3ng c\u00e2y, tr\u1ed3ng n\u1ea5m..<\/li>\n<li>Trong ch\u0103n nu\u00f4i: l\u00e0m \u0111\u1ec7m l\u00f3t chu\u1ed3ng v\u1edbi kh\u1ea3 n\u0103ng kh\u1eed m\u00f9i l\u00e0nh t\u00ednh t\u1ed1t cho v\u1eadt nu\u00f4i<\/li>\n<\/ul>\n<h2>C\u1ea5u t\u1ea1o m\u00e1y b\u0103m x\u01a1 d\u1eeba B250 phi\u00ean b\u1ea3n m\u1edbi<\/h2>\n<h3>Khung m\u00e1y ch\u1eafc ch\u1eafn<\/h3>\n<p>Thu\u1ed9c d\u00f2ng m\u00e1y c\u00f4ng nghi\u1ec7p, m\u00e1y b\u0103m x\u01a1 d\u1eeba B250 \u0111\u01b0\u1ee3c l\u00e0m b\u1eb1ng th\u00e9p c\u1ee9ng cao c\u1ea5p. Khung m\u00e1y \u0111\u01b0\u1ee3c h\u00e0n g\u1eafn ch\u1eafc ch\u1eafn kh\u00f4ng g\u00e2y rung l\u1eafc trong qu\u00e1 tr\u00ecnh b\u0103m<\/p>\n<p><img loading=\"lazy\" decoding=\"async\" class=\"aligncenter wp-image-9249 size-full\" src=\"https:\/\/congtybinhminh.com\/wp-content\/uploads\/2024\/01\/cau-tao-may-bam-xo-dua-b250-cong-ty-binh-minhcopy_result222.webp\" alt=\"cau-tao-may-bam-xo-dua-b250-cong-ty-binh-minhcopy_result222\" width=\"800\" height=\"600\" srcset=\"https:\/\/congtybinhminh.com\/wp-content\/uploads\/2024\/01\/cau-tao-may-bam-xo-dua-b250-cong-ty-binh-minhcopy_result222.webp 800w, https:\/\/congtybinhminh.com\/wp-content\/uploads\/2024\/01\/cau-tao-may-bam-xo-dua-b250-cong-ty-binh-minhcopy_result222-510x383.webp 510w, https:\/\/congtybinhminh.com\/wp-content\/uploads\/2024\/01\/cau-tao-may-bam-xo-dua-b250-cong-ty-binh-minhcopy_result222-533x400.webp 533w, https:\/\/congtybinhminh.com\/wp-content\/uploads\/2024\/01\/cau-tao-may-bam-xo-dua-b250-cong-ty-binh-minhcopy_result222-768x576.webp 768w\" sizes=\"auto, (max-width: 800px) 100vw, 800px\" \/><\/p>\n<p>V\u1edbi l\u1ee3i th\u1ebf nh\u1ecf g\u1ecdn k\u1ebft h\u1ee3p ch\u00e2n m\u00e1y l\u1eafp \u0111\u1eb7t 4 b\u00e1nh xe thu\u1eadn ti\u1ec7n di chuy\u1ec3n v\u1ecb tr\u00ed \u0111\u1eb7t m\u00e1y<\/p>\n<h3>Toa n\u1ea1p v\u00e0 c\u1eeda x\u1ea3<\/h3>\n<p>Toa n\u1ea1p \u0111\u01b0\u1ee3c thi\u1ebft k\u1ebf d\u1ea1ng \u0111\u1ee9ng k\u1ebft h\u1ee3p ph\u1ea7n mi\u1ec7ng v\u00e0 khoang ch\u1ee9a r\u1ed9ng c\u00f3 th\u1ec3 ch\u1ee9a nhi\u1ec1u nguy\u00ean li\u1ec7u h\u01a1n trong m\u1ed7i l\u1ea7n b\u0103m<\/p>\n<p><img loading=\"lazy\" decoding=\"async\" class=\"aligncenter wp-image-9251 size-full\" src=\"https:\/\/congtybinhminh.com\/wp-content\/uploads\/2024\/01\/toa-nap-nguyen-lieu-may-bam-xo-dua-copy_result222.webp\" alt=\"toa-nap-nguyen-lieu-may-bam-xo-dua copy_result222\" width=\"800\" height=\"1038\" srcset=\"https:\/\/congtybinhminh.com\/wp-content\/uploads\/2024\/01\/toa-nap-nguyen-lieu-may-bam-xo-dua-copy_result222.webp 800w, https:\/\/congtybinhminh.com\/wp-content\/uploads\/2024\/01\/toa-nap-nguyen-lieu-may-bam-xo-dua-copy_result222-510x662.webp 510w, https:\/\/congtybinhminh.com\/wp-content\/uploads\/2024\/01\/toa-nap-nguyen-lieu-may-bam-xo-dua-copy_result222-308x400.webp 308w, https:\/\/congtybinhminh.com\/wp-content\/uploads\/2024\/01\/toa-nap-nguyen-lieu-may-bam-xo-dua-copy_result222-617x800.webp 617w, https:\/\/congtybinhminh.com\/wp-content\/uploads\/2024\/01\/toa-nap-nguyen-lieu-may-bam-xo-dua-copy_result222-768x996.webp 768w\" sizes=\"auto, (max-width: 800px) 100vw, 800px\" \/><\/p>\n<p>Th\u00e0nh ph\u1ea9m sau khi b\u0103m \u0111\u01b0\u1ee3c \u0111\u01b0a tr\u1ef1c ti\u1ebfp ra ngo\u00e0i c\u1eeda x\u1ea3. Ph\u1ea7n c\u1eeda thi\u1ebft k\u1ebf l\u1edbn h\u01b0\u1edbng d\u1ed1c th\u1eb3ng thu\u1eadn ti\u1ec7n trong qu\u00e1 tr\u00ecnh thu gom th\u00e0nh ph\u1ea9m<\/p>\n<h3>Bu\u1ed3ng dao b\u0103m<\/h3>\n<p>B\u00ean trong h\u1ec7 th\u1ed1ng bu\u1ed3ng l\u00e0m vi\u1ec7c \u0111\u01b0\u1ee3c thi\u1ebft k\u1ebf g\u1ed3m 2 h\u1ec7 th\u1ed1ng dao:<\/p>\n<ul>\n<li>2 dao k\u00ea g\u1eafn c\u1ed1 \u0111\u1ecbnh 2 b\u00ean th\u00e0nh m\u00e1y<\/li>\n<li>4 dao b\u0103m ch\u00ednh g\u1eafn tr\u00ean tr\u1ee5c quay k\u1ebft h\u1ee3p 2 b\u00e1nh \u0111\u00e0 c\u00e2n x\u1ee9ng 2 b\u00ean tr\u1ee5c gi\u00fap m\u00e1y ch\u1ea1y kh\u1ecfe b\u0103m nghi\u1ec1n nh\u1ecf nguy\u00ean li\u1ec7u \u0111\u1ebfn khi v\u1eeba v\u1edbi l\u1ed7 s\u00e0ng l\u1eafp b\u00ean d\u01b0\u1edbi v\u00e0 tho\u00e1t ra ngo\u00e0i<\/li>\n<\/ul>\n<p><img loading=\"lazy\" decoding=\"async\" class=\"aligncenter wp-image-9252 size-full\" src=\"https:\/\/congtybinhminh.com\/wp-content\/uploads\/2024\/01\/dao-may-bam-xo-dua-b250-phien-ban-moi_result222.webp\" alt=\"dao-may-bam-xo-dua-b250-phien-ban-moi_result222\" width=\"800\" height=\"1329\" srcset=\"https:\/\/congtybinhminh.com\/wp-content\/uploads\/2024\/01\/dao-may-bam-xo-dua-b250-phien-ban-moi_result222.webp 800w, https:\/\/congtybinhminh.com\/wp-content\/uploads\/2024\/01\/dao-may-bam-xo-dua-b250-phien-ban-moi_result222-510x847.webp 510w, https:\/\/congtybinhminh.com\/wp-content\/uploads\/2024\/01\/dao-may-bam-xo-dua-b250-phien-ban-moi_result222-241x400.webp 241w, https:\/\/congtybinhminh.com\/wp-content\/uploads\/2024\/01\/dao-may-bam-xo-dua-b250-phien-ban-moi_result222-482x800.webp 482w, https:\/\/congtybinhminh.com\/wp-content\/uploads\/2024\/01\/dao-may-bam-xo-dua-b250-phien-ban-moi_result222-768x1276.webp 768w\" sizes=\"auto, (max-width: 800px) 100vw, 800px\" \/><\/p>\n<p>M\u1eb7t s\u00e0ng bi\u00ean \u0111\u1ed9 cong n\u1eb1m d\u01b0\u1edbi h\u1ec7 th\u1ed1ng dao. V\u1edbi thi\u1ebft k\u1ebf m\u1edbi ng\u01b0\u1eddi d\u00f9ng c\u00f3 th\u1ec3 ch\u1ee7 \u0111\u1ed9ng th\u00e1o l\u1eafp s\u00e0ng tr\u1ef1c ti\u1ebfp ngay b\u00ean ngo\u00e0i m\u00e0 kh\u00f4ng ph\u1ea3i m\u1edf bu\u1ed3ng b\u0103m nh\u01b0 phi\u00ean b\u1ea3n tr\u01b0\u1edbc<\/p>\n<p><img loading=\"lazy\" decoding=\"async\" class=\"aligncenter wp-image-9253 size-full\" src=\"https:\/\/congtybinhminh.com\/wp-content\/uploads\/2024\/01\/mat-sang-may-bam-xo-dua_result222.webp\" alt=\"mat-sang-may-bam-xo-dua_result222\" width=\"800\" height=\"493\" srcset=\"https:\/\/congtybinhminh.com\/wp-content\/uploads\/2024\/01\/mat-sang-may-bam-xo-dua_result222.webp 800w, https:\/\/congtybinhminh.com\/wp-content\/uploads\/2024\/01\/mat-sang-may-bam-xo-dua_result222-510x314.webp 510w, https:\/\/congtybinhminh.com\/wp-content\/uploads\/2024\/01\/mat-sang-may-bam-xo-dua_result222-649x400.webp 649w, https:\/\/congtybinhminh.com\/wp-content\/uploads\/2024\/01\/mat-sang-may-bam-xo-dua_result222-768x473.webp 768w\" sizes=\"auto, (max-width: 800px) 100vw, 800px\" \/><\/p>\n<p>M\u00e1y c\u00f3 \u0111a d\u1ea1ng k\u00edch c\u1ee1 m\u1eb7t s\u00e0ng ly to &#8211; nh\u1ecf cho ra th\u00e0nh ph\u1ea9m t\u01b0\u01a1ng \u1ee9ng ( v\u00ed d\u1ee5: 10ly; 14ly; 20ly..) li\u00ean h\u1ec7 ngay v\u1edbi \u0111\u1ed9i ng\u0169 b\u00e1n h\u00e0ng \u0111\u1ec3 \u0111\u01b0\u1ee3c t\u01b0 v\u1ea5n<\/p>\n<p><img loading=\"lazy\" decoding=\"async\" class=\"aligncenter wp-image-10854 size-full\" src=\"https:\/\/congtybinhminh.com\/wp-content\/uploads\/2024\/01\/mat-sang-may-bam-xo-dua-b250_result222.webp\" alt=\"mat-sang-may-bam-xo-dua-b250_result222\" width=\"800\" height=\"562\" srcset=\"https:\/\/congtybinhminh.com\/wp-content\/uploads\/2024\/01\/mat-sang-may-bam-xo-dua-b250_result222.webp 800w, https:\/\/congtybinhminh.com\/wp-content\/uploads\/2024\/01\/mat-sang-may-bam-xo-dua-b250_result222-569x400.webp 569w, https:\/\/congtybinhminh.com\/wp-content\/uploads\/2024\/01\/mat-sang-may-bam-xo-dua-b250_result222-768x540.webp 768w, https:\/\/congtybinhminh.com\/wp-content\/uploads\/2024\/01\/mat-sang-may-bam-xo-dua-b250_result222-510x358.webp 510w\" sizes=\"auto, (max-width: 800px) 100vw, 800px\" \/><\/p>\n<h3>C\u00f4ng t\u1eafc aptomat<\/h3>\n<p>C\u00f4ng t\u1eafc aptomat b\u1ea3o v\u1ec7 m\u1ea1ch \u0111i\u1ec7n ng\u0103n c\u00e1c tr\u01b0\u1eddng h\u1ee3p qu\u00e1 t\u1ea3i, s\u1ee5t \u00e1p \u0111\u1ea3m b\u1ea3o an to\u00e0n cho ng\u01b0\u1eddi d\u00f9ng<\/p>\n<p><img loading=\"lazy\" decoding=\"async\" class=\"aligncenter wp-image-9255 size-full\" src=\"https:\/\/congtybinhminh.com\/wp-content\/uploads\/2024\/01\/cong-tac-aptomat_result222.webp\" alt=\"cong-tac-aptomat_result222\" width=\"800\" height=\"602\" srcset=\"https:\/\/congtybinhminh.com\/wp-content\/uploads\/2024\/01\/cong-tac-aptomat_result222.webp 800w, https:\/\/congtybinhminh.com\/wp-content\/uploads\/2024\/01\/cong-tac-aptomat_result222-510x384.webp 510w, https:\/\/congtybinhminh.com\/wp-content\/uploads\/2024\/01\/cong-tac-aptomat_result222-532x400.webp 532w, https:\/\/congtybinhminh.com\/wp-content\/uploads\/2024\/01\/cong-tac-aptomat_result222-768x578.webp 768w\" sizes=\"auto, (max-width: 800px) 100vw, 800px\" \/><\/p>\n<ul>\n<li>B\u1eadt c\u00f4ng t\u1eafc: n\u1ebfu mu\u1ed1n m\u1edf m\u00e1y<\/li>\n<li>Ng\u1eaft c\u00f4ng t\u1eafc: n\u1ebfu mu\u1ed1n d\u1eebng m\u00e1y<\/li>\n<\/ul>\n<h3>Cho n\u0103ng su\u1ea5t cao<\/h3>\n<p>M\u00e1y b\u0103m x\u01a1 d\u1eeba B250 phi\u00ean b\u1ea3n m\u1edbi s\u1eed d\u1ee5ng \u0111\u1ed9ng c\u01a1 3,5kw ngu\u1ed3n \u0111i\u1ec7n 1 pha 220V motor l\u00f5i d\u00e2y \u0111\u1ed3ng 100% cho n\u0103ng su\u1ea5t \u0111\u1ea1t kho\u1ea3ng 200 &#8211; 400 kg\/gi\u1edd<\/p>\n<p><img loading=\"lazy\" decoding=\"async\" class=\"aligncenter wp-image-9256 size-full\" src=\"https:\/\/congtybinhminh.com\/wp-content\/uploads\/2024\/01\/mun-dua_result222.webp\" alt=\"mun-dua_result222\" width=\"800\" height=\"567\" srcset=\"https:\/\/congtybinhminh.com\/wp-content\/uploads\/2024\/01\/mun-dua_result222.webp 800w, https:\/\/congtybinhminh.com\/wp-content\/uploads\/2024\/01\/mun-dua_result222-510x361.webp 510w, https:\/\/congtybinhminh.com\/wp-content\/uploads\/2024\/01\/mun-dua_result222-564x400.webp 564w, https:\/\/congtybinhminh.com\/wp-content\/uploads\/2024\/01\/mun-dua_result222-768x544.webp 768w\" sizes=\"auto, (max-width: 800px) 100vw, 800px\" \/><\/p>\n<p>Th\u00edch h\u1ee3p s\u1eed d\u1ee5ng t\u1ea1i c\u00e1c c\u01a1 s\u1edf t\u00e1i ch\u1ebf quy m\u00f4 v\u1eeba v\u00e0 nh\u1ecf. \u0110\u1ed1i v\u1edbi nh\u1eefng h\u1ed9 \u0111i\u1ec7n y\u1ebfu, \u0111i\u1ec7n kh\u00f4ng \u0111\u1ee7 t\u1ea3i c\u00f3 th\u1ec3 d\u00f9ng \u0111\u1ea7u n\u1ed5 \u0111\u1ec3 ch\u1ea1y m\u00e1y m\u00e0 v\u1eabn \u0111\u1ea3m b\u1ea3o n\u0103ng su\u1ea5t<\/p>\n<h2>\u0110\u1ecba ch\u1ec9 mua m\u00e1y b\u0103m x\u01a1 d\u1eeba gi\u00e1 t\u1ed1t t\u1ea1i H\u00e0 N\u1ed9i<\/h2>\n<p>C\u00f4ng ty B\u00ecnh Minh &#8211; \u0111\u01a1n v\u1ecb tr\u1ef1c ti\u1ebfp s\u1ea3n xu\u1ea5t c\u00e1c d\u00f2ng m\u00e1y n\u00f4ng nghi\u1ec7p &#8211; c\u00f4ng nghi\u1ec7p v\u1edbi cam k\u1ebft h\u00e0ng m\u1edbi ch\u00ednh h\u00e3ng 100% &#8211; kh\u00f4ng qua \u0111\u1ea1i l\u00fd trung gian<\/p>\n<p>T\u1ef1 h\u00e0o l\u00e0 \u0111\u01a1n v\u1ecb UY T\u00cdN mang \u0111\u1ebfn cho b\u1ea1n nh\u1eefng s\u1ea3n ph\u1ea9m CH\u00cdNH H\u00c3NG &#8211; CH\u1ea4T L\u01af\u1ee2NG T\u1ed0T &#8211; GI\u00c1 TH\u00c0NH R\u1eba V\u00c0 D\u1ecaCH V\u1ee4 CHU \u0110\u00c1O<\/p>\n<p><img loading=\"lazy\" decoding=\"async\" class=\"aligncenter wp-image-9257 size-full\" src=\"https:\/\/congtybinhminh.com\/wp-content\/uploads\/2024\/01\/dia-chi-may-bam-xo-dua_result222.webp\" alt=\"dia-chi-may-bam-xo-dua_result222\" width=\"800\" height=\"952\" srcset=\"https:\/\/congtybinhminh.com\/wp-content\/uploads\/2024\/01\/dia-chi-may-bam-xo-dua_result222.webp 800w, https:\/\/congtybinhminh.com\/wp-content\/uploads\/2024\/01\/dia-chi-may-bam-xo-dua_result222-510x607.webp 510w, https:\/\/congtybinhminh.com\/wp-content\/uploads\/2024\/01\/dia-chi-may-bam-xo-dua_result222-336x400.webp 336w, https:\/\/congtybinhminh.com\/wp-content\/uploads\/2024\/01\/dia-chi-may-bam-xo-dua_result222-672x800.webp 672w, https:\/\/congtybinhminh.com\/wp-content\/uploads\/2024\/01\/dia-chi-may-bam-xo-dua_result222-768x914.webp 768w\" sizes=\"auto, (max-width: 800px) 100vw, 800px\" \/><\/p>\n<p>\u0110\u1ec3 \u0111\u1eb7t mua h\u00e0ng ch\u00ednh h\u00e3ng, b\u00e0 con c\u00f3 th\u1ec3 \u0111\u1ebfn tr\u1ef1c ti\u1ebfp tr\u1ee5 s\u1edf g\u1ea7n nh\u1ea5t c\u1ee7a c\u00f4ng ty \u0111\u1ec3 xem v\u00e0 \u0111\u1eb7t mua h\u00e0ng<\/p>\n<ul>\n<li>Tr\u1ee5 s\u1edf ch\u00ednh: P. L\u00ea L\u1ee3i &#8211; Tx S\u01a1n T\u00e2y &#8211; H\u00e0 N\u1ed9i<\/li>\n<li>Chi nh\u00e1nh 1: Kv 11 &#8211; p. H\u01b0ng Ph\u00fa _ Q. C\u00e1i R\u0103ng &#8211; Tp C\u1ea7n Th\u01a1<\/li>\n<li>Chi nh\u00e1nh 2: x\u00e3 T\u00e2n Ki\u00ean &#8211; H, B\u00ecnh Ch\u00e1nh &#8211; TP H\u1ed3 Ch\u00ed Minh<\/li>\n<\/ul>\n<p>Khi \u0111\u1ebfn \u0111ay, b\u00e0 con c\u00f3 th\u1ec3 tr\u1ea3i nghi\u1ec7m v\u1eadn h\u00e0nh m\u00e1y d\u01b0\u1edbi s\u1ef1 h\u01b0\u1edbng d\u1eabn c\u1ee7a \u0111\u1ed9i ng\u0169 k\u1ef9 thu\u1eadt<\/p>\n<p>\u0110\u1ed1i v\u1edbi b\u00e0 con \u1edf xa c\u00f3 th\u1ec3 li\u00ean h\u1ec7 t\u1edbi s\u1ed1 Hotline tr\u00ean website \u0111\u00ea \u0111\u01b0\u1ee3c t\u01b0 v\u1ea5n mi\u1ec5n ph\u00ed<\/p>\n<p><strong>Th\u00f4ng s\u1ed1 k\u1ef9 thu\u1eadt<\/strong><\/p>\n<table border=\"1\" cellspacing=\"1\" cellpadding=\"1\">\n<tbody>\n<tr>\n<td colspan=\"1\" rowspan=\"3\">\u0110\u1ed9ng c\u01a1<\/td>\n<td>C\u00f4ng su\u1ea5t \u0111\u1ed9ng c\u01a1<\/td>\n<td>3.5kw<\/td>\n<\/tr>\n<tr>\n<td>Ngu\u1ed3n \u0111i\u1ec7n<\/td>\n<td>220V<\/td>\n<\/tr>\n<tr>\n<td>T\u1ed1c \u0111\u1ed9 m\u00e1y<\/td>\n<td>1450v\/p<\/td>\n<\/tr>\n<tr>\n<td colspan=\"1\" rowspan=\"2\">B\u1ea3o h\u00e0nh<\/td>\n<td>K\u1ef9 thu\u1eadt<\/td>\n<td>06 th\u00e1ng<\/td>\n<\/tr>\n<tr>\n<td>\u0110\u1ed9ng c\u01a1<\/td>\n<td>Theo t\u1eebng h\u00e3ng s\u1ea3n xu\u1ea5t<\/td>\n<\/tr>\n<tr>\n<td>N\u0103ng su\u1ea5t<\/td>\n<td colspan=\"2\" rowspan=\"1\">\u00a0200 &#8211; 400 kg\/gi\u1edd<\/td>\n<\/tr>\n<tr>\n<td>K\u00edch th\u01b0\u1edbc (d*c*r)<\/td>\n<td colspan=\"2\" rowspan=\"1\">\u00a0110*127*55<\/td>\n<\/tr>\n<tr>\n<td>H\u00ecnh th\u1ee9c thanh to\u00e1n<\/td>\n<td colspan=\"2\" rowspan=\"1\">Ti\u1ec1n m\u1eb7t ho\u1eb7c chuy\u1ec3n kho\u1ea3n<\/td>\n<\/tr>\n<\/tbody>\n<\/table>\n","protected":false},"excerpt":{"rendered":"<ul>\n<li><strong>H\u00e3ng s\u1ea3n xu\u1ea5t:\u00a0<\/strong>B\u00ecnh Minh<\/li>\n<li><strong>C\u00f4ng su\u1ea5t \u0111\u1ed9ng c\u01a1:<\/strong>\u00a03,5kw<\/li>\n<li><strong>Ngu\u1ed3n \u0111i\u1ec7n<\/strong>: 220V<\/li>\n<li><strong>T\u1ed1c \u0111\u1ed9:<\/strong>\u00a01450 v\/p<\/li>\n<li><strong>N\u0103ng su\u1ea5t:\u00a0<\/strong>200 &#8211; 400 kg\/gi\u1edd<\/li>\n<li><strong>K\u00edch th\u01b0\u1edbc (d*c*r):<\/strong>\u00a0110*127*55 cm<\/li>\n<li><strong>T\u00ednh n\u0103ng:\u00a0<\/strong>m\u00e1y chuy\u00ean b\u0103m v\u1ecf d\u1eeba t\u01b0\u01a1i, v\u1ecf d\u1eeba kh\u00f4.. th\u00e0nh d\u1ea1ng m\u00f9n g\u00f3p ph\u1ea7n t\u00e1i s\u1eed d\u1ee5ng l\u00e0m ph\u00e2n b\u00f3n tr\u1ed3ng c\u00e2y, \u0111\u1ec7m l\u00f3t chu\u1ed3ng<\/li>\n<\/ul>\n","protected":false},"featured_media":9258,"comment_status":"closed","ping_status":"closed","template":"","meta":[],"product_brand":[],"product_cat":[197],"product_tag":[],"class_list":{"0":"post-9247","1":"product","2":"type-product","3":"status-publish","4":"has-post-thumbnail","6":"product_cat-may-bam-xo-dua-2","8":"first","9":"instock","10":"shipping-taxable","11":"product-type-simple"},"_links":{"self":[{"href":"https:\/\/congtybinhminh.com\/index.php?rest_route=\/wp\/v2\/product\/9247","targetHints":{"allow":["GET"]}}],"collection":[{"href":"https:\/\/congtybinhminh.com\/index.php?rest_route=\/wp\/v2\/product"}],"about":[{"href":"https:\/\/congtybinhminh.com\/index.php?rest_route=\/wp\/v2\/types\/product"}],"replies":[{"embeddable":true,"href":"https:\/\/congtybinhminh.com\/index.php?rest_route=%2Fwp%2Fv2%2Fcomments&post=9247"}],"wp:featuredmedia":[{"embeddable":true,"href":"https:\/\/congtybinhminh.com\/index.php?rest_route=\/wp\/v2\/media\/9258"}],"wp:attachment":[{"href":"https:\/\/congtybinhminh.com\/index.php?rest_route=%2Fwp%2Fv2%2Fmedia&parent=9247"}],"wp:term":[{"taxonomy":"product_brand","embeddable":true,"href":"https:\/\/congtybinhminh.com\/index.php?rest_route=%2Fwp%2Fv2%2Fproduct_brand&post=9247"},{"taxonomy":"product_cat","embeddable":true,"href":"https:\/\/congtybinhminh.com\/index.php?rest_route=%2Fwp%2Fv2%2Fproduct_cat&post=9247"},{"taxonomy":"product_tag","embeddable":true,"href":"https:\/\/congtybinhminh.com\/index.php?rest_route=%2Fwp%2Fv2%2Fproduct_tag&post=9247"}],"curies":[{"name":"wp","href":"https:\/\/api.w.org\/{rel}","templated":true}]}}