{"id":9196,"date":"2023-12-17T08:41:19","date_gmt":"2023-12-17T01:41:19","guid":{"rendered":"https:\/\/congtybinhminh.com\/?post_type=product&#038;p=9196"},"modified":"2026-03-07T07:55:59","modified_gmt":"2026-03-07T00:55:59","slug":"may-bam-chuoi-c600","status":"publish","type":"product","link":"https:\/\/congtybinhminh.com\/?product=may-bam-chuoi-c600","title":{"rendered":"M\u00e1y b\u0103m chu\u1ed1i C600"},"content":{"rendered":"<h2>Video ho\u1ea1t \u0111\u1ed9ng m\u00e1y<\/h2>\n<p><iframe loading=\"lazy\" title=\"M\u00e1y Th\u00e1i C\u00e2y Chu\u1ed1i C600 B\u0103m Th\u00e2n C\u00e2y Chu\u1ed1i Ch\u1ec9 M\u1ea5t 4 Gi\u00e2y Gi\u00e1 Ch\u01b0a T\u1edbi 6 Tri\u1ec7u\" width=\"1020\" height=\"574\" src=\"https:\/\/www.youtube.com\/embed\/nlPxga4vs2k?feature=oembed\" frameborder=\"0\" allow=\"accelerometer; autoplay; clipboard-write; encrypted-media; gyroscope; picture-in-picture; web-share\" referrerpolicy=\"strict-origin-when-cross-origin\" allowfullscreen><\/iframe><\/p>\n<h2>Gi\u1edbi thi\u1ec7u m\u00e1y b\u0103m chu\u1ed1i C600<\/h2>\n<p>M\u00e1y b\u0103m chu\u1ed1i C600 do c\u00f4ng ty B\u00ecnh Minh s\u1ea3n xu\u1ea5t thi\u1ebft b\u1ecb chuy\u00ean b\u0103m &#8211; th\u00e1i nh\u1ecf c\u00e2y chu\u1ed1i v\u00e0 h\u1ed7 tr\u1ee3 b\u0103m rau c\u1ecf &#8230;l\u00e0m th\u1ee9c \u0103n cho gia s\u00fac &#8211; gia c\u1ea7m<\/p>\n<p><img loading=\"lazy\" decoding=\"async\" class=\"aligncenter wp-image-9227 size-full\" src=\"https:\/\/congtybinhminh.com\/wp-content\/uploads\/2023\/12\/may-bam-chuoi-c600-binh-minh_result222.webp\" alt=\"may-bam-chuoi-c600-binh-minh_result222\" width=\"800\" height=\"1078\" srcset=\"https:\/\/congtybinhminh.com\/wp-content\/uploads\/2023\/12\/may-bam-chuoi-c600-binh-minh_result222.webp 800w, https:\/\/congtybinhminh.com\/wp-content\/uploads\/2023\/12\/may-bam-chuoi-c600-binh-minh_result222-510x687.webp 510w, https:\/\/congtybinhminh.com\/wp-content\/uploads\/2023\/12\/may-bam-chuoi-c600-binh-minh_result222-297x400.webp 297w, https:\/\/congtybinhminh.com\/wp-content\/uploads\/2023\/12\/may-bam-chuoi-c600-binh-minh_result222-594x800.webp 594w, https:\/\/congtybinhminh.com\/wp-content\/uploads\/2023\/12\/may-bam-chuoi-c600-binh-minh_result222-768x1035.webp 768w\" sizes=\"auto, (max-width: 800px) 100vw, 800px\" \/><\/p>\n<p>M\u00e1y th\u00e1i chu\u1ed1i 2,2kw d\u00f9ng \u0111i\u1ec7n gia \u0111\u00ecnh 220V m\u1ecdi h\u1ed9 ch\u0103n nu\u00f4i \u0111\u1ec1u c\u00f3 th\u1ec3 s\u1eed d\u1ee5ng, gi\u00fap ti\u1ebft ki\u1ec7m t\u1ed1i \u0111a s\u1ee9c lao \u0111\u1ed9ng cho ng\u01b0\u1eddi n\u00f4ng d\u00e2n, ph\u1ee5c v\u1ee5 ch\u0103n nu\u00f4i gia s\u00fac &#8211; gia c\u1ea7m<\/p>\n<p><img loading=\"lazy\" decoding=\"async\" class=\"aligncenter wp-image-9214 size-full\" src=\"https:\/\/congtybinhminh.com\/wp-content\/uploads\/2023\/12\/may-bam-chuoi-cho-lon_result222.webp\" alt=\"may-bam-chuoi-cho-lon_result222\" width=\"800\" height=\"600\" srcset=\"https:\/\/congtybinhminh.com\/wp-content\/uploads\/2023\/12\/may-bam-chuoi-cho-lon_result222.webp 800w, https:\/\/congtybinhminh.com\/wp-content\/uploads\/2023\/12\/may-bam-chuoi-cho-lon_result222-510x383.webp 510w, https:\/\/congtybinhminh.com\/wp-content\/uploads\/2023\/12\/may-bam-chuoi-cho-lon_result222-533x400.webp 533w, https:\/\/congtybinhminh.com\/wp-content\/uploads\/2023\/12\/may-bam-chuoi-cho-lon_result222-768x576.webp 768w\" sizes=\"auto, (max-width: 800px) 100vw, 800px\" \/><\/p>\n<h2>V\u00ec sao n\u00ean s\u1eed d\u1ee5ng m\u00e1y b\u0103m chu\u1ed1i C600 B\u00ecnh Minh<\/h2>\n<h3>Chi\u1ebfc m\u00e1y b\u0103m \u0111a n\u0103ng<\/h3>\n<p>M\u00e1y c\u00f3 kh\u1ea3 n\u0103n b\u0103m nh\u1ecf c\u00e2y chu\u1ed1i v\u00e0 c\u00e1c lo\u1ea1i rau xanh, rau b\u00e8o, c\u1ecf voi, c\u1ecf s\u1ea3&#8230; ngay trong l\u1ea7n b\u0103m \u0111\u1ea7u ti\u00ean thay v\u00ec m\u1ea5t h\u00e0ng gi\u1edd ng\u1ed3i b\u0103m th\u1ee7 c\u00f4ng b\u1eb1ng tay<\/p>\n<p><img loading=\"lazy\" decoding=\"async\" class=\"aligncenter wp-image-9206 size-full\" src=\"https:\/\/congtybinhminh.com\/wp-content\/uploads\/2023\/12\/bam-chuoi-cho-heo_result222.webp\" alt=\"bam-chuoi-cho-heo_result222\" width=\"800\" height=\"498\" srcset=\"https:\/\/congtybinhminh.com\/wp-content\/uploads\/2023\/12\/bam-chuoi-cho-heo_result222.webp 800w, https:\/\/congtybinhminh.com\/wp-content\/uploads\/2023\/12\/bam-chuoi-cho-heo_result222-510x317.webp 510w, https:\/\/congtybinhminh.com\/wp-content\/uploads\/2023\/12\/bam-chuoi-cho-heo_result222-643x400.webp 643w, https:\/\/congtybinhminh.com\/wp-content\/uploads\/2023\/12\/bam-chuoi-cho-heo_result222-768x478.webp 768w\" sizes=\"auto, (max-width: 800px) 100vw, 800px\" \/><\/p>\n<p>Gi\u00fap b\u00e0 con t\u1eadn d\u1ee5ng m\u1ecdi v\u1eadt ph\u1ea9m trong tr\u1ed3ng tr\u1ecdt ti\u1ebft ki\u1ec7m chi ph\u00ed<\/p>\n<h3>Thi\u1ebft k\u1ebf ch\u1eafc ch\u1eafn<\/h3>\n<p>M\u00e1y v\u0103n c\u00e2y chu\u1ed1i \u0111\u01b0\u1ee3c l\u00e0m t\u1eeb ch\u1ea5t li\u1ec7u th\u00e9p cao c\u1ea5p bao b\u1ecdc l\u1edbp s\u01a1n ch\u1ed1ng g\u1ec9 gi\u1eef \u0111\u1ed9 b\u1ec1n cao.<\/p>\n<p><img loading=\"lazy\" decoding=\"async\" class=\"aligncenter wp-image-11268 size-full\" src=\"https:\/\/congtybinhminh.com\/wp-content\/uploads\/2023\/12\/dao-bam-chuoi_result.webp\" alt=\"dao-bam-chuoi_result\" width=\"800\" height=\"692\" srcset=\"https:\/\/congtybinhminh.com\/wp-content\/uploads\/2023\/12\/dao-bam-chuoi_result.webp 800w, https:\/\/congtybinhminh.com\/wp-content\/uploads\/2023\/12\/dao-bam-chuoi_result-462x400.webp 462w, https:\/\/congtybinhminh.com\/wp-content\/uploads\/2023\/12\/dao-bam-chuoi_result-768x664.webp 768w, https:\/\/congtybinhminh.com\/wp-content\/uploads\/2023\/12\/dao-bam-chuoi_result-510x441.webp 510w\" sizes=\"auto, (max-width: 800px) 100vw, 800px\" \/><\/p>\n<p>Khung m\u00e1y ch\u1eafc ch\u1eafn, kh\u00f4ng g\u00e2y t\u00ecnh tr\u1ea1ng rung l\u1eafc, ph\u00ed d\u01b0\u1edbi ch\u00e2n m\u00e1y l\u1eafp \u0111\u1eb7t 4 b\u00e1nh xe thu\u1eadn ti\u1ec7n di chuy\u1ec3n v\u1ecb tr\u00ed \u0111\u1eb7t m\u00e1y<\/p>\n<p>Toa n\u1ea1p tr\u00f2n \u0111\u01b0\u1eddng k\u00ednh 22 cm, k\u1ebft h\u1ee3p m\u00e1ng d\u00e0i h\u1ed7 tr\u1ee3 n\u00e2ng \u0111\u1ee1 c\u00e2y chu\u1ed1i h\u01b0\u1edbng d\u1ed1c v\u1ec1 bu\u1ed3ng dao b\u0103m v\u1edb \u0111\u1ed9 cao v\u1eeba t\u1ea7m ng\u01b0\u1eddi d\u00f9ng an to\u00e0n khi s\u1eed d\u1ee5ng<\/p>\n<p><img loading=\"lazy\" decoding=\"async\" class=\"aligncenter wp-image-9212 size-full\" src=\"https:\/\/congtybinhminh.com\/wp-content\/uploads\/2023\/12\/toa-nap-nguyen-lieu_result222.webp\" alt=\"toa -nap-nguyen-lieu_result222\" width=\"800\" height=\"464\" srcset=\"https:\/\/congtybinhminh.com\/wp-content\/uploads\/2023\/12\/toa-nap-nguyen-lieu_result222.webp 800w, https:\/\/congtybinhminh.com\/wp-content\/uploads\/2023\/12\/toa-nap-nguyen-lieu_result222-510x296.webp 510w, https:\/\/congtybinhminh.com\/wp-content\/uploads\/2023\/12\/toa-nap-nguyen-lieu_result222-690x400.webp 690w, https:\/\/congtybinhminh.com\/wp-content\/uploads\/2023\/12\/toa-nap-nguyen-lieu_result222-768x445.webp 768w\" sizes=\"auto, (max-width: 800px) 100vw, 800px\" \/><\/p>\n<p>Ph\u00eda tr\u01b0\u1edbc c\u1eeda x\u1ea3 c\u00f3 t\u1ea5m ch\u1eafn thu\u1eadn ti\u1ec7n cho ng\u01b0\u1eddi d\u00f9ng \u0111i\u1ec1u ch\u1ec9nh h\u01b0\u01a1ng phun xa hay g\u1ea7n thu\u1eadn ti\u1ec7n thu gom th\u00e0nh ph\u1ea9m.<\/p>\n<p><img loading=\"lazy\" decoding=\"async\" class=\"aligncenter wp-image-9213 size-full\" src=\"https:\/\/congtybinhminh.com\/wp-content\/uploads\/2023\/12\/cua-xa-thanh-pham_result222.webp\" alt=\"cua-xa-thanh-pham_result222\" width=\"800\" height=\"464\" srcset=\"https:\/\/congtybinhminh.com\/wp-content\/uploads\/2023\/12\/cua-xa-thanh-pham_result222.webp 800w, https:\/\/congtybinhminh.com\/wp-content\/uploads\/2023\/12\/cua-xa-thanh-pham_result222-510x296.webp 510w, https:\/\/congtybinhminh.com\/wp-content\/uploads\/2023\/12\/cua-xa-thanh-pham_result222-690x400.webp 690w, https:\/\/congtybinhminh.com\/wp-content\/uploads\/2023\/12\/cua-xa-thanh-pham_result222-768x445.webp 768w\" sizes=\"auto, (max-width: 800px) 100vw, 800px\" \/><\/p>\n<ul>\n<li>N\u00e2ng t\u1ea5m ch\u1eafn: n\u1ebfu mu\u1ed1n th\u00e0nh ph\u1ea9m phun xa<\/li>\n<li>H\u1ea1 t\u1ea5m ch\u1eafn: n\u1ebfu mu\u1ed1n th\u00e0nh ph\u1ea9m phun g\u1ea7n<\/li>\n<\/ul>\n<h3>Bu\u1ed3ng dao b\u0103m c\u1ea3i ti\u1ebfn<\/h3>\n<p>M\u00e1y b\u0103m chu\u1ed1i C600 \u0111\u01b0\u1ee3c trang b\u1ecb m\u00e2m b\u0103m v\u1edbi 3 l\u01b0\u1ee1i dao b\u0103m to ho\u1ea1t \u0111\u1ed9ng b\u0103m nh\u1ecf nguy\u00ean li\u1ec7u k\u1ebft h\u1ee3p v\u1edbi 3 c\u00e1nh \u0111\u1ea9y \u0111\u01b0a th\u00e0nh ph\u1ea9m ra ngo\u00e0i c\u1eeda x\u1ea3<\/p>\n<p><img loading=\"lazy\" decoding=\"async\" class=\"aligncenter wp-image-11267 size-full\" src=\"https:\/\/congtybinhminh.com\/wp-content\/uploads\/2023\/12\/dao-bam-chuoi-c600_result.webp\" alt=\"dao-bam-chuoi-c600_result\" width=\"800\" height=\"1287\" srcset=\"https:\/\/congtybinhminh.com\/wp-content\/uploads\/2023\/12\/dao-bam-chuoi-c600_result.webp 800w, https:\/\/congtybinhminh.com\/wp-content\/uploads\/2023\/12\/dao-bam-chuoi-c600_result-249x400.webp 249w, https:\/\/congtybinhminh.com\/wp-content\/uploads\/2023\/12\/dao-bam-chuoi-c600_result-497x800.webp 497w, https:\/\/congtybinhminh.com\/wp-content\/uploads\/2023\/12\/dao-bam-chuoi-c600_result-768x1236.webp 768w, https:\/\/congtybinhminh.com\/wp-content\/uploads\/2023\/12\/dao-bam-chuoi-c600_result-510x820.webp 510w\" sizes=\"auto, (max-width: 800px) 100vw, 800px\" \/><\/p>\n<p>Khi b\u0103m, ng\u01b0\u1eddi d\u00f9ng c\u00f3 th\u1ec3 linh \u0111\u1ed9ng l\u00e0m ch\u1ee7 t\u1ed1c \u0111\u1ed9 b\u0103m \u0111\u1ec3 cho ra k\u00edch th\u01b0\u1edbc to &#8211; nh\u1ecf c\u1ee7a th\u00e0nh ph\u1ea9m b\u1eb1ng c\u00e1ch :<\/p>\n<ul>\n<li>H\u1ea1 n\u1eafp ch\u1eafn v\u00e0 \u0111\u01b0a c\u00e2y chu\u1ed1i b\u0103m ch\u1eadm \u0111\u1ec3 b\u0103m nh\u1ecf th\u00e0nh ph\u1ea9m<\/li>\n<li>N\u00e2ng n\u1eafp ch\u1eafn v\u00e0 \u0111\u01b0a c\u00e2y chu\u1ed1i b\u0103m nhanh th\u00e0nh ph\u1ea9m b\u0103m to h\u01a1n<\/li>\n<\/ul>\n<h3>\u0110\u1ed9ng c\u01a1 l\u00f5i d\u00e2y \u0111\u1ed3ng 100%<\/h3>\n<p>M\u00e1y s\u1eed d\u1ee5ng \u0111\u1ed9ng c\u01a1 2,2kw &#8211; 3kw ngu\u1ed3n \u0111i\u1ec7n gia \u0111\u00ecnh 220V motor l\u00f5i d\u00e2y \u0111\u1ed3ng 100%<\/p>\n<p><img loading=\"lazy\" decoding=\"async\" class=\"aligncenter wp-image-9209 size-full\" src=\"https:\/\/congtybinhminh.com\/wp-content\/uploads\/2023\/12\/may-bam-chuoi-lap-day-curoa_result222.webp\" alt=\"may-bam-chuoi-lap-day-curoa_result222\" width=\"800\" height=\"600\" srcset=\"https:\/\/congtybinhminh.com\/wp-content\/uploads\/2023\/12\/may-bam-chuoi-lap-day-curoa_result222.webp 800w, https:\/\/congtybinhminh.com\/wp-content\/uploads\/2023\/12\/may-bam-chuoi-lap-day-curoa_result222-510x383.webp 510w, https:\/\/congtybinhminh.com\/wp-content\/uploads\/2023\/12\/may-bam-chuoi-lap-day-curoa_result222-533x400.webp 533w, https:\/\/congtybinhminh.com\/wp-content\/uploads\/2023\/12\/may-bam-chuoi-lap-day-curoa_result222-768x576.webp 768w\" sizes=\"auto, (max-width: 800px) 100vw, 800px\" \/><\/p>\n<p>D\u00e2y curoa k\u1ebft n\u1ed1i gi\u1eefa c\u00e1c buly truy\u1ec1n l\u1ef1c t\u1eeb \u0111\u1ed9ng c\u01a1 t\u1edbi buly m\u00e1y v\u00e0o bu\u1ed3ng b\u0103m<\/p>\n<p>T\u1ed1c \u0111\u1ed9 quay 2900 v\u00f2ng\/ph\u00fat cho n\u0103ng su\u1ea5t \u0111\u1ea1t cap g\u1ea5p 2 &#8211; 3 l\u1ea7n so v\u1edbi b\u0103m chu\u1ed1i th\u1ee7 c\u00f4ng b\u1eb1ng tay tr\u01b0\u1edbc \u0111\u00e2y<\/p>\n<h2>\u01afu \u0111i\u1ec3m khi d\u00f9ng m\u00e1y b\u0103m chu\u1ed1i C600<\/h2>\n<p>Qu\u00e1 tr\u00ecnh b\u0103m t\u1ef1 \u0111\u1ed9ng, vi\u1ec7c \u1ee9ng d\u1ee5ng m\u00e1y m\u00f3c v\u00e0o ch\u0103n nu\u00f4i mang l\u1ea1i nhi\u1ec1u l\u1ee3i \u00edch cho b\u00e0 con:<\/p>\n<p><img loading=\"lazy\" decoding=\"async\" class=\"aligncenter wp-image-9211 \" src=\"https:\/\/congtybinhminh.com\/wp-content\/uploads\/2023\/12\/may-bam-chuoi-rau-co_result222-1.webp\" alt=\"may-bam-chuoi-rau-co_result222\" width=\"797\" height=\"449\" srcset=\"https:\/\/congtybinhminh.com\/wp-content\/uploads\/2023\/12\/may-bam-chuoi-rau-co_result222-1.webp 600w, https:\/\/congtybinhminh.com\/wp-content\/uploads\/2023\/12\/may-bam-chuoi-rau-co_result222-1-510x287.webp 510w\" sizes=\"auto, (max-width: 797px) 100vw, 797px\" \/><\/p>\n<ul>\n<li>M\u00e1y x\u1eed l\u00fd nhanh ch\u00f3ng c\u00f4ng \u0111o\u1ea1n b\u0103m th\u00e1i c\u00e2y chu\u1ed1i thay v\u00ec t\u1ed1n nhi\u1ec1u th\u1eddi gian ng\u1ed3i b\u0103m th\u1ee7 c\u00f4ng<\/li>\n<li>Chu\u1ed1i b\u0103m k\u00edch th\u01b0\u1edbc \u0111\u1ed3ng \u0111\u1ec1u, v\u1eadt nu\u00f4i \u0103n \u0111\u01b0\u1ee3c nhi\u1ec1u h\u01a1n &#8211; h\u1ea5p th\u1ee5 nhi\u1ec1u dinh d\u01b0\u1ee1ng h\u01a1n<\/li>\n<li>Th\u00e0nh ph\u1ea9m thu \u0111\u01b0\u1ee3c c\u00f3 th\u1ec3 cho v\u1eadt nu\u00f4i d\u00f9ng lu\u00f4n ho\u1eb7c tr\u1ed9n b\u1ed9t c\u00e1m cho v\u00e0o m\u00e1y \u00e9p c\u00e1m vi\u00ean t\u1ea1o th\u00e0nh vi\u00ean d\u00f9ng d\u1ea7n<\/li>\n<\/ul>\n<h2>L\u00e0m sao \u0111\u1ec3 mua m\u00e1y b\u0103m chu\u1ed1i ch\u00ednh h\u00e3ng<\/h2>\n<p>C\u00f4ng ty B\u00ecnh Minh &#8211; \u0111\u01a1n v\u1ecb tr\u1ef1c ti\u1ebfp s\u1ea3n xu\u1ea5t c\u00e1c d\u00f2ng m\u00e1y n\u00f4ng nghi\u1ec7p &#8211; c\u00f4ng nghi\u1ec7p v\u1edbi cam k\u1ebft h\u00e0ng m\u1edbi ch\u00ednh h\u00e3ng 100% &#8211; kh\u00f4ng qua \u0111\u1ea1i l\u00fd trung gian<\/p>\n<p>T\u1ef1 h\u00e0o l\u00e0 \u0111\u01a1n v\u1ecb UY T\u00cdN mang \u0111\u1ebfn cho b\u1ea1n nh\u1eefng s\u1ea3n ph\u1ea9m CH\u00cdNH H\u00c3NG &#8211; CH\u1ea4T L\u01af\u1ee2NG T\u1ed0T &#8211; GI\u00c1 TH\u00c0NH R\u1eba V\u00c0 D\u1ecaCH V\u1ee4 CHU \u0110\u00c1O<\/p>\n<p><img loading=\"lazy\" decoding=\"async\" class=\"aligncenter wp-image-9210 size-full\" src=\"https:\/\/congtybinhminh.com\/wp-content\/uploads\/2023\/12\/xuong-san-xuat-may-bam-chuoi_result222.webp\" alt=\"xuong-san-xuat-may-bam-chuoi_result222\" width=\"800\" height=\"600\" srcset=\"https:\/\/congtybinhminh.com\/wp-content\/uploads\/2023\/12\/xuong-san-xuat-may-bam-chuoi_result222.webp 800w, https:\/\/congtybinhminh.com\/wp-content\/uploads\/2023\/12\/xuong-san-xuat-may-bam-chuoi_result222-510x383.webp 510w, https:\/\/congtybinhminh.com\/wp-content\/uploads\/2023\/12\/xuong-san-xuat-may-bam-chuoi_result222-533x400.webp 533w, https:\/\/congtybinhminh.com\/wp-content\/uploads\/2023\/12\/xuong-san-xuat-may-bam-chuoi_result222-768x576.webp 768w\" sizes=\"auto, (max-width: 800px) 100vw, 800px\" \/><\/p>\n<p>\u0110\u1ec3 \u0111\u1eb7t mua h\u00e0ng ch\u00ednh h\u00e3ng, b\u00e0 con c\u00f3 th\u1ec3 \u0111\u1ebfn tr\u1ef1c ti\u1ebfp tr\u1ee5c s\u1edf g\u1ea7n nh\u1ea5t c\u1ee7a c\u00f4ng ty \u0111\u1ec3 xem v\u00e0 \u0111\u1eb7t mua h\u00e0ng<\/p>\n<ul>\n<li>Tr\u1ee5 s\u1edf ch\u00ednh: P. L\u00ea L\u1ee3i &#8211; Tx S\u01a1n T\u00e2y &#8211; H\u00e0 N\u1ed9i<\/li>\n<li>Chi nh\u00e1nh 1: kv 11 &#8211; P. H\u01b0ng Ph\u00fa &#8211; Q. C\u00e1i R\u0103ng &#8211; TP C\u1ea7n Th\u01a1<\/li>\n<li>Chi nh\u00e1nh 2: x\u00e3 T\u00e2n Ki\u00ean &#8211; H. B\u00ecnh Ch\u00e1nh &#8211; TP H\u1ed3 Ch\u00ed Minh<\/li>\n<\/ul>\n<p>Khi \u0111\u1ebfn \u0111\u00e2y, b\u00e0 con c\u00f3 th\u1ec3 tr\u1ea3i nghi\u1ec7m v\u1eadn h\u00e0nh m\u00e1y d\u01b0\u1edbi s\u1ef1 h\u01b0\u1edbng d\u1eabn c\u1ee7a \u0111\u1ed9i ng\u0169 k\u1ef9 thu\u1eadt<\/p>\n<p>\u0110\u1ed1i v\u1edbi b\u00e0 con \u1edf xa, c\u00f3 th\u1ec3 li\u00ean h\u1ec7 t\u1edbi s\u1ed1 Hotline tr\u00ean website \u0111\u1ec3 \u0111\u01b0\u1ee3c t\u01b0 v\u1ea5n mi\u1ec5n ph\u00ed<\/p>\n<p><strong>Th\u00f4ng s\u1ed1 k\u1ef9 thu\u1eadt<\/strong><\/p>\n<table border=\"1\" cellspacing=\"1\" cellpadding=\"1\">\n<tbody>\n<tr>\n<td colspan=\"1\" rowspan=\"3\">\u0110\u1ed9ng c\u01a1<\/td>\n<td>C\u00f4ng su\u1ea5t \u0111\u1ed9ng c\u01a1<\/td>\n<td>2,2 kw &#8211; 3kw<\/td>\n<\/tr>\n<tr>\n<td>T\u1ed1c \u0111\u1ed9<\/td>\n<td>2900 v\u00f2ng\/ph\u00fat<\/td>\n<\/tr>\n<tr>\n<td>Ngu\u1ed3n \u0111i\u1ec7n<\/td>\n<td>220V<\/td>\n<\/tr>\n<tr>\n<td colspan=\"1\" rowspan=\"2\">B\u1ea3o h\u00e0nh<\/td>\n<td>K\u1ef9 thu\u1eadt<\/td>\n<td>06 th\u00e1ng<\/td>\n<\/tr>\n<tr>\n<td>\u0110\u1ed9ng c\u01a1<\/td>\n<td>Theot t\u1eebng h\u00e3ng s\u1ea3n xu\u1ea5t<\/td>\n<\/tr>\n<tr>\n<td>N\u0103ng su\u1ea5t<\/td>\n<td colspan=\"2\" rowspan=\"1\">200 &#8211; 500 kg\/gi\u1edd<\/td>\n<\/tr>\n<tr>\n<td>K\u00edch th\u01b0\u1edbc (d*c*r)<\/td>\n<td colspan=\"2\" rowspan=\"1\">\u00a090*78*75 cm<\/td>\n<\/tr>\n<tr>\n<td>H\u00ecnh th\u1ee9c thanh to\u00e1n<\/td>\n<td colspan=\"2\" rowspan=\"1\">Ti\u1ec1n m\u1eb7t ho\u1eb7c chuy\u1ec3n kho\u1ea3n<\/td>\n<\/tr>\n<\/tbody>\n<\/table>\n","protected":false},"excerpt":{"rendered":"<ul>\n<li><strong>H\u00e3ng s\u1ea3n xu\u1ea5t:<\/strong> B\u00ecnh Minh<\/li>\n<li><strong>C\u00f4ng su\u1ea5t \u0111\u1ed9ng c\u01a1:<\/strong> 2,2kw &#8211; 3kw<\/li>\n<li><strong>Ngu\u1ed3n \u0111i\u1ec7n:<\/strong>\u00a0220V<\/li>\n<li><strong>T\u1ed1c \u0111\u1ed9:<\/strong> 2900 v\u00f2ng\/ph\u00fat<\/li>\n<li><strong>N\u0103ng su\u1ea5t :<\/strong> 200 &#8211; 500 kg\/gi\u1edd<\/li>\n<li><strong>T\u00ednh n\u0103ng:<\/strong>\u00a0m\u00e1y chuy\u00ean b\u0103m c\u00e2y chu\u1ed1i, c\u1ecf voi, th\u00e2n c\u00e2y ng\u00f4, rau b\u00e8o.. l\u00e0m th\u1ee9c \u0103n cho gia s\u00fac \u2013 gia c\u1ea7m<\/li>\n<\/ul>\n","protected":false},"featured_media":11269,"comment_status":"closed","ping_status":"closed","template":"","meta":[],"product_brand":[],"product_cat":[33],"product_tag":[],"class_list":{"0":"post-9196","1":"product","2":"type-product","3":"status-publish","4":"has-post-thumbnail","6":"product_cat-may-bam-chuoi-da-nang","8":"first","9":"instock","10":"shipping-taxable","11":"product-type-simple"},"_links":{"self":[{"href":"https:\/\/congtybinhminh.com\/index.php?rest_route=\/wp\/v2\/product\/9196","targetHints":{"allow":["GET"]}}],"collection":[{"href":"https:\/\/congtybinhminh.com\/index.php?rest_route=\/wp\/v2\/product"}],"about":[{"href":"https:\/\/congtybinhminh.com\/index.php?rest_route=\/wp\/v2\/types\/product"}],"replies":[{"embeddable":true,"href":"https:\/\/congtybinhminh.com\/index.php?rest_route=%2Fwp%2Fv2%2Fcomments&post=9196"}],"wp:featuredmedia":[{"embeddable":true,"href":"https:\/\/congtybinhminh.com\/index.php?rest_route=\/wp\/v2\/media\/11269"}],"wp:attachment":[{"href":"https:\/\/congtybinhminh.com\/index.php?rest_route=%2Fwp%2Fv2%2Fmedia&parent=9196"}],"wp:term":[{"taxonomy":"product_brand","embeddable":true,"href":"https:\/\/congtybinhminh.com\/index.php?rest_route=%2Fwp%2Fv2%2Fproduct_brand&post=9196"},{"taxonomy":"product_cat","embeddable":true,"href":"https:\/\/congtybinhminh.com\/index.php?rest_route=%2Fwp%2Fv2%2Fproduct_cat&post=9196"},{"taxonomy":"product_tag","embeddable":true,"href":"https:\/\/congtybinhminh.com\/index.php?rest_route=%2Fwp%2Fv2%2Fproduct_tag&post=9196"}],"curies":[{"name":"wp","href":"https:\/\/api.w.org\/{rel}","templated":true}]}}