{"id":8381,"date":"2023-06-04T15:54:42","date_gmt":"2023-06-04T08:54:42","guid":{"rendered":"https:\/\/congtybinhminh.com\/?post_type=product&#038;p=8381"},"modified":"2023-06-18T15:50:57","modified_gmt":"2023-06-18T08:50:57","slug":"may-tron-nguyen-lieu-inox-50kg-me","status":"publish","type":"product","link":"https:\/\/congtybinhminh.com\/?product=may-tron-nguyen-lieu-inox-50kg-me","title":{"rendered":"M\u00e1y tr\u1ed9n nguy\u00ean li\u1ec7u inox 50kg\/m\u1ebb"},"content":{"rendered":"<h2>Gi\u1edbi thi\u1ec7u m\u00e1y tr\u1ed9n nguy\u00ean li\u1ec7u inox 50kg\/m\u1ebb<\/h2>\n<p>\u0110\u1ec3 ph\u1ed1i tr\u1ed9n nguy\u00ean li\u1ec7u m\u1ed9t c\u00e1ch nhanh ch\u00f3ng, d\u1ec5 d\u00e0ng, g\u00f3p ph\u1ea7n gi\u00fap cho qu\u00e1 tr\u00ecnh l\u00e0m vi\u1ec7c ti\u1ebft ki\u1ec7m th\u1eddi gian v\u00e0 c\u00f4ng s\u1ee9c, C\u00f4ng ty B\u00ecnh Minh \u0111\u00e3 cho ra \u0111\u1eddi d\u00f2ng s\u1ea3n ph\u1ea9m m\u00e1y tr\u1ed9n nguy\u00ean li\u1ec7u inox 50kg\/m\u1ebb.<\/p>\n<p><img loading=\"lazy\" decoding=\"async\" class=\"aligncenter wp-image-8386 size-full\" src=\"https:\/\/congtybinhminh.com\/wp-content\/uploads\/2023\/06\/may-tron-inox-binh-minh-3.webp\" alt=\"\" width=\"800\" height=\"600\" srcset=\"https:\/\/congtybinhminh.com\/wp-content\/uploads\/2023\/06\/may-tron-inox-binh-minh-3.webp 800w, https:\/\/congtybinhminh.com\/wp-content\/uploads\/2023\/06\/may-tron-inox-binh-minh-3-510x383.webp 510w, https:\/\/congtybinhminh.com\/wp-content\/uploads\/2023\/06\/may-tron-inox-binh-minh-3-533x400.webp 533w, https:\/\/congtybinhminh.com\/wp-content\/uploads\/2023\/06\/may-tron-inox-binh-minh-3-768x576.webp 768w\" sizes=\"auto, (max-width: 800px) 100vw, 800px\" \/><\/p>\n<p>V\u1edbi thi\u1ebft k\u1ebf ho\u00e0n to\u00e0n 100% b\u1eb1ng inox cao c\u1ea5p s\u00e1ng b\u00f3ng v\u1eeba \u0111\u1ea3m b\u1ea3o t\u00ednh th\u1ea9m m\u1ef9 v\u1eeba \u0111\u1ea3m b\u1ea3o v\u1ec7 sinh an to\u00e0n th\u1ef1c ph\u1ea9m.<\/p>\n<h2>Nh\u1eefng \u01b0u \u0111i\u1ec3m c\u1ee7a m\u00e1y tr\u1ed9n nguy\u00ean li\u1ec7u inox 50kg\/m\u1ebb<\/h2>\n<p>M\u00e1y c\u00f3 th\u1ec3 tr\u1ed9n \u0111\u1ec1u nhi\u1ec1u lo\u1ea1i nguy\u00ean li\u1ec7u nh\u01b0: b\u1ed9t m\u00ec, b\u1ed9t ng\u00f4, b\u1ed9t n\u1edf&#8230;ph\u1ee5c v\u1ee5 cho ng\u00e0nh ch\u1ebf bi\u1ebfn th\u1ef1c ph\u1ea9m, \u0111\u1eb7c bi\u1ec7t m\u00e1y tr\u1ed9n thi\u1ebft k\u1ebf b\u1eb1ng ch\u1ea5t li\u1ec7u inox n\u00ean r\u1ea5t \u0111\u1ea3m b\u1ea3o v\u1ec7 sinh.<\/p>\n<p>Ngo\u00e0i ra m\u00e1y c\u0169ng c\u00f3 th\u1ec3 d\u00f9ng \u0111\u1ec3 \u0111\u1ea3o tr\u1ed9n nguy\u00ean li\u1ec7u b\u1ed9t c\u00e1m ph\u1ee5c v\u1ee5 cho ng\u00e0nh ch\u0103n nu\u00f4i.<\/p>\n<p><img loading=\"lazy\" decoding=\"async\" class=\"aligncenter wp-image-8387 size-full\" src=\"https:\/\/congtybinhminh.com\/wp-content\/uploads\/2023\/06\/may-tron-inox-binh-minh-4.webp\" alt=\"\" width=\"800\" height=\"600\" srcset=\"https:\/\/congtybinhminh.com\/wp-content\/uploads\/2023\/06\/may-tron-inox-binh-minh-4.webp 800w, https:\/\/congtybinhminh.com\/wp-content\/uploads\/2023\/06\/may-tron-inox-binh-minh-4-510x383.webp 510w, https:\/\/congtybinhminh.com\/wp-content\/uploads\/2023\/06\/may-tron-inox-binh-minh-4-533x400.webp 533w, https:\/\/congtybinhminh.com\/wp-content\/uploads\/2023\/06\/may-tron-inox-binh-minh-4-768x576.webp 768w\" sizes=\"auto, (max-width: 800px) 100vw, 800px\" \/><\/p>\n<p>M\u00e1y tr\u1ed9n nguy\u00ean li\u1ec7u inox 50kg\/m\u1ebb tr\u1ed9n \u0111\u01b0\u1ee3c b\u1ed9t \u01b0\u1edbt l\u1eabn b\u1ed9t kh\u00f4, \u0111\u1ea3m b\u1ea3o cho n\u0103ng su\u1ea5t v\u00f4 c\u00f9ng hi\u1ec7u qu\u1ea3 t\u1eeb 500-700kg\/gi\u1edd.<\/p>\n<p>Gi\u00fap b\u00e0 con ti\u1ebft ki\u1ec7m th\u1eddi gian v\u00e0 c\u00f4ng s\u1ee9c lao \u0111\u1ed9ng. H\u1ea1n ch\u1ebf \u0111\u01b0\u1ee3c vi\u1ec7c tr\u1ed9n b\u1ed9t th\u1ee7 c\u00f4ng b\u1eb1ng tay.<\/p>\n<h2>C\u1ea5u t\u1ea1o c\u1ee7a m\u00e1y tr\u1ed9n nguy\u00ean li\u1ec7u inox 50kg\/m\u1ebb<\/h2>\n<p>Bu\u1ed3ng l\u00e0m vi\u1ec7c \u0111\u1ea3o tr\u1ed9n c\u1ee7a m\u00e1y c\u00f3 th\u1ec3 ch\u1ee9a \u0111\u1ef1ng \u0111\u01b0\u1ee3c 50kg nguy\u00ean li\u1ec7u trong m\u1ed9t m\u1ebb tr\u1ed9n.<\/p>\n<figure id=\"attachment_8388\" aria-describedby=\"caption-attachment-8388\" style=\"width: 800px\" class=\"wp-caption aligncenter\"><img loading=\"lazy\" decoding=\"async\" class=\"wp-image-8388 size-full\" src=\"https:\/\/congtybinhminh.com\/wp-content\/uploads\/2023\/06\/buong-tron.webp\" alt=\"\" width=\"800\" height=\"600\" srcset=\"https:\/\/congtybinhminh.com\/wp-content\/uploads\/2023\/06\/buong-tron.webp 800w, https:\/\/congtybinhminh.com\/wp-content\/uploads\/2023\/06\/buong-tron-510x383.webp 510w, https:\/\/congtybinhminh.com\/wp-content\/uploads\/2023\/06\/buong-tron-533x400.webp 533w, https:\/\/congtybinhminh.com\/wp-content\/uploads\/2023\/06\/buong-tron-768x576.webp 768w\" sizes=\"auto, (max-width: 800px) 100vw, 800px\" \/><figcaption id=\"caption-attachment-8388\" class=\"wp-caption-text\">Bu\u1ed3ng tr\u1ed9n nguy\u00ean li\u1ec7u<\/figcaption><\/figure>\n<p>K\u00edch th\u01b0\u1edbc bu\u1ed3ng l\u00e0m vi\u1ec7c c\u1ee7a m\u00e1y (CD 80cm*CR 74cm*CC 71cm). H\u1ec7 th\u1ed1ng \u0111\u1ea3o tr\u1ed9n c\u00e1nh xo\u1eafn trong bu\u1ed3ng l\u00e0m vi\u1ec7c c\u00f3 nhi\u1ec7m v\u1ee5 \u0111\u1ea3o tr\u1ed9n \u0111\u1ec1u m\u1ecdi lo\u1ea1i nguy\u00ean li\u1ec7u.<\/p>\n<p>C\u1eeda x\u1ea3 cho ra th\u00e0nh ph\u1ea9m \u0111\u01b0\u1ee3c l\u00e0m ki\u1ec3u tay kh\u00f3a c\u00f3 th\u1ec3 \u0111\u00f3ng\/m\u1edf m\u1ed9t c\u00e1ch ti\u1ec7n d\u1ee5ng.<\/p>\n<p><img loading=\"lazy\" decoding=\"async\" class=\"aligncenter wp-image-8389 size-full\" src=\"https:\/\/congtybinhminh.com\/wp-content\/uploads\/2023\/06\/Cua-xa-thanh-pham-1.webp\" alt=\"\" width=\"800\" height=\"600\" srcset=\"https:\/\/congtybinhminh.com\/wp-content\/uploads\/2023\/06\/Cua-xa-thanh-pham-1.webp 800w, https:\/\/congtybinhminh.com\/wp-content\/uploads\/2023\/06\/Cua-xa-thanh-pham-1-510x383.webp 510w, https:\/\/congtybinhminh.com\/wp-content\/uploads\/2023\/06\/Cua-xa-thanh-pham-1-533x400.webp 533w, https:\/\/congtybinhminh.com\/wp-content\/uploads\/2023\/06\/Cua-xa-thanh-pham-1-768x576.webp 768w\" sizes=\"auto, (max-width: 800px) 100vw, 800px\" \/><\/p>\n<p>N\u1eafp bu\u1ed3ng l\u00e0m vi\u1ec7c \u0111\u01b0\u1ee3c thi\u1ebft k\u1ebf th\u00eam m\u1eb7t s\u00e0ng l\u1ed7 h\u1ed7 tr\u1ee3 cho ng\u01b0\u1eddi d\u00f9ng ti\u1ebfp th\u00eam n\u01b0\u1edbc(\u0111\u1ed9 \u1ea9m) khi m\u00e1y \u0111ang ho\u1ea1t \u0111\u1ed9ng \u0111\u1ea3o tr\u1ed9n \u0111\u1ec1u nguy\u00ean li\u1ec7u.<\/p>\n<p><img loading=\"lazy\" decoding=\"async\" class=\"aligncenter wp-image-8390 size-full\" src=\"https:\/\/congtybinhminh.com\/wp-content\/uploads\/2023\/06\/Nap-buong-tron.webp\" alt=\"\" width=\"800\" height=\"600\" srcset=\"https:\/\/congtybinhminh.com\/wp-content\/uploads\/2023\/06\/Nap-buong-tron.webp 800w, https:\/\/congtybinhminh.com\/wp-content\/uploads\/2023\/06\/Nap-buong-tron-510x383.webp 510w, https:\/\/congtybinhminh.com\/wp-content\/uploads\/2023\/06\/Nap-buong-tron-533x400.webp 533w, https:\/\/congtybinhminh.com\/wp-content\/uploads\/2023\/06\/Nap-buong-tron-768x576.webp 768w\" sizes=\"auto, (max-width: 800px) 100vw, 800px\" \/><\/p>\n<p>M\u00e1y s\u1eed d\u1ee5ng \u0111\u1ed9ng c\u01a1 2.2kw To\u00e0n Ph\u00e1t (100% l\u00f5i \u0111\u1ed3ng) v\u00e0 k\u00e8m theo h\u1ed9p s\u1ed1 gi\u1ea3m t\u1ed1c s\u1ebd c\u00f3 nhi\u1ec7m v\u1ee5 \u0111i\u1ec1u ch\u1ec9nh t\u1ed1c \u0111\u1ed9 c\u1ee7a \u0111\u1ed9ng c\u01a1 sao cho m\u00e1y ho\u1ea1t \u0111\u1ed9ng \u1ed5n \u0111\u1ecbnh.<\/p>\n<h2>M\u1ed9t s\u1ed1 l\u01b0u \u00fd khi s\u1eed d\u1ee5ng m\u00e1y<\/h2>\n<p>\u0110\u1eb7t m\u00e1y tr\u00ean n\u1ec1n b\u1eb1ng ph\u1eb3ng v\u00e0 g\u1ea7n ngu\u1ed3n \u0111i\u1ec7n \u0111\u1ec3 m\u00e1y kh\u00f4ng b\u1ecb rung l\u1eafc v\u00e0 thu\u1eadn ti\u1ec7n cho qu\u00e1 tr\u00ecnh s\u1eed d\u1ee5ng.<\/p>\n<p>Tra m\u1ee1 v\u00e0o g\u1ed1i bi \u0111\u1ec3 duy tr\u00ec ho\u1ea1t \u0111\u1ed9ng m\u00e1y th\u01b0\u1eddng xuy\u00ean<\/p>\n<p><img loading=\"lazy\" decoding=\"async\" class=\"aligncenter wp-image-8391 size-full\" src=\"https:\/\/congtybinhminh.com\/wp-content\/uploads\/2023\/06\/Goi-bi-tra-mo.webp\" alt=\"\" width=\"800\" height=\"600\" srcset=\"https:\/\/congtybinhminh.com\/wp-content\/uploads\/2023\/06\/Goi-bi-tra-mo.webp 800w, https:\/\/congtybinhminh.com\/wp-content\/uploads\/2023\/06\/Goi-bi-tra-mo-510x383.webp 510w, https:\/\/congtybinhminh.com\/wp-content\/uploads\/2023\/06\/Goi-bi-tra-mo-533x400.webp 533w, https:\/\/congtybinhminh.com\/wp-content\/uploads\/2023\/06\/Goi-bi-tra-mo-768x576.webp 768w\" sizes=\"auto, (max-width: 800px) 100vw, 800px\" \/><\/p>\n<p>Th\u01b0\u1eddng xuy\u00ean v\u1ec7 sinh m\u00e1y s\u1ea1ch s\u1ebd<\/p>\n<p>Ch\u1ec9 n\u00ean \u0111\u1ea3o tr\u1ed9n nguy\u00ean li\u1ec7u v\u1eeba \u0111\u1ee7 n\u0103ng su\u1ea5t m\u00e1y, tr\u00e1nh \u0111\u1ec3 m\u00e1y ho\u1ea1t \u0111\u1ed9ng qu\u00e1 t\u1ea3i g\u00e2y \u1ea3nh h\u01b0\u1edfng \u0111\u1ec3n \u0111\u1ed9ng c\u01a1.<\/p>\n<h2>Th\u00f4ng s\u1ed1 k\u1ef9 thu\u1eadt<\/h2>\n<table border=\"1\" width=\"814\" cellspacing=\"1\" cellpadding=\"1\">\n<tbody>\n<tr>\n<td colspan=\"1\" rowspan=\"3\">\u0110\u1ed9ng c\u01a1<\/td>\n<td>C\u00f4ng su\u1ea5t \u0111\u1ed9ng c\u01a1<\/td>\n<td>\u00a02,2 &#8211; 3kw<\/td>\n<\/tr>\n<tr>\n<td>Ngu\u1ed3n \u0111i\u1ec7n<\/td>\n<td>\u00a0380 (V)<\/td>\n<\/tr>\n<tr>\n<td>T\u1ed1c \u0111\u1ed9<\/td>\n<td>1450 (v\/p)<\/td>\n<\/tr>\n<tr>\n<td colspan=\"1\" rowspan=\"2\">Tr\u1ecdng l\u01b0\u1ee3ng m\u00e1y<\/td>\n<td>Nguy\u00ean b\u1ed9<\/td>\n<td>\u00a0(kg)<\/td>\n<\/tr>\n<tr>\n<td>Kh\u00f4ng \u0111\u1ed9ng c\u01a1<\/td>\n<td>\u00a0(kg)<\/td>\n<\/tr>\n<tr>\n<td colspan=\"1\" rowspan=\"2\">B\u1ea3o h\u00e0nh<\/td>\n<td>K\u1ef9 thu\u1eadt<\/td>\n<td>06 th\u00e1ng<\/td>\n<\/tr>\n<tr>\n<td>\u0110\u1ed9ng c\u01a1<\/td>\n<td>Theo t\u1eebng h\u00e3ng s\u1ea3n xu\u1ea5t<\/td>\n<\/tr>\n<tr>\n<td>N\u0103ng su\u1ea5t<\/td>\n<td colspan=\"2\" rowspan=\"1\">\u00a0500-700 kg\/gi\u1edd<\/td>\n<\/tr>\n<tr>\n<td>K\u00edch th\u01b0\u1edbc (D*C*R)<\/td>\n<td colspan=\"2\" rowspan=\"1\">115*125*74cm<\/td>\n<\/tr>\n<tr>\n<td>H\u00ecnh th\u1ee9c thanh to\u00e1n<\/td>\n<td colspan=\"2\" rowspan=\"1\">Ti\u1ec1n m\u1eb7t ho\u1eb7c chuy\u1ec3n kho\u1ea3n<\/td>\n<\/tr>\n<\/tbody>\n<\/table>\n","protected":false},"excerpt":{"rendered":"<ul>\n<li>H\u00e3ng s\u1ea3n xu\u1ea5t: B\u00ecnh Minh<\/li>\n<li>N\u0103ng su\u1ea5t :500-700kg\/h<\/li>\n<li>T\u1ed1c \u0111\u1ed9 m\u00e1y:\u00a0 1450 v\u00f2ng\/ph\u00fat<\/li>\n<li>\u0110i\u1ec7n n\u0103ng: 220V<\/li>\n<li>\u0110\u1ed9ng c\u01a1: 2.2kw \u2013 3kw<\/li>\n<li>T\u00ednh n\u0103ng: Tr\u1ed9n c\u00e1c lo\u1ea1i nguy\u00ean li\u1ec7u b\u1ed9t<\/li>\n<\/ul>\n","protected":false},"featured_media":8382,"comment_status":"closed","ping_status":"closed","template":"","meta":[],"product_brand":[],"product_cat":[98],"product_tag":[],"class_list":{"0":"post-8381","1":"product","2":"type-product","3":"status-publish","4":"has-post-thumbnail","6":"product_cat-may-tron","8":"first","9":"instock","10":"shipping-taxable","11":"product-type-simple"},"_links":{"self":[{"href":"https:\/\/congtybinhminh.com\/index.php?rest_route=\/wp\/v2\/product\/8381","targetHints":{"allow":["GET"]}}],"collection":[{"href":"https:\/\/congtybinhminh.com\/index.php?rest_route=\/wp\/v2\/product"}],"about":[{"href":"https:\/\/congtybinhminh.com\/index.php?rest_route=\/wp\/v2\/types\/product"}],"replies":[{"embeddable":true,"href":"https:\/\/congtybinhminh.com\/index.php?rest_route=%2Fwp%2Fv2%2Fcomments&post=8381"}],"wp:featuredmedia":[{"embeddable":true,"href":"https:\/\/congtybinhminh.com\/index.php?rest_route=\/wp\/v2\/media\/8382"}],"wp:attachment":[{"href":"https:\/\/congtybinhminh.com\/index.php?rest_route=%2Fwp%2Fv2%2Fmedia&parent=8381"}],"wp:term":[{"taxonomy":"product_brand","embeddable":true,"href":"https:\/\/congtybinhminh.com\/index.php?rest_route=%2Fwp%2Fv2%2Fproduct_brand&post=8381"},{"taxonomy":"product_cat","embeddable":true,"href":"https:\/\/congtybinhminh.com\/index.php?rest_route=%2Fwp%2Fv2%2Fproduct_cat&post=8381"},{"taxonomy":"product_tag","embeddable":true,"href":"https:\/\/congtybinhminh.com\/index.php?rest_route=%2Fwp%2Fv2%2Fproduct_tag&post=8381"}],"curies":[{"name":"wp","href":"https:\/\/api.w.org\/{rel}","templated":true}]}}