{"id":8336,"date":"2023-06-02T14:45:02","date_gmt":"2023-06-02T07:45:02","guid":{"rendered":"https:\/\/congtybinhminh.com\/?post_type=product&#038;p=8336"},"modified":"2025-03-12T13:36:14","modified_gmt":"2025-03-12T06:36:14","slug":"may-rang-hat-da-nang-r40-inox","status":"publish","type":"product","link":"https:\/\/congtybinhminh.com\/?product=may-rang-hat-da-nang-r40-inox","title":{"rendered":"M\u00e1y rang h\u1ea1t \u0111a n\u0103ng R40 inox"},"content":{"rendered":"<h2>Video ho\u1ea1t \u0111\u1ed9ng<\/h2>\n<p><iframe loading=\"lazy\" title=\"M\u00e1y Rang \u0110a N\u0103ng Nh\u1eefng C\u00e2u H\u1ecfi Th\u01b0\u1eddng G\u1eb7p Khi M\u1edbi D\u00f9ng\" width=\"1020\" height=\"574\" src=\"https:\/\/www.youtube.com\/embed\/Jdy1VViasgA?feature=oembed\" frameborder=\"0\" allow=\"accelerometer; autoplay; clipboard-write; encrypted-media; gyroscope; picture-in-picture; web-share\" referrerpolicy=\"strict-origin-when-cross-origin\" allowfullscreen><\/iframe><\/p>\n<h2>Gi\u1edbi thi\u1ec7u m\u00e1y rang h\u1ea1t \u0111a n\u0103ng R40 inox<\/h2>\n<p>\u0110\u1ec3 \u0111\u1ea3m b\u1ea3o an to\u00e0n v\u1ec7 sinh th\u1ef1c ph\u1ea9m c\u0169ng nh\u01b0 \u0111\u1ea3m b\u1ea3o t\u00ednh th\u1ea9m m\u1ef9, C\u00f4ng ty B\u00ecnh Minh \u0111\u00e3 cho ra \u0111\u1eddi d\u00f2ng m\u00e1y rang h\u1ea1t \u0111a n\u0103ng R40 ho\u00e0n to\u00e0n b\u1eb1ng 100% inox.<\/p>\n<p>M\u00e1y v\u1eeba rang \u0111\u01b0\u1ee3c \u0111a d\u1ea1ng c\u00e1c lo\u1ea1i nguy\u00ean li\u1ec7u v\u1eeba gi\u00fap ng\u01b0\u1eddi s\u1eed d\u1ee5ng ti\u1ebft ki\u1ec7m \u0111\u01b0\u1ee3c t\u1ed1i \u0111a th\u1eddi gian m\u00e0 v\u1eabn \u0111em l\u1ea1i n\u0103ng su\u1ea5t cao.<\/p>\n<p><img loading=\"lazy\" decoding=\"async\" class=\"aligncenter wp-image-8342 size-full\" src=\"https:\/\/congtybinhminh.com\/wp-content\/uploads\/2023\/06\/may-rang-r40-inox-4.webp\" alt=\"\" width=\"800\" height=\"600\" srcset=\"https:\/\/congtybinhminh.com\/wp-content\/uploads\/2023\/06\/may-rang-r40-inox-4.webp 800w, https:\/\/congtybinhminh.com\/wp-content\/uploads\/2023\/06\/may-rang-r40-inox-4-510x383.webp 510w, https:\/\/congtybinhminh.com\/wp-content\/uploads\/2023\/06\/may-rang-r40-inox-4-533x400.webp 533w, https:\/\/congtybinhminh.com\/wp-content\/uploads\/2023\/06\/may-rang-r40-inox-4-768x576.webp 768w\" sizes=\"auto, (max-width: 800px) 100vw, 800px\" \/><\/p>\n<h2>Nh\u1eefng t\u00ednh n\u0103ng n\u1ed5i b\u1eadt c\u1ee7a m\u00e1y rang R40 inox<\/h2>\n<p>M\u00e1y \u0111\u01b0\u1ee3c thi\u1ebft k\u1ebf b\u00e1nh xe n\u00ean d\u1ec5 d\u00e0ng cho vi\u1ec7c di chuy\u1ec3n m\u00e1y \u0111\u1ebfn m\u1ecdi n\u01a1i<\/p>\n<p><img loading=\"lazy\" decoding=\"async\" class=\"aligncenter wp-image-8339 size-full\" src=\"https:\/\/congtybinhminh.com\/wp-content\/uploads\/2023\/06\/may-rang-r40-inox-1.webp\" alt=\"\" width=\"800\" height=\"600\" srcset=\"https:\/\/congtybinhminh.com\/wp-content\/uploads\/2023\/06\/may-rang-r40-inox-1.webp 800w, https:\/\/congtybinhminh.com\/wp-content\/uploads\/2023\/06\/may-rang-r40-inox-1-510x383.webp 510w, https:\/\/congtybinhminh.com\/wp-content\/uploads\/2023\/06\/may-rang-r40-inox-1-533x400.webp 533w, https:\/\/congtybinhminh.com\/wp-content\/uploads\/2023\/06\/may-rang-r40-inox-1-768x576.webp 768w\" sizes=\"auto, (max-width: 800px) 100vw, 800px\" \/><\/p>\n<p>H\u1ec7 th\u1ed1ng b\u1ea3ng \u0111i\u1ec1u khi\u1ec3n th\u00f4ng minh gi\u00fap ng\u01b0\u1eddi d\u00f9ng d\u1ec5 d\u00e0ng v\u1eadn h\u00e0nh m\u00e1y<\/p>\n<p>Ngo\u00e0i ra m\u00e1y c\u00f2n \u0111\u01b0\u1ee3c trang b\u1ecb th\u00eam d\u00e2y ti\u1ebfp m\u00e1t v\u00e0 aptomat ch\u1ed1ng gi\u1eadt \u0111\u1ea3m b\u1ea3o an to\u00e0n cho ng\u01b0\u1eddi s\u1eed d\u1ee5ng khi m\u00e1y \u0111ang ho\u1ea1t \u0111\u1ed9ng.<\/p>\n<h2>C\u1ea5u t\u1ea1o c\u1ee7a m\u00e1y rang h\u1ea1t \u0111a n\u0103ng R40 inox<\/h2>\n<h3>Khung m\u00e1y ch\u1eafc ch\u1eafn<\/h3>\n<p>Khung m\u00e1y \u0111\u01b0\u1ee3c h\u00e0n g\u1eafn ch\u1eafc ch\u1eafn, \u0111\u1ea3m b\u1ea3o kh\u00f4ng rung l\u1eafc trong qu\u00e1 tr\u00ecnh v\u1eadn h\u00e0nh. T\u1ed5ng tr\u1ecdng l\u01b0\u1ee3ng m\u00e1y l\u00ean \u0111\u1ebfn 282kg.<\/p>\n<h3>Toa n\u1ea1p v\u00e0 c\u1eeda x\u1ea3<\/h3>\n<p>Toa ch\u1ee9a nguy\u00ean li\u1ec7u \u0111\u01b0\u1ee3c thi\u1ebft k\u1ebf d\u1ea1ng ph\u1ec5u \u0111\u1ec3 nguy\u00ean li\u1ec7u c\u00f3 th\u1ec3 \u0111i v\u00e0o l\u1ed3ng rang m\u1ed9t c\u00e1ch d\u1ec5 d\u00e0ng. K\u00edch th\u01b0\u1edbc toa n\u1ea1p nguy\u00ean li\u1ec7u chi\u1ec1u r\u1ed9ng 35 cm, d\u00e0i 40cm.<\/p>\n<p><img loading=\"lazy\" decoding=\"async\" class=\"aligncenter wp-image-8345 size-full\" src=\"https:\/\/congtybinhminh.com\/wp-content\/uploads\/2023\/06\/toa-nap-1.webp\" alt=\"\" width=\"800\" height=\"600\" srcset=\"https:\/\/congtybinhminh.com\/wp-content\/uploads\/2023\/06\/toa-nap-1.webp 800w, https:\/\/congtybinhminh.com\/wp-content\/uploads\/2023\/06\/toa-nap-1-510x383.webp 510w, https:\/\/congtybinhminh.com\/wp-content\/uploads\/2023\/06\/toa-nap-1-533x400.webp 533w, https:\/\/congtybinhminh.com\/wp-content\/uploads\/2023\/06\/toa-nap-1-768x576.webp 768w\" sizes=\"auto, (max-width: 800px) 100vw, 800px\" \/><\/p>\n<p>Sau khi th\u00e0nh ph\u1ea9m \u0111\u00e3 ch\u00edn, m\u00e1ng h\u1ee9ng ph\u00eda d\u01b0\u1edbi l\u1ed3ng rang c\u00f3 t\u00e1c d\u1ee5ng h\u1ee9ng th\u00e0nh ph\u1ea9m tr\u00e1nh t\u00ecnh tr\u1ea1ng th\u00e0nh ph\u1ea9m r\u01a1i ra ngo\u00e0i.<\/p>\n<p><img loading=\"lazy\" decoding=\"async\" class=\"aligncenter wp-image-8346 size-full\" src=\"https:\/\/congtybinhminh.com\/wp-content\/uploads\/2023\/06\/mang-hung-thanh-pham.webp\" alt=\"\" width=\"800\" height=\"600\" srcset=\"https:\/\/congtybinhminh.com\/wp-content\/uploads\/2023\/06\/mang-hung-thanh-pham.webp 800w, https:\/\/congtybinhminh.com\/wp-content\/uploads\/2023\/06\/mang-hung-thanh-pham-510x383.webp 510w, https:\/\/congtybinhminh.com\/wp-content\/uploads\/2023\/06\/mang-hung-thanh-pham-533x400.webp 533w, https:\/\/congtybinhminh.com\/wp-content\/uploads\/2023\/06\/mang-hung-thanh-pham-768x576.webp 768w\" sizes=\"auto, (max-width: 800px) 100vw, 800px\" \/><\/p>\n<h3>Bu\u1ed3ng l\u00e0m vi\u1ec7c<\/h3>\n<p>Khi nguy\u00ean li\u1ec7u \u0111\u00e3 \u0111i v\u00e0o l\u1ed3ng rang, t\u1ea1i \u0111\u00e2y l\u1ed3ng rang \u0111\u01b0\u1ee3c trang b\u1ecb 3 c\u00e1nh \u0111\u1ea3o ho\u1ea1t \u0111\u1ed9ng li\u00ean t\u1ee5c, c\u00f3 nhi\u1ec7m v\u1ee5 \u0111\u1ea3o \u0111\u1ec1u nguy\u00ean li\u1ec7u \u0111\u1ec3 th\u00e0nh ph\u1ea9m ch\u00edn v\u00e0ng \u0111\u1ec1u nguy\u00ean li\u1ec7u, kh\u00f4ng lo b\u1ecb ch\u00e1y x\u00e9m.<\/p>\n<p><img loading=\"lazy\" decoding=\"async\" class=\"aligncenter wp-image-8344 size-full\" src=\"https:\/\/congtybinhminh.com\/wp-content\/uploads\/2023\/06\/Long-rang-1.webp\" alt=\"\" width=\"800\" height=\"600\" srcset=\"https:\/\/congtybinhminh.com\/wp-content\/uploads\/2023\/06\/Long-rang-1.webp 800w, https:\/\/congtybinhminh.com\/wp-content\/uploads\/2023\/06\/Long-rang-1-510x383.webp 510w, https:\/\/congtybinhminh.com\/wp-content\/uploads\/2023\/06\/Long-rang-1-533x400.webp 533w, https:\/\/congtybinhminh.com\/wp-content\/uploads\/2023\/06\/Long-rang-1-768x576.webp 768w\" sizes=\"auto, (max-width: 800px) 100vw, 800px\" \/><\/p>\n<p>H\u1ec7 th\u1ed1ng rang \u0111\u01b0\u1ee3c l\u1eafp \u0111\u1eb7t 21 thanh nhi\u1ec7t, c\u00f4ng su\u1ea5t ti\u00eau th\u1ee5 c\u1ee7a m\u1ed7i thanh nhi\u1ec7t l\u00e0 500W &#8211; 800W, t\u00f9y v\u00e0o ngu\u1ed3n \u0111i\u1ec7n c\u1ee7a gia \u0111\u00ecnh \u0111\u1ec3 c\u00f3 th\u1ec3 l\u1eafp \u0111\u1eb7t ph\u00f9 h\u1ee3p.<\/p>\n<h3>B\u1ea3ng \u0111i\u1ec1u ch\u1ec9nh hi\u1ec7n \u0111\u1ea1i<\/h3>\n<p>M\u00e1y rang h\u1ea1t \u0111a n\u0103ng R40 inox \u0111\u01b0\u1ee3c ch\u1ebf t\u1ea1o hi\u1ec7n \u0111\u1ea1i, thao t\u00e1c s\u1eed d\u1ee5ng m\u00e1y \u0111\u1ec1u \u0111\u01b0\u1ee3c t\u1ef1 \u0111\u1ed9ng h\u00f3a \u0111i\u1ec1u ch\u1ec9nh th\u00f4ng qua b\u1ea3ng khi\u1ec3n th\u00f4ng minh<\/p>\n<p>B\u1ea3ng \u0111i\u1ec1u ch\u1ec9nh rang nguy\u00ean li\u1ec7u s\u1ebd bao g\u1ed3m: c\u00f4ng t\u1eafc ngu\u1ed3n, \u0111\u00e8n b\u00e1o, c\u00f4ng t\u1eafc \u0111\u1ea3o chi\u1ec1u l\u1ed3ng rang, h\u1ed9p \u0111i\u1ec1u ch\u1ec9nh nhi\u1ec7t (t\u1eeb 0 &#8211; 400 \u0111\u1ed9) v\u00e0 \u0111\u1ed3ng h\u1ed3 h\u1eb9n gi\u1edd.<\/p>\n<p><img loading=\"lazy\" decoding=\"async\" class=\"aligncenter wp-image-8343 size-full\" src=\"https:\/\/congtybinhminh.com\/wp-content\/uploads\/2023\/06\/bang-dieu-khien-1-1.webp\" alt=\"\" width=\"800\" height=\"600\" srcset=\"https:\/\/congtybinhminh.com\/wp-content\/uploads\/2023\/06\/bang-dieu-khien-1-1.webp 800w, https:\/\/congtybinhminh.com\/wp-content\/uploads\/2023\/06\/bang-dieu-khien-1-1-510x383.webp 510w, https:\/\/congtybinhminh.com\/wp-content\/uploads\/2023\/06\/bang-dieu-khien-1-1-533x400.webp 533w, https:\/\/congtybinhminh.com\/wp-content\/uploads\/2023\/06\/bang-dieu-khien-1-1-768x576.webp 768w\" sizes=\"auto, (max-width: 800px) 100vw, 800px\" \/><\/p>\n<h2>L\u1ee3i \u00edch khi s\u1eed d\u1ee5ng m\u00e1y rang h\u1ea1t \u0111a n\u0103ng R40 inox<\/h2>\n<p>M\u00e1y \u0111\u01b0\u1ee3c l\u00e0m ho\u00e0n to\u00e0n b\u1eb1ng ch\u1ea5t li\u1ec7u inox \u0111\u1ea3m b\u1ea3o kh\u00f4ng hoen g\u1ec9, \u0111\u1ea3m b\u1ea3o an to\u00e0n v\u1ec7 sinh th\u1ef1c ph\u1ea9m.<\/p>\n<p>S\u1eed d\u1ee5ng m\u00e1y gi\u00fap ng\u01b0\u1eddi d\u00f9ng ti\u1ebft ki\u1ec7m th\u1eddi gian v\u00e0 c\u00f4ng s\u1ee9c<\/p>\n<p><img loading=\"lazy\" decoding=\"async\" class=\"aligncenter wp-image-8335 size-full\" src=\"https:\/\/congtybinhminh.com\/wp-content\/uploads\/2023\/06\/nguyen-lieu.webp\" alt=\"\" width=\"800\" height=\"600\" srcset=\"https:\/\/congtybinhminh.com\/wp-content\/uploads\/2023\/06\/nguyen-lieu.webp 800w, https:\/\/congtybinhminh.com\/wp-content\/uploads\/2023\/06\/nguyen-lieu-510x383.webp 510w, https:\/\/congtybinhminh.com\/wp-content\/uploads\/2023\/06\/nguyen-lieu-533x400.webp 533w, https:\/\/congtybinhminh.com\/wp-content\/uploads\/2023\/06\/nguyen-lieu-768x576.webp 768w\" sizes=\"auto, (max-width: 800px) 100vw, 800px\" \/><\/p>\n<p>Rang \u0111\u01b0\u1ee3c \u0111a d\u1ea1ng nguy\u00ean li\u1ec7u cho ra th\u00e0nh ph\u1ea9m ch\u00edn \u0111\u1ec1u, c\u00f3 h\u01b0\u01a1ng v\u1ecb th\u01a1m ngon h\u01a1n.<\/p>\n<h2>Nh\u1eefng l\u01b0u \u00fd khi s\u1eed d\u1ee5ng m\u00e1y rang R40 inox<\/h2>\n<p>\u0110\u1eb7t m\u00e1y tr\u00ean n\u1ec1n ph\u1eb3ng tr\u00e1nh rung l\u1eafc trong qu\u00e1 tr\u00ecnh v\u1eadn h\u00e0nh m\u00e1y<\/p>\n<p>Kh\u00f4ng rang nh\u1eefng h\u1ea1t c\u00f2n \u1ea9m \u01b0\u1edbt v\u00ec trong qu\u00e1 tr\u00ecnh rang s\u1ebd l\u00e0m b\u1ed1c h\u01a1i khi\u1ebfn h\u1ea1t kh\u00f4ng c\u00f2n \u0111\u1ed9 gi\u00f2n.<\/p>\n<p>V\u1ec7 sinh tr\u01b0\u1edbc v\u00e0 sau khi s\u1eed d\u1ee5ng \u0111\u1ea3m b\u1ea3o \u0111\u1ed9 b\u1ec1n cho m\u00e1y.<\/p>\n<h2>Th\u00f4ng s\u1ed1 k\u1ef9 thu\u1eadt<\/h2>\n<table class=\"Table\" align=\"center\">\n<tbody>\n<tr>\n<td rowspan=\"3\" width=\"270\">\n<p align=\"center\">\u0110\u1ed9ng c\u01a1<\/p>\n<\/td>\n<td width=\"211\">\u00a0C\u00f4ng su\u1ea5t \u0111\u1ed9ng c\u01a1<\/td>\n<td width=\"210\">\n<p align=\"center\">1,5 kw<\/p>\n<\/td>\n<\/tr>\n<tr>\n<td width=\"211\">\u00a0Ngu\u1ed3n \u0111i\u1ec7n<\/td>\n<td width=\"210\">\n<p align=\"center\">220- 380 (V)<\/p>\n<\/td>\n<\/tr>\n<tr>\n<td width=\"211\">\u00a0C\u00f4ng su\u1ea5t ti\u00eau th\u1ee5 nhi\u1ec7t<\/td>\n<td width=\"210\">\n<p align=\"center\">21 thanh nhi\u1ec7t (m\u1ed7i thanh nhi\u1ec7t 500W \u2013 800W\/thanh nhi\u1ec7t)<\/p>\n<\/td>\n<\/tr>\n<tr>\n<td rowspan=\"2\" width=\"270\">\n<p align=\"center\">Tr\u1ecdng l\u01b0\u1ee3ng m\u00e1y<\/p>\n<\/td>\n<td width=\"211\">\u00a0Nguy\u00ean b\u1ed9<\/td>\n<td width=\"210\">\n<p align=\"center\">( kg)<\/p>\n<\/td>\n<\/tr>\n<tr>\n<td width=\"211\">\u00a0Kh\u00f4ng \u0111\u1ed9ng c\u01a1<\/td>\n<td width=\"210\">\n<p align=\"center\">( kg)<\/p>\n<\/td>\n<\/tr>\n<tr>\n<td rowspan=\"2\" width=\"270\">\n<p align=\"center\">B\u1ea3o h\u00e0nh<\/p>\n<\/td>\n<td width=\"211\">\u00a0K\u1ef9 thu\u1eadt<\/td>\n<td width=\"210\">\n<p align=\"center\">06\u00a0th\u00e1ng<\/p>\n<\/td>\n<\/tr>\n<tr>\n<td width=\"211\">\u00a0\u0110\u1ed9ng c\u01a1<\/td>\n<td width=\"210\">\n<p align=\"center\">Theo t\u1eebng h\u00e3ng s\u1ea3n xu\u1ea5t<\/p>\n<\/td>\n<\/tr>\n<tr>\n<td width=\"270\">\n<p align=\"center\">N\u0103ng su\u1ea5t<\/p>\n<\/td>\n<td colspan=\"2\" width=\"421\">\n<p align=\"center\">35-40 (kg\/m\u1ebb)<\/p>\n<\/td>\n<\/tr>\n<tr>\n<td width=\"270\">\n<p align=\"center\">K\u00edch th\u01b0\u1edbc ( D * C * R )<\/p>\n<\/td>\n<td colspan=\"2\" width=\"421\">\n<p align=\"center\">169*136*81cm<\/p>\n<\/td>\n<\/tr>\n<tr>\n<td width=\"270\">\n<p align=\"center\">H\u00ecnh th\u1ee9c thanh to\u00e1n<\/p>\n<\/td>\n<td colspan=\"2\" width=\"421\">Ti\u1ec1n m\u1eb7t ho\u1eb7c chuy\u1ec3n kho\u1ea3n<\/td>\n<\/tr>\n<\/tbody>\n<\/table>\n","protected":false},"excerpt":{"rendered":"<ul>\n<li>H\u00e3ng s\u1ea3n xu\u1ea5t: B\u00ecnh Minh<\/li>\n<li>Ngu\u1ed3n\u00a0\u0111i\u1ec7n: \u00a0380V<\/li>\n<li>N\u0103ng su\u1ea5t:\u00a0 \u00a035kg \u2013 40kg\/m\u1ebb<\/li>\n<li>C\u00f4ng su\u1ea5t \u0111\u1ed9ng c\u01a1:\u00a0 1.5kw<\/li>\n<li>C\u00f4ng su\u1ea5t ti\u00eau th\u1ee5 nhi\u1ec7t: 21 thanh nhi\u1ec7t,\u00a0m\u1ed7i thanh nhi\u1ec7t 450W\/thanh<\/li>\n<li>T\u00ednh n\u0103ng: m\u00e1y c\u00f3 nhi\u1ec7m v\u1ee5 rang \u0111\u1ec1u, ch\u00edn c\u00e1c lo\u1ea1i nguy\u00ean li\u1ec7u: h\u1ea1t ti\u00eau. h\u01b0\u1edbng d\u01b0\u01a1ng, \u0111\u1ed7, ng\u0169 c\u1ed1c,\u2026 v\u00e0 nhi\u1ec1u nguy\u00ean li\u1ec7u kh\u00e1c.<\/li>\n<\/ul>\n","protected":false},"featured_media":8339,"comment_status":"closed","ping_status":"closed","template":"","meta":[],"product_brand":[],"product_cat":[28],"product_tag":[],"class_list":{"0":"post-8336","1":"product","2":"type-product","3":"status-publish","4":"has-post-thumbnail","6":"product_cat-may-rang","8":"first","9":"instock","10":"shipping-taxable","11":"product-type-simple"},"_links":{"self":[{"href":"https:\/\/congtybinhminh.com\/index.php?rest_route=\/wp\/v2\/product\/8336","targetHints":{"allow":["GET"]}}],"collection":[{"href":"https:\/\/congtybinhminh.com\/index.php?rest_route=\/wp\/v2\/product"}],"about":[{"href":"https:\/\/congtybinhminh.com\/index.php?rest_route=\/wp\/v2\/types\/product"}],"replies":[{"embeddable":true,"href":"https:\/\/congtybinhminh.com\/index.php?rest_route=%2Fwp%2Fv2%2Fcomments&post=8336"}],"wp:featuredmedia":[{"embeddable":true,"href":"https:\/\/congtybinhminh.com\/index.php?rest_route=\/wp\/v2\/media\/8339"}],"wp:attachment":[{"href":"https:\/\/congtybinhminh.com\/index.php?rest_route=%2Fwp%2Fv2%2Fmedia&parent=8336"}],"wp:term":[{"taxonomy":"product_brand","embeddable":true,"href":"https:\/\/congtybinhminh.com\/index.php?rest_route=%2Fwp%2Fv2%2Fproduct_brand&post=8336"},{"taxonomy":"product_cat","embeddable":true,"href":"https:\/\/congtybinhminh.com\/index.php?rest_route=%2Fwp%2Fv2%2Fproduct_cat&post=8336"},{"taxonomy":"product_tag","embeddable":true,"href":"https:\/\/congtybinhminh.com\/index.php?rest_route=%2Fwp%2Fv2%2Fproduct_tag&post=8336"}],"curies":[{"name":"wp","href":"https:\/\/api.w.org\/{rel}","templated":true}]}}