{"id":8119,"date":"2023-05-09T16:34:44","date_gmt":"2023-05-09T09:34:44","guid":{"rendered":"https:\/\/congtybinhminh.com\/?post_type=product&#038;p=8119"},"modified":"2023-05-09T17:13:14","modified_gmt":"2023-05-09T10:13:14","slug":"may-nghien-12-inox","status":"publish","type":"product","link":"https:\/\/congtybinhminh.com\/?product=may-nghien-12-inox","title":{"rendered":"M\u00e1y nghi\u1ec1n 12 inox"},"content":{"rendered":"<h2>Video ho\u1ea1t \u0111\u1ed9ng<\/h2>\n<h2><span id=\"Gioi_thieu_may_nghien_12_inox\" class=\"ez-toc-section\"><\/span>Gi\u1edbi thi\u1ec7u m\u00e1y nghi\u1ec1n 12 inox<\/h2>\n<p>M\u00e1y nghi\u1ec1n 12 inox \u0111\u01b0\u1ee3c C\u00f4ng ty B\u00ecnh Minh tr\u1ef1c ti\u1ebfp s\u1ea3n xu\u1ea5t ra c\u00f3 t\u00ednh n\u0103ng chuy\u00ean d\u00f9ng nghi\u1ec1n c\u00e1c lo\u1ea1i h\u1ea1t l\u00e0m b\u1ed9t ng\u0169 c\u1ed1c, b\u1ed9t g\u1ea1o\u2026. Th\u00edch h\u1ee3p s\u1eed d\u1ee5ng t\u1ea1i c\u00e1c h\u1ed9 gia \u0111\u00ecnh, c\u01a1 s\u1edf s\u1ea3n xu\u1ea5t ch\u1ebf bi\u1ebfn th\u1ef1c ph\u1ea9m<\/p>\n<p><img loading=\"lazy\" decoding=\"async\" class=\"aligncenter wp-image-8124 size-full\" src=\"https:\/\/congtybinhminh.com\/wp-content\/uploads\/2023\/05\/may-nghien-12-inox-7.webp\" alt=\"\" width=\"800\" height=\"600\" srcset=\"https:\/\/congtybinhminh.com\/wp-content\/uploads\/2023\/05\/may-nghien-12-inox-7.webp 800w, https:\/\/congtybinhminh.com\/wp-content\/uploads\/2023\/05\/may-nghien-12-inox-7-510x383.webp 510w, https:\/\/congtybinhminh.com\/wp-content\/uploads\/2023\/05\/may-nghien-12-inox-7-533x400.webp 533w, https:\/\/congtybinhminh.com\/wp-content\/uploads\/2023\/05\/may-nghien-12-inox-7-768x576.webp 768w\" sizes=\"auto, (max-width: 800px) 100vw, 800px\" \/><\/p>\n<h2><span id=\"May_nghien_12_inox_co_tinh_nang_gi_noi_bat\" class=\"ez-toc-section\"><\/span><span id=\"May_nghien_12_inox_bau_gio_mang_lai_nhung_tinh_nang_gi\" class=\"ez-toc-section\"><\/span>M\u00e1y nghi\u1ec1n 12 inox c\u00f3 t\u00ednh n\u0103ng g\u00ec n\u1ed5i b\u1eadt?<\/h2>\n<p>M\u00e1y \u0111\u01b0\u1ee3c l\u00e0m b\u1eb1ng ch\u1ea5t li\u1ec7u inox t\u0103ng \u0111\u1ed9 b\u1ec1n v\u00e0 \u0111\u1ea3m b\u1ea3o v\u1ec7 s\u1ecbnh an to\u00e0n th\u1ef1c ph\u1ea9m<\/p>\n<p>M\u00e1y nghi\u1ec1n \u0111\u01b0\u1ee3c \u0111a d\u1ea1ng nguy\u00ean li\u1ec7u nh\u01b0 : g\u1ea1o n\u1ebfp, g\u1ea1o t\u1ebb\u2026; nghi\u1ec1n c\u00e1c lo\u1ea1i h\u1ea1t ng\u0169 c\u1ed1c: h\u1ea1t \u0111\u1ed7 \u0111en, \u0111\u1ed7 xanh, \u0111\u1ed7 t\u01b0\u01a1ng, .. l\u00e0m b\u1ed9t ng\u0169 c\u1ed1c<\/p>\n<p><img loading=\"lazy\" decoding=\"async\" class=\"aligncenter wp-image-8131 size-full\" src=\"https:\/\/congtybinhminh.com\/wp-content\/uploads\/2023\/05\/Nguyen-lieu-3.webp\" alt=\"\" width=\"800\" height=\"400\" srcset=\"https:\/\/congtybinhminh.com\/wp-content\/uploads\/2023\/05\/Nguyen-lieu-3.webp 800w, https:\/\/congtybinhminh.com\/wp-content\/uploads\/2023\/05\/Nguyen-lieu-3-510x255.webp 510w, https:\/\/congtybinhminh.com\/wp-content\/uploads\/2023\/05\/Nguyen-lieu-3-768x384.webp 768w\" sizes=\"auto, (max-width: 800px) 100vw, 800px\" \/><\/p>\n<p>Th\u00e0nh ph\u1ea9m sau khi nghi\u1ec1n cho \u0111\u1ed9 m\u1ecbn kh\u00f4ng b\u1ecb l\u1ea9n s\u1ea9n hay v\u00f3n c\u1ee5c<\/p>\n<p>M\u00e1y thi\u1ebft k\u1ebf silo b\u1ea7u h\u00fat gi\u00f3 gi\u00fap h\u1ea1n ch\u1ebf b\u1ee5i b\u1ed9t v\u01b0\u01a1ng ra ngo\u00e0i<\/p>\n<h2><span id=\"Cau_tao_may_nghien_12_inox\" class=\"ez-toc-section\"><\/span><span id=\"Cau_tao_may_nghien_12_inox_lien_bau_gio\" class=\"ez-toc-section\"><\/span>C\u1ea5u t\u1ea1o m\u00e1y nghi\u1ec1n 12 inox<\/h2>\n<h3><span id=\"Khung_may_chac_chan\" class=\"ez-toc-section\"><\/span><span id=\"Khung_may_chac_chan\" class=\"ez-toc-section\"><\/span>Khung m\u00e1y ch\u1eafc ch\u1eafn<\/h3>\n<p>M\u00e1y nghi\u1ec1n 12 inox\u00a0 \u0111\u01b0\u1ee3c thi\u1ebft k\u1ebf hi\u1ec7n \u0111\u1ea1i v\u1edbi ph\u1ea7n khung m\u00e1y \u0111\u01b0\u1ee3c h\u00e0n g\u1eafn ch\u1eafc ch\u1eafn, ch\u00e2n b\u1ec7 c\u00f3 k\u00edch th\u01b0\u1edbc (CD*CC*CR): 85*45*35,5cm, \u0111\u1ea3m b\u1ea3o kh\u00f4ng g\u00e2y rung l\u1eafc trong qu\u00e1 tr\u00ecnh v\u1eadn h\u00e0nh.<\/p>\n<figure id=\"attachment_8125\" aria-describedby=\"caption-attachment-8125\" style=\"width: 800px\" class=\"wp-caption aligncenter\"><img loading=\"lazy\" decoding=\"async\" class=\"wp-image-8125 size-full\" src=\"https:\/\/congtybinhminh.com\/wp-content\/uploads\/2023\/05\/may-nghien-12-inox-2-1.webp\" alt=\"\" width=\"800\" height=\"600\" srcset=\"https:\/\/congtybinhminh.com\/wp-content\/uploads\/2023\/05\/may-nghien-12-inox-2-1.webp 800w, https:\/\/congtybinhminh.com\/wp-content\/uploads\/2023\/05\/may-nghien-12-inox-2-1-510x383.webp 510w, https:\/\/congtybinhminh.com\/wp-content\/uploads\/2023\/05\/may-nghien-12-inox-2-1-533x400.webp 533w, https:\/\/congtybinhminh.com\/wp-content\/uploads\/2023\/05\/may-nghien-12-inox-2-1-768x576.webp 768w\" sizes=\"auto, (max-width: 800px) 100vw, 800px\" \/><figcaption id=\"caption-attachment-8125\" class=\"wp-caption-text\">C\u1ea5u t\u1ea1o m\u00e1y<\/figcaption><\/figure>\n<h3><span id=\"Toa_nap_va_cua_xa\" class=\"ez-toc-section\"><\/span><span id=\"Toa_nap_va_cua_xa\" class=\"ez-toc-section\"><\/span>Toa n\u1ea1p v\u00e0 c\u1eeda x\u1ea3<\/h3>\n<p>M\u00e1ng n\u1ea1p nguy\u00ean li\u1ec7u \u0111\u01b0\u1ee3c thi\u1ebft k\u1ebf to, r\u1ed9ng c\u00f3 th\u1ec3 ch\u1ee9a \u0111\u01b0\u1ee3c nhi\u1ec1u nguy\u00ean li\u1ec7u. H\u01a1n n\u1eefa, ph\u00eda tr\u01b0\u1edbc c\u1ed5 n\u1ea1p c\u00f3 t\u1ea5m ch\u1eafn thu\u1eadn ti\u1ec7n cho ng\u01b0\u1eddi d\u00f9ng c\u00f3 th\u1ec3 \u0111i\u1ec1u ch\u1ec9nh l\u01b0\u1ee3ng nguy\u00ean li\u1ec7u \u0111\u01b0a xu\u1ed1ng bu\u1ed3ng nghi\u1ec1n, tr\u00e1nh l\u00e0m ngh\u1eb9n m\u00e1y trong qu\u00e1 tr\u00ecnh ho\u1ea1t \u0111\u1ed9ng<\/p>\n<p><img loading=\"lazy\" decoding=\"async\" class=\"aligncenter wp-image-8132 size-full\" src=\"https:\/\/congtybinhminh.com\/wp-content\/uploads\/2023\/05\/Toa-nap-bau-hut-gio.webp\" alt=\"\" width=\"800\" height=\"600\" srcset=\"https:\/\/congtybinhminh.com\/wp-content\/uploads\/2023\/05\/Toa-nap-bau-hut-gio.webp 800w, https:\/\/congtybinhminh.com\/wp-content\/uploads\/2023\/05\/Toa-nap-bau-hut-gio-510x383.webp 510w, https:\/\/congtybinhminh.com\/wp-content\/uploads\/2023\/05\/Toa-nap-bau-hut-gio-533x400.webp 533w, https:\/\/congtybinhminh.com\/wp-content\/uploads\/2023\/05\/Toa-nap-bau-hut-gio-768x576.webp 768w\" sizes=\"auto, (max-width: 800px) 100vw, 800px\" \/><\/p>\n<p>Th\u00e0nh ph\u1ea9m sau khi nghi\u1ec1n s\u1ebd qu\u1ea1t gi\u00f3 \u0111\u1ea9y l\u00ean silo b\u1ea7u h\u00fat gi\u00f3 v\u00e0 tho\u00e1t ra ngo\u00e0i<\/p>\n<h3><span id=\"Buong_lam_viec\" class=\"ez-toc-section\"><\/span><span id=\"Buong_lam_viec\" class=\"ez-toc-section\"><\/span>Bu\u1ed3ng l\u00e0m vi\u1ec7c<\/h3>\n<p>B\u00ean trong bu\u1ed3ng l\u00e0m vi\u1ec7c g\u1ed3m 18 b\u00faa \u0111\u1eadp d\u00e0y 3-4 ly v\u00e0 4 \u0111\u0129a xoay c\u00f9ng 6 b\u00faa \u0111\u01b0\u1ee3c h\u00e0n g\u1eafn c\u1ed1 \u0111\u1ecbnh gi\u00fap nghi\u1ec1n nguy\u00ean li\u1ec7u si\u00eau m\u1ecbn. Nguy\u00ean li\u1ec7u sau khi \u0111\u01b0\u1ee3c nghi\u1ec1n \u0111i qua m\u1eb7t s\u00e0ng l\u1eafp trong m\u00e1y, \u0111\u1ed3ng th\u1eddi d\u01b0\u1edbi s\u1ef1 chuy\u1ec3n \u0111\u1ed9ng c\u1ee7a h\u1ec7 th\u1ed1ng b\u00faa t\u1ea1o s\u1ee9c gi\u00f3 th\u1ed5i th\u00e0nh ph\u1ea9m qua \u1ed1ng d\u1eabn sang b\u1ea7u c\u1eaft gi\u00f3 m\u1ed9t c\u00e1ch d\u1ec5 d\u00e0ng<\/p>\n<figure id=\"attachment_8126\" aria-describedby=\"caption-attachment-8126\" style=\"width: 800px\" class=\"wp-caption aligncenter\"><img loading=\"lazy\" decoding=\"async\" class=\"wp-image-8126 size-full\" src=\"https:\/\/congtybinhminh.com\/wp-content\/uploads\/2023\/05\/Buong-nghien.webp\" alt=\"\" width=\"800\" height=\"600\" srcset=\"https:\/\/congtybinhminh.com\/wp-content\/uploads\/2023\/05\/Buong-nghien.webp 800w, https:\/\/congtybinhminh.com\/wp-content\/uploads\/2023\/05\/Buong-nghien-510x383.webp 510w, https:\/\/congtybinhminh.com\/wp-content\/uploads\/2023\/05\/Buong-nghien-533x400.webp 533w, https:\/\/congtybinhminh.com\/wp-content\/uploads\/2023\/05\/Buong-nghien-768x576.webp 768w\" sizes=\"auto, (max-width: 800px) 100vw, 800px\" \/><figcaption id=\"caption-attachment-8126\" class=\"wp-caption-text\">Bu\u1ed3ng nghi\u1ec1n<\/figcaption><\/figure>\n<h3><span id=\"Nang_suat_cao\" class=\"ez-toc-section\"><\/span><span id=\"Nang_suat_cao\" class=\"ez-toc-section\"><\/span>N\u0103ng su\u1ea5t cao<\/h3>\n<p>M\u00e1y s\u1eed d\u1ee5ng \u0111\u1ed9ng c\u01a1 7,5kw \u2013 \u0111i\u1ec7n 3 pha motor l\u00f5i d\u00e2y \u0111\u1ed3ng 100% cho n\u0103ng su\u1ea5t \u0111\u1ea1t kho\u1ea3ng \u2026\u2026. kg\/gi\u1edd<\/p>\n<p>Ngo\u00e0i ra, m\u00e1y c\u00f2n \u0111\u01b0\u1ee3c thi\u1ebft k\u1ebf h\u1ed9p ch\u1eafn b\u1ea3o v\u1ec7 d\u00e2y curoa h\u1ea1n ch\u1ebf b\u1ee5i b\u1ea9n, \u0111\u1ea3m b\u1ea3o an to\u00e0n cho ng\u01b0\u1eddi d\u00f9ng khi s\u1eed d\u1ee5ng<\/p>\n<p>Tuy nhi\u00ean, m\u00e1y kh\u00f4ng nghi\u1ec1n \u0111\u01b0\u1ee3c c\u00e1c h\u1ea1t ch\u1ee9a d\u1ea7u, v\u00ec v\u1edbi c\u00e1c lo\u1ea1i h\u1ea1t ch\u1ee9a d\u1ea7u s\u1ebd l\u00e0m ph\u00e1t sinh nhi\u1ec7t g\u00e2y t\u1eafc s\u00e0ng, v\u00f3n c\u1ee5c. N\u1ebfu nh\u01b0 t\u1ec9 l\u1ec7 tinh d\u1ea7u trong h\u1ed7n h\u1ee3p nguy\u00ean li\u1ec7u trong kho\u1ea3ng 5-7% th\u00ec m\u00e1y v\u1eabn c\u00f3 th\u1ec3 nghi\u1ec1n b\u00ecnh th\u01b0\u1eddng.<\/p>\n<h2><span id=\"Tai_sao_nen_su_dung_may_nghien_12_inox\" class=\"ez-toc-section\"><\/span><span id=\"Nen_su_dung_may_nghien_12_inox_lien_bau_gio_vi\" class=\"ez-toc-section\"><\/span>T\u1ea1i sao n\u00ean s\u1eed d\u1ee5ng m\u00e1y nghi\u1ec1n 12 inox?<\/h2>\n<p>M\u00e1y \u0111\u01b0\u1ee3c l\u00e0m b\u1eb1ng ch\u1ea5t li\u1ec7u inox \u0111\u1ea3m b\u1ea3o kh\u00f4ng b\u1ecb hoen g\u1ec9 trong qu\u00e1 tr\u00ecnh s\u1eed d\u1ee5ng, \u0111\u1ea3m b\u1ea3o an to\u00e0n v\u1ec7 sinh th\u1ef1c ph\u1ea9m.<\/p>\n<p><img loading=\"lazy\" decoding=\"async\" class=\"aligncenter wp-image-8130 size-full\" src=\"https:\/\/congtybinhminh.com\/wp-content\/uploads\/2023\/05\/may-nghien-12-inox-8.webp\" alt=\"\" width=\"800\" height=\"600\" srcset=\"https:\/\/congtybinhminh.com\/wp-content\/uploads\/2023\/05\/may-nghien-12-inox-8.webp 800w, https:\/\/congtybinhminh.com\/wp-content\/uploads\/2023\/05\/may-nghien-12-inox-8-510x383.webp 510w, https:\/\/congtybinhminh.com\/wp-content\/uploads\/2023\/05\/may-nghien-12-inox-8-533x400.webp 533w, https:\/\/congtybinhminh.com\/wp-content\/uploads\/2023\/05\/may-nghien-12-inox-8-768x576.webp 768w\" sizes=\"auto, (max-width: 800px) 100vw, 800px\" \/><\/p>\n<p>Thi\u1ebft k\u1ebf b\u1ea7u c\u1eaft gi\u00f3 g\u00f3p ph\u1ea7n thu gom nguy\u00ean li\u1ec7u d\u1ec5 d\u00e0ng, gi\u1ea3m thi\u1ec3u t\u1ed1i \u0111a b\u1ed9t m\u1ecbn bay ra ngo\u00e0i kh\u00f4ng g\u00e2y hao h\u1ee5t th\u00e0nh ph\u1ea9m<\/p>\n<p>\u0110a d\u1ea1ng k\u00edch c\u1ee1 \u0111\u1ed9 m\u1ecbn th\u00e0nh ph\u1ea9m ( t\u00f9y m\u1eb7t s\u00e0ng s\u1eed d\u1ee5ng) \u0111\u00e1p \u1ee9ng nhu c\u1ea7u ng\u01b0\u1eddi d\u00f9ng.<\/p>\n<h2><span id=\"Thong_so_ky_thuat\" class=\"ez-toc-section\"><\/span>Th\u00f4ng s\u1ed1 k\u1ef9 thu\u1eadt<\/h2>\n<table border=\"1\" cellspacing=\"1\" cellpadding=\"1\">\n<tbody>\n<tr>\n<td>C\u00f4ng su\u1ea5t \u0111\u1ed9ng c\u01a1<\/td>\n<td>7,5 kw<\/td>\n<\/tr>\n<tr>\n<td>Ngu\u1ed3n \u0111i\u1ec7n<\/td>\n<td>220 \u2013 380 ( V)<\/td>\n<\/tr>\n<tr>\n<td>T\u1ed1c \u0111\u1ed9 \u0111\u1ed9ng c\u01a1<\/td>\n<td>2900( v\/p)<\/td>\n<\/tr>\n<tr>\n<td>Nguy\u00ean b\u1ed9<\/td>\n<td>\u00a0 \u00a0 \u00a0 \u00a0 \u00a0 \u00a0 (kg)<\/td>\n<\/tr>\n<tr>\n<td>Kh\u00f4ng \u0111\u1ed9ng c\u01a1<\/td>\n<td>\u00a0 \u00a0 \u00a0 \u00a0 \u00a0 \u00a0 (kg)<\/td>\n<\/tr>\n<tr>\n<td>N\u0103ng su\u1ea5t<\/td>\n<td>\u00a0 \u00a0 \u00a0 \u00a0 \u00a0 \u00a0 kg\/h<\/td>\n<\/tr>\n<tr>\n<td>K\u00edch th\u01b0\u1edbc ( D * C * R )<\/td>\n<td>110*194*85cm<\/td>\n<\/tr>\n<tr>\n<td>B\u1ea3o h\u00e0nh<\/td>\n<td>06 th\u00e1ng<\/td>\n<\/tr>\n<tr>\n<td>H\u00ecnh th\u1ee9c thanh to\u00e1n<\/td>\n<td><em><strong>Ti\u1ec1n m\u1eb7t ho\u1eb7c chuy\u1ec3n kho\u1ea3n<\/strong><\/em><\/td>\n<\/tr>\n<\/tbody>\n<\/table>\n","protected":false},"excerpt":{"rendered":"<ul>\n<li><strong>H\u00e3ng s\u1ea3n xu\u1ea5t :<\/strong>\u00a0B\u00ecnh Minh<\/li>\n<li><strong>C\u00f4ng su\u1ea5t \u0111\u1ed9ng c\u01a1:<\/strong>\u00a07,5kw<\/li>\n<li><strong>T\u1ed1c \u0111\u1ed9:<\/strong>\u00a02900v\/p<\/li>\n<li><strong>Ngu\u1ed3n \u0111i\u1ec7n:<\/strong>\u00a0380V<\/li>\n<li><strong>N\u0103ng su\u1ea5t :<\/strong>\u00a0kg\/gi\u1edd<\/li>\n<li><strong>Tr\u1ecdng l\u01b0\u1ee3ng :<\/strong>\u00a0 kg ( nguy\u00ean b\u1ed9)<\/li>\n<li><strong>K\u00edch th\u01b0\u1edbc (d*c*r):<\/strong>\u00a0110*194*85 cm<\/li>\n<li><strong>T\u00ednh n\u0103ng :<\/strong>\u00a0m\u00e1y chuy\u00ean nghi\u1ec1n c\u00e1c lo\u1ea1i ng\u0169 g\u1ea1o l\u1ee9t, sen, v\u1eebng, h\u1ea1nh nh\u00e2n, macca, \u0111\u1ed7 \u0111en, \u0111\u1ed7 xanh, y\u1ebfn m\u1ea1ch,\u2026th\u00e0nh d\u1ea1ng b\u1ed9t m\u1ecbn<\/li>\n<\/ul>\n","protected":false},"featured_media":8120,"comment_status":"closed","ping_status":"closed","template":"","meta":[],"product_brand":[],"product_cat":[195],"product_tag":[],"class_list":{"0":"post-8119","1":"product","2":"type-product","3":"status-publish","4":"has-post-thumbnail","6":"product_cat-may-nghien-sieu-min","8":"first","9":"instock","10":"shipping-taxable","11":"product-type-simple"},"_links":{"self":[{"href":"https:\/\/congtybinhminh.com\/index.php?rest_route=\/wp\/v2\/product\/8119","targetHints":{"allow":["GET"]}}],"collection":[{"href":"https:\/\/congtybinhminh.com\/index.php?rest_route=\/wp\/v2\/product"}],"about":[{"href":"https:\/\/congtybinhminh.com\/index.php?rest_route=\/wp\/v2\/types\/product"}],"replies":[{"embeddable":true,"href":"https:\/\/congtybinhminh.com\/index.php?rest_route=%2Fwp%2Fv2%2Fcomments&post=8119"}],"wp:featuredmedia":[{"embeddable":true,"href":"https:\/\/congtybinhminh.com\/index.php?rest_route=\/wp\/v2\/media\/8120"}],"wp:attachment":[{"href":"https:\/\/congtybinhminh.com\/index.php?rest_route=%2Fwp%2Fv2%2Fmedia&parent=8119"}],"wp:term":[{"taxonomy":"product_brand","embeddable":true,"href":"https:\/\/congtybinhminh.com\/index.php?rest_route=%2Fwp%2Fv2%2Fproduct_brand&post=8119"},{"taxonomy":"product_cat","embeddable":true,"href":"https:\/\/congtybinhminh.com\/index.php?rest_route=%2Fwp%2Fv2%2Fproduct_cat&post=8119"},{"taxonomy":"product_tag","embeddable":true,"href":"https:\/\/congtybinhminh.com\/index.php?rest_route=%2Fwp%2Fv2%2Fproduct_tag&post=8119"}],"curies":[{"name":"wp","href":"https:\/\/api.w.org\/{rel}","templated":true}]}}