{"id":8065,"date":"2023-05-03T15:20:38","date_gmt":"2023-05-03T08:20:38","guid":{"rendered":"https:\/\/congtybinhminh.com\/?post_type=product&#038;p=8065"},"modified":"2023-06-18T16:12:37","modified_gmt":"2023-06-18T09:12:37","slug":"may-bam-chuoi-cong-nghiep-dau-no","status":"publish","type":"product","link":"https:\/\/congtybinhminh.com\/?product=may-bam-chuoi-cong-nghiep-dau-no","title":{"rendered":"M\u00e1y b\u0103m chu\u1ed1i c\u00f4ng nghi\u1ec7p \u0111\u1ea7u n\u1ed5"},"content":{"rendered":"<h2>Video ho\u1ea1t \u0111\u1ed9ng c\u1ee7a m\u00e1y<\/h2>\n<p><iframe loading=\"lazy\" title=\"C\u00f4ng Ty B\u00ecnh Minh: M\u00e1y B\u0103m Chu\u1ed1i C\u00f4ng Nghi\u1ec7p N\u0103ng Su\u1ea5t 4 T\u1ea5n M\u1ed7i Gi\u1edd B\u0103m\" width=\"1020\" height=\"574\" src=\"https:\/\/www.youtube.com\/embed\/YAW62XY6YtA?feature=oembed\" frameborder=\"0\" allow=\"accelerometer; autoplay; clipboard-write; encrypted-media; gyroscope; picture-in-picture; web-share\" allowfullscreen><\/iframe><\/p>\n<h2>Gi\u1edbi thi\u1ec7u m\u00e1y b\u0103m chu\u1ed1i c\u00f4ng nghi\u1ec7p \u0111\u1ea7u n\u1ed5<\/h2>\n<p>M\u00e1y b\u0103m chu\u1ed1i c\u00f4ng nghi\u1ec7p \u0111\u1ea7u n\u1ed5 l\u00e0 s\u1ea3n ph\u1ea9m \u0111\u01b0\u1ee3c c\u00f4ng ty B\u00ecnh Minh ch\u1ebf t\u1ea1o ra v\u1edbi kh\u1ea3 n\u0103ng b\u0103m th\u00e2n c\u00e2y chu\u1ed1i, g\u00f3p ph\u1ea7n cho n\u0103ng su\u1ea5t cao h\u01a1n, ti\u1ebft ki\u1ec7m t\u1ed1i \u0111a th\u1eddi gian b\u0103m nh\u1ecf nguy\u00ean li\u1ec7u.<\/p>\n<figure id=\"attachment_8072\" aria-describedby=\"caption-attachment-8072\" style=\"width: 800px\" class=\"wp-caption aligncenter\"><img loading=\"lazy\" decoding=\"async\" class=\"wp-image-8072 size-full\" src=\"https:\/\/congtybinhminh.com\/wp-content\/uploads\/2023\/05\/Gioi-thieu-may-bam-chuoi-cong-nghiep-dau-no.webp\" alt=\"\" width=\"800\" height=\"600\" srcset=\"https:\/\/congtybinhminh.com\/wp-content\/uploads\/2023\/05\/Gioi-thieu-may-bam-chuoi-cong-nghiep-dau-no.webp 800w, https:\/\/congtybinhminh.com\/wp-content\/uploads\/2023\/05\/Gioi-thieu-may-bam-chuoi-cong-nghiep-dau-no-510x383.webp 510w, https:\/\/congtybinhminh.com\/wp-content\/uploads\/2023\/05\/Gioi-thieu-may-bam-chuoi-cong-nghiep-dau-no-533x400.webp 533w, https:\/\/congtybinhminh.com\/wp-content\/uploads\/2023\/05\/Gioi-thieu-may-bam-chuoi-cong-nghiep-dau-no-768x576.webp 768w\" sizes=\"auto, (max-width: 800px) 100vw, 800px\" \/><figcaption id=\"caption-attachment-8072\" class=\"wp-caption-text\">M\u00e1y b\u0103m chu\u1ed1i c\u00f4ng nghi\u1ec7p \u0111\u1ea7u n\u1ed5<\/figcaption><\/figure>\n<h2>T\u00ednh n\u0103ng \u01b0u vi\u1ec7t c\u1ee7a m\u00e1y b\u0103m chu\u1ed1i c\u00f4ng nghi\u1ec7p \u0111\u1ea7u n\u1ed5<\/h2>\n<p>M\u00e1y \u0111\u01b0\u1ee3c thi\u1ebft k\u1ebf c\u1ea3i ti\u1ebfn h\u01a1n v\u1edbi vi\u1ec7c l\u1eafp \u0111\u1eb7t \u0111\u1ea7u n\u1ed5 15Hp, thu\u1eadn ti\u1ec7n cho qu\u00e1 tr\u00ecnh di chuy\u1ec3n.<\/p>\n<figure id=\"attachment_8073\" aria-describedby=\"caption-attachment-8073\" style=\"width: 800px\" class=\"wp-caption aligncenter\"><img loading=\"lazy\" decoding=\"async\" class=\"wp-image-8073 size-full\" src=\"https:\/\/congtybinhminh.com\/wp-content\/uploads\/2023\/05\/Dau-no-15Hp.webp\" alt=\"\" width=\"800\" height=\"600\" srcset=\"https:\/\/congtybinhminh.com\/wp-content\/uploads\/2023\/05\/Dau-no-15Hp.webp 800w, https:\/\/congtybinhminh.com\/wp-content\/uploads\/2023\/05\/Dau-no-15Hp-510x383.webp 510w, https:\/\/congtybinhminh.com\/wp-content\/uploads\/2023\/05\/Dau-no-15Hp-533x400.webp 533w, https:\/\/congtybinhminh.com\/wp-content\/uploads\/2023\/05\/Dau-no-15Hp-768x576.webp 768w\" sizes=\"auto, (max-width: 800px) 100vw, 800px\" \/><figcaption id=\"caption-attachment-8073\" class=\"wp-caption-text\">\u0110\u1ea7u n\u1ed5 15Hp<\/figcaption><\/figure>\n<p>B\u00e0 con c\u00f3 th\u1ec3 s\u1eed d\u1ee5ng m\u00e1y \u1edf m\u1ecdi n\u01a1i m\u00e0 kh\u00f4ng c\u1ea7n d\u00f9ng \u0111\u1ebfn ngu\u1ed3n \u0111i\u1ec7n<\/p>\n<p>T\u1ed1c \u0111\u1ed9 b\u0103m m\u1ed9t th\u00e2n c\u00e2y chu\u1ed1i \u0111\u01b0\u1eddng k\u00ednh 20cm trong th\u1eddi gian 20 gi\u00e2y si\u00eau nhanh, t\u1ea1o ngu\u1ed3n th\u1ee9c \u0103n xanh cho v\u1eadt nu\u00f4i m\u1ed9t c\u00e1ch nhanh ch\u00f3ng.<\/p>\n<p><img loading=\"lazy\" decoding=\"async\" class=\"aligncenter wp-image-8080 size-full\" src=\"https:\/\/congtybinhminh.com\/wp-content\/uploads\/2023\/05\/may-bam-chuoi-cong-nghiep-dau-no-6.webp\" alt=\"\" width=\"800\" height=\"600\" srcset=\"https:\/\/congtybinhminh.com\/wp-content\/uploads\/2023\/05\/may-bam-chuoi-cong-nghiep-dau-no-6.webp 800w, https:\/\/congtybinhminh.com\/wp-content\/uploads\/2023\/05\/may-bam-chuoi-cong-nghiep-dau-no-6-510x383.webp 510w, https:\/\/congtybinhminh.com\/wp-content\/uploads\/2023\/05\/may-bam-chuoi-cong-nghiep-dau-no-6-533x400.webp 533w, https:\/\/congtybinhminh.com\/wp-content\/uploads\/2023\/05\/may-bam-chuoi-cong-nghiep-dau-no-6-768x576.webp 768w\" sizes=\"auto, (max-width: 800px) 100vw, 800px\" \/><\/p>\n<h2><span id=\"Cau_tao_may_bam_chuoi_cong_nghiep_Binh_Quan_Group\" class=\"ez-toc-section\"><\/span>C\u1ea5u t\u1ea1o m\u00e1y b\u0103m chu\u1ed1i c\u00f4ng nghi\u1ec7p \u0111\u1ea7u n\u1ed5<\/h2>\n<h3><span id=\"Khung_may_chac_chan\" class=\"ez-toc-section\"><\/span>Khung m\u00e1y ch\u1eafc ch\u1eafn<\/h3>\n<p>M\u00e1y \u0111\u01b0\u1ee3c thi\u1ebft k\u1ebf hi\u1ec7n \u0111\u1ea1i, ph\u1ea7n khung m\u00e1y \u0111\u01b0\u1ee3c h\u00e0n g\u1eafn ch\u1eafc ch\u1eafn kh\u00f4ng g\u00e2y rung l\u1eafc trong qu\u00e1 tr\u00ecnh b\u0103m. L\u1eafp \u0111\u1eb7t b\u00e1nh xe r\u1ea5t thu\u1eadn ti\u1ec7n cho qu\u00e1 tr\u00ecnh di chuy\u1ec3n m\u00e1y.<\/p>\n<p><img loading=\"lazy\" decoding=\"async\" class=\"aligncenter wp-image-8068 size-full\" src=\"https:\/\/congtybinhminh.com\/wp-content\/uploads\/2023\/05\/Cau-tao-may-bam-chuoi-cong-nghiep-dau-no.webp\" alt=\"\" width=\"800\" height=\"600\" srcset=\"https:\/\/congtybinhminh.com\/wp-content\/uploads\/2023\/05\/Cau-tao-may-bam-chuoi-cong-nghiep-dau-no.webp 800w, https:\/\/congtybinhminh.com\/wp-content\/uploads\/2023\/05\/Cau-tao-may-bam-chuoi-cong-nghiep-dau-no-510x383.webp 510w, https:\/\/congtybinhminh.com\/wp-content\/uploads\/2023\/05\/Cau-tao-may-bam-chuoi-cong-nghiep-dau-no-533x400.webp 533w, https:\/\/congtybinhminh.com\/wp-content\/uploads\/2023\/05\/Cau-tao-may-bam-chuoi-cong-nghiep-dau-no-768x576.webp 768w\" sizes=\"auto, (max-width: 800px) 100vw, 800px\" \/><\/p>\n<h3><span id=\"Toa_nap_va_cua_xa\" class=\"ez-toc-section\"><\/span>Toa n\u1ea1p v\u00e0 c\u1eeda x\u1ea3<\/h3>\n<p>Toa n\u1ea1p \u0111\u01b0\u1ee3c thi\u1ebft k\u1ebf mi\u1ec7ng tr\u00f2n, to r\u1ed9ng c\u00f3 \u0111\u01b0\u1eddng k\u00ednh 33cm. T\u1ea1i \u0111\u00e2y, khi nguy\u00ean li\u1ec7u \u0111\u00e3 \u0111\u01b0\u1ee3c v\u1eadn chuy\u1ec3n v\u00e0o toa n\u1ea1p nguy\u00ean li\u1ec7u. Nguy\u00ean li\u1ec7u s\u1ebd \u0111i v\u00e0o trong bu\u1ed3ng l\u00e0m vi\u1ec7c c\u1ee7a m\u00e1y \u0111\u1ec3 c\u00f3 th\u1ec3 b\u0103m nhuy\u1ec5n nguy\u00ean li\u1ec7u.<\/p>\n<figure id=\"attachment_8074\" aria-describedby=\"caption-attachment-8074\" style=\"width: 800px\" class=\"wp-caption aligncenter\"><img loading=\"lazy\" decoding=\"async\" class=\"wp-image-8074 size-full\" src=\"https:\/\/congtybinhminh.com\/wp-content\/uploads\/2023\/05\/Toa-nap-nguyen-lieu-2.webp\" alt=\"\" width=\"800\" height=\"600\" srcset=\"https:\/\/congtybinhminh.com\/wp-content\/uploads\/2023\/05\/Toa-nap-nguyen-lieu-2.webp 800w, https:\/\/congtybinhminh.com\/wp-content\/uploads\/2023\/05\/Toa-nap-nguyen-lieu-2-510x383.webp 510w, https:\/\/congtybinhminh.com\/wp-content\/uploads\/2023\/05\/Toa-nap-nguyen-lieu-2-533x400.webp 533w, https:\/\/congtybinhminh.com\/wp-content\/uploads\/2023\/05\/Toa-nap-nguyen-lieu-2-768x576.webp 768w\" sizes=\"auto, (max-width: 800px) 100vw, 800px\" \/><figcaption id=\"caption-attachment-8074\" class=\"wp-caption-text\">Toa n\u1ea1p nguy\u00ean li\u1ec7u<\/figcaption><\/figure>\n<p>M\u00e1y \u0111\u01b0\u1ee3c thi\u1ebft k\u1ebf h\u1ec7 th\u1ed1ng b\u0103ng chuy\u1ec1n t\u1ea3i c\u1ee7 l\u0103n h\u1ed7 tr\u1ee3 ng\u01b0\u1eddi s\u1eed d\u1ee5ng v\u1eadn chuy\u1ec3n \u0111\u01b0a nguy\u00ean li\u1ec7u c\u1ea7n b\u0103m nh\u1ecf, nhuy\u1ec5n v\u00e0o bu\u1ed3ng l\u00e0m vi\u1ec7c m\u1ed9t c\u00e1ch nhanh ch\u00f3ng m\u00e0 kh\u00f4ng m\u1ea5t nhi\u1ec1u th\u1eddi gian v\u00e0 c\u00f4ng s\u1ee9c. K\u00edch th\u01b0\u1edbc h\u1ec7 th\u1ed1ng b\u0103ng chuy\u1ec1n t\u1ea3i c\u1ee7 l\u0103n: CD 166cm*CR 39cm.<\/p>\n<figure id=\"attachment_8079\" aria-describedby=\"caption-attachment-8079\" style=\"width: 800px\" class=\"wp-caption aligncenter\"><img loading=\"lazy\" decoding=\"async\" class=\"wp-image-8079 size-full\" src=\"https:\/\/congtybinhminh.com\/wp-content\/uploads\/2023\/05\/Bang-truyen-tai-nguyen-lieu.webp\" alt=\"\" width=\"800\" height=\"600\" srcset=\"https:\/\/congtybinhminh.com\/wp-content\/uploads\/2023\/05\/Bang-truyen-tai-nguyen-lieu.webp 800w, https:\/\/congtybinhminh.com\/wp-content\/uploads\/2023\/05\/Bang-truyen-tai-nguyen-lieu-510x383.webp 510w, https:\/\/congtybinhminh.com\/wp-content\/uploads\/2023\/05\/Bang-truyen-tai-nguyen-lieu-533x400.webp 533w, https:\/\/congtybinhminh.com\/wp-content\/uploads\/2023\/05\/Bang-truyen-tai-nguyen-lieu-768x576.webp 768w\" sizes=\"auto, (max-width: 800px) 100vw, 800px\" \/><figcaption id=\"caption-attachment-8079\" class=\"wp-caption-text\">B\u0103ng truy\u1ec1n t\u1ea3i nguy\u00ean li\u1ec7u<\/figcaption><\/figure>\n<p>H\u1ec7 th\u1ed1ng b\u0103ng chuy\u1ec1n t\u1ea3i bao g\u1ed3m 10 qu\u1ea3 l\u00f4 l\u0103n, g\u00f3p ph\u1ea7n thu\u1eadn ti\u1ec7n cho ng\u01b0\u1eddi d\u00f9ng khi \u0111\u01b0a nguy\u00ean li\u1ec7u v\u00e0o bu\u1ed3ng b\u0103m.<\/p>\n<p>Th\u00e0nh ph\u1ea9m sau khi b\u0103m s\u1ebd \u0111\u01b0\u1ee3c \u0111\u1ea9y ra ngo\u00e0i c\u1eeda x\u1ea3. Ph\u1ea7n c\u1eeda x\u1ea3 c\u1ee7a m\u00e1y c\u00f3 n\u1eafp ch\u1eafn \u0111i\u1ec1u ch\u1ec9nh linh ho\u1ea1t:<\/p>\n<figure id=\"attachment_8078\" aria-describedby=\"caption-attachment-8078\" style=\"width: 800px\" class=\"wp-caption aligncenter\"><img loading=\"lazy\" decoding=\"async\" class=\"wp-image-8078 size-full\" src=\"https:\/\/congtybinhminh.com\/wp-content\/uploads\/2023\/05\/Cua-xa-thanh-pham-1.webp\" alt=\"\" width=\"800\" height=\"600\" srcset=\"https:\/\/congtybinhminh.com\/wp-content\/uploads\/2023\/05\/Cua-xa-thanh-pham-1.webp 800w, https:\/\/congtybinhminh.com\/wp-content\/uploads\/2023\/05\/Cua-xa-thanh-pham-1-510x383.webp 510w, https:\/\/congtybinhminh.com\/wp-content\/uploads\/2023\/05\/Cua-xa-thanh-pham-1-533x400.webp 533w, https:\/\/congtybinhminh.com\/wp-content\/uploads\/2023\/05\/Cua-xa-thanh-pham-1-768x576.webp 768w\" sizes=\"auto, (max-width: 800px) 100vw, 800px\" \/><figcaption id=\"caption-attachment-8078\" class=\"wp-caption-text\">C\u1eeda x\u1ea3 th\u00e0nh ph\u1ea9m<\/figcaption><\/figure>\n<ul>\n<li>G\u1eadp t\u1ea5m ch\u1eafn n\u1ebfu mu\u1ed1n th\u00e0nh ph\u1ea9m phun g\u1ea7n<\/li>\n<li>N\u00e2ng t\u1ea5m ch\u1eafn n\u1ebfu mu\u1ed1n th\u00e0nh ph\u1ea9m phun xa<\/li>\n<\/ul>\n<h3>H\u1ec7 th\u1ed1ng bu\u1ed3ng dao b\u0103m<\/h3>\n<p>B\u00ean trong bu\u1ed3ng l\u00e0m vi\u1ec7c bao g\u1ed3m 4 dao to d\u00e0y 4 ly s\u1eafc b\u00e9n, 20 b\u00faa \u0111\u1ed9ng v\u00e0 8 b\u00faa \u0111\u01b0\u1ee3c h\u00e0n g\u1eafn c\u1ed1 \u0111\u1ecbnh c\u00f9ng h\u1ec7 th\u1ed1ng 4 b\u00e1nh \u0111\u00e0 d\u00e0y 3-7ly\u00a0 ho\u1ea1t \u0111\u1ed9ng hi\u1ec7u qu\u1ea3 gi\u00fap b\u0103m nh\u1ecf nguy\u00ean li\u1ec7u m\u1ed9t c\u00e1ch nhanh ch\u00f3ng.<\/p>\n<figure id=\"attachment_8075\" aria-describedby=\"caption-attachment-8075\" style=\"width: 800px\" class=\"wp-caption aligncenter\"><img loading=\"lazy\" decoding=\"async\" class=\"wp-image-8075 size-full\" src=\"https:\/\/congtybinhminh.com\/wp-content\/uploads\/2023\/05\/Buong-dao-bam-1.webp\" alt=\"\" width=\"800\" height=\"600\" srcset=\"https:\/\/congtybinhminh.com\/wp-content\/uploads\/2023\/05\/Buong-dao-bam-1.webp 800w, https:\/\/congtybinhminh.com\/wp-content\/uploads\/2023\/05\/Buong-dao-bam-1-510x383.webp 510w, https:\/\/congtybinhminh.com\/wp-content\/uploads\/2023\/05\/Buong-dao-bam-1-533x400.webp 533w, https:\/\/congtybinhminh.com\/wp-content\/uploads\/2023\/05\/Buong-dao-bam-1-768x576.webp 768w\" sizes=\"auto, (max-width: 800px) 100vw, 800px\" \/><figcaption id=\"caption-attachment-8075\" class=\"wp-caption-text\">Bu\u1ed3ng dao b\u0103m<\/figcaption><\/figure>\n<h2><span id=\"Nhung_loi_ich_khi_su_dung_may_bam_chuoi_cong_nghiep\" class=\"ez-toc-section\"><\/span>\u01afu \u0111i\u1ec3m c\u1ee7a m\u00e1y b\u0103m chu\u1ed1i c\u00f4ng nghi\u1ec7p \u0111\u1ea7u n\u1ed5<\/h2>\n<p>Ti\u1ebft ki\u1ec7m th\u1eddi gian v\u00e0 c\u00f4ng s\u1ee9c m\u00e0 v\u1eabn \u0111\u1ea3m b\u1ea3o n\u0103ng su\u1ea5t<\/p>\n<p>M\u00e1y s\u1eed d\u1ee5ng \u0111\u1ea7u n\u1ed5 15Hp, cho n\u0103ng su\u1ea5t l\u00ean \u0111\u1ebfn h\u00e0ng t\u1ea5n m\u1ed7i gi\u1edd<\/p>\n<p><img loading=\"lazy\" decoding=\"async\" class=\"aligncenter wp-image-8076 size-full\" src=\"https:\/\/congtybinhminh.com\/wp-content\/uploads\/2023\/05\/may-bam-chuoi-cong-nghiep-dau-no-5.webp\" alt=\"\" width=\"800\" height=\"600\" srcset=\"https:\/\/congtybinhminh.com\/wp-content\/uploads\/2023\/05\/may-bam-chuoi-cong-nghiep-dau-no-5.webp 800w, https:\/\/congtybinhminh.com\/wp-content\/uploads\/2023\/05\/may-bam-chuoi-cong-nghiep-dau-no-5-510x383.webp 510w, https:\/\/congtybinhminh.com\/wp-content\/uploads\/2023\/05\/may-bam-chuoi-cong-nghiep-dau-no-5-533x400.webp 533w, https:\/\/congtybinhminh.com\/wp-content\/uploads\/2023\/05\/may-bam-chuoi-cong-nghiep-dau-no-5-768x576.webp 768w\" sizes=\"auto, (max-width: 800px) 100vw, 800px\" \/><\/p>\n<p>Th\u00e0nh ph\u1ea9m sau khi b\u0103m c\u00f3 th\u1ec3 cho v\u1eadt nu\u00f4i d\u00f9ng ngay ho\u1eb7c tr\u1ed9n b\u1ed9t c\u00e1m cho v\u00e0o m\u00e1y \u00e9p c\u00e1m vi\u00ean d\u00f9ng d\u1ea7n<\/p>\n<figure id=\"attachment_8077\" aria-describedby=\"caption-attachment-8077\" style=\"width: 800px\" class=\"wp-caption aligncenter\"><img loading=\"lazy\" decoding=\"async\" class=\"wp-image-8077 size-full\" src=\"https:\/\/congtybinhminh.com\/wp-content\/uploads\/2023\/05\/Thanh-pham-1.webp\" alt=\"\" width=\"800\" height=\"400\" srcset=\"https:\/\/congtybinhminh.com\/wp-content\/uploads\/2023\/05\/Thanh-pham-1.webp 800w, https:\/\/congtybinhminh.com\/wp-content\/uploads\/2023\/05\/Thanh-pham-1-510x255.webp 510w, https:\/\/congtybinhminh.com\/wp-content\/uploads\/2023\/05\/Thanh-pham-1-768x384.webp 768w\" sizes=\"auto, (max-width: 800px) 100vw, 800px\" \/><figcaption id=\"caption-attachment-8077\" class=\"wp-caption-text\">Th\u00e0nh ph\u1ea9m sau khi b\u0103m<\/figcaption><\/figure>\n<p>Thi\u1ebft k\u1ebf l\u1edbn th\u00edch h\u1ee3p s\u1eed d\u1ee5ng t\u1ea1i c\u00e1c h\u1ed9 gia \u0111\u00ecnh, trang tr\u1ea1i ch\u0103n nu\u00f4i quy m\u00f4 v\u1eeba v\u00e0 l\u1edbn<\/p>\n<p>M\u00e1y b\u0103m \u0111\u01b0\u1ee3c c\u1ea3 th\u00e2n c\u00e2y chu\u1ed1i c\u00f3 \u0111\u01b0\u1eddng k\u00ednh 30cm tr\u1edf l\u1ea1i. C\u00f2n \u0111\u1ed1i v\u1edbi c\u00e2y chu\u1ed1i c\u00f3 \u0111\u01b0\u1eddng k\u00ednh l\u1edbn h\u01a1n ng\u01b0\u1eddi d\u00f9ng c\u00f3 th\u1ec3 b\u00f3c b\u1edbt b\u1eb9 ho\u1eb7c ch\u1ebb v\u1eeba mi\u1ec7ng toa n\u1ea1p.<\/p>\n<h2>Th\u00f4ng s\u1ed1 k\u1ef9 thu\u1eadt<\/h2>\n<table style=\"font-weight: 400\">\n<tbody style=\"font-weight: inherit\">\n<tr style=\"font-weight: inherit\">\n<td rowspan=\"3\" width=\"274\">\n<p style=\"font-weight: inherit\"><span style=\"font-weight: inherit\">\u0110\u1ed9ng c\u01a1<\/span><\/p>\n<\/td>\n<td width=\"214\">\n<p style=\"font-weight: inherit\"><span style=\"font-weight: inherit\">C\u00f4ng su\u1ea5t \u0111\u1ea7u n\u1ed5\u00a0<\/span><\/p>\n<\/td>\n<td width=\"213\">\n<p style=\"font-weight: inherit\"><span style=\"font-weight: inherit\">15Hp<\/span><\/p>\n<\/td>\n<\/tr>\n<tr style=\"font-weight: inherit\">\n<td width=\"214\">\n<p style=\"font-weight: inherit\"><span style=\"font-weight: inherit\">Ngu\u1ed3n \u0111i\u1ec7n<\/span><\/p>\n<\/td>\n<td width=\"213\">\n<p style=\"font-weight: inherit\"><span style=\"font-weight: inherit\">\u00a0 V<\/span><\/p>\n<\/td>\n<\/tr>\n<tr style=\"font-weight: inherit\">\n<td width=\"214\">\n<p style=\"font-weight: inherit\"><span style=\"font-weight: inherit\">T\u1ed1c \u0111\u1ed9<\/span><\/p>\n<\/td>\n<td width=\"213\">\n<p style=\"font-weight: inherit\"><span style=\"font-weight: inherit\">\u00a0 ( v\/p)<\/span><\/p>\n<\/td>\n<\/tr>\n<tr style=\"font-weight: inherit\">\n<td rowspan=\"2\" width=\"274\">\n<p style=\"font-weight: inherit\"><span style=\"font-weight: inherit\">Tr\u1ecdng l\u01b0\u1ee3ng m\u00e1y<\/span><\/p>\n<\/td>\n<td width=\"214\">\n<p style=\"font-weight: inherit\"><span style=\"font-weight: inherit\">Nguy\u00ean b\u1ed9<\/span><\/p>\n<\/td>\n<td width=\"213\">\n<p style=\"font-weight: inherit\"><span style=\"font-weight: inherit\">( kg)<\/span><\/p>\n<\/td>\n<\/tr>\n<tr style=\"font-weight: inherit\">\n<td width=\"214\">\n<p style=\"font-weight: inherit\"><span style=\"font-weight: inherit\">Kh\u00f4ng \u0111\u1ed9ng c\u01a1<\/span><\/p>\n<\/td>\n<td width=\"213\">\n<p style=\"font-weight: inherit\"><span style=\"font-weight: inherit\">( kg)<\/span><\/p>\n<\/td>\n<\/tr>\n<tr style=\"font-weight: inherit\">\n<td rowspan=\"2\" width=\"274\">\n<p style=\"font-weight: inherit\"><span style=\"font-weight: inherit\">B\u1ea3o h\u00e0nh<\/span><\/p>\n<\/td>\n<td width=\"214\">\n<p style=\"font-weight: inherit\"><span style=\"font-weight: inherit\">K\u1ef9 thu\u1eadt<\/span><\/p>\n<\/td>\n<td width=\"213\">\n<p style=\"font-weight: inherit\"><span style=\"font-weight: inherit\">06 th\u00e1ng<\/span><\/p>\n<\/td>\n<\/tr>\n<tr style=\"font-weight: inherit\">\n<td width=\"214\">\n<p style=\"font-weight: inherit\"><span style=\"font-weight: inherit\">\u0110\u1ed9ng c\u01a1<\/span><\/p>\n<\/td>\n<td width=\"213\">\n<p style=\"font-weight: inherit\"><span style=\"font-weight: inherit\">Theo t\u1eebng h\u00e3ng s\u1ea3n xu\u1ea5t<\/span><\/p>\n<\/td>\n<\/tr>\n<tr style=\"font-weight: inherit\">\n<td width=\"274\">\n<p style=\"font-weight: inherit\"><span style=\"font-weight: inherit\">N\u0103ng su\u1ea5t<\/span><\/p>\n<\/td>\n<td colspan=\"2\" width=\"427\">\n<p style=\"font-weight: inherit\"><span style=\"font-weight: inherit\">\u00a0 \u00a0 kg\/h<\/span><\/p>\n<\/td>\n<\/tr>\n<tr style=\"font-weight: inherit\">\n<td width=\"274\">\n<p style=\"font-weight: inherit\"><span style=\"font-weight: inherit\">K\u00edch th\u01b0\u1edbc ( D * C * R )<\/span><\/p>\n<\/td>\n<td colspan=\"2\" width=\"427\">\n<p style=\"font-weight: inherit\"><span style=\"font-weight: inherit\">230*127*188cm<\/span><\/p>\n<\/td>\n<\/tr>\n<tr style=\"font-weight: inherit\">\n<td width=\"274\">\n<p style=\"font-weight: inherit\"><span style=\"font-weight: inherit\">H\u00ecnh th\u1ee9c thanh to\u00e1n<\/span><\/p>\n<\/td>\n<td colspan=\"2\" width=\"427\">\n<p style=\"font-weight: inherit\"><span style=\"font-weight: inherit\"><b><strong>Ti\u1ec1n m\u1eb7t ho\u1eb7c chuy\u1ec3n kho\u1ea3n<\/strong><\/b><\/span><\/p>\n<\/td>\n<\/tr>\n<\/tbody>\n<\/table>\n","protected":false},"excerpt":{"rendered":"<ul>\n<li><strong>H\u00e3ng s\u1ea3n xu\u1ea5t :<\/strong> B\u00ecnh Minh<\/li>\n<li><strong>\u0110\u1ea7u n\u1ed5: <\/strong>15Hp<\/li>\n<li><strong>N\u0103ng su\u1ea5t :<\/strong><\/li>\n<li><strong>K\u00edch th\u01b0\u1edbc (d*c*r):<\/strong> 230*127*188cm<\/li>\n<li><strong>T\u00ednh n\u0103ng :<\/strong>\u00a0M\u00e1y chuy\u00ean d\u00f9ng b\u0103m nh\u1ecf c\u00e2y chu\u1ed1i.. l\u00e0m th\u1ee9c \u0103n cho v\u1eadt nu\u00f4i s\u1ed1 l\u01b0\u1ee3ng l\u1edbn, th\u00edch h\u1ee3p d\u00f9ng t\u1ea1i c\u00e1c h\u1ed9 ch\u0103n nu\u00f4i, trang tr\u1ea1i..<\/li>\n<\/ul>\n","protected":false},"featured_media":8066,"comment_status":"closed","ping_status":"closed","template":"","meta":[],"product_brand":[],"product_cat":[33],"product_tag":[115,34,201,200],"class_list":{"0":"post-8065","1":"product","2":"type-product","3":"status-publish","4":"has-post-thumbnail","6":"product_cat-may-bam-chuoi-da-nang","7":"product_tag-may-bam-chuoi-binh-minh","8":"product_tag-may-bam-chuoi-cong-nghiep","9":"product_tag-may-bam-chuoi-cong-nghiep-dau-no","10":"product_tag-may-bam-chuoi-da-nang","12":"first","13":"instock","14":"shipping-taxable","15":"product-type-simple"},"_links":{"self":[{"href":"https:\/\/congtybinhminh.com\/index.php?rest_route=\/wp\/v2\/product\/8065","targetHints":{"allow":["GET"]}}],"collection":[{"href":"https:\/\/congtybinhminh.com\/index.php?rest_route=\/wp\/v2\/product"}],"about":[{"href":"https:\/\/congtybinhminh.com\/index.php?rest_route=\/wp\/v2\/types\/product"}],"replies":[{"embeddable":true,"href":"https:\/\/congtybinhminh.com\/index.php?rest_route=%2Fwp%2Fv2%2Fcomments&post=8065"}],"wp:featuredmedia":[{"embeddable":true,"href":"https:\/\/congtybinhminh.com\/index.php?rest_route=\/wp\/v2\/media\/8066"}],"wp:attachment":[{"href":"https:\/\/congtybinhminh.com\/index.php?rest_route=%2Fwp%2Fv2%2Fmedia&parent=8065"}],"wp:term":[{"taxonomy":"product_brand","embeddable":true,"href":"https:\/\/congtybinhminh.com\/index.php?rest_route=%2Fwp%2Fv2%2Fproduct_brand&post=8065"},{"taxonomy":"product_cat","embeddable":true,"href":"https:\/\/congtybinhminh.com\/index.php?rest_route=%2Fwp%2Fv2%2Fproduct_cat&post=8065"},{"taxonomy":"product_tag","embeddable":true,"href":"https:\/\/congtybinhminh.com\/index.php?rest_route=%2Fwp%2Fv2%2Fproduct_tag&post=8065"}],"curies":[{"name":"wp","href":"https:\/\/api.w.org\/{rel}","templated":true}]}}