{"id":7980,"date":"2023-04-25T10:15:48","date_gmt":"2023-04-25T03:15:48","guid":{"rendered":"https:\/\/congtybinhminh.com\/?post_type=product&#038;p=7980"},"modified":"2023-06-18T16:16:39","modified_gmt":"2023-06-18T09:16:39","slug":"may-rang-hat-da-nang-r40","status":"publish","type":"product","link":"https:\/\/congtybinhminh.com\/?product=may-rang-hat-da-nang-r40","title":{"rendered":"M\u00e1y rang h\u1ea1t \u0111a n\u0103ng R40"},"content":{"rendered":"<h2>Video th\u1ef1c t\u1ebf<\/h2>\n<p><iframe loading=\"lazy\" title=\"M\u00e1y Rang L\u1ea1c \u0110\u1eadu H\u1ea1t R\u1ebb V\u00e0 Nhi\u1ec1u Lo\u1ea1i H\u1ea1t Kh\u00e1c D\u00f9ng Sao?\" width=\"1020\" height=\"574\" src=\"https:\/\/www.youtube.com\/embed\/0syfvTbSeP0?feature=oembed\" frameborder=\"0\" allow=\"accelerometer; autoplay; clipboard-write; encrypted-media; gyroscope; picture-in-picture; web-share\" allowfullscreen><\/iframe><\/p>\n<h2>Gi\u1edbi thi\u1ec7u m\u00e1y rang h\u1ea1t \u0111a n\u0103ng R40<\/h2>\n<p>M\u00e1y rang \u0111a n\u0103ng R40 l\u00e0 s\u1ea3n ph\u1ea9m do c\u00f4ng ty B\u00ecnh Minh tr\u1ef1c ti\u1ebfp ch\u1ebf t\u1ea1o v\u00e0 s\u1ea3n xu\u1ea5t ra. m\u00e1y \u0111\u01b0\u1ee3c c\u1ea3i ti\u1ebfn hi\u1ec7n \u0111\u1ea1i, c\u00f3 th\u1ec3 rang \u0111\u01b0\u1ee3c c\u00e1c lo\u1ea1i nguy\u00ean li\u1ec7u nh\u01b0: h\u1ea1t ng\u0169 c\u1ed1c, macca, sachi, \u0111\u1ed7 t\u01b0\u01a1ng, l\u1ea1c&#8230;v\u00e0 nhi\u1ec1u lo\u1ea1i nguy\u00ean li\u1ec7u kh\u00e1c.<\/p>\n<p><img loading=\"lazy\" decoding=\"async\" class=\"aligncenter wp-image-8172 size-full\" src=\"https:\/\/congtybinhminh.com\/wp-content\/uploads\/2023\/04\/may-rang-da-nang-r40-10.webp\" alt=\"\" width=\"800\" height=\"600\" srcset=\"https:\/\/congtybinhminh.com\/wp-content\/uploads\/2023\/04\/may-rang-da-nang-r40-10.webp 800w, https:\/\/congtybinhminh.com\/wp-content\/uploads\/2023\/04\/may-rang-da-nang-r40-10-510x383.webp 510w, https:\/\/congtybinhminh.com\/wp-content\/uploads\/2023\/04\/may-rang-da-nang-r40-10-533x400.webp 533w, https:\/\/congtybinhminh.com\/wp-content\/uploads\/2023\/04\/may-rang-da-nang-r40-10-768x576.webp 768w\" sizes=\"auto, (max-width: 800px) 100vw, 800px\" \/><\/p>\n<h2>C\u1ea5u t\u1ea1o c\u1ee7a m\u00e1y rang \u0111a n\u0103ng R40<\/h2>\n<p>Toa ch\u1ee9a nguy\u00ean li\u1ec7u \u0111\u01b0\u1ee3c thi\u1ebft k\u1ebf d\u1ea1ng h\u00ecnh ph\u1ec5u gi\u00fap cho nguy\u00ean li\u1ec7u \u0111\u01b0a v\u00e0o khoang m\u1ed9t c\u00e1ch d\u1ec5 d\u00e0ng v\u00e0 ti\u1ec7n l\u1ee3i.<\/p>\n<p>L\u1ed3ng rang \u0111\u01b0\u1ee3c trang b\u1ecb th\u00eam 3 c\u00e1nh \u0111\u1ea3o ch\u1ea1y d\u1ecdc trong bu\u1ed3ng rang c\u00f3 nhi\u1ec7m v\u1ee5 \u0111\u1ea3o \u0111\u1ec1u nguy\u00ean li\u1ec7u, gi\u00fap nguy\u00ean li\u1ec7u ch\u00edn \u0111\u1ec1u, v\u00e0ng \u0111\u1eb9p, \u0111\u1ec1u m\u00e0u v\u00e0 kh\u00f4ng b\u1ecb ch\u00e1y xem.<\/p>\n<p><img loading=\"lazy\" decoding=\"async\" class=\"aligncenter wp-image-7986 size-full\" src=\"https:\/\/congtybinhminh.com\/wp-content\/uploads\/2023\/04\/Long-rang-may-R40.webp\" alt=\"\" width=\"800\" height=\"600\" srcset=\"https:\/\/congtybinhminh.com\/wp-content\/uploads\/2023\/04\/Long-rang-may-R40.webp 800w, https:\/\/congtybinhminh.com\/wp-content\/uploads\/2023\/04\/Long-rang-may-R40-510x383.webp 510w, https:\/\/congtybinhminh.com\/wp-content\/uploads\/2023\/04\/Long-rang-may-R40-533x400.webp 533w, https:\/\/congtybinhminh.com\/wp-content\/uploads\/2023\/04\/Long-rang-may-R40-768x576.webp 768w\" sizes=\"auto, (max-width: 800px) 100vw, 800px\" \/><\/p>\n<p>L\u1ed3ng rang r\u1ed9ng r\u00e3i c\u00f3 th\u1ec3 ch\u1ee9a \u0111\u1ef1ng \u0111\u01b0\u1ee3c 30 \u2013 35kg trong m\u1ed9t m\u1ebb rang (t\u00f9y thu\u1ed9c v\u00e0o t\u1eebng nguy\u00ean li\u1ec7u)<\/p>\n<p>Th\u00e0nh ph\u1ea9m sau khi rang ch\u00edn \u0111\u1ec1u \u0111\u01b0\u1ee3c \u0111\u01b0a ra ngo\u00e0i c\u1eeda x\u1ea3<\/p>\n<p><img loading=\"lazy\" decoding=\"async\" class=\"aligncenter wp-image-7987 size-full\" src=\"https:\/\/congtybinhminh.com\/wp-content\/uploads\/2023\/04\/Cua-xa-thanh-pham-7.webp\" alt=\"\" width=\"800\" height=\"600\" srcset=\"https:\/\/congtybinhminh.com\/wp-content\/uploads\/2023\/04\/Cua-xa-thanh-pham-7.webp 800w, https:\/\/congtybinhminh.com\/wp-content\/uploads\/2023\/04\/Cua-xa-thanh-pham-7-510x383.webp 510w, https:\/\/congtybinhminh.com\/wp-content\/uploads\/2023\/04\/Cua-xa-thanh-pham-7-533x400.webp 533w, https:\/\/congtybinhminh.com\/wp-content\/uploads\/2023\/04\/Cua-xa-thanh-pham-7-768x576.webp 768w\" sizes=\"auto, (max-width: 800px) 100vw, 800px\" \/><\/p>\n<p>&nbsp;<\/p>\n<p>B\u1ea3ng \u0111i\u1ec1u khi\u1ec3n th\u00f4ng minh \u0111\u01b0\u1ee3c c\u1ea3i ti\u1ebfn hi\u1ec7n \u0111\u1ea1i h\u01a1n:<\/p>\n<p>\u2013 H\u1ec7 th\u1ed1ng \u0111i\u1ec1u ch\u1ec9nh nhi\u1ec7t b\u1eb1ng \u0111\u1ed3ng h\u1ed3 \u0111i\u1ec7n t\u1eed chu\u1ea9n x\u00e1c<\/p>\n<p>\u2013 \u0110\u1ed3ng h\u1ed3 h\u1eb9n gi\u1edd th\u00f4ng minh<\/p>\n<p>\u2013 C\u00f4ng t\u1eafc \u0111\u1ea3o chi\u1ec1u gi\u00fap cho vi\u1ec7c l\u1ea5y nguy\u00ean li\u1ec7u ra ngo\u00e0i ho\u1eb7c ki\u1ec3m tra \u0111\u1ed9 ch\u00edn c\u1ee7a nguy\u00ean li\u1ec7u m\u1ed9t c\u00e1ch d\u1ec5 d\u00e0ng, \u0111\u1ea3m b\u1ea3o an to\u00e0n trong qu\u00e1 tr\u00ecnh s\u1eed d\u1ee5ng.<\/p>\n<p><img loading=\"lazy\" decoding=\"async\" class=\"aligncenter wp-image-7988 size-full\" src=\"https:\/\/congtybinhminh.com\/wp-content\/uploads\/2023\/04\/May-rang-da-nang-r40-5.webp\" alt=\"\" width=\"800\" height=\"600\" srcset=\"https:\/\/congtybinhminh.com\/wp-content\/uploads\/2023\/04\/May-rang-da-nang-r40-5.webp 800w, https:\/\/congtybinhminh.com\/wp-content\/uploads\/2023\/04\/May-rang-da-nang-r40-5-510x383.webp 510w, https:\/\/congtybinhminh.com\/wp-content\/uploads\/2023\/04\/May-rang-da-nang-r40-5-533x400.webp 533w, https:\/\/congtybinhminh.com\/wp-content\/uploads\/2023\/04\/May-rang-da-nang-r40-5-768x576.webp 768w\" sizes=\"auto, (max-width: 800px) 100vw, 800px\" \/><\/p>\n<p>C\u00f4ng su\u1ea5t ti\u00eau th\u1ee5 nhi\u1ec7t c\u1ee7a m\u00e1y g\u1ed3m: 21 thanh nhi\u1ec7t, m\u1ed7i thanh nhi\u1ec7t ti\u00eau th\u1ee5 c\u00f4ng su\u1ea5t 500W \u2013 800W.<\/p>\n<p>\u1ed0ng tho\u00e1t nhi\u1ec7t c\u00f3 ch\u1ee9c n\u0103ng h\u00fat h\u01a1i n\u01b0\u1edbc ra ngo\u00e0i cho th\u00e0nh ph\u1ea9m ch\u00edn nhanh v\u00e0 \u0111\u1ec1u h\u01a1n.<\/p>\n<h2>\u01afu \u0111i\u1ec3m c\u1ee7a m\u00e1y rang \u0111a n\u0103ng R40<\/h2>\n<p>M\u00e1y s\u1eed d\u1ee5ng ngu\u1ed3n \u0111i\u1ec7n 220V \u0111\u1ebfn 380V; \u0111\u1ed9ng c\u01a1 c\u00f4ng su\u1ea5t 2.2 kw<\/p>\n<p>M\u00e1y rang \u0111\u1ec1u, ch\u00edn c\u00e1c lo\u1ea1i nguy\u00ean li\u1ec7u trong th\u1eddi gian ng\u1eafn nh\u1ea5t.<\/p>\n<p>Ngo\u00e0i ra, m\u00e1y \u0111\u01b0\u1ee3c trang b\u1ecb th\u00eam d\u00e2y m\u00e1t ti\u1ebfp \u0111\u1ea5t v\u00e0 aptomat ch\u1ed1ng gi\u1eadt \u0111\u1ea3m b\u1ea3o an to\u00e0n cho ng\u01b0\u1eddi s\u1eed d\u1ee5ng.<\/p>\n<h2><span style=\"color: #000000\">Th\u00f4ng s\u1ed1 k\u1ef9 thu\u1eadt\u00a0<\/span><\/h2>\n<table class=\"Table\" align=\"center\">\n<tbody>\n<tr>\n<td rowspan=\"3\" width=\"270\">\n<p align=\"center\"><span style=\"color: #000000\">\u0110\u1ed9ng c\u01a1<\/span><\/p>\n<\/td>\n<td width=\"211\"><span style=\"color: #000000\">\u00a0C\u00f4ng su\u1ea5t \u0111\u1ed9ng c\u01a1<\/span><\/td>\n<td width=\"210\">\n<p align=\"center\"><span style=\"color: #000000\">2.2 kw<\/span><\/p>\n<\/td>\n<\/tr>\n<tr>\n<td width=\"211\"><span style=\"color: #000000\">\u00a0Ngu\u1ed3n \u0111i\u1ec7n<\/span><\/td>\n<td width=\"210\">\n<p align=\"center\"><span style=\"color: #000000\">220 &#8211; 380 (V)<\/span><\/p>\n<\/td>\n<\/tr>\n<tr>\n<td width=\"211\"><span style=\"color: #000000\">\u00a0C\u00f4ng su\u1ea5t ti\u00eau th\u1ee5 nhi\u1ec7t<\/span><\/td>\n<td width=\"210\">\n<p align=\"center\">21 thanh nhi\u1ec7t (m\u1ed7i thanh nhi\u1ec7t 500W \u2013 800W\/thanh nhi\u1ec7t)<\/p>\n<\/td>\n<\/tr>\n<tr>\n<td rowspan=\"2\" width=\"270\">\n<p align=\"center\"><span style=\"color: #000000\">Tr\u1ecdng l\u01b0\u1ee3ng m\u00e1y<\/span><\/p>\n<\/td>\n<td width=\"211\"><span style=\"color: #000000\">\u00a0Nguy\u00ean b\u1ed9<\/span><\/td>\n<td width=\"210\">\n<p align=\"center\"><span style=\"color: #000000\">( kg)<\/span><\/p>\n<\/td>\n<\/tr>\n<tr>\n<td width=\"211\"><span style=\"color: #000000\">\u00a0Kh\u00f4ng \u0111\u1ed9ng c\u01a1<\/span><\/td>\n<td width=\"210\">\n<p align=\"center\"><span style=\"color: #000000\">( kg)<\/span><\/p>\n<\/td>\n<\/tr>\n<tr>\n<td rowspan=\"2\" width=\"270\">\n<p align=\"center\"><span style=\"color: #000000\">B\u1ea3o h\u00e0nh<\/span><\/p>\n<\/td>\n<td width=\"211\"><span style=\"color: #000000\">\u00a0K\u1ef9 thu\u1eadt<\/span><\/td>\n<td width=\"210\">\n<p align=\"center\"><span style=\"color: #000000\">06\u00a0th\u00e1ng<\/span><\/p>\n<\/td>\n<\/tr>\n<tr>\n<td width=\"211\"><span style=\"color: #000000\">\u00a0\u0110\u1ed9ng c\u01a1<\/span><\/td>\n<td width=\"210\">\n<p align=\"center\"><span style=\"color: #000000\">Theo t\u1eebng h\u00e3ng s\u1ea3n xu\u1ea5t<\/span><\/p>\n<\/td>\n<\/tr>\n<tr>\n<td width=\"270\">\n<p align=\"center\"><span style=\"color: #000000\">N\u0103ng su\u1ea5t<\/span><\/p>\n<\/td>\n<td colspan=\"2\" width=\"421\">\n<p align=\"center\"><span style=\"color: #000000\">30-35 (kg\/m\u1ebb)<\/span><\/p>\n<\/td>\n<\/tr>\n<tr>\n<td width=\"270\">\n<p align=\"center\"><span style=\"color: #000000\">K\u00edch th\u01b0\u1edbc ( D * C * R )<\/span><\/p>\n<\/td>\n<td colspan=\"2\" width=\"421\">\n<p align=\"center\">195*155*85 cm<\/p>\n<\/td>\n<\/tr>\n<tr>\n<td width=\"270\">\n<p align=\"center\"><span style=\"color: #000000\">H\u00ecnh th\u1ee9c thanh to\u00e1n<\/span><\/p>\n<\/td>\n<td colspan=\"2\" width=\"421\"><span style=\"color: #000000\">Ti\u1ec1n m\u1eb7t ho\u1eb7c chuy\u1ec3n kho\u1ea3n<\/span><\/td>\n<\/tr>\n<\/tbody>\n<\/table>\n","protected":false},"excerpt":{"rendered":"<ul>\n<li>H\u00e3ng s\u1ea3n xu\u1ea5t: B\u00ecnh Minh<\/li>\n<li>Ngu\u1ed3n\u00a0\u0111i\u1ec7n:\u00a0 220V \u2013 380V<\/li>\n<li>N\u0103ng su\u1ea5t:\u00a0 \u00a030 \u2013 35 kg\/m\u1ebb<\/li>\n<li>C\u00f4ng su\u1ea5t \u0111\u1ed9ng c\u01a1:\u00a0 2.2kw<\/li>\n<li>C\u00f4ng su\u1ea5t ti\u00eau th\u1ee5 nhi\u1ec7t: 21 thanh nhi\u1ec7t,\u00a0m\u1ed7i thanh nhi\u1ec7t c\u00f4ng su\u1ea5t 450W\/thanh nhi\u1ec7t<\/li>\n<li>T\u00ednh n\u0103ng: m\u00e1y c\u00f3 ch\u1ee9c n\u0103ng rang ch\u00edn \u0111\u1ec1u c\u00e1c lo\u1ea1i nguy\u00ean li\u1ec7u: h\u1ea1t ti\u00eau, h\u01b0\u1edbng d\u01b0\u01a1ng, \u0111\u1ed7, ng\u0169 c\u1ed1c,\u2026 v\u00e0 nhi\u1ec1u nguy\u00ean li\u1ec7u kh\u00e1c.<\/li>\n<\/ul>\n","protected":false},"featured_media":8169,"comment_status":"closed","ping_status":"closed","template":"","meta":[],"product_brand":[],"product_cat":[28],"product_tag":[],"class_list":{"0":"post-7980","1":"product","2":"type-product","3":"status-publish","4":"has-post-thumbnail","6":"product_cat-may-rang","8":"first","9":"instock","10":"shipping-taxable","11":"product-type-simple"},"_links":{"self":[{"href":"https:\/\/congtybinhminh.com\/index.php?rest_route=\/wp\/v2\/product\/7980","targetHints":{"allow":["GET"]}}],"collection":[{"href":"https:\/\/congtybinhminh.com\/index.php?rest_route=\/wp\/v2\/product"}],"about":[{"href":"https:\/\/congtybinhminh.com\/index.php?rest_route=\/wp\/v2\/types\/product"}],"replies":[{"embeddable":true,"href":"https:\/\/congtybinhminh.com\/index.php?rest_route=%2Fwp%2Fv2%2Fcomments&post=7980"}],"wp:featuredmedia":[{"embeddable":true,"href":"https:\/\/congtybinhminh.com\/index.php?rest_route=\/wp\/v2\/media\/8169"}],"wp:attachment":[{"href":"https:\/\/congtybinhminh.com\/index.php?rest_route=%2Fwp%2Fv2%2Fmedia&parent=7980"}],"wp:term":[{"taxonomy":"product_brand","embeddable":true,"href":"https:\/\/congtybinhminh.com\/index.php?rest_route=%2Fwp%2Fv2%2Fproduct_brand&post=7980"},{"taxonomy":"product_cat","embeddable":true,"href":"https:\/\/congtybinhminh.com\/index.php?rest_route=%2Fwp%2Fv2%2Fproduct_cat&post=7980"},{"taxonomy":"product_tag","embeddable":true,"href":"https:\/\/congtybinhminh.com\/index.php?rest_route=%2Fwp%2Fv2%2Fproduct_tag&post=7980"}],"curies":[{"name":"wp","href":"https:\/\/api.w.org\/{rel}","templated":true}]}}