{"id":7877,"date":"2023-04-18T16:04:00","date_gmt":"2023-04-18T09:04:00","guid":{"rendered":"https:\/\/congtybinhminh.com\/?post_type=product&#038;p=7877"},"modified":"2023-04-23T07:09:21","modified_gmt":"2023-04-23T00:09:21","slug":"may-bam-xo-dua-b250-2-dong-co","status":"publish","type":"product","link":"https:\/\/congtybinhminh.com\/?product=may-bam-xo-dua-b250-2-dong-co","title":{"rendered":"M\u00e1y b\u0103m x\u01a1 d\u1eeba B250 (2 \u0111\u1ed9ng c\u01a1)"},"content":{"rendered":"<h2>Video m\u00e1y b\u0103m x\u01a1 d\u1eeba B250 (2 \u0111\u1ed9ng c\u01a1)<\/h2>\n<p><iframe loading=\"lazy\" title=\"C\u00f4ng Ty B\u00ecnh Minh: M\u00e1y B\u0103m X\u01a1 D\u1eeba B250 Hai \u0110\u1ed9ng C\u01a1 1 Pha\" width=\"1020\" height=\"574\" src=\"https:\/\/www.youtube.com\/embed\/WVBeyPG1AFQ?feature=oembed\" frameborder=\"0\" allow=\"accelerometer; autoplay; clipboard-write; encrypted-media; gyroscope; picture-in-picture; web-share\" allowfullscreen><\/iframe><\/p>\n<h2>Gi\u1edbi thi\u1ec7u m\u00e1y b\u0103m x\u01a1 d\u1eeba B250 (2 \u0111\u1ed9ng c\u01a1)<\/h2>\n<p>M\u00e1y b\u0103m x\u01a1 d\u1eeba B250 (2 \u0111\u1ed9ng c\u01a1) l\u00e0 phi\u00ean b\u1ea3n m\u1edbi nh\u1ea5t c\u1ee7a c\u00f4ng ty B\u00ecnh Minh m\u1edbi cho ra m\u1eaft \u0111\u1ec3 \u0111\u00e1p \u1ee9ng nhu c\u1ea7u b\u0103m v\u1ecf d\u1eeba t\u01b0\u01a1i, v\u1ecf d\u1eeba kh\u00f4 th\u00e0nh d\u1ea1ng m\u00f9n d\u1eeba c\u1ee7a b\u00e0 con.<\/p>\n<p><img loading=\"lazy\" decoding=\"async\" class=\"aligncenter wp-image-7883 size-full\" src=\"https:\/\/congtybinhminh.com\/wp-content\/uploads\/2023\/04\/May-bam-xo-dua-B250-2-dong-co-3.webp\" alt=\"\" width=\"800\" height=\"600\" srcset=\"https:\/\/congtybinhminh.com\/wp-content\/uploads\/2023\/04\/May-bam-xo-dua-B250-2-dong-co-3.webp 800w, https:\/\/congtybinhminh.com\/wp-content\/uploads\/2023\/04\/May-bam-xo-dua-B250-2-dong-co-3-510x383.webp 510w, https:\/\/congtybinhminh.com\/wp-content\/uploads\/2023\/04\/May-bam-xo-dua-B250-2-dong-co-3-533x400.webp 533w, https:\/\/congtybinhminh.com\/wp-content\/uploads\/2023\/04\/May-bam-xo-dua-B250-2-dong-co-3-768x576.webp 768w\" sizes=\"auto, (max-width: 800px) 100vw, 800px\" \/><\/p>\n<p>D\u00f2ng m\u00e1y gi\u00fap b\u00e0 con ti\u1ebft ki\u1ec7m \u0111\u01b0\u1ee3c th\u1eddi gian c\u0169ng nh\u01b0 c\u00f4ng s\u1ee9c lao \u0111\u1ed9ng. \u0110em l\u1ea1i n\u0103ng su\u1ea5t v\u00f4 c\u00f9ng v\u01b0\u1ee3t tr\u1ed9i.<\/p>\n<h2>T\u00ednh n\u0103ng n\u1ed5i b\u1eadt c\u1ee7a m\u00e1y b\u0103m x\u01a1 d\u1eeba B250 (2 \u0111\u1ed9ng c\u01a1)<\/h2>\n<p>M\u00e1y \u0111\u01b0\u1ee3c thi\u1ebft k\u1ebf nh\u1ecf g\u1ecdn, hi\u1ec7n \u0111\u1ea1i, b\u00e0 con c\u00f3 th\u1ec3 d\u1ec5 d\u00e0ng v\u1eadn h\u00e0nh, \u0111\u1ea3m b\u1ea3o an to\u00e0n cho ng\u01b0\u1eddi s\u1eed d\u1ee5ng.<\/p>\n<p>Bu\u1ed3ng l\u00e0m vi\u1ec7c c\u1ee7a m\u00e1y \u0111\u01b0\u1ee3c thi\u1ebft k\u1ebf \u01b0u vi\u1ec7t, c\u00f3 th\u1ec3 b\u0103m \u0111\u01b0\u1ee3c c\u1ea3 qu\u1ea3 d\u1eeba t\u01b0\u01a1i, kh\u00f4 m\u00e0 kh\u00f4ng c\u1ea7n x\u1eed l\u00fd tr\u01b0\u1edbc.<\/p>\n<p>Th\u00e0nh ph\u1ea9m sau khi b\u0103m c\u00f3 th\u1ec3 d\u00f9ng l\u00e0m gi\u00e1 th\u1ec3 tr\u1ed3ng c\u00e2y, tr\u1ed3ng n\u1ea5m, l\u00e0m \u0111\u1ec7m l\u00f3t chu\u1ed3ng sinh h\u1ecdc, l\u00e0m ph\u00e2n b\u00f3n c\u1ea3i t\u1ea1o \u0111\u1ea5t tr\u1ed3ng&#8230;.<\/p>\n<p><img loading=\"lazy\" decoding=\"async\" class=\"aligncenter wp-image-7892 size-full\" src=\"https:\/\/congtybinhminh.com\/wp-content\/uploads\/2023\/04\/Thanh-pham-8.webp\" alt=\"\" width=\"800\" height=\"400\" srcset=\"https:\/\/congtybinhminh.com\/wp-content\/uploads\/2023\/04\/Thanh-pham-8.webp 800w, https:\/\/congtybinhminh.com\/wp-content\/uploads\/2023\/04\/Thanh-pham-8-510x255.webp 510w, https:\/\/congtybinhminh.com\/wp-content\/uploads\/2023\/04\/Thanh-pham-8-768x384.webp 768w\" sizes=\"auto, (max-width: 800px) 100vw, 800px\" \/><\/p>\n<p>M\u00e1y \u0111\u01b0\u1ee3c l\u1eafp \u0111\u1eb7t 2 \u0111\u1ed9ng c\u01a1 3,5 kw 1 pha, s\u1eed d\u1ee5ng ngu\u1ed3n \u0111i\u1ec7n 220V cho n\u0103ng su\u1ea5t v\u01b0\u1ee3t tr\u1ed9i ph\u00f9 h\u1ee3p v\u1edbi c\u00e1c x\u01b0\u1edfng s\u1ea3n xu\u1ea5t quy m\u00f4 v\u1eeba v\u00e0 nh\u1ecf.<\/p>\n<p><img loading=\"lazy\" decoding=\"async\" class=\"aligncenter wp-image-7884 size-full\" src=\"https:\/\/congtybinhminh.com\/wp-content\/uploads\/2023\/04\/May-bam-xo-dua-B250-2-dong-co-35kw.webp\" alt=\"\" width=\"800\" height=\"600\" srcset=\"https:\/\/congtybinhminh.com\/wp-content\/uploads\/2023\/04\/May-bam-xo-dua-B250-2-dong-co-35kw.webp 800w, https:\/\/congtybinhminh.com\/wp-content\/uploads\/2023\/04\/May-bam-xo-dua-B250-2-dong-co-35kw-510x383.webp 510w, https:\/\/congtybinhminh.com\/wp-content\/uploads\/2023\/04\/May-bam-xo-dua-B250-2-dong-co-35kw-533x400.webp 533w, https:\/\/congtybinhminh.com\/wp-content\/uploads\/2023\/04\/May-bam-xo-dua-B250-2-dong-co-35kw-768x576.webp 768w\" sizes=\"auto, (max-width: 800px) 100vw, 800px\" \/><\/p>\n<h2>C\u1ea5u t\u1ea1o m\u00e1y<\/h2>\n<p>M\u00e1y \u0111\u01b0\u1ee3c thi\u1ebft k\u1ebf nh\u1ecf g\u1ecdn, khung m\u00e1y ch\u1eafc ch\u1eafn kh\u00f4ng g\u00e2y rung l\u1eafc trong qu\u00e1 tr\u00ecnh v\u1eadn h\u00e0nh. L\u1eafp \u0111\u1eb7t 4 b\u00e1nh xe thu\u1eadn ti\u1ec7n cho qu\u00e1 tr\u00ecnh di chuy\u1ec3n m\u00e1y<\/p>\n<figure id=\"attachment_7879\" aria-describedby=\"caption-attachment-7879\" style=\"width: 800px\" class=\"wp-caption aligncenter\"><img loading=\"lazy\" decoding=\"async\" class=\"wp-image-7879 size-full\" src=\"https:\/\/congtybinhminh.com\/wp-content\/uploads\/2023\/04\/Cau-tao-may-bam-xo-dua-B250-2-dong-co.webp\" alt=\"C\u1ea5u t\u1ea1o m\u00e1y b\u0103m x\u01a1 d\u1eeba B250 (2 \u0111\u1ed9ng c\u01a1)\" width=\"800\" height=\"600\" srcset=\"https:\/\/congtybinhminh.com\/wp-content\/uploads\/2023\/04\/Cau-tao-may-bam-xo-dua-B250-2-dong-co.webp 800w, https:\/\/congtybinhminh.com\/wp-content\/uploads\/2023\/04\/Cau-tao-may-bam-xo-dua-B250-2-dong-co-510x383.webp 510w, https:\/\/congtybinhminh.com\/wp-content\/uploads\/2023\/04\/Cau-tao-may-bam-xo-dua-B250-2-dong-co-533x400.webp 533w, https:\/\/congtybinhminh.com\/wp-content\/uploads\/2023\/04\/Cau-tao-may-bam-xo-dua-B250-2-dong-co-768x576.webp 768w\" sizes=\"auto, (max-width: 800px) 100vw, 800px\" \/><figcaption id=\"caption-attachment-7879\" class=\"wp-caption-text\">C\u1ea5u t\u1ea1o m\u00e1y b\u0103m x\u01a1 d\u1eeba B250 (2 \u0111\u1ed9ng c\u01a1)<\/figcaption><\/figure>\n<p>Tr\u1ecdng l\u01b0\u1ee3ng to\u00e0n b\u1ed9 m\u00e1y l\u00ean \u0111\u1ebfn 180kg ( \u0111\u00e3 bao g\u1ed3m 2 \u0111\u1ed9ng c\u01a1).<\/p>\n<p><img loading=\"lazy\" decoding=\"async\" class=\"aligncenter wp-image-7885 size-full\" src=\"https:\/\/congtybinhminh.com\/wp-content\/uploads\/2023\/04\/May-bam-xo-dua-B250-2-dong-co-4.webp\" alt=\"\" width=\"800\" height=\"600\" srcset=\"https:\/\/congtybinhminh.com\/wp-content\/uploads\/2023\/04\/May-bam-xo-dua-B250-2-dong-co-4.webp 800w, https:\/\/congtybinhminh.com\/wp-content\/uploads\/2023\/04\/May-bam-xo-dua-B250-2-dong-co-4-510x383.webp 510w, https:\/\/congtybinhminh.com\/wp-content\/uploads\/2023\/04\/May-bam-xo-dua-B250-2-dong-co-4-533x400.webp 533w, https:\/\/congtybinhminh.com\/wp-content\/uploads\/2023\/04\/May-bam-xo-dua-B250-2-dong-co-4-768x576.webp 768w\" sizes=\"auto, (max-width: 800px) 100vw, 800px\" \/><\/p>\n<p>Ph\u1ea7n toa n\u1ea1p \u0111\u01b0\u1ee3c thi\u1ebft k\u1ebf d\u1ea1ng \u0111\u1ee9ng, mi\u1ec7ng ph\u1ec5u r\u1ed9ng\u00a0h\u01b0\u1edbng d\u1ed1c xu\u1ed1ng d\u01b0\u1edbi gi\u00fap nguy\u00ean li\u1ec7u d\u1ec5 d\u00e0ng di chuy\u1ec3n xu\u1ed1ng bu\u1ed3ng b\u0103m.<\/p>\n<p><img loading=\"lazy\" decoding=\"async\" class=\"aligncenter wp-image-7886 size-full\" src=\"https:\/\/congtybinhminh.com\/wp-content\/uploads\/2023\/04\/Toa-nap-nguyen-lieu-1.webp\" alt=\"\" width=\"800\" height=\"600\" srcset=\"https:\/\/congtybinhminh.com\/wp-content\/uploads\/2023\/04\/Toa-nap-nguyen-lieu-1.webp 800w, https:\/\/congtybinhminh.com\/wp-content\/uploads\/2023\/04\/Toa-nap-nguyen-lieu-1-510x383.webp 510w, https:\/\/congtybinhminh.com\/wp-content\/uploads\/2023\/04\/Toa-nap-nguyen-lieu-1-533x400.webp 533w, https:\/\/congtybinhminh.com\/wp-content\/uploads\/2023\/04\/Toa-nap-nguyen-lieu-1-768x576.webp 768w\" sizes=\"auto, (max-width: 800px) 100vw, 800px\" \/><\/p>\n<p>Ph\u1ea7n c\u1eeda x\u1ea3 \u0111\u01b0\u1ee3c thi\u1ebft k\u1ebf bu\u00f4ng th\u1eb3ng t\u1eeb bu\u1ed3ng l\u00e0m vi\u1ec7c xu\u1ed1ng gi\u00fap cho nguy\u00ean li\u1ec7u sau khi b\u0103m d\u1ec5 d\u00e0ng di chuy\u1ec3n ra b\u00ean ngo\u00e0i, kh\u00f4ng lo b\u1ecb t\u1eafc ngh\u1ebdn.<\/p>\n<p><img loading=\"lazy\" decoding=\"async\" class=\"aligncenter wp-image-7888 size-full\" src=\"https:\/\/congtybinhminh.com\/wp-content\/uploads\/2023\/04\/Cua-xa-thanh-pham.webp\" alt=\"\" width=\"800\" height=\"600\" srcset=\"https:\/\/congtybinhminh.com\/wp-content\/uploads\/2023\/04\/Cua-xa-thanh-pham.webp 800w, https:\/\/congtybinhminh.com\/wp-content\/uploads\/2023\/04\/Cua-xa-thanh-pham-510x383.webp 510w, https:\/\/congtybinhminh.com\/wp-content\/uploads\/2023\/04\/Cua-xa-thanh-pham-533x400.webp 533w, https:\/\/congtybinhminh.com\/wp-content\/uploads\/2023\/04\/Cua-xa-thanh-pham-768x576.webp 768w\" sizes=\"auto, (max-width: 800px) 100vw, 800px\" \/><\/p>\n<p>Bu\u1ed3ng l\u00e0m vi\u1ec7c\u00a0 \u0111\u01b0\u1ee3c trang b\u1ecb h\u1ec7 th\u1ed1ng dao b\u0103m g\u1ed3m 4 dao 2 l\u01b0\u1ee1i s\u1eafc b\u00e9n \u0111\u01b0\u1ee3c g\u1eafn tr\u00ean 1 tr\u1ee5c quay k\u1ebft h\u1ee3p c\u00f9ng 2 con dao h\u00e0n ch\u1ebft c\u00f3 nhi\u1ec7m v\u1ee5 x\u00e9 n\u00e1t v\u00e0 b\u0103m nh\u1ecf qu\u1ea3 d\u1eeba nhanh ch\u00f3ng.<\/p>\n<p><img loading=\"lazy\" decoding=\"async\" class=\"aligncenter wp-image-7887 size-full\" src=\"https:\/\/congtybinhminh.com\/wp-content\/uploads\/2023\/04\/Buong-lam-viec-7.webp\" alt=\"\" width=\"800\" height=\"600\" srcset=\"https:\/\/congtybinhminh.com\/wp-content\/uploads\/2023\/04\/Buong-lam-viec-7.webp 800w, https:\/\/congtybinhminh.com\/wp-content\/uploads\/2023\/04\/Buong-lam-viec-7-510x383.webp 510w, https:\/\/congtybinhminh.com\/wp-content\/uploads\/2023\/04\/Buong-lam-viec-7-533x400.webp 533w, https:\/\/congtybinhminh.com\/wp-content\/uploads\/2023\/04\/Buong-lam-viec-7-768x576.webp 768w\" sizes=\"auto, (max-width: 800px) 100vw, 800px\" \/><\/p>\n<p>K\u1ebft h\u1ee3p v\u1edbi 1 m\u1eb7t s\u00e0ng \u0111\u01b0\u1ee3c l\u1eafp ngay ph\u00eda d\u01b0\u1edbi, gi\u00fap s\u00e0ng l\u1ecdc\u00a0v\u00e0 ch\u1ec9 cho ph\u00e9p c\u00e1c m\u1ea9u v\u1ee5n c\u00f3 k\u00edch th\u01b0\u1edbc nh\u1ecf t\u01b0\u01a1ng \u1ee9ng \u0111i qua, cho th\u00e0nh ph\u1ea9m \u0111\u1ea1t \u0111\u1ed9\u00a0\u0111\u1ed3ng \u0111\u1ec1u.<\/p>\n<p>Ng\u01b0\u1eddi d\u00f9ng c\u00f3 th\u1ec3 \u0111i\u1ec1u ch\u1ec9nh k\u00edch c\u1ee1 c\u1ee7a th\u00e0nh ph\u1ea9m b\u1eb1ng c\u00e1ch l\u1ef1a ch\u1ecdn thay l\u1eafp m\u1eb7t s\u00e0ng l\u1eafp trong m\u00e1y.<\/p>\n<p>C\u00f4ng t\u1eafc aptomat \u0111\u01b0\u1ee3c l\u1eafp tr\u00ean th\u00e2n m\u00e1y \u0111\u1ea3m b\u1ea3o an to\u00e0n cho ng\u01b0\u1eddi d\u00f9ng. Vi\u1ec7c l\u1eafp aptomat c\u00f2n gi\u00fap b\u1ea3o v\u1ec7 m\u1ea1ch \u0111i\u1ec7n, ng\u0103n c\u00e1c tr\u01b0\u1eddng h\u1ee3p qu\u00e1 t\u1ea3i, ng\u1eaft m\u1ea1ch, s\u1ee5t \u00e1p, ch\u1ed1ng gi\u1eadt \u0111\u1ea3m b\u1ea3o an to\u00e0n cho ng\u01b0\u1eddi d\u00f9ng<\/p>\n<p><img loading=\"lazy\" decoding=\"async\" class=\"wp-image-7894 size-full aligncenter\" src=\"https:\/\/congtybinhminh.com\/wp-content\/uploads\/2023\/04\/Aptomat.webp\" alt=\"Aptomat\" width=\"800\" height=\"600\" srcset=\"https:\/\/congtybinhminh.com\/wp-content\/uploads\/2023\/04\/Aptomat.webp 800w, https:\/\/congtybinhminh.com\/wp-content\/uploads\/2023\/04\/Aptomat-510x383.webp 510w, https:\/\/congtybinhminh.com\/wp-content\/uploads\/2023\/04\/Aptomat-533x400.webp 533w, https:\/\/congtybinhminh.com\/wp-content\/uploads\/2023\/04\/Aptomat-768x576.webp 768w\" sizes=\"auto, (max-width: 800px) 100vw, 800px\" \/><\/p>\n<h2>\u01afu \u0111i\u1ec3m c\u1ee7a m\u00e1y b\u0103m x\u01a1 d\u1eeba B250 (2 \u0111\u1ed9ng c\u01a1)<\/h2>\n<p>T\u1eadn d\u1ee5ng \u0111\u01b0\u1ee3c nh\u1eefng ph\u1ee5 ph\u1ea9m t\u01b0\u1edfng ch\u1eebng nh\u01b0 b\u1ecf \u0111i l\u00e0m th\u00e0nh nh\u1eefng s\u1ea3n ph\u1ea9m c\u00f3 gi\u00e1 tr\u1ecb<\/p>\n<p>S\u1eed d\u1ee5ng m\u00e1y b\u0103m x\u01a1 d\u1eeba B250 (2 \u0111\u1ed9ng c\u01a1) gi\u00fap b\u00e0 con c\u00f3 th\u1ec3 ti\u1ebft ki\u1ec7m \u0111\u01b0\u1ee3c th\u1eddi gian v\u00e0 c\u00f4ng s\u1ee9c lao \u0111\u1ed9ng<\/p>\n<p>Ch\u1ec9 c\u1ea7n 1 nh\u00e2n c\u00f4ng \u0111\u1ee9ng v\u1eadn h\u00e0nh m\u00e1y l\u00e0 c\u00f3 th\u1ec3 ho\u1ea1t \u0111\u1ed9ng m\u1ed9t c\u00e1ch tr\u01a1n tru v\u00e0 \u0111em l\u1ea1i hi\u1ec7u qu\u1ea3 n\u0103ng su\u1ea5t cao.<\/p>\n<h2>L\u01b0u \u00fd khi s\u1eed d\u1ee5ng m\u00e1y<\/h2>\n<p>N\u00ean \u0111\u1eb7t m\u00e1y tr\u00ean n\u1ec1n ph\u1eb3ng kh\u00f4 r\u00e1o, g\u1ea7n ngu\u1ed3n \u0111i\u1ec7n \u0111\u1ec3 thu\u1eadn ti\u1ec7n cho qu\u00e1 tr\u00ecnh s\u1eed d\u1ee5ng<\/p>\n<p>Th\u01b0\u1eddng xuy\u00ean tra m\u1ee1 v\u00e0o c\u00e1c \u1ed5 bi \u0111\u1ec3 \u0111\u1ea3m b\u1ea3o ti\u1ebfn \u0111\u1ed9 ho\u1ea1t \u0111\u1ed9ng v\u00e0 tu\u1ed5i th\u1ecd m\u00e1y.<\/p>\n<p><img loading=\"lazy\" decoding=\"async\" class=\"aligncenter wp-image-7891 size-full\" src=\"https:\/\/congtybinhminh.com\/wp-content\/uploads\/2023\/04\/Goi-bi-1-1.webp\" alt=\"\" width=\"800\" height=\"600\" srcset=\"https:\/\/congtybinhminh.com\/wp-content\/uploads\/2023\/04\/Goi-bi-1-1.webp 800w, https:\/\/congtybinhminh.com\/wp-content\/uploads\/2023\/04\/Goi-bi-1-1-510x383.webp 510w, https:\/\/congtybinhminh.com\/wp-content\/uploads\/2023\/04\/Goi-bi-1-1-533x400.webp 533w, https:\/\/congtybinhminh.com\/wp-content\/uploads\/2023\/04\/Goi-bi-1-1-768x576.webp 768w\" sizes=\"auto, (max-width: 800px) 100vw, 800px\" \/><\/p>\n<p>Th\u01b0\u1eddng xuy\u00ean v\u1ec7 sinh m\u00e1y m\u1ed9t c\u00e1ch s\u1ea1ch s\u1ebd<\/p>\n<p>Ki\u1ec3m tra bu\u1ed3ng dao b\u0103m \u0111\u1ec3 tr\u00e1nh nh\u1eefng v\u1eadt c\u1ee9ng, nh\u1ecdn r\u01a1i v\u00e0o bu\u1ed3ng b\u0103m g\u00e2y h\u1ecfng dao.<\/p>\n<h2>Th\u00f4ng s\u1ed1 k\u1ef9 thu\u1eadt:<\/h2>\n<table border=\"1\" cellspacing=\"1\" cellpadding=\"1\">\n<tbody>\n<tr>\n<td>C\u00f4ng su\u1ea5t \u0111\u1ed9ng c\u01a1<\/td>\n<td>\u00a02 \u0111\u1ed9ng c\u01a1 3,5 kw<\/td>\n<\/tr>\n<tr>\n<td>Ngu\u1ed3n \u0111i\u1ec7n<\/td>\n<td>220 ( V)<\/td>\n<\/tr>\n<tr>\n<td>T\u1ed1c \u0111\u1ed9 \u0111\u1ed9ng c\u01a1<\/td>\n<td>1450 ( v\/p)<\/td>\n<\/tr>\n<tr>\n<td>Nguy\u00ean b\u1ed9<\/td>\n<td>180 (kg)<\/td>\n<\/tr>\n<tr>\n<td>Kh\u00f4ng \u0111\u1ed9ng c\u01a1<\/td>\n<td>135 (kg)<\/td>\n<\/tr>\n<tr>\n<td>N\u0103ng su\u1ea5t<\/td>\n<td>\u00a0 \u00a0 \u00a0 \u00a0 \u00a0kg\/h<\/td>\n<\/tr>\n<tr>\n<td>K\u00edch th\u01b0\u1edbc ( D * C * R )<\/td>\n<td>109*124*58cm<\/td>\n<\/tr>\n<tr>\n<td>B\u1ea3o h\u00e0nh<\/td>\n<td>06 th\u00e1ng<\/td>\n<\/tr>\n<tr>\n<td>H\u00ecnh th\u1ee9c thanh to\u00e1n<\/td>\n<td><em><strong>Ti\u1ec1n m\u1eb7t ho\u1eb7c chuy\u1ec3n kho\u1ea3n\u00a0<\/strong><\/em><\/td>\n<\/tr>\n<\/tbody>\n<\/table>\n","protected":false},"excerpt":{"rendered":"<p><strong>H\u00e3ng s\u1ea3n xu\u1ea5t:\u00a0<\/strong>B\u00ecnh Minh<\/p>\n<p><strong>C\u00f4ng su\u1ea5t \u0111\u1ed9ng c\u01a1:<\/strong> 2 \u0111\u1ed9ng c\u01a1: 3,5 kw<\/p>\n<p><strong>Ngu\u1ed3n \u0111i\u1ec7n:\u00a0<\/strong>220V<\/p>\n<p><strong>T\u1ed1c \u0111\u1ed9:<\/strong>\u00a01450 v\/p<\/p>\n<p><strong>Tr\u1ecdng l\u01b0\u1ee3ng:<\/strong> 180kg (\u0111\u00e3 bao g\u1ed3m \u0111\u1ed9ng c\u01a1)<\/p>\n<p><strong>K\u00edch th\u01b0\u1edbc (CD*CC*CR):\u00a0<\/strong>109*124*58cm<\/p>\n<p><strong>T\u00ednh n\u0103ng:<\/strong>\u00a0M\u00e1y chuy\u00ean b\u0103m v\u1ecf d\u1eeba t\u01b0\u01a1i, v\u1ecf d\u1eeba kh\u00f4,\u2026 th\u00e0nh d\u1ea1ng m\u00f9n d\u1eeba l\u00e0m ph\u00e2n b\u00f3n tr\u1ed3ng c\u00e2y, \u0111\u1ec7m l\u00f3t chu\u1ed3ng\u2026<\/p>\n","protected":false},"featured_media":7878,"comment_status":"closed","ping_status":"closed","template":"","meta":[],"product_brand":[],"product_cat":[197],"product_tag":[],"class_list":{"0":"post-7877","1":"product","2":"type-product","3":"status-publish","4":"has-post-thumbnail","6":"product_cat-may-bam-xo-dua-2","8":"first","9":"instock","10":"shipping-taxable","11":"product-type-simple"},"_links":{"self":[{"href":"https:\/\/congtybinhminh.com\/index.php?rest_route=\/wp\/v2\/product\/7877","targetHints":{"allow":["GET"]}}],"collection":[{"href":"https:\/\/congtybinhminh.com\/index.php?rest_route=\/wp\/v2\/product"}],"about":[{"href":"https:\/\/congtybinhminh.com\/index.php?rest_route=\/wp\/v2\/types\/product"}],"replies":[{"embeddable":true,"href":"https:\/\/congtybinhminh.com\/index.php?rest_route=%2Fwp%2Fv2%2Fcomments&post=7877"}],"wp:featuredmedia":[{"embeddable":true,"href":"https:\/\/congtybinhminh.com\/index.php?rest_route=\/wp\/v2\/media\/7878"}],"wp:attachment":[{"href":"https:\/\/congtybinhminh.com\/index.php?rest_route=%2Fwp%2Fv2%2Fmedia&parent=7877"}],"wp:term":[{"taxonomy":"product_brand","embeddable":true,"href":"https:\/\/congtybinhminh.com\/index.php?rest_route=%2Fwp%2Fv2%2Fproduct_brand&post=7877"},{"taxonomy":"product_cat","embeddable":true,"href":"https:\/\/congtybinhminh.com\/index.php?rest_route=%2Fwp%2Fv2%2Fproduct_cat&post=7877"},{"taxonomy":"product_tag","embeddable":true,"href":"https:\/\/congtybinhminh.com\/index.php?rest_route=%2Fwp%2Fv2%2Fproduct_tag&post=7877"}],"curies":[{"name":"wp","href":"https:\/\/api.w.org\/{rel}","templated":true}]}}