{"id":7636,"date":"2023-04-09T09:13:29","date_gmt":"2023-04-09T02:13:29","guid":{"rendered":"https:\/\/congtybinhminh.com\/?post_type=product&#038;p=7636"},"modified":"2023-11-18T08:23:19","modified_gmt":"2023-11-18T01:23:19","slug":"may-bam-xo-dua-b1200-dau-no-2","status":"publish","type":"product","link":"https:\/\/congtybinhminh.com\/?product=may-bam-xo-dua-b1200-dau-no-2","title":{"rendered":"M\u00e1y b\u0103m x\u01a1 d\u1eeba B1200 \u0111\u1ea7u n\u1ed5"},"content":{"rendered":"<h2>Video ho\u1ea1t \u0111\u1ed9ng c\u1ee7a m\u00e1y<\/h2>\n<p><iframe loading=\"lazy\" title=\"M\u00e1y Xay X\u01a1 D\u1eeba B1200 \u0110\u1ea7u N\u1ed5 B\u0103m H\u00e0ng T\u1ea5n V\u1ecf D\u1eeba \u1ede M\u1ecdi N\u01a1i Kh\u00f4ng C\u1ea7n Ngu\u1ed3n \u0110i\u1ec7n!\" width=\"1020\" height=\"574\" src=\"https:\/\/www.youtube.com\/embed\/nGHS9JUYMN0?feature=oembed\" frameborder=\"0\" allow=\"accelerometer; autoplay; clipboard-write; encrypted-media; gyroscope; picture-in-picture; web-share\" allowfullscreen><\/iframe><\/p>\n<h2>Gi\u1edbi thi\u1ec7u m\u00e1y b\u0103m x\u01a1 d\u1eeba B1200 \u0111\u1ea7u n\u1ed5<\/h2>\n<p>M\u00e1y b\u0103m x\u01a1 d\u1eeba B1200 \u0111\u1ea7u n\u1ed5 l\u00e0 s\u1ea3n ph\u1ea9m c\u1ee7a c\u00f4ng ty B\u00ecnh Minh tr\u1ef1c ti\u1ebfp ch\u1ebf t\u1ea1o v\u00e0 s\u1ea3n xu\u1ea5t ra chuy\u00ean d\u00f9ng \u0111\u1ec3 b\u0103m v\u1ecf d\u1eeba t\u01b0\u01a1i, v\u1ecf d\u1eeba kh\u00f4 th\u00e0nh d\u1ea1ng m\u00f9n d\u1eeba v\u00e0 x\u01a1 d\u1eeba.<\/p>\n<p>V\u1edbi c\u1ea3i ti\u1ebfn d\u00f9ng \u0111\u1ea7u n\u1ed5 thay th\u1ebf cho \u0111\u1ed9ng c\u01a1 \u0111i\u1ec7n gi\u00fap b\u00e0 con c\u00f3 th\u1ec3 s\u1eed d\u1ee5ng m\u00e1y \u1edf m\u1ecdi n\u01a1i m\u00e0 kh\u00f4ng lo \u0111i\u1ec7n y\u1ebfu, qu\u00e1 t\u1ea3i.<\/p>\n<figure id=\"attachment_7643\" aria-describedby=\"caption-attachment-7643\" style=\"width: 800px\" class=\"wp-caption aligncenter\"><img loading=\"lazy\" decoding=\"async\" class=\"wp-image-7643 size-full\" src=\"https:\/\/congtybinhminh.com\/wp-content\/uploads\/2023\/04\/May-bam-xo-dua-b1200-dau-no-6.webp\" alt=\"M\u00e1y b\u0103m x\u01a1 d\u1eeba b1200 \u0111\u1ea7u n\u1ed5 \" width=\"800\" height=\"600\" srcset=\"https:\/\/congtybinhminh.com\/wp-content\/uploads\/2023\/04\/May-bam-xo-dua-b1200-dau-no-6.webp 800w, https:\/\/congtybinhminh.com\/wp-content\/uploads\/2023\/04\/May-bam-xo-dua-b1200-dau-no-6-510x383.webp 510w, https:\/\/congtybinhminh.com\/wp-content\/uploads\/2023\/04\/May-bam-xo-dua-b1200-dau-no-6-533x400.webp 533w, https:\/\/congtybinhminh.com\/wp-content\/uploads\/2023\/04\/May-bam-xo-dua-b1200-dau-no-6-768x576.webp 768w\" sizes=\"auto, (max-width: 800px) 100vw, 800px\" \/><figcaption id=\"caption-attachment-7643\" class=\"wp-caption-text\">M\u00e1y b\u0103m x\u01a1 d\u1eeba B1200 \u0111\u1ea7u n\u1ed5<\/figcaption><\/figure>\n<h2>\u01afu \u0111i\u1ec3m c\u1ee7a m\u00e1y b\u0103m x\u01a1 d\u1eeba B1200 \u0111\u1ea7u n\u1ed5<\/h2>\n<p>&#8211; M\u00e1y c\u00f3 th\u1ec3 b\u0103m \u0111\u01b0\u1ee3c v\u1ecf d\u1eeba t\u01b0\u01a1i, v\u1ecf d\u1eeba kh\u00f4 th\u00e0nh d\u1ea1ng m\u00f9n d\u1eeba v\u00e0 x\u01a1 d\u1eeba. Ngo\u00e0i ra m\u00e1y c\u00f2n c\u00f3 kh\u1ea3 n\u0103ng b\u0103m \u0111\u01b0\u1ee3c b\u00e1nh m\u1ef3 t\u01b0\u01a1i v\u1edbi kh\u1ea3 n\u0103ng t\u00e1ch ri\u00eang v\u1ecf b\u00e1nh v\u00e0 nh\u00e2n b\u00e1nh.<\/p>\n<figure id=\"attachment_7644\" aria-describedby=\"caption-attachment-7644\" style=\"width: 800px\" class=\"wp-caption aligncenter\"><img loading=\"lazy\" decoding=\"async\" class=\"wp-image-7644 size-full\" src=\"https:\/\/congtybinhminh.com\/wp-content\/uploads\/2023\/04\/Bam-vo-dua-tuoi-kho.webp\" alt=\"B\u0103m v\u1ecf d\u1eeba t\u01b0\u01a1i, kh\u00f4\" width=\"800\" height=\"600\" srcset=\"https:\/\/congtybinhminh.com\/wp-content\/uploads\/2023\/04\/Bam-vo-dua-tuoi-kho.webp 800w, https:\/\/congtybinhminh.com\/wp-content\/uploads\/2023\/04\/Bam-vo-dua-tuoi-kho-510x383.webp 510w, https:\/\/congtybinhminh.com\/wp-content\/uploads\/2023\/04\/Bam-vo-dua-tuoi-kho-533x400.webp 533w, https:\/\/congtybinhminh.com\/wp-content\/uploads\/2023\/04\/Bam-vo-dua-tuoi-kho-768x576.webp 768w\" sizes=\"auto, (max-width: 800px) 100vw, 800px\" \/><figcaption id=\"caption-attachment-7644\" class=\"wp-caption-text\">B\u0103m v\u1ecf d\u1eeba t\u01b0\u01a1i, kh\u00f4<\/figcaption><\/figure>\n<p>&#8211; Th\u00e0nh ph\u1ea9m sau khi b\u0103m c\u00f3 th\u1ec3 s\u1eed d\u1ee5ng l\u00e0m n\u00ean nh\u1eefng s\u1ea3n ph\u1ea9m c\u00f3 gi\u00e1 tr\u1ecb<\/p>\n<p>&#8211; V\u1edbi thi\u1ebft k\u1ebf 2 c\u1eeda x\u1ea3 ri\u00eang bi\u1ec7t t\u00e1ch bi\u1ec7t x\u01a1 d\u1eeba v\u00e0 m\u00f9n d\u1eeba, thu\u1eadn ti\u1ec7n cho vi\u1ec7c t\u00e1i ch\u1ebf nguy\u00ean li\u1ec7u<\/p>\n<figure id=\"attachment_7645\" aria-describedby=\"caption-attachment-7645\" style=\"width: 800px\" class=\"wp-caption aligncenter\"><img loading=\"lazy\" decoding=\"async\" class=\"wp-image-7645 size-full\" src=\"https:\/\/congtybinhminh.com\/wp-content\/uploads\/2023\/04\/Thanh-pham-2.webp\" alt=\"\" width=\"800\" height=\"600\" srcset=\"https:\/\/congtybinhminh.com\/wp-content\/uploads\/2023\/04\/Thanh-pham-2.webp 800w, https:\/\/congtybinhminh.com\/wp-content\/uploads\/2023\/04\/Thanh-pham-2-510x383.webp 510w, https:\/\/congtybinhminh.com\/wp-content\/uploads\/2023\/04\/Thanh-pham-2-533x400.webp 533w, https:\/\/congtybinhminh.com\/wp-content\/uploads\/2023\/04\/Thanh-pham-2-768x576.webp 768w\" sizes=\"auto, (max-width: 800px) 100vw, 800px\" \/><figcaption id=\"caption-attachment-7645\" class=\"wp-caption-text\">Th\u00e0nh ph\u1ea9m x\u01a1 d\u1eeba v\u00e0 m\u00f9n d\u1eeba<\/figcaption><\/figure>\n<p>\u2013 L\u00e0 d\u00f2ng m\u00e1y c\u00f4ng su\u1ea5t l\u1edbn, duy tr\u00ec kh\u1ea3 n\u0103ng v\u1eadn h\u00e0nh m\u1ecdi n\u01a1i nh\u1edd \u0111\u1ea7u n\u1ed5, d\u1ec5 d\u00e0ng ph\u00f9 h\u1ee3p v\u1edbi nhi\u1ec1u quy m\u00f4 s\u1ea3n xu\u1ea5t.<\/p>\n<p>\u2013 N\u0103ng su\u1ea5t \u1ed5n \u0111\u1ecbnh, \u0111\u1ea1t \u0111\u1ebfn 1 t\u1ea5n\/gi\u1edd, \u0111\u00e1p \u1ee9ng nhu c\u1ea7u s\u1ea3n xu\u1ea5t s\u1ed1 l\u01b0\u1ee3ng l\u1edbn c\u1ee7a b\u00e0 con.<\/p>\n<figure id=\"attachment_7650\" aria-describedby=\"caption-attachment-7650\" style=\"width: 800px\" class=\"wp-caption aligncenter\"><img loading=\"lazy\" decoding=\"async\" class=\"wp-image-7650 size-full\" src=\"https:\/\/congtybinhminh.com\/wp-content\/uploads\/2023\/04\/Dau-no-30Hp.webp\" alt=\"_\u0110\u1ea7u n\u1ed5 30Hp\" width=\"800\" height=\"600\" srcset=\"https:\/\/congtybinhminh.com\/wp-content\/uploads\/2023\/04\/Dau-no-30Hp.webp 800w, https:\/\/congtybinhminh.com\/wp-content\/uploads\/2023\/04\/Dau-no-30Hp-510x383.webp 510w, https:\/\/congtybinhminh.com\/wp-content\/uploads\/2023\/04\/Dau-no-30Hp-533x400.webp 533w, https:\/\/congtybinhminh.com\/wp-content\/uploads\/2023\/04\/Dau-no-30Hp-768x576.webp 768w\" sizes=\"auto, (max-width: 800px) 100vw, 800px\" \/><figcaption id=\"caption-attachment-7650\" class=\"wp-caption-text\">\u0110\u1ea7u n\u1ed5 30Hp<\/figcaption><\/figure>\n<h2>C\u1ea5u t\u1ea1o c\u1ee7a m\u00e1y b\u0103m x\u01a1 d\u1eeba B1200 \u0111\u1ea7u n\u1ed5<\/h2>\n<p>Thi\u1ebft k\u1ebf khung v\u00e0 b\u1ec7 \u0111\u1ee1 m\u00e1y ch\u1eafc ch\u1eafn, d\u00e0y d\u1eb7n, t\u1ed5ng tr\u1ecdng t\u1ea3i l\u00ean t\u1edbi h\u01a1n 5 t\u1ea1. K\u1ebft h\u1ee3p \u0111\u1ea7u n\u1ed5 ch\u1ea1y x\u0103ng d\u1ea7u ti\u1ec7n l\u1ee3i cho vi\u1ec7c \u0111\u01b0a m\u00e1y \u0111i kh\u1eafp n\u01a1i.<\/p>\n<figure id=\"attachment_7646\" aria-describedby=\"caption-attachment-7646\" style=\"width: 800px\" class=\"wp-caption aligncenter\"><img loading=\"lazy\" decoding=\"async\" class=\"wp-image-7646 size-full\" src=\"https:\/\/congtybinhminh.com\/wp-content\/uploads\/2023\/04\/Cau-tao-may-B1200-dau-no.webp\" alt=\"C\u1ea5u t\u1ea1o m\u00e1y B1200 \u0111\u1ea7u n\u1ed5\" width=\"800\" height=\"600\" srcset=\"https:\/\/congtybinhminh.com\/wp-content\/uploads\/2023\/04\/Cau-tao-may-B1200-dau-no.webp 800w, https:\/\/congtybinhminh.com\/wp-content\/uploads\/2023\/04\/Cau-tao-may-B1200-dau-no-510x383.webp 510w, https:\/\/congtybinhminh.com\/wp-content\/uploads\/2023\/04\/Cau-tao-may-B1200-dau-no-533x400.webp 533w, https:\/\/congtybinhminh.com\/wp-content\/uploads\/2023\/04\/Cau-tao-may-B1200-dau-no-768x576.webp 768w\" sizes=\"auto, (max-width: 800px) 100vw, 800px\" \/><figcaption id=\"caption-attachment-7646\" class=\"wp-caption-text\">C\u1ea5u t\u1ea1o m\u00e1y B1200 \u0111\u1ea7u n\u1ed5<\/figcaption><\/figure>\n<p>Ph\u1ea7n toa n\u1ea1p thi\u1ebft k\u1ebf d\u1ea1ng ph\u1ec5u v\u1edbi ph\u1ea7n mi\u1ec7ng r\u1ed9ng g\u00f3p ph\u1ea7n \u0111\u01b0a \u0111\u01b0\u1ee3c nhi\u1ec1u nguy\u00ean li\u1ec7u v\u00e0o b\u0103m h\u01a1n. \u0110\u1eb7c bi\u1ec7t, b\u00ean tr\u00ean c\u1eeda n\u1ea1p c\u00f3 t\u1ea5m ch\u1eafn li\u1ec7u, tr\u00e1nh t\u00ecnh tr\u1ea1ng nguy\u00ean li\u1ec7u v\u0103ng ra ngo\u00e0i khi v\u1eadn h\u00e0nh.<\/p>\n<figure id=\"attachment_7647\" aria-describedby=\"caption-attachment-7647\" style=\"width: 800px\" class=\"wp-caption aligncenter\"><img loading=\"lazy\" decoding=\"async\" class=\"wp-image-7647 size-full\" src=\"https:\/\/congtybinhminh.com\/wp-content\/uploads\/2023\/04\/toa-nap.webp\" alt=\"\" width=\"800\" height=\"600\" srcset=\"https:\/\/congtybinhminh.com\/wp-content\/uploads\/2023\/04\/toa-nap.webp 800w, https:\/\/congtybinhminh.com\/wp-content\/uploads\/2023\/04\/toa-nap-510x383.webp 510w, https:\/\/congtybinhminh.com\/wp-content\/uploads\/2023\/04\/toa-nap-533x400.webp 533w, https:\/\/congtybinhminh.com\/wp-content\/uploads\/2023\/04\/toa-nap-768x576.webp 768w\" sizes=\"auto, (max-width: 800px) 100vw, 800px\" \/><figcaption id=\"caption-attachment-7647\" class=\"wp-caption-text\">Toa n\u1ea1p nguy\u00ean li\u1ec7u<\/figcaption><\/figure>\n<p>C\u1eeda x\u1ea3 ri\u00eang bi\u1ec7t: Ph\u00e2n lo\u1ea1i m\u00f9n d\u1eeba v\u00e0 x\u01a1 d\u1eeba ri\u00eang bi\u1ec7t, kh\u00f4ng c\u1ea7n qua kh\u00e2u s\u00e0ng l\u1ecdc, gi\u00fap ng\u01b0\u1eddi d\u00f9ng s\u1eed d\u1ee5ng th\u00e0nh ph\u1ea9m nh\u01b0 mong\u00a0 mu\u1ed1n.<\/p>\n<p>H\u1ec7 th\u1ed1ng bu\u1ed3ng b\u0103m nghi\u1ec1n g\u1ed3m h\u1ec7 th\u1ed1ng b\u00faa x\u1ebfp xo\u1eafn d\u1ecdc tr\u00ean tr\u1ee5c xoay v\u00e0 2 thanh b\u00faa g\u1eafn c\u1ed1 \u0111\u1ecbnh tr\u00ean th\u00e0nh bu\u1ed3ng ho\u1ea1t \u0111\u1ed9ng x\u00e9 v\u00e0 b\u0103m nh\u1ecf nguy\u00ean li\u1ec7u v\u1edbi m\u1eb7t s\u00e0ng. K\u1ebft h\u1ee3p c\u00f9ng 3 \u0111\u0129a \u0111\u00e0 chuy\u00ean d\u1ee5ng \u0111\u01b0a nguy\u00ean li\u1ec7u ra ngo\u00e0i c\u1eeda x\u1ea3.<\/p>\n<p><img loading=\"lazy\" decoding=\"async\" class=\"wp-image-7648 size-full aligncenter\" src=\"https:\/\/congtybinhminh.com\/wp-content\/uploads\/2023\/04\/Buong-bam-nghien.webp\" alt=\"Bu\u1ed3ng b\u0103m nghi\u1ec1n\" width=\"800\" height=\"600\" srcset=\"https:\/\/congtybinhminh.com\/wp-content\/uploads\/2023\/04\/Buong-bam-nghien.webp 800w, https:\/\/congtybinhminh.com\/wp-content\/uploads\/2023\/04\/Buong-bam-nghien-510x383.webp 510w, https:\/\/congtybinhminh.com\/wp-content\/uploads\/2023\/04\/Buong-bam-nghien-533x400.webp 533w, https:\/\/congtybinhminh.com\/wp-content\/uploads\/2023\/04\/Buong-bam-nghien-768x576.webp 768w\" sizes=\"auto, (max-width: 800px) 100vw, 800px\" \/><\/p>\n<p>V\u1edbi thi\u1ebft k\u1ebf thanh g\u1ea1t \u0111i\u1ec1u ch\u1ec9nh n\u1eb7ng-nh\u1eb9 gi\u00fap b\u00e0 con c\u00f3 th\u1ec3 b\u0103m nguy\u00ean li\u1ec7u theo \u00fd mu\u1ed1n:<\/p>\n<p>+Nh\u1eb9: Gi\u00fap b\u0103m nhanh h\u01a1n<\/p>\n<p>+N\u1eb7ng: B\u0103m l\u00e2u h\u01a1n, k\u1ef9 h\u01a1n.<\/p>\n<figure id=\"attachment_7649\" aria-describedby=\"caption-attachment-7649\" style=\"width: 800px\" class=\"wp-caption aligncenter\"><img loading=\"lazy\" decoding=\"async\" class=\"wp-image-7649 size-full\" src=\"https:\/\/congtybinhminh.com\/wp-content\/uploads\/2023\/04\/Thanh-gat-dieu-chinh.webp\" alt=\"Thanh g\u1ea1t \u0111i\u1ec1u ch\u1ec9nh\" width=\"800\" height=\"600\" srcset=\"https:\/\/congtybinhminh.com\/wp-content\/uploads\/2023\/04\/Thanh-gat-dieu-chinh.webp 800w, https:\/\/congtybinhminh.com\/wp-content\/uploads\/2023\/04\/Thanh-gat-dieu-chinh-510x383.webp 510w, https:\/\/congtybinhminh.com\/wp-content\/uploads\/2023\/04\/Thanh-gat-dieu-chinh-533x400.webp 533w, https:\/\/congtybinhminh.com\/wp-content\/uploads\/2023\/04\/Thanh-gat-dieu-chinh-768x576.webp 768w\" sizes=\"auto, (max-width: 800px) 100vw, 800px\" \/><figcaption id=\"caption-attachment-7649\" class=\"wp-caption-text\">Thanh g\u1ea1t \u0111i\u1ec1u ch\u1ec9nh<\/figcaption><\/figure>\n<p>M\u1eb7t s\u00e0ng \u0111\u01b0\u1ee3c g\u1eafn ph\u00eda tr\u01b0\u1edbc c\u1eeda x\u1ea3 gi\u00fap s\u00e0ng l\u1ecdc v\u00e0 ch\u1ec9 cho ph\u00e9p c\u00e1c m\u1ea9u v\u1ee5n c\u00f3 k\u00edch th\u01b0\u1edbc nh\u1ecf t\u01b0\u01a1ng \u1ee9ng \u0111i qua, cho th\u00e0nh ph\u1ea9m c\u00f3 \u0111\u1ed9 \u0111\u1ed3ng \u0111\u1ec1u.<\/p>\n<h2>Nh\u1eefng l\u01b0u \u00fd khi v\u1ec7 sinh v\u00e0 b\u1ea3o qu\u1ea3n m\u00e1y<\/h2>\n<p>\u0110\u1eb7t m\u00e1y \u1edf nh\u1eefng n\u01a1i b\u1eb1ng ph\u1eb3ng, kh\u00f4ng gh\u1ed3 gh\u1ec1 \u0111\u1ec3 tr\u00e1nh rung l\u1eafc trong qu\u00e1 tr\u00ecnh v\u1eadn h\u00e0nh m\u00e1y.<\/p>\n<figure id=\"attachment_7651\" aria-describedby=\"caption-attachment-7651\" style=\"width: 800px\" class=\"wp-caption aligncenter\"><img loading=\"lazy\" decoding=\"async\" class=\"wp-image-7651 size-full\" src=\"https:\/\/congtybinhminh.com\/wp-content\/uploads\/2023\/04\/May-bam-xo-dua-b1200-dau-no-7.webp\" alt=\"\" width=\"800\" height=\"600\" srcset=\"https:\/\/congtybinhminh.com\/wp-content\/uploads\/2023\/04\/May-bam-xo-dua-b1200-dau-no-7.webp 800w, https:\/\/congtybinhminh.com\/wp-content\/uploads\/2023\/04\/May-bam-xo-dua-b1200-dau-no-7-510x383.webp 510w, https:\/\/congtybinhminh.com\/wp-content\/uploads\/2023\/04\/May-bam-xo-dua-b1200-dau-no-7-533x400.webp 533w, https:\/\/congtybinhminh.com\/wp-content\/uploads\/2023\/04\/May-bam-xo-dua-b1200-dau-no-7-768x576.webp 768w\" sizes=\"auto, (max-width: 800px) 100vw, 800px\" \/><figcaption id=\"caption-attachment-7651\" class=\"wp-caption-text\">M\u00e1y b\u0103m x\u01a1 d\u1eeba B1200 \u0111\u1ea7u n\u1ed5<\/figcaption><\/figure>\n<p>V\u1ec7 sinh m\u00e1y s\u1ea1ch s\u1ebd sau m\u1ed7i l\u1ea7n s\u1eed d\u1ee5ng. Th\u01b0\u1eddng xuy\u00ean tra m\u1ee1 v\u00e0o c\u00e1c g\u1ed1i bi \u0111\u1ec3 b\u1ea3o d\u01b0\u1ee1ng duy tr\u00ec ho\u1ea1t \u0111\u1ed9ng m\u00e1y th\u01b0\u1eddng xuy\u00ean<\/p>\n<p>L\u01b0u \u00fd kh\u00f4ng n\u00ean b\u0103m nh\u1eefng nguy\u00ean li\u1ec7u qu\u00e1 c\u1ee9ng, kh\u00f4ng ph\u00f9 h\u1ee3p \u0111\u1ec3 tr\u00e1nh l\u00e0m m\u1ebb h\u1ecfng dao.<\/p>\n<h2>Th\u00f4ng s\u1ed1 k\u1ef9 thu\u1eadt<\/h2>\n<table border=\"1\" cellspacing=\"1\" cellpadding=\"1\">\n<tbody>\n<tr>\n<td colspan=\"1\" rowspan=\"3\">\u00a0\u0110\u1ed9ng c\u01a1<\/td>\n<td>C\u00f4ng su\u1ea5t \u0111\u1ea7u n\u1ed5<\/td>\n<td>30Hp<\/td>\n<\/tr>\n<tr>\n<td>Ngu\u1ed3n \u0111i\u1ec7n<\/td>\n<td>\u00a0 \u00a0 \u00a0 V<\/td>\n<\/tr>\n<tr>\n<td>T\u1ed1c \u0111\u1ed9 m\u00e1y<\/td>\n<td>\u00a0 \u00a0 \u00a0 v\/p<\/td>\n<\/tr>\n<tr>\n<td colspan=\"1\" rowspan=\"2\">\u00a0Tr\u1ecdng l\u01b0\u1ee3ng m\u00e1y<\/td>\n<td>Nguy\u00ean b\u1ed9<\/td>\n<td>471 kg<\/td>\n<\/tr>\n<tr>\n<td>Kh\u00f4ng \u0111\u1ed9ng c\u01a1<\/td>\n<td>\u00a0 \u00a0 \u00a0 kg<\/td>\n<\/tr>\n<tr>\n<td colspan=\"1\" rowspan=\"2\">\u00a0B\u1ea3o h\u00e0nh<\/td>\n<td>\u00a0K\u1ef9 thu\u1eadt<\/td>\n<td>\u00a006 th\u00e1ng<\/td>\n<\/tr>\n<tr>\n<td>\u00a0\u0110\u1ed9ng c\u01a1<\/td>\n<td>\u00a0Theo t\u1eebng h\u00e3ng s\u1ea3n xu\u1ea5t<\/td>\n<\/tr>\n<tr>\n<td>N\u0103ng su\u1ea5t<\/td>\n<td colspan=\"2\" rowspan=\"1\">\u00a0900 &#8211; 1000 kg\/gi\u1edd<\/td>\n<\/tr>\n<tr>\n<td>K\u00edch th\u01b0\u1edbc (D*C*R)<\/td>\n<td colspan=\"2\" rowspan=\"1\">200*141*90cm<\/td>\n<\/tr>\n<tr>\n<td>\u00a0H\u00ecnh th\u1ee9c thanh to\u00e1n<\/td>\n<td colspan=\"2\" rowspan=\"1\">\u00a0Ti\u1ec1n m\u1eb7t ho\u1eb7c chuy\u1ec3n kho\u1ea3n<\/td>\n<\/tr>\n<\/tbody>\n<\/table>\n","protected":false},"excerpt":{"rendered":"<p><strong>H\u00e3ng s\u1ea3n xu\u1ea5t:\u00a0<\/strong>B\u00ecnh Minh<\/p>\n<p><strong>C\u00f4ng su\u1ea5t \u0111\u1ed9ng c\u01a1:<\/strong>\u00a030 HP<\/p>\n<p><strong>Tr\u1ecdng\u00a0l\u01b0\u1ee3ng:\u00a0<\/strong>471kg<\/p>\n<p><strong>N\u0103ng su\u1ea5t:<\/strong>\u00a0900 \u2013 1000 kg\/gi\u1edd<strong>\u00a0<\/strong><\/p>\n<p><strong>K\u00edch th\u01b0\u1edbc (CD*CC*CR): <\/strong>200*141*90cm<\/p>\n<p><strong>T\u00ednh n\u0103ng:<\/strong>\u00a0M\u00e1y chuy\u00ean b\u0103m v\u1ecf d\u1eeba t\u01b0\u01a1i, v\u1ecf d\u1eeba kh\u00f4,\u2026 th\u00e0nh d\u1ea1ng x\u01a1 d\u1eeba v\u00e0 m\u00f9n d\u1eeba l\u00e0m ph\u00e2n b\u00f3n tr\u1ed3ng c\u00e2y, \u0111\u1ec7m l\u00f3t chu\u1ed3ng..<\/p>\n","protected":false},"featured_media":7637,"comment_status":"closed","ping_status":"closed","template":"","meta":[],"product_brand":[],"product_cat":[197],"product_tag":[],"class_list":{"0":"post-7636","1":"product","2":"type-product","3":"status-publish","4":"has-post-thumbnail","6":"product_cat-may-bam-xo-dua-2","8":"first","9":"instock","10":"shipping-taxable","11":"product-type-simple"},"_links":{"self":[{"href":"https:\/\/congtybinhminh.com\/index.php?rest_route=\/wp\/v2\/product\/7636","targetHints":{"allow":["GET"]}}],"collection":[{"href":"https:\/\/congtybinhminh.com\/index.php?rest_route=\/wp\/v2\/product"}],"about":[{"href":"https:\/\/congtybinhminh.com\/index.php?rest_route=\/wp\/v2\/types\/product"}],"replies":[{"embeddable":true,"href":"https:\/\/congtybinhminh.com\/index.php?rest_route=%2Fwp%2Fv2%2Fcomments&post=7636"}],"wp:featuredmedia":[{"embeddable":true,"href":"https:\/\/congtybinhminh.com\/index.php?rest_route=\/wp\/v2\/media\/7637"}],"wp:attachment":[{"href":"https:\/\/congtybinhminh.com\/index.php?rest_route=%2Fwp%2Fv2%2Fmedia&parent=7636"}],"wp:term":[{"taxonomy":"product_brand","embeddable":true,"href":"https:\/\/congtybinhminh.com\/index.php?rest_route=%2Fwp%2Fv2%2Fproduct_brand&post=7636"},{"taxonomy":"product_cat","embeddable":true,"href":"https:\/\/congtybinhminh.com\/index.php?rest_route=%2Fwp%2Fv2%2Fproduct_cat&post=7636"},{"taxonomy":"product_tag","embeddable":true,"href":"https:\/\/congtybinhminh.com\/index.php?rest_route=%2Fwp%2Fv2%2Fproduct_tag&post=7636"}],"curies":[{"name":"wp","href":"https:\/\/api.w.org\/{rel}","templated":true}]}}