{"id":7552,"date":"2023-03-15T14:11:37","date_gmt":"2023-03-15T07:11:37","guid":{"rendered":"https:\/\/congtybinhminh.com\/?post_type=product&#038;p=7552"},"modified":"2024-10-31T13:59:53","modified_gmt":"2024-10-31T06:59:53","slug":"may-tuot-lac","status":"publish","type":"product","link":"https:\/\/congtybinhminh.com\/?product=may-tuot-lac","title":{"rendered":"M\u00e1y tu\u1ed1t l\u1ea1c"},"content":{"rendered":"<h2><span style=\"color: #000000\"><strong>Video ho\u1ea1t \u0111\u1ed9ng c\u1ee7a m\u00e1y tu\u1ed1t l\u1ea1c\u00a0<\/strong><\/span><\/h2>\n<p><iframe loading=\"lazy\" title=\"M\u00e1y Tu\u1ed1t L\u1ea1c 2022 N\u0103ng Su\u1ea5t 5 T\u1ea1 M\u1ed7i Gi\u1edd Nh\u1ecf G\u1ecdn Ti\u1ec7n L\u1ee3i Gi\u00e1 T\u1ed1t Nh\u1ea5t .\" width=\"1020\" height=\"574\" src=\"https:\/\/www.youtube.com\/embed\/80kpJfSWlrw?feature=oembed\" frameborder=\"0\" allow=\"accelerometer; autoplay; clipboard-write; encrypted-media; gyroscope; picture-in-picture; web-share\" referrerpolicy=\"strict-origin-when-cross-origin\" allowfullscreen><\/iframe><\/p>\n<h2><span style=\"color: #000000\"><strong>\u01afu \u0111i\u1ec3m c\u1ee7a m\u00e1y tu\u1ed1t l\u1ea1c\u00a0<\/strong><\/span><\/h2>\n<p><span style=\"color: #000000\"><img loading=\"lazy\" decoding=\"async\" class=\"aligncenter wp-image-18061 size-full lazy-load-active\" src=\"https:\/\/sieuthimaybinhminh.com\/wp-content\/uploads\/2022\/10\/lac-cu_result222.webp\" alt=\"lac-cu_result222\" width=\"800\" height=\"516\" data-src=\"https:\/\/sieuthimaybinhminh.com\/wp-content\/uploads\/2022\/10\/lac-cu_result222.webp\" data-srcset=\"https:\/\/sieuthimaybinhminh.com\/wp-content\/uploads\/2022\/10\/lac-cu_result222.webp 800w, https:\/\/sieuthimaybinhminh.com\/wp-content\/uploads\/2022\/10\/lac-cu_result222-300x194.webp 300w, https:\/\/sieuthimaybinhminh.com\/wp-content\/uploads\/2022\/10\/lac-cu_result222-768x495.webp 768w, https:\/\/sieuthimaybinhminh.com\/wp-content\/uploads\/2022\/10\/lac-cu_result222-450x290.webp 450w\" \/><\/span><\/p>\n<ul>\n<li><span style=\"color: #000000\">M\u00e1y tu\u1ed1t l\u1ea1c d\u1ec5 d\u00e0ng s\u1eed d\u1ee5ng, ng\u01b0\u1eddi d\u00f9ng ch\u1ec9 c\u1ea7n cho c\u00e2y l\u1ea1c v\u00e0o toa n\u1ea1p nguy\u00ean li\u1ec7u, m\u00e1y s\u1ebd t\u1ef1 v\u1eadn h\u00e0nh t\u00e1ch c\u1ee7<\/span><\/li>\n<li><span style=\"color: #000000\">Ch\u1ec9 c\u1ea7n 1 \u2013 2 nh\u00e2n c\u00f4ng v\u1eadn h\u00e0nh m\u00e1y m\u00e0 v\u1eabn \u0111\u1ea3m b\u1ea3o n\u0103ng su\u1ea5t<\/span><\/li>\n<li><span style=\"color: #000000\">S\u1ea3n ph\u1ea9m l\u1ea1c c\u1ee7 sau khi tu\u1ed1t c\u00f3 \u0111\u1ed9 s\u1ea1ch cao, nh\u1edd h\u1ec7 th\u1ed1ng qu\u1ea1t gi\u00f3 v\u00e0 s\u00e0ng rung<\/span><\/li>\n<li><span style=\"color: #000000\">Thi\u1ebft k\u1ebf nh\u1ecf g\u1ecdn kh\u00f4ng chi\u1ebfm nhi\u1ec1u di\u1ec7n t\u00edch kh\u00f4ng gian<\/span><\/li>\n<\/ul>\n<h2><span style=\"color: #000000\"><strong>C\u1ea5u t\u1ea1o m\u00e1y tu\u1ed1t l\u1ea1c\u00a0<\/strong><\/span><\/h2>\n<p><span style=\"color: #000000\">M\u00e1y \u0111\u01b0\u1ee3c thi\u1ebft k\u1ebf hi\u1ec7n \u0111\u1ea1i, nh\u1ecf g\u1ecdn kh\u00f4ng chi\u1ebfm nhi\u1ec1u di\u1ec7n t\u00edch v\u1edbi ph\u1ea7n khung \u0111\u01b0\u1ee3c h\u00e0n g\u1eafn ch\u1eafc ch\u1eafn kh\u00f4ng g\u00e2y rung l\u1eafc trong qu\u00e1 tr\u00ecnh ho\u1ea1t \u0111\u1ed9ng.<\/span><\/p>\n<p><span style=\"color: #000000\"><img loading=\"lazy\" decoding=\"async\" class=\"aligncenter wp-image-18058 size-full lazy-load-active\" src=\"https:\/\/sieuthimaybinhminh.com\/wp-content\/uploads\/2022\/10\/cau-tao-may-tuot-lac_result222.webp\" alt=\"cau-tao-may-tuot-lac_result222\" width=\"800\" height=\"650\" data-src=\"https:\/\/sieuthimaybinhminh.com\/wp-content\/uploads\/2022\/10\/cau-tao-may-tuot-lac_result222.webp\" data-srcset=\"https:\/\/sieuthimaybinhminh.com\/wp-content\/uploads\/2022\/10\/cau-tao-may-tuot-lac_result222.webp 800w, https:\/\/sieuthimaybinhminh.com\/wp-content\/uploads\/2022\/10\/cau-tao-may-tuot-lac_result222-300x244.webp 300w, https:\/\/sieuthimaybinhminh.com\/wp-content\/uploads\/2022\/10\/cau-tao-may-tuot-lac_result222-768x624.webp 768w, https:\/\/sieuthimaybinhminh.com\/wp-content\/uploads\/2022\/10\/cau-tao-may-tuot-lac_result222-450x366.webp 450w\" \/><\/span><\/p>\n<p><span style=\"color: #000000\">Nguy\u00ean li\u1ec7u khi \u0111\u01b0\u1ee3c ti\u1ebfp n\u1ea1p, h\u1ec7 th\u1ed1ng gu\u1ed3ng quay \u0111\u01b0\u1ee3c t\u1ea1o b\u1edfi 2 tr\u1ee5c quay tr\u00f2n tu\u1ed1t l\u1ea1c ra kh\u1ecfi c\u00e2y<\/span><\/p>\n<p><span style=\"color: #000000\">Ph\u1ea7n c\u1ee7 l\u1ea1c sau khi \u0111\u01b0\u1ee3c b\u1ee9t ra kh\u1ecfi c\u00e2y s\u1ebd \u0111\u01b0\u1ee3c \u0111i qua h\u1ec7 th\u1ed1ng s\u00e0ng l\u1ecdc lo\u1ea1i b\u1ecf nh\u1eefng h\u1ea1t l\u00e9t, h\u1ea1t m\u1ed1c m\u1ecdt v\u00e0 b\u1ee7i b\u1ea9n c\u00f2n s\u00f3t l\u1ea1i.<\/span><\/p>\n<p><span style=\"color: #000000\"><img loading=\"lazy\" decoding=\"async\" class=\"aligncenter wp-image-18059 size-full lazy-load-active\" src=\"https:\/\/sieuthimaybinhminh.com\/wp-content\/uploads\/2022\/10\/buong-lam-viec_result222.webp\" alt=\"buong-lam-viec_result222\" width=\"800\" height=\"586\" data-src=\"https:\/\/sieuthimaybinhminh.com\/wp-content\/uploads\/2022\/10\/buong-lam-viec_result222.webp\" data-srcset=\"https:\/\/sieuthimaybinhminh.com\/wp-content\/uploads\/2022\/10\/buong-lam-viec_result222.webp 800w, https:\/\/sieuthimaybinhminh.com\/wp-content\/uploads\/2022\/10\/buong-lam-viec_result222-300x220.webp 300w, https:\/\/sieuthimaybinhminh.com\/wp-content\/uploads\/2022\/10\/buong-lam-viec_result222-768x563.webp 768w, https:\/\/sieuthimaybinhminh.com\/wp-content\/uploads\/2022\/10\/buong-lam-viec_result222-450x330.webp 450w\" \/><\/span><\/p>\n<p><span style=\"color: #000000\">\u0110\u1eb7c bi\u1ec7t, m\u00e1y c\u00f3 h\u1ec7 th\u1ed1ng qu\u1ea1t th\u1ed5i gi\u00fap lo\u1ea1i b\u1ecf ph\u1ea7n cu\u1ed1ng, l\u00e1 .. m\u00e0 trong qu\u00e1 tr\u00ecnh tu\u1ed1t c\u00f2n s\u00f3t l\u1ea1i, kh\u00f4ng ph\u1ea3i m\u1ea5t th\u1eddi gian v\u1eb7t v\u00e0 ph\u00e2n lo\u1ea1i l\u1ea1c.<\/span><\/p>\n<p><span style=\"color: #000000\"><img loading=\"lazy\" decoding=\"async\" class=\"aligncenter wp-image-18060 size-full lazy-load-active\" src=\"https:\/\/sieuthimaybinhminh.com\/wp-content\/uploads\/2022\/10\/quat-gio_result222.webp\" alt=\"quat-gio_result222\" width=\"800\" height=\"558\" data-src=\"https:\/\/sieuthimaybinhminh.com\/wp-content\/uploads\/2022\/10\/quat-gio_result222.webp\" data-srcset=\"https:\/\/sieuthimaybinhminh.com\/wp-content\/uploads\/2022\/10\/quat-gio_result222.webp 800w, https:\/\/sieuthimaybinhminh.com\/wp-content\/uploads\/2022\/10\/quat-gio_result222-300x209.webp 300w, https:\/\/sieuthimaybinhminh.com\/wp-content\/uploads\/2022\/10\/quat-gio_result222-768x536.webp 768w, https:\/\/sieuthimaybinhminh.com\/wp-content\/uploads\/2022\/10\/quat-gio_result222-450x314.webp 450w\" \/><\/span><\/p>\n<p><span style=\"color: #000000\">S\u1eed d\u1ee5ng \u0111\u1ed9ng c\u01a1 2,2kw motor l\u00f5i d\u00e2y \u0111\u1ed3ng 100% d\u00f9ng \u0111i\u1ec7n d\u00e2n d\u1ee5ng 220V cho n\u0103ng su\u1ea5t cao, th\u00edch h\u1ee3p s\u1eed d\u1ee5ng t\u1ea1i c\u00e1c h\u1ed9 gia \u0111\u00ecnh hay c\u00e1c c\u01a1 s\u1edf ch\u1ebf bi\u1ebfn quy m\u00f4 v\u1eeba v\u00e0 l\u1edbn<\/span><\/p>\n<p><span style=\"color: #000000\"><strong>Th\u00f4ng s\u1ed1 k\u1ef9 thu\u1eadt\u00a0<\/strong><\/span><\/p>\n<table class=\"Table\" align=\"center\">\n<tbody>\n<tr>\n<td rowspan=\"3\" width=\"270\">\n<p align=\"center\"><span style=\"color: #000000\">\u0110\u1ed9ng c\u01a1<\/span><\/p>\n<\/td>\n<td width=\"211\"><span style=\"color: #000000\">\u00a0C\u00f4ng su\u1ea5t \u0111\u1ed9ng c\u01a1<\/span><\/td>\n<td width=\"210\">\n<p align=\"center\"><span style=\"color: #000000\">2.2 kw<\/span><\/p>\n<\/td>\n<\/tr>\n<tr>\n<td width=\"211\"><span style=\"color: #000000\">\u00a0Ngu\u1ed3n \u0111i\u1ec7n<\/span><\/td>\n<td width=\"210\">\n<p align=\"center\"><span style=\"color: #000000\">220 ( V)<\/span><\/p>\n<\/td>\n<\/tr>\n<tr>\n<td width=\"211\"><span style=\"color: #000000\">\u00a0T\u1ed1c \u0111\u1ed9 m\u00e1y<\/span><\/td>\n<td width=\"210\">\n<p align=\"center\"><span style=\"color: #000000\">1450 ( v\/p)<\/span><\/p>\n<\/td>\n<\/tr>\n<tr>\n<td rowspan=\"2\" width=\"270\">\n<p align=\"center\"><span style=\"color: #000000\">Tr\u1ecdng l\u01b0\u1ee3ng m\u00e1y<\/span><\/p>\n<\/td>\n<td width=\"211\"><span style=\"color: #000000\">\u00a0Nguy\u00ean b\u1ed9<\/span><\/td>\n<td width=\"210\">\n<p align=\"center\"><span style=\"color: #000000\">79 ( kg)<\/span><\/p>\n<\/td>\n<\/tr>\n<tr>\n<td width=\"211\"><span style=\"color: #000000\">\u00a0Kh\u00f4ng \u0111\u1ed9ng c\u01a1<\/span><\/td>\n<td width=\"210\">\n<p align=\"center\"><span style=\"color: #000000\">60,6( kg)<\/span><\/p>\n<\/td>\n<\/tr>\n<tr>\n<td rowspan=\"2\" width=\"270\">\n<p align=\"center\"><span style=\"color: #000000\">B\u1ea3o h\u00e0nh<\/span><\/p>\n<\/td>\n<td width=\"211\"><span style=\"color: #000000\">\u00a0K\u1ef9 thu\u1eadt<\/span><\/td>\n<td width=\"210\">\n<p align=\"center\"><span style=\"color: #000000\">06\u00a0th\u00e1ng<\/span><\/p>\n<\/td>\n<\/tr>\n<tr>\n<td width=\"211\"><span style=\"color: #000000\">\u00a0\u0110\u1ed9ng c\u01a1<\/span><\/td>\n<td width=\"210\">\n<p align=\"center\"><span style=\"color: #000000\">Theo t\u1eebng h\u00e3ng s\u1ea3n xu\u1ea5t<\/span><\/p>\n<\/td>\n<\/tr>\n<tr>\n<td width=\"270\">\n<p align=\"center\"><span style=\"color: #000000\">N\u0103ng su\u1ea5t<\/span><\/p>\n<\/td>\n<td colspan=\"2\" width=\"421\">\n<p align=\"center\"><span style=\"color: #000000\">\u00a0(kg\/h)<\/span><\/p>\n<\/td>\n<\/tr>\n<tr>\n<td width=\"270\">\n<p align=\"center\"><span style=\"color: #000000\">K\u00edch th\u01b0\u1edbc ( D * C * R )<\/span><\/p>\n<\/td>\n<td colspan=\"2\" width=\"421\">\n<p align=\"center\"><span style=\"color: #000000\">99*100*55\u00a0 cm<\/span><\/p>\n<\/td>\n<\/tr>\n<tr>\n<td width=\"270\">\n<p align=\"center\"><span style=\"color: #000000\">H\u00ecnh th\u1ee9c thanh to\u00e1n<\/span><\/p>\n<\/td>\n<td colspan=\"2\" width=\"421\"><span style=\"color: #000000\">Ti\u1ec1n m\u1eb7t ho\u1eb7c chuy\u1ec3n kho\u1ea3n<\/span><\/td>\n<\/tr>\n<\/tbody>\n<\/table>\n","protected":false},"excerpt":{"rendered":"<ul>\n<li><strong>H\u00e3ng s\u1ea3n xu\u1ea5t :<\/strong>\u00a0B\u00ccnh Minh<\/li>\n<li><strong>C\u00f4ng su\u1ea5t \u0111\u1ed9ng c\u01a1<\/strong>\u00a0: 2,2kw<\/li>\n<li><strong>Ngu\u1ed3n \u0111i\u1ec7n<\/strong>\u00a0: 220V<\/li>\n<li><strong>T\u1ed1c \u0111\u1ed9<\/strong>\u00a0: 1450 v\/p<\/li>\n<li><strong>N\u0103ng su\u1ea5t :<\/strong>\u00a0kg\/gi\u1edd<\/li>\n<li><strong>Tr\u1ecdng l\u01b0\u1ee3ng :<\/strong>\u00a079 kg ( c\u1ea3 \u0111\u1ed9ng c\u01a1)<\/li>\n<li><strong>K\u00edch th\u01b0\u1edbc (d*c*r) :<\/strong>\u00a099*100*55\u00a0 cm<\/li>\n<li><strong>T\u00ednh n\u0103ng :<\/strong>\u00a0Thi\u1ebft b\u1ecb h\u1ed7 tr\u1ee3 tu\u1ed1t nh\u1eefng c\u1ee7 l\u1ea1c t\u01b0\u01a1i khi m\u1edbi thu ho\u1ea1ch v\u1ec1 ra kh\u1ecfi th\u00e2n c\u00e2y m\u00e0 kh\u00f4ng l\u00e0m v\u1ee1 hay l\u00e0m d\u1eadp n\u00e1t c\u1ee7.<\/li>\n<\/ul>\n","protected":false},"featured_media":7553,"comment_status":"closed","ping_status":"closed","template":"","meta":[],"product_brand":[],"product_cat":[189],"product_tag":[190,191,192,193],"class_list":{"0":"post-7552","1":"product","2":"type-product","3":"status-publish","4":"has-post-thumbnail","6":"product_cat-may-tuot-lac","7":"product_tag-may-tuot-lac","8":"product_tag-may-tuot-lac-binh-minh","9":"product_tag-may-tuot-lac-chinh-hang","10":"product_tag-may-tuot-lac-gia-re","12":"first","13":"instock","14":"shipping-taxable","15":"product-type-simple"},"_links":{"self":[{"href":"https:\/\/congtybinhminh.com\/index.php?rest_route=\/wp\/v2\/product\/7552","targetHints":{"allow":["GET"]}}],"collection":[{"href":"https:\/\/congtybinhminh.com\/index.php?rest_route=\/wp\/v2\/product"}],"about":[{"href":"https:\/\/congtybinhminh.com\/index.php?rest_route=\/wp\/v2\/types\/product"}],"replies":[{"embeddable":true,"href":"https:\/\/congtybinhminh.com\/index.php?rest_route=%2Fwp%2Fv2%2Fcomments&post=7552"}],"wp:featuredmedia":[{"embeddable":true,"href":"https:\/\/congtybinhminh.com\/index.php?rest_route=\/wp\/v2\/media\/7553"}],"wp:attachment":[{"href":"https:\/\/congtybinhminh.com\/index.php?rest_route=%2Fwp%2Fv2%2Fmedia&parent=7552"}],"wp:term":[{"taxonomy":"product_brand","embeddable":true,"href":"https:\/\/congtybinhminh.com\/index.php?rest_route=%2Fwp%2Fv2%2Fproduct_brand&post=7552"},{"taxonomy":"product_cat","embeddable":true,"href":"https:\/\/congtybinhminh.com\/index.php?rest_route=%2Fwp%2Fv2%2Fproduct_cat&post=7552"},{"taxonomy":"product_tag","embeddable":true,"href":"https:\/\/congtybinhminh.com\/index.php?rest_route=%2Fwp%2Fv2%2Fproduct_tag&post=7552"}],"curies":[{"name":"wp","href":"https:\/\/api.w.org\/{rel}","templated":true}]}}