{"id":7546,"date":"2023-03-15T14:05:25","date_gmt":"2023-03-15T07:05:25","guid":{"rendered":"https:\/\/congtybinhminh.com\/?post_type=product&#038;p=7546"},"modified":"2024-09-16T10:39:18","modified_gmt":"2024-09-16T03:39:18","slug":"may-boc-vo-lac-phien-ban-moi","status":"publish","type":"product","link":"https:\/\/congtybinhminh.com\/?product=may-boc-vo-lac-phien-ban-moi","title":{"rendered":"M\u00e1y b\u00f3c v\u1ecf l\u1ea1c (phi\u00ean b\u1ea3n m\u1edbi)"},"content":{"rendered":"<h2>Video ho\u1ea1t \u0111\u1ed9ng c\u1ee7a m\u00e1y<\/h2>\n<p><iframe loading=\"lazy\" title=\"B\u00e0n Giao D\u00e2y Chuy\u1ec1n S\u1ea3n Xu\u1ea5t D\u1ea7u L\u1ea1c S\u1ea1ch T\u1ea1i Nh\u00e0 Kh\u00e1ch H\u00e0ng V\u1edbi M\u1ee9c Gi\u00e1 R\u1ebb B\u1ea5t Ng\u1edd?\" width=\"1020\" height=\"574\" src=\"https:\/\/www.youtube.com\/embed\/7hgfl8qP21c?feature=oembed\" frameborder=\"0\" allow=\"accelerometer; autoplay; clipboard-write; encrypted-media; gyroscope; picture-in-picture; web-share\" referrerpolicy=\"strict-origin-when-cross-origin\" allowfullscreen><\/iframe><\/p>\n<h2>Gi\u1edbi thi\u1ec7u m\u00e1y b\u00f3c v\u1ecf l\u1ea1c<\/h2>\n<p>M\u00e1y b\u00f3c v\u1ecf l\u1ea1c phi\u00ean b\u1ea3n m\u1edbi do c\u00f4ng ty B\u00ecnh Minh tr\u1ef1c ti\u1ebfp s\u1ea3n xu\u1ea5t, thi\u1ebft b\u1ecb h\u1ed7 tr\u1ee3 b\u00f3c t\u00e1ch v\u1ecf l\u1ea1c l\u1ea5y nh\u00e2n s\u1ed1 l\u01b0\u1ee3ng l\u1edbn nhanh ch\u00f3ng m\u00e0 kh\u00f4ng m\u1ea5t nhi\u1ec1u c\u00f4ng s\u1ee9c<\/p>\n<p><img loading=\"lazy\" decoding=\"async\" class=\"aligncenter wp-image-10056 size-full\" src=\"https:\/\/congtybinhminh.com\/wp-content\/uploads\/2023\/03\/may-boc-vo-lac-1-pha_result222-1.webp\" alt=\"may-boc-vo-lac-1-pha_result222\" width=\"800\" height=\"1078\" srcset=\"https:\/\/congtybinhminh.com\/wp-content\/uploads\/2023\/03\/may-boc-vo-lac-1-pha_result222-1.webp 800w, https:\/\/congtybinhminh.com\/wp-content\/uploads\/2023\/03\/may-boc-vo-lac-1-pha_result222-1-297x400.webp 297w, https:\/\/congtybinhminh.com\/wp-content\/uploads\/2023\/03\/may-boc-vo-lac-1-pha_result222-1-594x800.webp 594w, https:\/\/congtybinhminh.com\/wp-content\/uploads\/2023\/03\/may-boc-vo-lac-1-pha_result222-1-768x1035.webp 768w, https:\/\/congtybinhminh.com\/wp-content\/uploads\/2023\/03\/may-boc-vo-lac-1-pha_result222-1-510x687.webp 510w\" sizes=\"auto, (max-width: 800px) 100vw, 800px\" \/><\/p>\n<h2>Nh\u1eefng \u01b0u \u0111i\u1ec3m c\u1ee7a m\u00e1y b\u00f3c v\u1ecf l\u1ea1c<\/h2>\n<p>&#8220;M\u00e1y m\u00f3c thay th\u1ebf s\u1ee9c ng\u01b0\u1eddi&#8221; vi\u1ec7c \u1ee9ng d\u1ee5ng m\u00e1y m\u00f3c v\u00e0o s\u01a1 ch\u1ebf b\u00f3c t\u00e1ch v\u1ecf l\u1ea1c gi\u00fap b\u00e0 con n\u00e2ng cao n\u0103ng su\u1ea5t<\/p>\n<p><img loading=\"lazy\" decoding=\"async\" class=\"aligncenter wp-image-10057 size-full\" src=\"https:\/\/congtybinhminh.com\/wp-content\/uploads\/2023\/03\/may-boc-vo-lac-1-pha_result222-2.webp\" alt=\"may-boc-vo-lac-1-pha_result222\" width=\"800\" height=\"600\" srcset=\"https:\/\/congtybinhminh.com\/wp-content\/uploads\/2023\/03\/may-boc-vo-lac-1-pha_result222-2.webp 800w, https:\/\/congtybinhminh.com\/wp-content\/uploads\/2023\/03\/may-boc-vo-lac-1-pha_result222-2-533x400.webp 533w, https:\/\/congtybinhminh.com\/wp-content\/uploads\/2023\/03\/may-boc-vo-lac-1-pha_result222-2-768x576.webp 768w, https:\/\/congtybinhminh.com\/wp-content\/uploads\/2023\/03\/may-boc-vo-lac-1-pha_result222-2-510x383.webp 510w\" sizes=\"auto, (max-width: 800px) 100vw, 800px\" \/><\/p>\n<ul>\n<li>B\u00f3c t\u00e1ch v\u1ecf l\u1ea1c nhanh ch\u00f3ng &#8211; n\u0103ng su\u1ea5t h\u01a1n &#8211; gi\u1ea3m t\u1ef7 l\u1ec7 v\u1ee1 h\u1ea1t h\u01a1n<\/li>\n<li>Ph\u1ea7n v\u1ecf \u0111\u01b0\u1ee3c qu\u1ea1t gi\u00f3 th\u1ecfi bay ra ngo\u00e0i<\/li>\n<li>Ph\u1ea7n nh\u00e2n h\u1ea1t l\u1ea1c sau khi \u0111\u01b0\u1ee3c b\u00f3 s\u1ebd \u0111\u01b0\u1ee3c \u0111\u01b0a xu\u1ed1ng c\u1eeda x\u1ea3<\/li>\n<li>Hi\u1ec7u su\u1ea5t ho\u1ea1t \u0111\u1ed9ng \u1ed5n \u0111\u1ecbnh, qu\u00e1 tr\u00ecnh b\u00f3c kh\u00e9p k\u00edn kh\u00f4ng t\u1ed1n nhi\u1ec1u c\u00f4ng n\u00e2n<\/li>\n<\/ul>\n<h2>C\u1ea5u t\u1ea1o m\u00e1y b\u00f3c v\u1ecf l\u1ea1c<\/h2>\n<p>Thi\u1ebft k\u1ebf hi\u1ec7n \u0111\u1ea1i, v\u1edbi ph\u1ea7n khung m\u00e1y \u0111\u01b0\u1ee3c h\u00e0n g\u1eafn ch\u1eafc ch\u1eafn kh\u00f4ng g\u00e2y rung l\u1eafc trong qu\u00e1 tr\u00ecnh v\u1eadn h\u00e0nh<\/p>\n<p><img loading=\"lazy\" decoding=\"async\" class=\"aligncenter wp-image-10058 size-full\" src=\"https:\/\/congtybinhminh.com\/wp-content\/uploads\/2023\/03\/cau-tao-may-boc-vo-lac-binh-minh_result222.webp\" alt=\"cau-tao-may-boc-vo-lac-binh-minh_result222\" width=\"800\" height=\"600\" srcset=\"https:\/\/congtybinhminh.com\/wp-content\/uploads\/2023\/03\/cau-tao-may-boc-vo-lac-binh-minh_result222.webp 800w, https:\/\/congtybinhminh.com\/wp-content\/uploads\/2023\/03\/cau-tao-may-boc-vo-lac-binh-minh_result222-533x400.webp 533w, https:\/\/congtybinhminh.com\/wp-content\/uploads\/2023\/03\/cau-tao-may-boc-vo-lac-binh-minh_result222-768x576.webp 768w, https:\/\/congtybinhminh.com\/wp-content\/uploads\/2023\/03\/cau-tao-may-boc-vo-lac-binh-minh_result222-510x383.webp 510w\" sizes=\"auto, (max-width: 800px) 100vw, 800px\" \/><\/p>\n<p>Toa n\u1ea1p \u0111\u01b0\u1ee3c thi\u1ebft k\u1ebf d\u1ea1ng ph\u1ec5u \u0111\u1ee9ng v\u1edbi k\u00edch th\u01b0\u1edbc l\u1edbn c\u00f3 th\u1ec3 ch\u1ee9a \u0111\u01b0\u1ee3c nhi\u1ec1u nguy\u00ean li\u1ec7u h\u01a1n.<\/p>\n<p><img loading=\"lazy\" decoding=\"async\" class=\"aligncenter wp-image-10060 size-full\" src=\"https:\/\/congtybinhminh.com\/wp-content\/uploads\/2023\/03\/toa-nap-may-boc-vo-lac_result222.webp\" alt=\"toa-nap-may-boc-vo-lac_result222\" width=\"800\" height=\"812\" srcset=\"https:\/\/congtybinhminh.com\/wp-content\/uploads\/2023\/03\/toa-nap-may-boc-vo-lac_result222.webp 800w, https:\/\/congtybinhminh.com\/wp-content\/uploads\/2023\/03\/toa-nap-may-boc-vo-lac_result222-394x400.webp 394w, https:\/\/congtybinhminh.com\/wp-content\/uploads\/2023\/03\/toa-nap-may-boc-vo-lac_result222-788x800.webp 788w, https:\/\/congtybinhminh.com\/wp-content\/uploads\/2023\/03\/toa-nap-may-boc-vo-lac_result222-768x780.webp 768w, https:\/\/congtybinhminh.com\/wp-content\/uploads\/2023\/03\/toa-nap-may-boc-vo-lac_result222-510x518.webp 510w\" sizes=\"auto, (max-width: 800px) 100vw, 800px\" \/><\/p>\n<p>Nguy\u00ean li\u1ec7u khi \u0111\u01b0\u1ee3c \u0111\u01b0a v\u00e0o toa n\u1ea1p m\u00e1y s\u1ebd t\u1ef1 \u0111\u1ed9ng b\u00f3c t\u00e1ch v\u1ecf nh\u1edd 6 thanh gu\u1ed3ng g\u1eafn \u0111\u1ec7m l\u00f3t cao su quay tr\u00f2n \u0111\u1eadp d\u1eadp v\u1ecf v\u1edbi m\u1eb7t s\u00e0ng l\u1eafp trong m\u00e1y.<\/p>\n<p><img loading=\"lazy\" decoding=\"async\" class=\"aligncenter wp-image-10061 size-full\" src=\"https:\/\/congtybinhminh.com\/wp-content\/uploads\/2023\/03\/thanh-boc-vo-lac_result222.webp\" alt=\"thanh-boc-vo-lac_result222\" width=\"800\" height=\"1083\" srcset=\"https:\/\/congtybinhminh.com\/wp-content\/uploads\/2023\/03\/thanh-boc-vo-lac_result222.webp 800w, https:\/\/congtybinhminh.com\/wp-content\/uploads\/2023\/03\/thanh-boc-vo-lac_result222-295x400.webp 295w, https:\/\/congtybinhminh.com\/wp-content\/uploads\/2023\/03\/thanh-boc-vo-lac_result222-591x800.webp 591w, https:\/\/congtybinhminh.com\/wp-content\/uploads\/2023\/03\/thanh-boc-vo-lac_result222-768x1040.webp 768w, https:\/\/congtybinhminh.com\/wp-content\/uploads\/2023\/03\/thanh-boc-vo-lac_result222-510x690.webp 510w\" sizes=\"auto, (max-width: 800px) 100vw, 800px\" \/><\/p>\n<p>Ph\u1ea7n nh\u00e2n sau khi \u0111\u01b0\u1ee3c t\u00e1ch v\u1ecf s\u1ebd \u0111i qua l\u1ed7 s\u00e0ng tho\u00e1t ra ngo\u00e0i c\u1eeda x\u1ea3. C\u00f2n ph\u1ea7n v\u1ecf s\u1ebd \u0111\u01b0\u1ee3c qu\u1ea1t gi\u00f3 th\u1ed5i bay ra ngo\u00e0i.<\/p>\n<p><img loading=\"lazy\" decoding=\"async\" class=\"aligncenter wp-image-10062 size-full\" src=\"https:\/\/congtybinhminh.com\/wp-content\/uploads\/2023\/03\/may-tach-vo-lac_result222.webp\" alt=\"may-tach-vo-lac_result222\" width=\"800\" height=\"600\" srcset=\"https:\/\/congtybinhminh.com\/wp-content\/uploads\/2023\/03\/may-tach-vo-lac_result222.webp 800w, https:\/\/congtybinhminh.com\/wp-content\/uploads\/2023\/03\/may-tach-vo-lac_result222-533x400.webp 533w, https:\/\/congtybinhminh.com\/wp-content\/uploads\/2023\/03\/may-tach-vo-lac_result222-768x576.webp 768w, https:\/\/congtybinhminh.com\/wp-content\/uploads\/2023\/03\/may-tach-vo-lac_result222-510x383.webp 510w\" sizes=\"auto, (max-width: 800px) 100vw, 800px\" \/><\/p>\n<p>M\u00e1y s\u1eed d\u1ee5ng \u0111\u1ed9ng c\u01a1 2,2kw motor l\u00f5i d\u00e2y \u0111\u1ed3ng 100%, d\u00f9ng \u0111i\u1ec7n 220V ph\u00f9 h\u1ee3p v\u1edbi \u0111\u1ea1i \u0111a s\u1ed1 c\u00e1c h\u1ed9 gia \u0111\u00ecnh, cho n\u0103ng su\u1ea5t cao.<\/p>\n<p><img loading=\"lazy\" decoding=\"async\" class=\"aligncenter wp-image-10063 size-full\" src=\"https:\/\/congtybinhminh.com\/wp-content\/uploads\/2023\/03\/dong-co-may-boc-vo-lac_result222.webp\" alt=\"dong-co-may-boc-vo-lac_result222\" width=\"800\" height=\"600\" srcset=\"https:\/\/congtybinhminh.com\/wp-content\/uploads\/2023\/03\/dong-co-may-boc-vo-lac_result222.webp 800w, https:\/\/congtybinhminh.com\/wp-content\/uploads\/2023\/03\/dong-co-may-boc-vo-lac_result222-533x400.webp 533w, https:\/\/congtybinhminh.com\/wp-content\/uploads\/2023\/03\/dong-co-may-boc-vo-lac_result222-768x576.webp 768w, https:\/\/congtybinhminh.com\/wp-content\/uploads\/2023\/03\/dong-co-may-boc-vo-lac_result222-510x383.webp 510w\" sizes=\"auto, (max-width: 800px) 100vw, 800px\" \/><\/p>\n<p>Ngo\u00e0i ra, \u0111\u1ec3 t\u0103ng hi\u1ec7u qu\u1ea3 trong qu\u00e1 tr\u00ecnh b\u00f3c v\u1ecf l\u1ea1c b\u00e0 con n\u00ean s\u1eed d\u1ee5ng k\u1ebft h\u1ee3p m\u00e1y tu\u1ed1t v\u1ecf l\u1ea1c cho n\u0103ng su\u1ea5t cao. Mu\u1ed1n \u00e9p d\u1ea7u th\u1ef1c v\u1eadt n\u00ean d\u00f9ng m\u00e1y \u00e9p d\u1ea7u l\u1ea1c do c\u00f4ng ty s\u1ea3n xu\u1ea5t<\/p>\n<p><img loading=\"lazy\" decoding=\"async\" class=\"aligncenter wp-image-10054 size-full\" src=\"https:\/\/congtybinhminh.com\/wp-content\/uploads\/2023\/03\/hat-lac_result222.webp\" alt=\"hat-lac_result222\" width=\"800\" height=\"800\" srcset=\"https:\/\/congtybinhminh.com\/wp-content\/uploads\/2023\/03\/hat-lac_result222.webp 800w, https:\/\/congtybinhminh.com\/wp-content\/uploads\/2023\/03\/hat-lac_result222-400x400.webp 400w, https:\/\/congtybinhminh.com\/wp-content\/uploads\/2023\/03\/hat-lac_result222-280x280.webp 280w, https:\/\/congtybinhminh.com\/wp-content\/uploads\/2023\/03\/hat-lac_result222-768x768.webp 768w, https:\/\/congtybinhminh.com\/wp-content\/uploads\/2023\/03\/hat-lac_result222-247x247.webp 247w, https:\/\/congtybinhminh.com\/wp-content\/uploads\/2023\/03\/hat-lac_result222-510x510.webp 510w, https:\/\/congtybinhminh.com\/wp-content\/uploads\/2023\/03\/hat-lac_result222-100x100.webp 100w\" sizes=\"auto, (max-width: 800px) 100vw, 800px\" \/><\/p>\n<h2>\u0110\u1ecba ch\u1ec9 mua m\u00e1y b\u00f3c v\u1ecf l\u1ea1c gi\u00e1 g\u1ed1c t\u1ea1i x\u01b0\u1edfng<\/h2>\n<p>\u0110\u1ec3 \u0111\u1eb7t mua h\u00e0ng ch\u00ednh h\u00e3ng, b\u00e0 con c\u00f3 th\u1ec3 \u0111\u1ebfn tr\u1ee5 s\u1edf g\u1ea7n nh\u1ea5t c\u1ee7a c\u00f4ng ty \u0111\u1ec3 xem v\u00e0 \u0111\u1eb7t mua h\u00e0ng:<\/p>\n<ul>\n<li>Tr\u1ee5 s\u1edf ch\u00ednh: p.L\u00ea L\u1ee3i &#8211; Tx S\u01a1n T\u00e2y &#8211; H\u00e0 N\u1ed9i<\/li>\n<li>Chi nh\u00e1nh mi\u1ec1n Nam: x\u00e3 T\u00e2n Ki\u00ean &#8211; H, B\u00ecnh Ch\u00e1nh &#8211; TP H\u1ed3 Ch\u00ed Minh<\/li>\n<\/ul>\n<p>Khi \u0111\u1ebfn \u0111\u00e2y, b\u00e0 con s\u1ebd \u0111\u01b0\u1ee3c th\u1eed nghi\u1ec7m v\u1eadn h\u00e0nh m\u00e1y d\u01b0\u1edbi s\u1ef1 h\u01b0\u1edbng d\u1eabn c\u1ee7a \u0111\u1ed9i ng\u0169 k\u1ef9 thu\u1eadt<\/p>\n<p>\u0110\u1ed1i v\u1edbi b\u00e0 con \u1edf xa, c\u00f3 th\u1ec3 li\u00ean h\u1ec7 t\u1edbi s\u1ed1 \u0111i\u1ec7n tho\u1ea1i tr\u00ean website ho\u1eb7c \u0111\u1ec3 l\u1ea1i l\u1eddi nh\u1eafn \u0111\u1ed9i ng\u0169 t\u01b0 v\u1ea5n s\u1ebd li\u00ean h\u1ec7 b\u00e0 con trong th\u1eddi gian s\u1edbm nh\u1ea5t<\/p>\n<p><strong>Th\u00f4ng s\u1ed1 k\u1ef9 thu\u1eadt\u00a0<\/strong><\/p>\n<table class=\"Table\" align=\"center\">\n<tbody>\n<tr>\n<td rowspan=\"3\" width=\"270\">\n<p align=\"center\">\u0110\u1ed9ng c\u01a1<\/p>\n<\/td>\n<td width=\"211\">\u00a0C\u00f4ng su\u1ea5t \u0111\u1ed9ng c\u01a1<\/td>\n<td width=\"210\">\n<p align=\"center\">2.2 kw<\/p>\n<\/td>\n<\/tr>\n<tr>\n<td width=\"211\">\u00a0Ngu\u1ed3n \u0111i\u1ec7n<\/td>\n<td width=\"210\">\n<p align=\"center\">220 ( V)<\/p>\n<\/td>\n<\/tr>\n<tr>\n<td width=\"211\">\u00a0T\u1ed1c \u0111\u1ed9 m\u00e1y<\/td>\n<td width=\"210\">\n<p align=\"center\">1450 ( v\/p)<\/p>\n<\/td>\n<\/tr>\n<tr>\n<td rowspan=\"2\" width=\"270\">\n<p align=\"center\">Tr\u1ecdng l\u01b0\u1ee3ng m\u00e1y<\/p>\n<\/td>\n<td width=\"211\">\u00a0Nguy\u00ean b\u1ed9<\/td>\n<td width=\"210\">\n<p align=\"center\">53 ( kg<\/p>\n<\/td>\n<\/tr>\n<tr>\n<td width=\"211\">\u00a0Kh\u00f4ng \u0111\u1ed9ng c\u01a1<\/td>\n<td width=\"210\">\n<p align=\"center\">\u00a037.6( kg)<\/p>\n<\/td>\n<\/tr>\n<tr>\n<td rowspan=\"2\" width=\"270\">\n<p align=\"center\">B\u1ea3o h\u00e0nh<\/p>\n<\/td>\n<td width=\"211\">\u00a0K\u1ef9 thu\u1eadt<\/td>\n<td width=\"210\">\n<p align=\"center\">06\u00a0th\u00e1ng<\/p>\n<\/td>\n<\/tr>\n<tr>\n<td width=\"211\">\u00a0\u0110\u1ed9ng c\u01a1<\/td>\n<td width=\"210\">\n<p align=\"center\">Theo t\u1eebng h\u00e3ng s\u1ea3n xu\u1ea5t<\/p>\n<\/td>\n<\/tr>\n<tr>\n<td width=\"270\">\n<p align=\"center\">N\u0103ng su\u1ea5t<\/p>\n<\/td>\n<td colspan=\"2\" width=\"421\">\n<p align=\"center\">\u00a0(kg\/h)<\/p>\n<\/td>\n<\/tr>\n<tr>\n<td width=\"270\">\n<p align=\"center\">K\u00edch th\u01b0\u1edbc ( D * C * R )<\/p>\n<\/td>\n<td colspan=\"2\" width=\"421\">\n<p align=\"center\">50*100*55 cm<\/p>\n<\/td>\n<\/tr>\n<tr>\n<td width=\"270\">\n<p align=\"center\">H\u00ecnh th\u1ee9c thanh to\u00e1n<\/p>\n<\/td>\n<td colspan=\"2\" width=\"421\">Ti\u1ec1n m\u1eb7t ho\u1eb7c chuy\u1ec3n kho\u1ea3n<\/td>\n<\/tr>\n<\/tbody>\n<\/table>\n","protected":false},"excerpt":{"rendered":"<ul>\n<li><strong>H\u00e3ng s\u1ea3n xu\u1ea5t:<\/strong>\u00a0B\u00ecnh Minh<\/li>\n<li><strong>C\u00f4ng su\u1ea5t \u0111\u1ed9ng c\u01a1<\/strong>\u00a0: 2,2kw<\/li>\n<li><strong>Ngu\u1ed3n \u0111i\u1ec7n :<\/strong>\u00a0220V<\/li>\n<li><strong>T\u1ed1c \u0111\u1ed9 :<\/strong>\u00a01450 v\/p<\/li>\n<li><strong>N\u0103ng su\u1ea5t<\/strong>\u00a0: kg\/gi\u1edd<\/li>\n<li><strong>Tr\u1ecdng l\u01b0\u1ee3ng :<\/strong>\u00a053 kg ( c\u1ea3 \u0111\u1ed9ng c\u01a1)<\/li>\n<li><strong>K\u00edch th\u01b0\u1edbc ( d*c*r):<\/strong>\u00a050*100*55 cm<\/li>\n<li><strong>T\u00ednh n\u0103ng :<\/strong>\u00a0M\u00e1y chuy\u00ean b\u00f3c \u2013 t\u00e1ch c\u1ee7 l\u1ea1c ra \u0111\u1ec3 l\u1ea5y h\u1ea1t l\u1ea1c s\u1ed1 l\u01b0\u1ee3ng l\u1edbn<\/li>\n<\/ul>\n","protected":false},"featured_media":10050,"comment_status":"closed","ping_status":"closed","template":"","meta":[],"product_brand":[],"product_cat":[185],"product_tag":[188,187,186],"class_list":{"0":"post-7546","1":"product","2":"type-product","3":"status-publish","4":"has-post-thumbnail","6":"product_cat-may-boc-vo-lac","7":"product_tag-may-boc-lac-chinh-hang","8":"product_tag-may-boc-lac-gia-re","9":"product_tag-may-boc-vo-lac-binh-minh","11":"first","12":"instock","13":"shipping-taxable","14":"product-type-simple"},"_links":{"self":[{"href":"https:\/\/congtybinhminh.com\/index.php?rest_route=\/wp\/v2\/product\/7546","targetHints":{"allow":["GET"]}}],"collection":[{"href":"https:\/\/congtybinhminh.com\/index.php?rest_route=\/wp\/v2\/product"}],"about":[{"href":"https:\/\/congtybinhminh.com\/index.php?rest_route=\/wp\/v2\/types\/product"}],"replies":[{"embeddable":true,"href":"https:\/\/congtybinhminh.com\/index.php?rest_route=%2Fwp%2Fv2%2Fcomments&post=7546"}],"wp:featuredmedia":[{"embeddable":true,"href":"https:\/\/congtybinhminh.com\/index.php?rest_route=\/wp\/v2\/media\/10050"}],"wp:attachment":[{"href":"https:\/\/congtybinhminh.com\/index.php?rest_route=%2Fwp%2Fv2%2Fmedia&parent=7546"}],"wp:term":[{"taxonomy":"product_brand","embeddable":true,"href":"https:\/\/congtybinhminh.com\/index.php?rest_route=%2Fwp%2Fv2%2Fproduct_brand&post=7546"},{"taxonomy":"product_cat","embeddable":true,"href":"https:\/\/congtybinhminh.com\/index.php?rest_route=%2Fwp%2Fv2%2Fproduct_cat&post=7546"},{"taxonomy":"product_tag","embeddable":true,"href":"https:\/\/congtybinhminh.com\/index.php?rest_route=%2Fwp%2Fv2%2Fproduct_tag&post=7546"}],"curies":[{"name":"wp","href":"https:\/\/api.w.org\/{rel}","templated":true}]}}