{"id":7390,"date":"2022-10-25T15:35:27","date_gmt":"2022-10-25T08:35:27","guid":{"rendered":"https:\/\/congtybinhminh.com\/?post_type=product&#038;p=7390"},"modified":"2023-04-14T15:10:12","modified_gmt":"2023-04-14T08:10:12","slug":"may-xay-xo-dua-b1200-dau-no","status":"publish","type":"product","link":"https:\/\/congtybinhminh.com\/?product=may-xay-xo-dua-b1200-dau-no","title":{"rendered":"M\u00e1y xay x\u01a1 d\u1eeba B1200 \u0111\u1ea7u n\u1ed5"},"content":{"rendered":"<h2><strong>Video m\u00e1y xay x\u01a1 d\u1eeba B1200 \u0111\u1ea7u n\u1ed5<\/strong><\/h2>\n<p><span data-mce-type=\"bookmark\" style=\"width: 0px;overflow: hidden;line-height: 0\" class=\"mce_SELRES_start\">\ufeff<\/span><\/p>\n<h2><strong>Gi\u1edbi thi\u1ec7u m\u00e1y xay x\u01a1 d\u1eeba B1200 \u0111\u1ea7u n\u1ed5<\/strong><\/h2>\n<p>M\u00e1y xay x\u01a1 d\u1eeba B1200 \u0111\u1ea7u n\u1ed5 do c\u00f4ng ty B\u00ecnh Minh s\u1ea3n xu\u1ea5t tr\u1ef1c ti\u1ebfp t\u1ea1i H\u00e0 N\u1ed9i chuy\u00ean d\u00f9ng \u0111\u1ec3 b\u0103m nh\u1ecf v\u1ecf d\u1eeba t\u01b0\u01a1i, v\u1ecf d\u1eeba kh\u00f4&#8230; th\u00e0nh d\u1ea1ng x\u01a1 d\u1eeba v\u00e0 m\u00f9n d\u1eeba v\u1edbi s\u1ed1 l\u01b0\u1ee3ng l\u1edbn, s\u1eed d\u1ee5ng \u0111\u1ea7u n\u1ed5 ch\u1ea1y m\u00e1y kh\u00f4ng lo \u0111i\u1ec7n y\u1ebfu hay \u0111i\u1ec7n kh\u00f4ng \u0111\u1ee7 t\u1ea3i.<\/p>\n<p><img loading=\"lazy\" decoding=\"async\" class=\"aligncenter wp-image-7408 size-full\" src=\"https:\/\/congtybinhminh.com\/wp-content\/uploads\/2022\/10\/may-xay-xo-dua-binh-minh_result222.webp\" alt=\"may-xay-xo-dua-binh-minh_result222\" width=\"800\" height=\"600\" srcset=\"https:\/\/congtybinhminh.com\/wp-content\/uploads\/2022\/10\/may-xay-xo-dua-binh-minh_result222.webp 800w, https:\/\/congtybinhminh.com\/wp-content\/uploads\/2022\/10\/may-xay-xo-dua-binh-minh_result222-510x383.webp 510w, https:\/\/congtybinhminh.com\/wp-content\/uploads\/2022\/10\/may-xay-xo-dua-binh-minh_result222-533x400.webp 533w, https:\/\/congtybinhminh.com\/wp-content\/uploads\/2022\/10\/may-xay-xo-dua-binh-minh_result222-768x576.webp 768w\" sizes=\"auto, (max-width: 800px) 100vw, 800px\" \/><\/p>\n<p>G\u00f3p ph\u1ea7n gi\u00fap ng\u01b0\u1eddi d\u00f9ng t\u00e1i ch\u1ebf ph\u1ea7n ph\u1ee5 ph\u1ea7m n\u00e0y th\u00e0nh s\u1ea3n ph\u1ea9m c\u00f3 gi\u00e1 tr\u1ecb \u0111em l\u1ea1i ngu\u1ed3n thu nh\u1eadp l\u1edbn.<\/p>\n<h2><strong>M\u00e1y xay x\u01a1 d\u1eeba B1200 \u0111\u1ea7u n\u1ed5 c\u00f3 nh\u1eefng t\u00e1c d\u1ee5ng g\u00ec ?<\/strong><\/h2>\n<p>Ph\u1ea7n v\u1ecf d\u1eeba t\u01b0\u01a1i, v\u1ecf d\u1eeba kh\u00f4 b\u00e0 con th\u01b0\u1eddng \u0111em v\u1ee9t ho\u1eb7c \u0111\u1ed1t b\u1ecf v\u1eeba l\u00e3ng ph\u00ed l\u1ea1i g\u00e2y \u00f4 nhi\u1ec5m m\u00f4i tr\u01b0\u1eddng.<\/p>\n<p>Thay v\u00ec v\u1eady, b\u00e0 con c\u00f3 th\u1ec3 s\u1eed d\u1ee5ng m\u00e1y b\u0103m x\u01a1 d\u1eeba th\u00e0nh d\u1ea1ng x\u01a1 v\u00e0 d\u1ea1ng m\u00f9n bi\u1ebfn ch\u00fang th\u00e0nh s\u1ea3n ph\u1ea9m c\u00f3 gi\u00e1 tr\u1ecb nh\u01b0:<\/p>\n<p><img loading=\"lazy\" decoding=\"async\" class=\"aligncenter wp-image-7409 size-full\" src=\"https:\/\/congtybinhminh.com\/wp-content\/uploads\/2022\/10\/xay-xo-dua_result222.webp\" alt=\"xay-xo-dua_result222\" width=\"800\" height=\"585\" srcset=\"https:\/\/congtybinhminh.com\/wp-content\/uploads\/2022\/10\/xay-xo-dua_result222.webp 800w, https:\/\/congtybinhminh.com\/wp-content\/uploads\/2022\/10\/xay-xo-dua_result222-510x373.webp 510w, https:\/\/congtybinhminh.com\/wp-content\/uploads\/2022\/10\/xay-xo-dua_result222-547x400.webp 547w, https:\/\/congtybinhminh.com\/wp-content\/uploads\/2022\/10\/xay-xo-dua_result222-768x562.webp 768w\" sizes=\"auto, (max-width: 800px) 100vw, 800px\" \/><\/p>\n<ul>\n<li>L\u00e0m gi\u00e1 th\u1ec3 tr\u1ed3ng c\u00e2y, tr\u1ed3ng lan, tr\u1ed3ng n\u1ea5m<\/li>\n<li>L\u00e0m ph\u00e2n b\u00f3n h\u1eefu c\u01a1 t\u1ed1t cho c\u00e2y tr\u1ed3ng<\/li>\n<li>L\u00e0m \u0111\u1ec7m l\u00f3t sinh h\u1ecdc trong ch\u0103n nu\u00f4i<\/li>\n<li>G\u00f3p ph\u1ea7n t\u00e1i ch\u1ebf nguy\u00ean li\u1ec7u v\u00e0 b\u1ea3o v\u1ec7 m\u00f4i tr\u01b0\u1eddng<\/li>\n<\/ul>\n<h2><strong>C\u1ea5u t\u1ea1o m\u00e1y xay x\u01a1 d\u1eeba B1200 \u0111\u1ea7u n\u1ed5\u00a0<\/strong><\/h2>\n<h3><strong>Khung m\u00e1y ch\u1eafc ch\u1eafn\u00a0<\/strong><\/h3>\n<p>Thi\u1ebft k\u1ebf hi\u1ec7n \u0111\u1ea1i, khung m\u00e1y \u0111\u01b0\u1ee3c l\u1eafp \u0111\u1eb7t ch\u1eafc ch\u1eafn v\u1edbi ph\u1ea7n b\u1ec1 m\u1eb7t ti\u1ebfp x\u00fac v\u1edbi \u0111\u1ea5t \u0111\u1ee7 l\u1edbn kh\u00f4ng g\u00e2y rung l\u1eafc v\u00e0 ti\u1ebfng \u1ed3n khi v\u1eadn h\u00e0nh m\u00e1y.<\/p>\n<p><img loading=\"lazy\" decoding=\"async\" class=\"aligncenter wp-image-7410 size-full\" src=\"https:\/\/congtybinhminh.com\/wp-content\/uploads\/2022\/10\/cau-tao-may-xay-xo-dua-b1200-dau-no_result222.webp\" alt=\"cau-tao-may-xay-xo-dua-b1200-dau-no_result222\" width=\"800\" height=\"600\" srcset=\"https:\/\/congtybinhminh.com\/wp-content\/uploads\/2022\/10\/cau-tao-may-xay-xo-dua-b1200-dau-no_result222.webp 800w, https:\/\/congtybinhminh.com\/wp-content\/uploads\/2022\/10\/cau-tao-may-xay-xo-dua-b1200-dau-no_result222-510x383.webp 510w, https:\/\/congtybinhminh.com\/wp-content\/uploads\/2022\/10\/cau-tao-may-xay-xo-dua-b1200-dau-no_result222-533x400.webp 533w, https:\/\/congtybinhminh.com\/wp-content\/uploads\/2022\/10\/cau-tao-may-xay-xo-dua-b1200-dau-no_result222-768x576.webp 768w\" sizes=\"auto, (max-width: 800px) 100vw, 800px\" \/><\/p>\n<h3><strong>Toa n\u1ea1p\u00a0<\/strong><\/h3>\n<p>Ph\u1ea7n toa n\u1ea1p \u0111\u01b0\u1ee3c thi\u1ebft k\u1ebf d\u1ea1ng ph\u1ec5u v\u1edbi ph\u1ea7n mi\u1ec7ng r\u1ed9ng g\u00f3p ph\u1ea7n \u0111\u01b0a \u0111\u01b0\u1ee3c nhi\u1ec1u nguy\u00ean li\u1ec7u v\u00e0o b\u0103m h\u01a1n. \u0110\u1eb7c bi\u1ec7t, b\u00ean tr\u00ean c\u1eeda n\u1ea1p c\u00f3 t\u1ea5m ch\u1eafn li\u1ec7u, tr\u00e1nh t\u00ednh tr\u1ea1ng nguy\u00ean li\u1ec7u v\u0103ng ra ngo\u00e0i khi v\u1eadn h\u00e0nh.<\/p>\n<p><img loading=\"lazy\" decoding=\"async\" class=\"aligncenter wp-image-7413 size-full\" src=\"https:\/\/congtybinhminh.com\/wp-content\/uploads\/2022\/10\/toa-nap_result222.webp\" alt=\"toa-nap_result222\" width=\"800\" height=\"455\" srcset=\"https:\/\/congtybinhminh.com\/wp-content\/uploads\/2022\/10\/toa-nap_result222.webp 800w, https:\/\/congtybinhminh.com\/wp-content\/uploads\/2022\/10\/toa-nap_result222-510x290.webp 510w, https:\/\/congtybinhminh.com\/wp-content\/uploads\/2022\/10\/toa-nap_result222-703x400.webp 703w, https:\/\/congtybinhminh.com\/wp-content\/uploads\/2022\/10\/toa-nap_result222-768x437.webp 768w\" sizes=\"auto, (max-width: 800px) 100vw, 800px\" \/><\/p>\n<p>Ph\u1ea7n c\u1eeda x\u1ea3 \u0111\u01b0\u1ee3c thi\u1ebft k\u1ebf t\u00e1ch bi\u1ec7t 2 c\u1eeda, gi\u00fap ng\u01b0\u1eddi d\u00f9ng t\u1eadn d\u1ee5ng ph\u1ee5 ph\u1ea9m nh\u01b0 mong mu\u1ed1n<\/p>\n<p><img loading=\"lazy\" decoding=\"async\" class=\"aligncenter wp-image-7411 size-full\" src=\"https:\/\/congtybinhminh.com\/wp-content\/uploads\/2022\/10\/cua-xa_result222.webp\" alt=\"cua-xa_result222\" width=\"800\" height=\"494\" srcset=\"https:\/\/congtybinhminh.com\/wp-content\/uploads\/2022\/10\/cua-xa_result222.webp 800w, https:\/\/congtybinhminh.com\/wp-content\/uploads\/2022\/10\/cua-xa_result222-510x315.webp 510w, https:\/\/congtybinhminh.com\/wp-content\/uploads\/2022\/10\/cua-xa_result222-648x400.webp 648w, https:\/\/congtybinhminh.com\/wp-content\/uploads\/2022\/10\/cua-xa_result222-768x474.webp 768w\" sizes=\"auto, (max-width: 800px) 100vw, 800px\" \/><\/p>\n<ul>\n<li>1 c\u1eed x\u1ea3 l\u1edbn cho ra th\u00e0nh ph\u1ea9m d\u1ea1ng m\u00f9n<\/li>\n<li>1 c\u1eeda x\u1ea3 nh\u1ecf cho ra th\u00e0nh ph\u1ea9m d\u1ea1ng x\u01a1<\/li>\n<\/ul>\n<h3><strong>Bu\u1ed3ng l\u00e0m vi\u1ec7c ki\u1ec3u m\u1edbi\u00a0<\/strong><\/h3>\n<p>V\u1edbi m\u1eabu bu\u1ed3ng b\u0103m ki\u1ec3u c\u0169 \u0111a ph\u1ea7n ch\u1ec9 b\u0103m \u0111\u01b0\u1ee3c c\u00e1c lo\u1ea1i rau xanh, c\u1ecf voi, th\u00e2n c\u00e2y ng\u00f4.. ch\u1ee9 kh\u00f4ng b\u0103m \u0111\u01b0\u1ee3c x\u01a1 d\u1eeba. V\u00ec \u0111\u1eb7c t\u00ednh d\u1eeba c\u1ee9ng l\u1ea1i nhi\u1ec1u s\u1ee3i khi b\u0103m l\u00e0m t\u1eafc &#8211; r\u1ed1i v\u00e0 m\u1ebb dao<\/p>\n<p>\u1ede m\u00e1y xay x\u01a1 d\u1eeba B1200 ph\u1ea7n khung v\u00e0 c\u1ecf m\u00e1y \u0111\u01b0\u1ee3c l\u00e0m b\u1eb1ng th\u00e9p ch\u1eafc ch\u1eafn. H\u1ec7 th\u1ed1ng bu\u1ed3ng b\u0103m nghi\u1ec1n g\u1ed3m 54 b\u00faa, \u0111\u01b0\u1ee3c x\u1ebfp d\u1ea1ng xo\u1eafn tr\u00ean tr\u1ee5c xoay ch\u00ednh, 2 thanh b\u00faa g\u1eafn c\u1ed1 \u0111\u1ecbnh g\u1ed3m 14 b\u00faa d\u00e0y 7 ly c\u00f9ng 3 \u0111\u0129a \u0111\u00e0 chuy\u00ean d\u1ee5ng, \u0111\u1ea3m b\u1ea3o b\u0103m nghi\u1ec1n nh\u1ecf nguy\u00ean li\u1ec7u.<\/p>\n<p><img loading=\"lazy\" decoding=\"async\" class=\"aligncenter wp-image-7412 size-full\" src=\"https:\/\/congtybinhminh.com\/wp-content\/uploads\/2022\/10\/buong-dao-bam_result222.webp\" alt=\"buong-dao-bam_result222\" width=\"800\" height=\"455\" srcset=\"https:\/\/congtybinhminh.com\/wp-content\/uploads\/2022\/10\/buong-dao-bam_result222.webp 800w, https:\/\/congtybinhminh.com\/wp-content\/uploads\/2022\/10\/buong-dao-bam_result222-510x290.webp 510w, https:\/\/congtybinhminh.com\/wp-content\/uploads\/2022\/10\/buong-dao-bam_result222-703x400.webp 703w, https:\/\/congtybinhminh.com\/wp-content\/uploads\/2022\/10\/buong-dao-bam_result222-768x437.webp 768w\" sizes=\"auto, (max-width: 800px) 100vw, 800px\" \/><\/p>\n<p>K\u1ebft h\u1ee3p v\u1edbi m\u1eb7t s\u00e0ng d\u1ea1ng thanh \u0111\u01b0\u1ee3c g\u1eafn ph\u00eda tr\u01b0\u1edbc c\u1eeda x\u1ea3, gi\u00fap s\u00e0ng l\u1ecdc v\u00e0 ch\u1ec9 cho ph\u00e9p c\u00e1c m\u1ea9u v\u1ee5n c\u00f3 k\u00edch th\u01b0\u1edbc nh\u1ecf t\u01b0\u01a1ng \u1ee9ng \u0111i qua cho th\u00e0nh ph\u1ea9m c\u00f3 \u0111\u1ed9 \u0111\u1ed3ng \u0111\u1ec1u.<\/p>\n<h3><strong>Cho n\u0103ng su\u1ea5t cao h\u01a1n<\/strong><\/h3>\n<p>Thu\u1ed9c d\u00f2ng m\u00e1y c\u00f4ng nghi\u1ec7p, m\u00e1y s\u1eed d\u1ee5ng \u0111\u1ea7u n\u1ed5 D30 ch\u1ea1y m\u00e1y m\u00e0 kh\u00f4ng lo \u0111i\u1ec7n y\u1ebfu hay \u0111i\u1ec7n kh\u00f4ng \u0111\u1ee7 tai m\u00e0 v\u1eabn \u0111\u1ea3m b\u1ea3o n\u0103ng su\u1ea5t 900 &#8211; 1000 kg\/gi\u1edd. Ngo\u00e0i ra, m\u00e1y c\u00f3 th\u1ec3 s\u1eed d\u1ee5ng \u0111\u1ed9ng c\u01a1 \u0111\u1ec3 ch\u1ea1y m\u00e1y.<\/p>\n<p><img loading=\"lazy\" decoding=\"async\" class=\"aligncenter wp-image-7414 size-full\" src=\"https:\/\/congtybinhminh.com\/wp-content\/uploads\/2022\/10\/mun-xo-dua_result222.webp\" alt=\"mun-xo-dua_result222\" width=\"800\" height=\"482\" srcset=\"https:\/\/congtybinhminh.com\/wp-content\/uploads\/2022\/10\/mun-xo-dua_result222.webp 800w, https:\/\/congtybinhminh.com\/wp-content\/uploads\/2022\/10\/mun-xo-dua_result222-510x307.webp 510w, https:\/\/congtybinhminh.com\/wp-content\/uploads\/2022\/10\/mun-xo-dua_result222-664x400.webp 664w, https:\/\/congtybinhminh.com\/wp-content\/uploads\/2022\/10\/mun-xo-dua_result222-768x463.webp 768w\" sizes=\"auto, (max-width: 800px) 100vw, 800px\" \/><\/p>\n<p>Thu\u1eadn ti\u1ec7n cho ng\u01b0\u1eddi d\u00f9ng kh\u00f4ng lo v\u1ea5n \u0111\u1ec1 \u0111i\u1ec7n y\u1ebfu hay \u0111i\u1ec7n kh\u00f4ng \u0111\u1ee7 t\u1ea3i m\u00e0 v\u1eabn c\u00f3 th\u1ec3 d\u00f9ng m\u00e1y. Duy tr\u00ec kh\u1ea3 n\u0103ng v\u1eadn h\u00e0nh th\u00edch h\u1ee3p s\u1eed d\u1ee5ng v\u1edbi quy m\u00f4 s\u1ea3n xu\u1ea5t v\u1eeba v\u00e0 l\u1edbn.<\/p>\n<h2><strong>\u01afu \u0111i\u1ec3m m\u00e1y xay x\u01a1 d\u1eeba B1200 \u0111\u1ea7u n\u1ed5\u00a0<\/strong><\/h2>\n<ul>\n<li>Th\u00e0nh ph\u1ea9m sau khi b\u0103m \u0111\u01b0\u1ee3c t\u00e1ch bi\u1ec7t v\u1edbi ph\u1ea7n x\u01a1 v\u00e0 ph\u1ea7n m\u00f9n thu\u1eadn ti\u1ec7n trong vi\u1ec7c t\u00e1i ch\u1ebf<\/li>\n<li>Th\u00e0nh ph\u1ea9m \u0111\u01b0\u1ee3c b\u0103m nh\u1ecf, \u0111\u1ed3ng \u0111\u1ec1u ph\u00f9 h\u1ee3p l\u00e0m gi\u00e1 th\u1ec3 tr\u1ed3ng c\u00e2y, tr\u1ed3ng n\u1ea5m, \u1ee7 l\u00e0m ph\u00e2n h\u1eefu c\u01a1.<\/li>\n<li>G\u00f3p ph\u1ea7n t\u00e1i ch\u1ebf bi\u1ebfn nh\u1eefng ph\u1ee5 ph\u1ea9m th\u00e0nh nguy\u00ean li\u1ec7u c\u00f3 gi\u00e1 tr\u1ecb<\/li>\n<\/ul>\n<p><strong>Th\u00f4ng s\u1ed1 k\u1ef9 thu\u1eadt\u00a0<\/strong><\/p>\n<table border=\"1\" cellspacing=\"1\" cellpadding=\"1\">\n<tbody>\n<tr>\n<td colspan=\"1\" rowspan=\"3\">\u00a0\u0110\u1ed9ng c\u01a1<\/td>\n<td>C\u00f4ng su\u1ea5t \u0111\u1ea7u n\u1ed5<\/td>\n<td>\u00a0D30<\/td>\n<\/tr>\n<tr>\n<td>Ngu\u1ed3n \u0111i\u1ec7n<\/td>\n<td>V<\/td>\n<\/tr>\n<tr>\n<td>T\u1ed1c \u0111\u1ed9 m\u00e1y<\/td>\n<td>\u00a0v\/p<\/td>\n<\/tr>\n<tr>\n<td colspan=\"1\" rowspan=\"2\">\u00a0Tr\u1ecdng l\u01b0\u1ee3ng m\u00e1y<\/td>\n<td>Nguy\u00ean b\u1ed9<\/td>\n<td>\u00a0471 kg<\/td>\n<\/tr>\n<tr>\n<td>Kh\u00f4ng \u0111\u1ed9ng c\u01a1<\/td>\n<td>\u00a0251 kg<\/td>\n<\/tr>\n<tr>\n<td colspan=\"1\" rowspan=\"2\">\u00a0B\u1ea3o h\u00e0nh<\/td>\n<td>\u00a0K\u1ef9 thu\u1eadt<\/td>\n<td>\u00a006 th\u00e1ng<\/td>\n<\/tr>\n<tr>\n<td>\u00a0\u0110\u1ed9ng c\u01a1<\/td>\n<td>\u00a0Theo t\u1eebng h\u00e3ng s\u1ea3n xu\u1ea5t<\/td>\n<\/tr>\n<tr>\n<td>N\u0103ng su\u1ea5t<\/td>\n<td colspan=\"2\" rowspan=\"1\">\u00a0 900 \u2013 1000 kg\/gi\u1edd<\/td>\n<\/tr>\n<tr>\n<td>K\u00edch th\u01b0\u1edbc (d*c*r)<\/td>\n<td colspan=\"2\" rowspan=\"1\">185*143*95 cm<\/td>\n<\/tr>\n<tr>\n<td>\u00a0H\u00ecnh th\u1ee9c thanh to\u00e1n<\/td>\n<td colspan=\"2\" rowspan=\"1\">\u00a0Ti\u1ec1n m\u1eb7t ho\u1eb7c chuy\u1ec3n kho\u1ea3n<\/td>\n<\/tr>\n<\/tbody>\n<\/table>\n","protected":false},"excerpt":{"rendered":"<ul>\n<li><strong>H\u00e3ng s\u1ea3n xu\u1ea5t :<\/strong>\u00a0B\u00ecnh Minh<\/li>\n<li><strong>C\u00f4ng su\u1ea5t \u0111\u1ea7u n\u1ed5 :<\/strong>\u00a0D30<\/li>\n<li><strong>N\u0103ng su\u1ea5t :\u00a0<\/strong>900 \u2013 1000 kg\/gi\u1edd<\/li>\n<li><strong>K\u00edch th\u01b0\u1edbc (d*c*r):\u00a0<\/strong>185*143*95 cm<\/li>\n<li><strong>C\u00e2n n\u1eb7ng :<\/strong>\u00a0471 kg ( c\u1ea3 \u0111\u1ea7u n\u1ed5)<\/li>\n<li><strong>T\u00ednh n\u0103ng:<\/strong>\u00a0M\u00e1y chuy\u00ean d\u00f9ng b\u0103m v\u1ecf d\u1eeba t\u01b0\u01a1i, kh\u00f4 th\u00e0nh d\u1ea1ng x\u01a1 v\u00e0 d\u1ea1ng m\u00f9n s\u1ed1 l\u01b0\u1ee3ng l\u1edbn<\/li>\n<\/ul>\n","protected":false},"featured_media":7404,"comment_status":"closed","ping_status":"closed","template":"","meta":[],"product_brand":[],"product_cat":[197],"product_tag":[],"class_list":{"0":"post-7390","1":"product","2":"type-product","3":"status-publish","4":"has-post-thumbnail","6":"product_cat-may-bam-xo-dua-2","8":"first","9":"instock","10":"shipping-taxable","11":"product-type-simple"},"_links":{"self":[{"href":"https:\/\/congtybinhminh.com\/index.php?rest_route=\/wp\/v2\/product\/7390","targetHints":{"allow":["GET"]}}],"collection":[{"href":"https:\/\/congtybinhminh.com\/index.php?rest_route=\/wp\/v2\/product"}],"about":[{"href":"https:\/\/congtybinhminh.com\/index.php?rest_route=\/wp\/v2\/types\/product"}],"replies":[{"embeddable":true,"href":"https:\/\/congtybinhminh.com\/index.php?rest_route=%2Fwp%2Fv2%2Fcomments&post=7390"}],"wp:featuredmedia":[{"embeddable":true,"href":"https:\/\/congtybinhminh.com\/index.php?rest_route=\/wp\/v2\/media\/7404"}],"wp:attachment":[{"href":"https:\/\/congtybinhminh.com\/index.php?rest_route=%2Fwp%2Fv2%2Fmedia&parent=7390"}],"wp:term":[{"taxonomy":"product_brand","embeddable":true,"href":"https:\/\/congtybinhminh.com\/index.php?rest_route=%2Fwp%2Fv2%2Fproduct_brand&post=7390"},{"taxonomy":"product_cat","embeddable":true,"href":"https:\/\/congtybinhminh.com\/index.php?rest_route=%2Fwp%2Fv2%2Fproduct_cat&post=7390"},{"taxonomy":"product_tag","embeddable":true,"href":"https:\/\/congtybinhminh.com\/index.php?rest_route=%2Fwp%2Fv2%2Fproduct_tag&post=7390"}],"curies":[{"name":"wp","href":"https:\/\/api.w.org\/{rel}","templated":true}]}}