{"id":7308,"date":"2022-08-30T10:39:34","date_gmt":"2022-08-30T03:39:34","guid":{"rendered":"https:\/\/congtybinhminh.com\/?post_type=product&#038;p=7308"},"modified":"2025-05-23T13:51:33","modified_gmt":"2025-05-23T06:51:33","slug":"may-tron-bot-inox","status":"publish","type":"product","link":"https:\/\/congtybinhminh.com\/?product=may-tron-bot-inox","title":{"rendered":"M\u00e1y tr\u1ed9n b\u1ed9t inox"},"content":{"rendered":"<p><span style=\"color: #000000\"><strong>Video tr\u1ef1c ti\u1ebfp:<\/strong><\/span><\/p>\n<p><iframe loading=\"lazy\" title=\"M\u00e1y Tr\u1ed9n B\u1ed9t Gia V\u1ecb Inox Gia \u0110\u00ecnh Phi\u00ean B\u1ea3n 2022\" width=\"1020\" height=\"574\" src=\"https:\/\/www.youtube.com\/embed\/guLmSTNpcaI?feature=oembed\" frameborder=\"0\" allow=\"accelerometer; autoplay; clipboard-write; encrypted-media; gyroscope; picture-in-picture; web-share\" referrerpolicy=\"strict-origin-when-cross-origin\" allowfullscreen><\/iframe><\/p>\n<p><span style=\"color: #000000\">M\u00e1y chuy\u00ean d\u1ee5ng \u0111\u1ec3 tr\u1ed9n c\u00e1c d\u1ea1ng b\u1ed9t kh\u00f4, gia v\u1ecb, b\u1ed9t m\u1ef3. Thay v\u00ec m\u1ea5t nhi\u1ec1u th\u1eddi gian v\u00e0 c\u00f4ng s\u1ee9c \u0111\u1ec3\u00a0 tr\u1ed9n b\u1ed9t b\u1eb1ng tay th\u00ec gi\u1edd m\u1ecdi vi\u1ec7c s\u1ebd \u0111\u01a1n gi\u1ea3n h\u01a1n khi s\u1eed m\u00e1y tr\u1ed9n b\u1ed9t inox \u0111a n\u0103ng\u00a0<\/span><\/p>\n<p><img loading=\"lazy\" decoding=\"async\" class=\"size-full wp-image-7314 aligncenter\" src=\"https:\/\/congtybinhminh.com\/wp-content\/uploads\/2022\/08\/z3682684603651_633a74f4a06fffed9b109e42aa15f019.jpg\" alt=\"tron-inox\" width=\"800\" height=\"450\" srcset=\"https:\/\/congtybinhminh.com\/wp-content\/uploads\/2022\/08\/z3682684603651_633a74f4a06fffed9b109e42aa15f019.jpg 800w, https:\/\/congtybinhminh.com\/wp-content\/uploads\/2022\/08\/z3682684603651_633a74f4a06fffed9b109e42aa15f019-510x287.jpg 510w, https:\/\/congtybinhminh.com\/wp-content\/uploads\/2022\/08\/z3682684603651_633a74f4a06fffed9b109e42aa15f019-711x400.jpg 711w, https:\/\/congtybinhminh.com\/wp-content\/uploads\/2022\/08\/z3682684603651_633a74f4a06fffed9b109e42aa15f019-768x432.jpg 768w\" sizes=\"auto, (max-width: 800px) 100vw, 800px\" \/><\/p>\n<h2><span style=\"color: #000000\"><strong>\u01afu \u0111i\u1ec3m khi d\u00f9ng m\u00e1y tr\u1ed9n b\u1ed9t inox\u00a0<\/strong><\/span><\/h2>\n<ul>\n<li><span style=\"color: #000000\">Khung b\u00ean ngo\u00e0i ch\u1eafc ch\u1eafn\u00a0 thi\u1ebft k\u1ebf b\u1edfi inox ch\u1ea5t l\u01b0\u1ee3ng cao h\u1ea1n ch\u1ebf han g\u1ec9, \u0111\u1ea3m b\u1ea3o v\u1ec7 sinh an to\u00e0n th\u1ef1c ph\u1ea9m.<\/span><\/li>\n<li><span style=\"color: #000000\">C\u00e1nh \u0111\u1ea3o thi\u1ebft k\u1ebf b\u00ean trong khoang c\u00f3 th\u1ec3 v\u00e9t s\u00e1t th\u00e0nh n\u00ean cho d\u00f9 tr\u1ed9n kh\u1ed1i l\u01b0\u1ee3ng l\u1edbn th\u00ec kh\u1ea3 n\u0103ng tr\u1ed9n v\u1eabn \u0111\u1ec1u ch\u1ec9 trong \u201d t\u00edch t\u1eafc\u201d<\/span><\/li>\n<\/ul>\n<p><img loading=\"lazy\" decoding=\"async\" class=\"size-full wp-image-7315 aligncenter\" src=\"https:\/\/congtybinhminh.com\/wp-content\/uploads\/2022\/08\/tron-bot.jpg\" alt=\"tron-bot\" width=\"800\" height=\"387\" srcset=\"https:\/\/congtybinhminh.com\/wp-content\/uploads\/2022\/08\/tron-bot.jpg 800w, https:\/\/congtybinhminh.com\/wp-content\/uploads\/2022\/08\/tron-bot-510x247.jpg 510w, https:\/\/congtybinhminh.com\/wp-content\/uploads\/2022\/08\/tron-bot-768x372.jpg 768w\" sizes=\"auto, (max-width: 800px) 100vw, 800px\" \/><\/p>\n<ul>\n<li><span style=\"color: #000000\">Th\u1ecb\u1ebft b\u1ecb kh\u00f4ng ch\u1ec9 d\u1eebng l\u1ea1i \u1edf vi\u1ec7c tr\u1ed9n b\u1ed9t m\u00e0 c\u00f2n c\u00f3 th\u1ec3 \u0111\u1ea3o tr\u1ed9n c\u00e1c lo\u1ea1i gia v\u1ecb, b\u1ed9t d\u01b0\u1ee3c li\u1ec7u,\u2026<\/span><\/li>\n<\/ul>\n<h2><span style=\"color: #000000\"><strong>C\u1ea5u t\u1ea1o m\u00e1y tr\u1ed9n b\u1ed9t inox\u00a0<\/strong><\/span><\/h2>\n<p><span style=\"color: #000000\">Thi\u1ebft k\u1ebf hi\u1ec7n \u0111\u1ea1i, v\u1edbi khung m\u00e1y ch\u1eafc ch\u1eafn v\u1edbi c\u1ea5u t\u1ea1o ho\u00e0n to\u00e0n b\u1eb1ng inox cao c\u1ea5p \u0111\u1ea3m b\u1ea3o v\u1ec7 sinh an to\u00e0n th\u1ef1c ph\u1ea9m, h\u1ea1n ch\u1ebf han g\u1ec9 trong qu\u00e1 tr\u00ecnh s\u1eed d\u1ee5ng. Khung \u0111\u1ee1 m\u00e1y th\u00e9p V2 ch\u1eafc ch\u1eafn, h\u1ea1n ch\u1ebf rung l\u1eafc g\u00e2y ti\u1ebfng \u1ed3n khi ho\u1ea1t \u0111\u1ed9ng.<\/span><\/p>\n<p><img loading=\"lazy\" decoding=\"async\" class=\"size-full wp-image-7316 aligncenter\" src=\"https:\/\/congtybinhminh.com\/wp-content\/uploads\/2022\/08\/cau-tao-may-tron.jpg\" alt=\"\" width=\"800\" height=\"646\" srcset=\"https:\/\/congtybinhminh.com\/wp-content\/uploads\/2022\/08\/cau-tao-may-tron.jpg 800w, https:\/\/congtybinhminh.com\/wp-content\/uploads\/2022\/08\/cau-tao-may-tron-510x412.jpg 510w, https:\/\/congtybinhminh.com\/wp-content\/uploads\/2022\/08\/cau-tao-may-tron-495x400.jpg 495w, https:\/\/congtybinhminh.com\/wp-content\/uploads\/2022\/08\/cau-tao-may-tron-768x620.jpg 768w\" sizes=\"auto, (max-width: 800px) 100vw, 800px\" \/><\/p>\n<p><span style=\"color: #000000\">M\u00e1y tr\u1ed9n b\u1ed9t n\u1eb1m ngang v\u1edbi ph\u1ea7n khoang ch\u1ee9a \u0111\u01b0\u1ee3c thi\u1ebft k\u1ebf h\u00ecnh c\u1ea7u v\u00f2m ch\u1eef U v\u1edbi k\u00edch th\u01b0\u1edbc DxR l\u1ea7n l\u01b0\u1ee3t 39\u00d733 cm, \u0111\u1ed9 s\u00e2u 37 cm t\u0103ng kh\u1ea3 n\u0103ng tr\u1ed9n. Khoang ch\u1ee9a c\u00f3 th\u1ec3 nghi\u00eang th\u00f9ng gi\u00fap l\u1ea5y th\u00e0nh ph\u1ea9m d\u1ec5 d\u00e0ng.<\/span><\/p>\n<p><span style=\"color: #000000\">\u0110\u1eb7c bi\u1ec7t , m\u00e1y \u0111\u01b0\u1ee3c thi\u1ebft k\u1ebf th\u00eam ph\u1ea7n n\u1eafp \u0111\u1eady, gi\u00fap h\u1ea1n ch\u1ebf v\u01b0\u01a1ng b\u1eafn ra ngo\u00e0i trong qu\u00e1 tr\u00ecnh tr\u1ed9n.<\/span><\/p>\n<p><img loading=\"lazy\" decoding=\"async\" class=\"size-full wp-image-7317 aligncenter\" src=\"https:\/\/congtybinhminh.com\/wp-content\/uploads\/2022\/08\/thung-tron-bot.jpg\" alt=\"thung-tron-bot\" width=\"800\" height=\"387\" srcset=\"https:\/\/congtybinhminh.com\/wp-content\/uploads\/2022\/08\/thung-tron-bot.jpg 800w, https:\/\/congtybinhminh.com\/wp-content\/uploads\/2022\/08\/thung-tron-bot-510x247.jpg 510w, https:\/\/congtybinhminh.com\/wp-content\/uploads\/2022\/08\/thung-tron-bot-768x372.jpg 768w\" sizes=\"auto, (max-width: 800px) 100vw, 800px\" \/><\/p>\n<p><span style=\"color: #000000\">2 thanh \u0111\u1ea3o tr\u1ed9n thi\u1ebft k\u1ebf v\u00f2ng xo\u1eafn, tr\u1ea3i r\u1ed9ng h\u1ebft khoang ch\u1ee9a gi\u00fap t\u0103ng kh\u1ea3 n\u0103ng \u0111\u1ea3o tr\u1ed9n.<\/span><\/p>\n<p><span style=\"color: #000000\">Thanh tr\u1ed9n v\u00e0 khoang ch\u1ee9a \u0111\u01b0\u1ee3c l\u00e0m b\u1eb1ng inox cao c\u1ea5p t\u0103ng \u0111\u1ed9 b\u1ec1n v\u00e0 \u0111\u1ea3m b\u1ea3o v\u1ec7 sinh th\u1ef1c ph\u1ea9m, h\u1ea1n ch\u1ebf s\u1ef1 b\u00e1m d\u00ednh th\u1ef1c ph\u1ea9m thu\u1eadn ti\u1ec7n trong qu\u00e1 tr\u00ecnh v\u1ec7 sinh m\u00e1y.<\/span><\/p>\n<p><span style=\"color: #000000\">M\u00e1y c\u00f3 c\u00f4ng t\u1eafc t\u1eaft \u2013 m\u1edf thu\u1eadn ti\u1ec7n cho ng\u01b0\u1eddi d\u00f9ng khi v\u1eadn h\u00e0nh m\u00e1y.<\/span><\/p>\n<p><img loading=\"lazy\" decoding=\"async\" class=\"size-full wp-image-7318 aligncenter\" src=\"https:\/\/congtybinhminh.com\/wp-content\/uploads\/2022\/08\/cong-tac.jpg\" alt=\"cong-tac\" width=\"800\" height=\"600\" srcset=\"https:\/\/congtybinhminh.com\/wp-content\/uploads\/2022\/08\/cong-tac.jpg 800w, https:\/\/congtybinhminh.com\/wp-content\/uploads\/2022\/08\/cong-tac-510x383.jpg 510w, https:\/\/congtybinhminh.com\/wp-content\/uploads\/2022\/08\/cong-tac-533x400.jpg 533w, https:\/\/congtybinhminh.com\/wp-content\/uploads\/2022\/08\/cong-tac-768x576.jpg 768w\" sizes=\"auto, (max-width: 800px) 100vw, 800px\" \/><\/p>\n<ul>\n<li><span style=\"color: #000000\">V\u1eb7n c\u00f4ng t\u1eafc \u201d t\u1eaft\u201d: N\u1ea5c gi\u1eefa \u2013 khi mu\u1ed1n d\u1eebng m\u00e1y<\/span><\/li>\n<li><span style=\"color: #000000\">V\u1eb7n c\u00f4ng t\u1eafc \u201cm\u1edf\u201d: N\u1ea5c tr\u00e1i \u2013 khi mu\u1ed1n m\u00e1y tr\u1ed9n \u0111\u1ea3o<\/span><\/li>\n<li><span style=\"color: #000000\">V\u1eb7n c\u00f4ng t\u1eafc \u201d \u0111\u1ea3o chi\u1ec1u\u201d : N\u1ea5c ph\u1ea3i \u2013 khi mu\u1ed1n \u0111\u1ea3o chi\u1ec1u quay c\u1ee7a c\u00e1nh \u0111\u1ea3o<\/span><\/li>\n<\/ul>\n<p><span style=\"color: #000000\">Th\u00f4ng s\u1ed1 k\u1ef9 thu\u1eadt<\/span><\/p>\n<p><img loading=\"lazy\" decoding=\"async\" class=\"size-full wp-image-7319 aligncenter\" src=\"https:\/\/congtybinhminh.com\/wp-content\/uploads\/2022\/08\/z3682684580895_636cf76310dc2004406a153bf95f9645.jpg\" alt=\"thong-so\" width=\"800\" height=\"387\" srcset=\"https:\/\/congtybinhminh.com\/wp-content\/uploads\/2022\/08\/z3682684580895_636cf76310dc2004406a153bf95f9645.jpg 800w, https:\/\/congtybinhminh.com\/wp-content\/uploads\/2022\/08\/z3682684580895_636cf76310dc2004406a153bf95f9645-510x247.jpg 510w, https:\/\/congtybinhminh.com\/wp-content\/uploads\/2022\/08\/z3682684580895_636cf76310dc2004406a153bf95f9645-768x372.jpg 768w\" sizes=\"auto, (max-width: 800px) 100vw, 800px\" \/><\/p>\n","protected":false},"excerpt":{"rendered":"<ul>\n<li><span style=\"color: #000000\"><strong>H\u00e3ng s\u1ea3n xu\u1ea5t:<\/strong>\u00a0B\u00ecnh Minh<\/span><\/li>\n<li><span style=\"color: #000000\"><strong>C\u00f4ng su\u1ea5t \u0111\u1ed9ng c\u01a1:<\/strong>\u00a01,5kw<\/span><\/li>\n<li><span style=\"color: #000000\"><strong>Ngu\u1ed3n \u0111i\u1ec7n:<\/strong>\u00a0220V<\/span><\/li>\n<li><span style=\"color: #000000\"><strong>T\u1ed1c \u0111\u1ed9 :<\/strong>\u00a01450 v\/p<\/span><\/li>\n<li><span style=\"color: #000000\"><strong>N\u0103ng su\u1ea5t :<\/strong>\u00a03 \u2013 5 kg\/m\u1ebb<\/span><\/li>\n<li><span style=\"color: #000000\"><strong>Tr\u1ecdng l\u01b0\u1ee3ng :<\/strong>\u00a049 kg ( nguy\u00ean b\u1ed9)<\/span><\/li>\n<li><span style=\"color: #000000\"><strong>K\u00edch th\u01b0\u1edbc (d*c*r):\u00a0<\/strong>60*80*35 cm<\/span><\/li>\n<li><span style=\"color: #000000\"><strong>T\u00ednh n\u0103ng:<\/strong>\u00a0M\u00e1y chuy\u00ean d\u00f9ng tr\u1ed9n nguy\u00ean li\u1ec7u d\u1ea1ng b\u1ed9t kh\u00f4, b\u1ed9t m\u00ec, b\u1ed9t gia v\u1ecb, tr\u1ed9n b\u1ed9t \u1ea9m theo t\u1ef7 l\u1ec7<\/span><\/li>\n<\/ul>\n","protected":false},"featured_media":10742,"comment_status":"closed","ping_status":"closed","template":"","meta":[],"product_brand":[],"product_cat":[98],"product_tag":[110,167,168],"class_list":{"0":"post-7308","1":"product","2":"type-product","3":"status-publish","4":"has-post-thumbnail","6":"product_cat-may-tron","7":"product_tag-may-tron-binh-minh","8":"product_tag-may-tron-bot","9":"product_tag-may-tron-gia-vi","11":"first","12":"instock","13":"shipping-taxable","14":"product-type-simple"},"_links":{"self":[{"href":"https:\/\/congtybinhminh.com\/index.php?rest_route=\/wp\/v2\/product\/7308","targetHints":{"allow":["GET"]}}],"collection":[{"href":"https:\/\/congtybinhminh.com\/index.php?rest_route=\/wp\/v2\/product"}],"about":[{"href":"https:\/\/congtybinhminh.com\/index.php?rest_route=\/wp\/v2\/types\/product"}],"replies":[{"embeddable":true,"href":"https:\/\/congtybinhminh.com\/index.php?rest_route=%2Fwp%2Fv2%2Fcomments&post=7308"}],"wp:featuredmedia":[{"embeddable":true,"href":"https:\/\/congtybinhminh.com\/index.php?rest_route=\/wp\/v2\/media\/10742"}],"wp:attachment":[{"href":"https:\/\/congtybinhminh.com\/index.php?rest_route=%2Fwp%2Fv2%2Fmedia&parent=7308"}],"wp:term":[{"taxonomy":"product_brand","embeddable":true,"href":"https:\/\/congtybinhminh.com\/index.php?rest_route=%2Fwp%2Fv2%2Fproduct_brand&post=7308"},{"taxonomy":"product_cat","embeddable":true,"href":"https:\/\/congtybinhminh.com\/index.php?rest_route=%2Fwp%2Fv2%2Fproduct_cat&post=7308"},{"taxonomy":"product_tag","embeddable":true,"href":"https:\/\/congtybinhminh.com\/index.php?rest_route=%2Fwp%2Fv2%2Fproduct_tag&post=7308"}],"curies":[{"name":"wp","href":"https:\/\/api.w.org\/{rel}","templated":true}]}}