{"id":7302,"date":"2022-08-26T15:17:53","date_gmt":"2022-08-26T08:17:53","guid":{"rendered":"https:\/\/congtybinhminh.com\/?post_type=product&#038;p=7302"},"modified":"2024-02-17T10:15:49","modified_gmt":"2024-02-17T03:15:49","slug":"may-bam-nghien-go-2t","status":"publish","type":"product","link":"https:\/\/congtybinhminh.com\/?product=may-bam-nghien-go-2t","title":{"rendered":"M\u00c1Y B\u0102M NGHI\u1ec0N G\u1ed6 2T"},"content":{"rendered":"<p><strong><span style=\"color: #000000\">Xem video tr\u1ef1c ti\u1ebfp t\u1ea1i \u0111\u00e2y:<\/span><\/strong><\/p>\n<p><iframe loading=\"lazy\" title=\"M\u00e1y B\u0103m Nghi\u1ec1n G\u1ed7 2T Nguy\u00ean L\u00fd Ho\u1ea1t \u0110\u1ed9ng V\u00e0 C\u1ea5u T\u1ea1o Chi Ti\u1ebft\" width=\"1020\" height=\"574\" src=\"https:\/\/www.youtube.com\/embed\/lJn4NfRZ59I?feature=oembed\" frameborder=\"0\" allow=\"accelerometer; autoplay; clipboard-write; encrypted-media; gyroscope; picture-in-picture; web-share\" allowfullscreen><\/iframe><\/p>\n<p><span style=\"color: #000000\">M\u00e1y b\u0103m nghi\u1ec1n g\u1ed7 2T do c\u00f4ng ty B\u00ecnh Minh s\u1ea3n xu\u1ea5t chuy\u00ean b\u0103m nghi\u1ec1n g\u1ed7 th\u00e0nh d\u1ea1ng d\u0103m g\u1ed7, m\u00f9n c\u01b0a,.. \u0111em l\u1ea1i m\u1ed9t ngu\u1ed3n thu nh\u1eadp kha kh\u00e1 cho c\u00e1c c\u01a1 s\u1edf ch\u1ebf bi\u1ebfn g\u1ed7. G\u00f3p ph\u1ea7n t\u00e1i ch\u1ebf c\u00e1c lo\u1ea1i g\u1ed7 th\u1ea3i, g\u1ed7 c\u00f4ng nghi\u1ec7p, m\u1ea9u g\u1ed7 lo\u1ea1i\u2026 th\u00e0nh s\u1ea3n ph\u1ea9m c\u00f3 gi\u00e1 tr\u1ecb, thay v\u00ec lo\u1ea1i b\u1ecf nh\u01b0 tr\u01b0\u1edbc \u0111\u00e2y<\/span><\/p>\n<h2><span style=\"color: #000000\"><strong>Nh\u1eefng \u01b0u \u0111i\u1ec3m khi s\u1eed d\u1ee5ng m\u00e1y b\u0103m nghi\u1ec1n g\u1ed7 2T\u00a0<\/strong><\/span><\/h2>\n<ul>\n<li><span style=\"color: #000000\">T\u00ednh \u0111a n\u0103ng c\u00f3 th\u1ec3 b\u0103m \u0111a d\u1ea1ng nguy\u00ean li\u1ec7u : g\u1ed7 m\u1ea9u; c\u00e0nh g\u1ed7 nh\u1ecf; v\u00e1n b\u00f3c.. th\u00e0nh d\u1ea1ng d\u0103m, m\u00f9n c\u01b0a.<\/span><\/li>\n<li><span style=\"color: #000000\">T\u00e1i s\u1eed d\u1ee5ng ph\u1ea7n g\u1ed7 th\u1ea3i mang \u0111\u1ebfn l\u1ee3i nhu\u1eadn cao cho c\u00e1c c\u01a1 s\u1edf s\u1ea3n xu\u1ea5t<\/span><\/li>\n<li><span style=\"color: #000000\">S\u1eed d\u1ee5ng \u0111\u01a1n gi\u1ea3n ch\u1ec9 v\u1edbi 1 \u2013 2 nh\u00e2n c\u00f4ng v\u1eadn h\u00e0nh m\u00e1y, ti\u1ebft ki\u1ec7m th\u1eddi gian v\u00e0 chi ph\u00ed<\/span><\/li>\n<\/ul>\n<h2><span style=\"color: #000000\"><strong>C\u1ea5u t\u1ea1o m\u00e1y b\u0103m nghi\u1ec1n g\u1ed7 2T<\/strong><\/span><\/h2>\n<p><span style=\"color: #000000\">Thi\u1ebft k\u1ebf hi\u1ec7n \u0111\u1ea1i, v\u1edbi ph\u1ea7n khung m\u00e1y \u0111\u01b0\u1ee3c h\u00e0n g\u1eafn ch\u1eafc ch\u1eafn kh\u00f4ng g\u00e2y rung l\u1eafc trong qu\u00e1 tr\u00ecnh s\u1eed d\u1ee5ng, l\u1eafp \u0111\u1eb7t 4 b\u00e1nh xe thu\u1eadn ti\u1ec7n di chuy\u1ec3n v\u1ecb tr\u00ed \u0111\u1eb7t m\u00e1y<\/span><\/p>\n<p><span style=\"color: #000000\">Ph\u1ea7n toa n\u1ea1p m\u00e1y b\u0103m g\u1ed7 \u0111\u01b0\u1ee3c thi\u1ebft k\u1ebf v\u1edbi 2 c\u1eeda \u0111\u1ed9c l\u1eadp :<\/span><\/p>\n<ul>\n<li><span style=\"color: #000000\">1 c\u1eeda chuy\u00ean d\u00f9ng \u0111\u1ec3 nghi\u1ec1n nguy\u00ean li\u1ec7u d\u1ea1ng m\u1ea3nh v\u1ee5n nh\u1ecf hay v\u00e1n b\u00f3c v\u1ee5n nh\u1ecf : \u0110\u01b0\u1ee3c thi\u1ebft k\u1ebf m\u00e1ng n\u1ea1p l\u1edbn c\u00f3 t\u1ea5m ng\u0103n \u0111i\u1ec1u ch\u1ec9nh l\u01b0\u1ee3ng nguy\u00ean li\u1ec7u xu\u1ed1ng bu\u1ed3ng l\u00e0m vi\u1ec7c, kh\u00f4ng l\u00e0m ngh\u1eb9n m\u00e1y<\/span><\/li>\n<li><span style=\"color: #000000\">1 c\u1eeda b\u0103m thi\u1ebft k\u1ebf nh\u1ecf, mi\u1ec7ng vu\u00f4ng n\u1ed1i l\u00ean bu\u1ed3ng dao chuy\u00ean d\u00f9ng \u0111\u1ec3 b\u0103m nghi\u1ec1n nguy\u00ean li\u1ec7u d\u1ea1ng kh\u00fac g\u1ed7, c\u00e0nh g\u1ed7 nh\u1ecf<\/span><\/li>\n<\/ul>\n<p><span style=\"color: #000000\">Th\u00e0nh ph\u1ea9m sau khi b\u0103m nghi\u1ec1n s\u1ebd \u0111\u01b0\u1ee3c \u0111\u01b0a sang \u1ed1ng n\u1ed1i h\u00fat th\u00e0nh ph\u1ea9m ra ngo\u00e0i. M\u00e1y c\u00f3 th\u1ec3 k\u1ebft h\u1ee3p v\u1edbi b\u1ea7u h\u00fat gi\u00f3 h\u1ed7 tr\u1ee3 thu gom v\u00e0 h\u1ea1n ch\u1ebf th\u1ea5t tho\u00e1t th\u00e0nh ph\u1ea9m sau khi nghi\u1ec1n. ( L\u01b0u \u00fd: B\u1ea7u h\u00fat gi\u00f3 l\u00e0 b\u1ed9 ph\u1eadn k\u1ebft h\u1ee3p kh\u00f4ng \u0111i k\u00e8m theo m\u00e1y)<\/span><\/p>\n<p><span style=\"color: #000000\">H\u1ec7 th\u1ed1ng dao b\u0103m bu\u1ed3ng l\u00e0m vi\u1ec7c c\u1ee7a m\u00e1y g\u1ed3m 4 l\u01b0\u1ee1i dao b\u0103m g\u1ed7 skd c\u00f9ng\u00a0 18 b\u00faa nghi\u1ec1n v\u00e0 \u0111\u0129a \u0111\u00e0 c\u00f9ng m\u1eb7t s\u00e0ng theo m\u00e1y, ho\u1ea1t \u0111\u1ed9ng b\u0103m nghi\u1ec1n nguy\u00ean li\u1ec7u.<\/span><\/p>\n<p><span style=\"color: #000000\">S\u1eed d\u1ee5ng \u0111\u1ed9ng c\u01a1 18,5 \u2013 22kw\u00a0 d\u00f9ng \u0111i\u1ec7n 3 pha motor l\u00f5i d\u00e2y \u0111\u1ed3ng 100 % cho n\u0103ng su\u1ea5t \u0111\u1ea1t t\u1eeb 200 \u2013 300 kg\/gi\u1edd ( t\u00f9y thu\u1ed9c v\u00e0o m\u1eb7t s\u00e0ng l\u1eafp trong m\u00e1y)<\/span><\/p>\n<h2><strong><span style=\"color: #000000\">Th\u00f4ng s\u1ed1 k\u1ef9 thu\u1eadt<\/span><\/strong><\/h2>\n<table border=\"1\" width=\"760\" cellspacing=\"1\" cellpadding=\"1\">\n<tbody>\n<tr>\n<td colspan=\"1\" rowspan=\"3\"><span style=\"color: #000000\">\u0110\u1ed9ng c\u01a1<\/span><\/td>\n<td><span style=\"color: #000000\">C\u00f4ng su\u1ea5t<\/span><\/td>\n<td><span style=\"color: #000000\">18,5 \u2013 22kw<\/span><\/td>\n<\/tr>\n<tr>\n<td><span style=\"color: #000000\">Ngu\u1ed3n \u0111i\u1ec7n<\/span><\/td>\n<td><span style=\"color: #000000\">380\u00a0(V)<\/span><\/td>\n<\/tr>\n<tr>\n<td><span style=\"color: #000000\">T\u1ed1c \u0111\u1ed9<\/span><\/td>\n<td><span style=\"color: #000000\">1450 (v\/p)<\/span><\/td>\n<\/tr>\n<tr>\n<td colspan=\"1\" rowspan=\"2\"><span style=\"color: #000000\">Tr\u1ecdng l\u01b0\u1ee3ng m\u00e1y<\/span><\/td>\n<td><span style=\"color: #000000\">Nguy\u00ean b\u1ed9<\/span><\/td>\n<td><span style=\"color: #000000\">\u00a0450 (kg)<\/span><\/td>\n<\/tr>\n<tr>\n<td><span style=\"color: #000000\">Kh\u00f4ng \u0111\u1ed9ng c\u01a1<\/span><\/td>\n<td><span style=\"color: #000000\">\u00a0281 (kg)<\/span><\/td>\n<\/tr>\n<tr>\n<td colspan=\"1\" rowspan=\"2\"><span style=\"color: #000000\">B\u1ea3o h\u00e0nh<\/span><\/td>\n<td><span style=\"color: #000000\">K\u1ef9 thu\u1eadt<\/span><\/td>\n<td><span style=\"color: #000000\">06 th\u00e1ng<\/span><\/td>\n<\/tr>\n<tr>\n<td><span style=\"color: #000000\">\u0110\u1ed9ng c\u01a1<\/span><\/td>\n<td><span style=\"color: #000000\">Theo t\u1eebng h\u00e3ng s\u1ea3n xu\u1ea5t<\/span><\/td>\n<\/tr>\n<tr>\n<td><span style=\"color: #000000\">N\u0103ng su\u1ea5t<\/span><\/td>\n<td colspan=\"2\" rowspan=\"1\"><span style=\"color: #000000\">\u00a0200 \u2013 300 kg \/gi\u1edd<\/span><\/td>\n<\/tr>\n<tr>\n<td><span style=\"color: #000000\">K\u00edch th\u01b0\u1edbc (D*C*R)<\/span><\/td>\n<td colspan=\"2\" rowspan=\"1\"><span style=\"color: #000000\">197*108*100 cm<\/span><\/td>\n<\/tr>\n<tr>\n<td><span style=\"color: #000000\">H\u00ecnh th\u1ee9c thanh to\u00e1n<\/span><\/td>\n<td colspan=\"2\" rowspan=\"1\"><span style=\"color: #000000\">Ti\u1ec1n m\u0103t ho\u1eb7c chuy\u1ec3n kho\u1ea3n<\/span><\/td>\n<\/tr>\n<\/tbody>\n<\/table>\n<p>&nbsp;<\/p>\n<p>&nbsp;<\/p>\n","protected":false},"excerpt":{"rendered":"<ul>\n<li><span style=\"color: #000000\"><span style=\"color: #ed1c24\"><strong>H\u00e3ng s\u1ea3n xu\u1ea5t<\/strong><\/span>\u00a0: B\u00ecnh Minh<\/span><\/li>\n<li><span style=\"color: #000000\"><strong><span style=\"color: #ed1c24\">C\u00f4ng su\u1ea5t \u0111\u1ed9ng c\u01a1<\/span>:<\/strong>\u00a018,5 \u2013 22kw<\/span><\/li>\n<li><span style=\"color: #000000\"><strong><span style=\"color: #ed1c24\">T\u1ed1c \u0111\u1ed9<\/span> :<\/strong>\u00a01450 v\u00f2ng\/ph\u00fat<\/span><\/li>\n<li><span style=\"color: #000000\"><strong><span style=\"color: #ed1c24\">N\u0103ng su\u1ea5t<\/span> :\u00a0<\/strong>200 \u2013 300 kg\/gi\u1edd<\/span><\/li>\n<li><span style=\"color: #000000\"><span style=\"color: #ed1c24\"><strong>Tr\u1ecdng l\u01b0\u1ee3ng<\/strong><\/span>\u00a0: 450 kg ( kh\u00f4ng b\u1ea7u gi\u00f3)<\/span><\/li>\n<li><span style=\"color: #000000\"><strong><span style=\"color: #ed1c24\">K\u00edch th\u01b0\u1edbc<\/span> :<\/strong>\u00a0197*108*100 cm<\/span><\/li>\n<li><span style=\"color: #000000\"><strong><span style=\"color: #ed1c24\">T\u00ednh\u00a0 n\u0103ng<\/span> :\u00a0<\/strong>Chuy\u00ean d\u00f9ng b\u0103m nghi\u1ec1n c\u00e0nh g\u1ed7 nh\u1ecf; g\u1ed7 m\u1ea9u; g\u1ed7 c\u00f4ng nghi\u1ec7p\u2026 th\u00e0nh d\u0103m g\u1ed7, m\u00f9n c\u01b0a s\u1ed1 l\u01b0\u1ee3ng l\u1edbn<\/span><\/li>\n<\/ul>\n","protected":false},"featured_media":0,"comment_status":"closed","ping_status":"closed","template":"","meta":[],"product_brand":[],"product_cat":[41],"product_tag":[],"class_list":{"0":"post-7302","1":"product","2":"type-product","3":"status-publish","5":"product_cat-may-bam-go","7":"first","8":"instock","9":"shipping-taxable","10":"product-type-simple"},"_links":{"self":[{"href":"https:\/\/congtybinhminh.com\/index.php?rest_route=\/wp\/v2\/product\/7302","targetHints":{"allow":["GET"]}}],"collection":[{"href":"https:\/\/congtybinhminh.com\/index.php?rest_route=\/wp\/v2\/product"}],"about":[{"href":"https:\/\/congtybinhminh.com\/index.php?rest_route=\/wp\/v2\/types\/product"}],"replies":[{"embeddable":true,"href":"https:\/\/congtybinhminh.com\/index.php?rest_route=%2Fwp%2Fv2%2Fcomments&post=7302"}],"wp:attachment":[{"href":"https:\/\/congtybinhminh.com\/index.php?rest_route=%2Fwp%2Fv2%2Fmedia&parent=7302"}],"wp:term":[{"taxonomy":"product_brand","embeddable":true,"href":"https:\/\/congtybinhminh.com\/index.php?rest_route=%2Fwp%2Fv2%2Fproduct_brand&post=7302"},{"taxonomy":"product_cat","embeddable":true,"href":"https:\/\/congtybinhminh.com\/index.php?rest_route=%2Fwp%2Fv2%2Fproduct_cat&post=7302"},{"taxonomy":"product_tag","embeddable":true,"href":"https:\/\/congtybinhminh.com\/index.php?rest_route=%2Fwp%2Fv2%2Fproduct_tag&post=7302"}],"curies":[{"name":"wp","href":"https:\/\/api.w.org\/{rel}","templated":true}]}}