{"id":6782,"date":"2022-05-07T10:19:13","date_gmt":"2022-05-07T03:19:13","guid":{"rendered":"https:\/\/congtybinhminh.com\/?post_type=product&#038;p=6782"},"modified":"2025-03-12T14:11:28","modified_gmt":"2025-03-12T07:11:28","slug":"may-tron-dung-75kw","status":"publish","type":"product","link":"https:\/\/congtybinhminh.com\/?product=may-tron-dung-75kw","title":{"rendered":"M\u00e1y tr\u1ed9n \u0111\u1ee9ng 7,5kW"},"content":{"rendered":"<p><span style=\"color: #000000\"><strong>Xem video m\u00e1y tr\u1ef1c ti\u1ebfp t\u1ea1i \u0111\u00e2y:<\/strong><\/span><\/p>\n<p><iframe loading=\"lazy\" title=\"M\u00e1y Tr\u1ed9n \u0110\u1ee9ng 7,5K Chuy\u00ean D\u00f9ng Tr\u1ed9n Nguy\u00ean Li\u1ec7u B\u1ed9t Si\u00eau Nhanh, Si\u00eau \u0110\u1ec1u #Shorts\" width=\"1020\" height=\"574\" src=\"https:\/\/www.youtube.com\/embed\/heewf67nk4k?feature=oembed\" frameborder=\"0\" allow=\"accelerometer; autoplay; clipboard-write; encrypted-media; gyroscope; picture-in-picture; web-share\" referrerpolicy=\"strict-origin-when-cross-origin\" allowfullscreen><\/iframe><\/p>\n<p><span style=\"color: #000000\">M\u00e1y tr\u1ed9n nguy\u00ean li\u1ec7u bu\u1ed3ng \u0111\u1ee9ng 7,5kW thu\u1ed9c d\u00f2ng m\u00e1y ch\u1ebf bi\u1ebfn th\u1ee9c \u0103n gia s\u00fac c\u1ee7a C\u00f4ng ty TNHH B\u00ecnh Minh s\u1ea3n xu\u1ea5t. M\u00e1y c\u00f3 ch\u1ee9c n\u0103ng tr\u1ed9n \u0111\u1ec1u c\u00e1c lo\u1ea1i nguy\u00ean li\u1ec7u kh\u00f4 b\u1ed9t ng\u00f4, b\u1ed9t g\u1ea1o, c\u00e1c lo\u1ea1i c\u00e1m\u2026 l\u00e0m th\u1ee9c \u0103n ch\u0103n nu\u00f4i.<\/span><\/p>\n<p><img loading=\"lazy\" decoding=\"async\" class=\"alignnone wp-image-10537 size-full\" src=\"https:\/\/congtybinhminh.com\/wp-content\/uploads\/2022\/05\/dia-chi-mua-may-tron_result222.webp\" alt=\"dia-chi-mua-may-tron_result222\" width=\"800\" height=\"517\" srcset=\"https:\/\/congtybinhminh.com\/wp-content\/uploads\/2022\/05\/dia-chi-mua-may-tron_result222.webp 800w, https:\/\/congtybinhminh.com\/wp-content\/uploads\/2022\/05\/dia-chi-mua-may-tron_result222-619x400.webp 619w, https:\/\/congtybinhminh.com\/wp-content\/uploads\/2022\/05\/dia-chi-mua-may-tron_result222-768x496.webp 768w, https:\/\/congtybinhminh.com\/wp-content\/uploads\/2022\/05\/dia-chi-mua-may-tron_result222-510x330.webp 510w\" sizes=\"auto, (max-width: 800px) 100vw, 800px\" \/><\/p>\n<p><span style=\"color: #000000\"> Bu\u1ed3ng l\u00e0m vi\u1ec7c r\u1ed9ng r\u00e3i tr\u1ed9n kho\u1ea3ng 50kg\/m\u1ebb, m\u1ed7i m\u1ebb tr\u1ed9n kho\u1ea3ng 7-8 ph\u00fat. M\u00e1y s\u1ebd l\u00e0 c\u00f4ng c\u1ee5 h\u1ed7 tr\u1ee3 \u0111\u1eafc l\u1ef1c cho d\u00e2y truy\u1ec1n s\u1ea3n xu\u1ea5t\u00a0\u00a0\u0111\u00f9n, \u00e9p vi\u00ean d\u00f9ng trong ch\u0103n nu\u00f4i.<\/span><\/p>\n<p><img loading=\"lazy\" decoding=\"async\" class=\"aligncenter wp-image-10539 size-full\" src=\"https:\/\/congtybinhminh.com\/wp-content\/uploads\/2022\/05\/qua-trinh-tron-bot-cam_result222.webp\" alt=\"qua-trinh-tron-bot-cam_result222\" width=\"800\" height=\"1014\" srcset=\"https:\/\/congtybinhminh.com\/wp-content\/uploads\/2022\/05\/qua-trinh-tron-bot-cam_result222.webp 800w, https:\/\/congtybinhminh.com\/wp-content\/uploads\/2022\/05\/qua-trinh-tron-bot-cam_result222-316x400.webp 316w, https:\/\/congtybinhminh.com\/wp-content\/uploads\/2022\/05\/qua-trinh-tron-bot-cam_result222-631x800.webp 631w, https:\/\/congtybinhminh.com\/wp-content\/uploads\/2022\/05\/qua-trinh-tron-bot-cam_result222-768x973.webp 768w, https:\/\/congtybinhminh.com\/wp-content\/uploads\/2022\/05\/qua-trinh-tron-bot-cam_result222-510x646.webp 510w\" sizes=\"auto, (max-width: 800px) 100vw, 800px\" \/><\/p>\n<h2><strong><span style=\"color: #000000\">C\u1ea5u t\u1ea1o c\u1ee7a m\u00e1y tr\u1ed9n \u0111\u1ee9ng<\/span><\/strong><\/h2>\n<p><span style=\"color: #000000\">V\u1edbi k\u00edch th\u01b0\u1edbc r\u1ed9ng r\u00e3i 115*60*100cm (D*R*C) c\u00f3 th\u1ec3 ch\u1ee9a \u0111\u1ebfn 50kg nguy\u00ean li\u1ec7u cho m\u1ed7i m\u1ebb tr\u1ed9n. M\u00e1y tr\u1ed9n \u0111\u1ee9ng gi\u00fap ti\u1ebft ki\u1ec7m th\u1eddi gian, nh\u00e2n c\u00f4ng v\u00e0 chi ph\u00ed s\u1ea3n xu\u1ea5t<\/span><\/p>\n<p><img loading=\"lazy\" decoding=\"async\" class=\"aligncenter wp-image-10540 size-full\" src=\"https:\/\/congtybinhminh.com\/wp-content\/uploads\/2022\/05\/cau-tao-may-tron-thuc-an-chan-nuoi-mta75kw_result222.webp\" alt=\"cau-tao-may-tron-thuc-an-chan-nuoi-mta7,5kw_result222\" width=\"800\" height=\"690\" srcset=\"https:\/\/congtybinhminh.com\/wp-content\/uploads\/2022\/05\/cau-tao-may-tron-thuc-an-chan-nuoi-mta75kw_result222.webp 800w, https:\/\/congtybinhminh.com\/wp-content\/uploads\/2022\/05\/cau-tao-may-tron-thuc-an-chan-nuoi-mta75kw_result222-464x400.webp 464w, https:\/\/congtybinhminh.com\/wp-content\/uploads\/2022\/05\/cau-tao-may-tron-thuc-an-chan-nuoi-mta75kw_result222-768x662.webp 768w, https:\/\/congtybinhminh.com\/wp-content\/uploads\/2022\/05\/cau-tao-may-tron-thuc-an-chan-nuoi-mta75kw_result222-510x440.webp 510w\" sizes=\"auto, (max-width: 800px) 100vw, 800px\" \/><\/p>\n<p><span style=\"color: #000000\">Bu\u1ed3ng tr\u1ed9n nguy\u00ean li\u1ec7u to, c\u00f3 s\u1ee9c ch\u1ee9a 50 kg nguy\u00ean li\u1ec7u m\u1ed7i m\u1ebb.<\/span><\/p>\n<p><span style=\"color: #000000\"> B\u00ean trong m\u00e1y \u0111\u01b0\u1ee3c thi\u1ebft k\u1ebf tr\u1ee5c \u0111\u1ee9ng v\u1edbi nh\u1eefng c\u00e1nh tay tr\u1ed9n ch\u1eafc kh\u1ecfe, c\u00f3 kh\u1ea3 n\u0103ng l\u00e0m vi\u1ec7c li\u00ean t\u1ee5c v\u1edbi t\u1ed1c \u0111\u1ed9 nhanh gi\u00fap cho nguy\u00ean li\u1ec7u \u0111\u01b0\u1ee3c tr\u1ed9n \u0111\u1ec1u v\u1edbi nhau trong th\u1eddi gian ng\u1eafn<\/span><\/p>\n<p><span style=\"color: #000000\">S\u1eed d\u1ee5ng \u0111\u1ed9ng c\u01a1 7,5kw m\u1eb7t b\u00edch kh\u1ecfe kho\u1eafn gi\u00fap m\u00e1y v\u1eadn h\u00e0nh hi\u1ec7u qu\u1ea3<\/span><\/p>\n<p><span style=\"color: #000000\">M\u00e1y c\u00f3 c\u1ea5u t\u1ea1o g\u1ecdn nh\u1eb9, l\u1eafp \u0111\u1eb7t \u0111\u01a1n gi\u1ea3n, v\u1eadn h\u00e0nh ho\u00e0n to\u00e0n t\u1ef1 \u0111\u1ed9ng n\u00ean ti\u1ebft ki\u1ec7m \u0111\u01b0\u1ee3c chi ph\u00ed v\u00e0 c\u00f4ng s\u1ee9c lao \u0111\u1ed9ng.<\/span><\/p>\n<p><span style=\"color: #000000\">C\u1eeda n\u1ea1p nguy\u00ean li\u1ec7u to, c\u00f3 n\u1eafp \u0111\u1eady gi\u00fap nguy\u00ean li\u1ec7u kh\u00f4ng b\u1ecb v\u0103ng b\u1eafn ra ngo\u00e0i trong qu\u00e1 tr\u00ecnh tr\u1ed9n.<\/span><\/p>\n<p><span style=\"color: #000000\">C\u1eeda x\u1ea3 d\u00e0y\u00a0 2mm v\u1edbi chi\u1ec1u r\u1ed9ng 10cm v\u00e0 chi\u1ec1u cao l\u00e0 15cm. Nguy\u00ean li\u1ec7u sau khi \u0111\u01b0\u1ee3c tr\u1ed9n \u0111\u1ec1u ch\u1ec9 c\u1ea7n m\u1edf n\u1eafp c\u1eeda x\u1ea3 l\u00e0 \u0111\u00e3 c\u00f3 th\u1ec3 l\u1ea5y \u0111\u01b0\u1ee3c th\u00e0nh ph\u1ea9m\u00a0<\/span><\/p>\n<p>&nbsp;<\/p>\n<h2><strong><span style=\"color: #000000\">Th\u00f4ng s\u1ed1 k\u1ef9 thu\u1eadt c\u1ee7a m\u00e1y<\/span><\/strong><\/h2>\n<table style=\"font-weight: 400\">\n<tbody>\n<tr>\n<td rowspan=\"3\" width=\"274\">\u0110\u1ed9ng c\u01a1<\/td>\n<td width=\"214\">C\u00f4ng su\u1ea5t \u0111\u1ed9ng c\u01a1<\/td>\n<td width=\"213\">7.5kW<\/td>\n<\/tr>\n<tr>\n<td width=\"214\">Ngu\u1ed3n \u0111i\u1ec7n<\/td>\n<td width=\"213\">\u00a0380 ( V)<\/td>\n<\/tr>\n<tr>\n<td width=\"214\">T\u1ed1c \u0111\u1ed9<\/td>\n<td width=\"213\">1450( v\/p)<\/td>\n<\/tr>\n<tr>\n<td rowspan=\"2\" width=\"274\">Tr\u1ecdng l\u01b0\u1ee3ng m\u00e1y<\/td>\n<td width=\"214\">Nguy\u00ean b\u1ed9<\/td>\n<td width=\"213\">185 ( kg)<\/td>\n<\/tr>\n<tr>\n<td width=\"214\">Kh\u00f4ng \u0111\u1ed9ng c\u01a1<\/td>\n<td width=\"213\">\u00a0( kg)<\/td>\n<\/tr>\n<tr>\n<td rowspan=\"2\" width=\"274\">B\u1ea3o h\u00e0nh<\/td>\n<td width=\"214\">K\u1ef9 thu\u1eadt<\/td>\n<td width=\"213\">06\u00a0th\u00e1ng<\/td>\n<\/tr>\n<tr>\n<td width=\"214\">\u0110\u1ed9ng c\u01a1<\/td>\n<td width=\"213\">Theo t\u1eebng h\u00e3ng s\u1ea3n xu\u1ea5t<\/td>\n<\/tr>\n<tr>\n<td width=\"274\">N\u0103ng su\u1ea5t<\/td>\n<td colspan=\"2\" width=\"427\">30 &#8211; 50\u00a0kg\/m\u1ebb, m\u1ed7i m\u1ebb th\u1eddi gian 10-15 ph\u00fat<\/td>\n<\/tr>\n<tr>\n<td width=\"274\">K\u00edch th\u01b0\u1edbc ( D * C * R )<\/td>\n<td colspan=\"2\" width=\"427\">100*115*60cm<\/td>\n<\/tr>\n<tr>\n<td width=\"274\">H\u00ecnh th\u1ee9c thanh to\u00e1n<\/td>\n<td colspan=\"2\" width=\"427\"><b><strong>Ti\u1ec1n m\u1eb7t ho\u1eb7c chuy\u1ec3n kho\u1ea3n<\/strong><\/b><\/td>\n<\/tr>\n<\/tbody>\n<\/table>\n","protected":false},"excerpt":{"rendered":"<ul>\n<li><span style=\"color: #000000\"><span style=\"color: #0000ff\"><strong>Th\u01b0\u01a1ng hi\u1ec7u<\/strong><\/span>:\u00a0B\u00ecnh Minh<\/span><\/li>\n<li><span style=\"color: #000000\"><span style=\"color: #0000ff\"><strong>C\u00f4ng su\u1ea5t<\/strong><\/span>: 7,5kW m\u1eb7t b\u00edch<\/span><\/li>\n<li><span style=\"color: #000000\"><span style=\"color: #0000ff\"><strong>\u0110i\u1ec7n n\u0103ng<\/strong><\/span>: 380V<\/span><\/li>\n<li><span style=\"color: #000000\"><span style=\"color: #0000ff\"><strong>T\u1ed1c \u0111\u1ed9 v\u00f2ng quay<\/strong><\/span>: 1450 v\u00f2ng\/ph\u00fat<\/span><\/li>\n<li><span style=\"color: #000000\"><span style=\"color: #0000ff\"><strong>T\u00ednh n\u0103ng<\/strong><\/span>:\u00a0M\u00e1y \u0111\u01b0\u1ee3c s\u1eed d\u1ee5ng \u0111\u1ec3 ph\u1ed1i tr\u1ed9n c\u00e1c lo\u1ea1i nguy\u00ean li\u1ec7u nh\u01b0 b\u1ed9t g\u1ea1o, b\u1ed9t ng\u00f4, b\u1ed9t c\u00e1m, \u2026 th\u00e0nh h\u1ed7n h\u1ee3p th\u1ee9c \u0103n cho v\u1eadt nu\u00f4i.<\/span><\/li>\n<\/ul>\n","protected":false},"featured_media":6783,"comment_status":"closed","ping_status":"closed","template":"","meta":[],"product_brand":[],"product_cat":[98],"product_tag":[],"class_list":{"0":"post-6782","1":"product","2":"type-product","3":"status-publish","4":"has-post-thumbnail","6":"product_cat-may-tron","8":"first","9":"instock","10":"shipping-taxable","11":"product-type-simple"},"_links":{"self":[{"href":"https:\/\/congtybinhminh.com\/index.php?rest_route=\/wp\/v2\/product\/6782","targetHints":{"allow":["GET"]}}],"collection":[{"href":"https:\/\/congtybinhminh.com\/index.php?rest_route=\/wp\/v2\/product"}],"about":[{"href":"https:\/\/congtybinhminh.com\/index.php?rest_route=\/wp\/v2\/types\/product"}],"replies":[{"embeddable":true,"href":"https:\/\/congtybinhminh.com\/index.php?rest_route=%2Fwp%2Fv2%2Fcomments&post=6782"}],"wp:featuredmedia":[{"embeddable":true,"href":"https:\/\/congtybinhminh.com\/index.php?rest_route=\/wp\/v2\/media\/6783"}],"wp:attachment":[{"href":"https:\/\/congtybinhminh.com\/index.php?rest_route=%2Fwp%2Fv2%2Fmedia&parent=6782"}],"wp:term":[{"taxonomy":"product_brand","embeddable":true,"href":"https:\/\/congtybinhminh.com\/index.php?rest_route=%2Fwp%2Fv2%2Fproduct_brand&post=6782"},{"taxonomy":"product_cat","embeddable":true,"href":"https:\/\/congtybinhminh.com\/index.php?rest_route=%2Fwp%2Fv2%2Fproduct_cat&post=6782"},{"taxonomy":"product_tag","embeddable":true,"href":"https:\/\/congtybinhminh.com\/index.php?rest_route=%2Fwp%2Fv2%2Fproduct_tag&post=6782"}],"curies":[{"name":"wp","href":"https:\/\/api.w.org\/{rel}","templated":true}]}}