{"id":6559,"date":"2021-09-19T15:26:04","date_gmt":"2021-09-19T08:26:04","guid":{"rendered":"https:\/\/congtybinhminh.com\/?post_type=product&#038;p=6559"},"modified":"2023-04-05T14:01:30","modified_gmt":"2023-04-05T07:01:30","slug":"may-nghien-bot-kho-sieu-min-inox-300","status":"publish","type":"product","link":"https:\/\/congtybinhminh.com\/?product=may-nghien-bot-kho-sieu-min-inox-300","title":{"rendered":"M\u00e1y Nghi\u1ec1n B\u1ed9t Kh\u00f4 Si\u00eau M\u1ecbn Inox 300"},"content":{"rendered":"<h2><strong>Video chi ti\u1ebft s\u1ea3n ph\u1ea9m<\/strong><\/h2>\n<p><span data-mce-type=\"bookmark\" style=\"width: 0px;overflow: hidden;line-height: 0\" class=\"mce_SELRES_start\">\ufeff<\/span><\/p>\n<h2><strong><span style=\"color: #000000\">\u01afu \u0111i\u1ec3m c\u1ee7a m\u00e1y nghi\u1ec1n b\u1ed9t kh\u00f4 si\u00eau m\u1ecbn inox 300:<\/span><\/strong><\/h2>\n<ul>\n<li><span style=\"color: #000000\">M\u00e1y cho n\u0103ng su\u1ea5t v\u01b0\u1ee3t tr\u1ed9i 40 \u2013 100 kg\/gi\u1edd (t\u00f9y nguy\u00ean li\u1ec7u \u0111\u1ea7u v\u00e0o).<\/span><\/li>\n<li><span style=\"color: #000000\">M\u00e1y c\u00f3 3 m\u1eb7t s\u00e0ng inox \u0111\u1ec3 c\u00f3 thay \u0111\u1ed5i v\u00e0 l\u1ef1a ch\u1ecdn l\u1eafp \u0111\u1eb7t \u0111\u1ec3 nghi\u1ec1n nguy\u00ean li\u1ec7u ph\u00f9 h\u1ee3p: 0,3mm; 0,4mm; 0,5mm.<\/span><\/li>\n<li><span style=\"color: #000000\">M\u00e1y \u0111\u01b0\u1ee3c thi\u1ebft k\u1ebf ho\u00e0n to\u00e0n b\u1eb1ng inox n\u00ean cho th\u00e0nh ph\u1ea9m \u0111\u1eb7c bi\u1ec7t an to\u00e0n th\u1ef1c ph\u1ea9m. M\u00e1y d\u1ec5 d\u00e0ng v\u1ec7 sinh v\u00e0 kh\u00f4ng b\u1ecb g\u1ec9 s\u00e9t.<\/span><\/li>\n<li><span style=\"color: #000000\">Ti\u1ebft ki\u1ec7m \u0111\u01b0\u1ee3c th\u1eddi gian v\u00e0 c\u00f4ng s\u1ee9c.<\/span><\/li>\n<li><span style=\"color: #000000\">Thi\u1ebft k\u1ebf g\u1ecdn g\u00e0ng , d\u1ec5 d\u00e0ng di chuy\u1ec3n, v\u1ec7 sinh.<a style=\"color: #000000\" href=\"https:\/\/maynongnghiepbinhminh.com\/wp-content\/uploads\/2019\/05\/Slide4-4-1.jpg\"><img loading=\"lazy\" decoding=\"async\" class=\"aligncenter wp-image-5120 size-full\" src=\"https:\/\/maynongnghiepbinhminh.com\/wp-content\/uploads\/2019\/05\/Slide4-4-1.jpg\" alt=\"\" width=\"800\" height=\"600\" \/><\/a><\/span><\/li>\n<\/ul>\n<h2><strong><span style=\"color: #000000\">C\u1ea5u t\u1ea1o v\u00e0 th\u00f4ng s\u1ed1 k\u1ef9 thu\u1eadt m\u00e1y nghi\u1ec1n b\u1ed9t kh\u00f4 si\u00eau m\u1ecbn inox 300:<\/span><\/strong><\/h2>\n<ul>\n<li><span style=\"color: #000000\">Toa n\u1ea1p nguy\u00ean li\u1ec7u r\u1ed9ng r\u00e3i, an to\u00e0n cho ng\u01b0\u1eddi s\u1eed d\u1ee5ng.<\/span><\/li>\n<li><span style=\"color: #000000\">Bu\u1ed3ng l\u00e0m vi\u1ec7c \u0111\u01b0\u1ee3c ch\u1ebf t\u1ea1o theo b\u00faa \u0111\u1eadp c\u00e1nh qu\u1ea1t c\u00f3 nhi\u1ec7m v\u1ee5 \u0111\u1eadp v\u00e0 nghi\u1ec1n nh\u1ecf nguy\u00ean li\u1ec7u. Nguy\u00ean li\u1ec7u s\u1ebd \u0111i qua m\u1eb7t s\u00e0ng \u0111\u1ec3 s\u00e0ng l\u1ecdc v\u00e0 cho ra k\u00edch th\u01b0\u1edbc nh\u1ecf, m\u1ecbn m\u00e0 ng\u01b0\u1eddi d\u00f9ng mong mu\u1ed1n.<\/span><\/li>\n<li><span style=\"color: #000000\">B\u1ea7u h\u00fat gi\u00f3 c\u00f3 nhi\u1ec7m v\u1ee5 h\u00fat th\u00e0nh ph\u1ea9m trong bu\u1ed3ng l\u00e0m vi\u1ec7c xu\u1ed1ng t\u00fai m\u1ed9t c\u00e1ch nhanh ch\u00f3ng.<a style=\"color: #000000\" href=\"https:\/\/maynongnghiepbinhminh.com\/wp-content\/uploads\/2019\/05\/Slide3-6.jpg\"><img loading=\"lazy\" decoding=\"async\" class=\"aligncenter wp-image-5121 size-full\" src=\"https:\/\/maynongnghiepbinhminh.com\/wp-content\/uploads\/2019\/05\/Slide3-6.jpg\" alt=\"\" width=\"800\" height=\"600\" \/><\/a><\/span><\/li>\n<li><span style=\"color: #000000\">M\u00e1y s\u1eed d\u1ee5ng \u0111\u1ed9ng c\u01a1 7,5kW; t\u1ed1c \u0111\u1ed9 v\u00f2ng quay 4200 \u2013 4500 v\u00f2ng\/ph\u00fat<\/span><\/li>\n<li><span style=\"color: #000000\">M\u00e1y s\u1eed d\u1ee5ng ngu\u1ed3n \u0111i\u1ec7n 3 pha \u2013 380V.<\/span><\/li>\n<li><span style=\"color: #000000\">B\u1ed1n b\u00e1nh xe \u0111\u01b0\u1ee3c l\u1eafp \u0111\u1eb7t ti\u1ec7n d\u1ee5ng h\u1ed7 tr\u1ee3 ng\u01b0\u1eddi d\u00f9ng d\u1ec5 d\u00e0ng di chuy\u1ec3n.<\/span><\/li>\n<\/ul>\n<h3><span style=\"color: #000000\">Th\u00f4ng s\u1ed1 k\u1ef9 thu\u1eadt:<a style=\"color: #000000\" href=\"https:\/\/maynongnghiepbinhminh.com\/wp-content\/uploads\/2019\/05\/MAY-NGHIEN-300.jpg\"><img loading=\"lazy\" decoding=\"async\" class=\"aligncenter wp-image-5122 size-full\" src=\"https:\/\/maynongnghiepbinhminh.com\/wp-content\/uploads\/2019\/05\/MAY-NGHIEN-300.jpg\" alt=\"MAY-NGHIEN-300\" width=\"800\" height=\"537\" \/><\/a><\/span><\/h3>\n<h2><strong><span style=\"color: #000000\">Nh\u1eefng l\u1ee3i \u00edch khi s\u1eed d\u1ee5ng m\u00e1y nghi\u1ec1n b\u1ed9t si\u00eau m\u1ecbn inox 300:<\/span><\/strong><\/h2>\n<ul>\n<li><span style=\"color: #000000\">Ch\u1ea5t li\u1ec7u inox, c\u00f3 \u0111\u1ed9 b\u1ec1n cao: Thi\u1ebft k\u1ebf ch\u1ea5t li\u1ec7u inox cao c\u1ea5p, d\u1ec5 d\u00e0ng lau ch\u00f9i, v\u1ec7 sinh m\u00e1y tr\u01b0\u1edbc v\u00e0 sau khi s\u1eed d\u1ee5ng. \u0110\u1ea3m b\u1ea3o v\u1ec7 sinh an to\u00e0n th\u1ef1c ph\u1ea9m, tr\u00e1nh nh\u1eefng t\u00e1c nh\u00e2n b\u00ean ngo\u00e0i nh\u01b0 th\u1eddi ti\u1ebft, nguy\u00ean li\u1ec7u nghi\u1ec1n l\u00e0m g\u1ec9 m\u00e1y.<\/span><\/li>\n<li><span style=\"color: #000000\">\u0110\u1ed9ng c\u01a1 \u1ed5n \u0111\u1ecbnh: S\u1eed d\u1ee5ng \u0111\u1ed9ng c\u01a1 motor d\u00e2y \u0111\u1ed3ng 100% ch\u00ednh h\u00e3ng, \u0111\u1ea3m b\u1ea3o an to\u00e0n \u0111i\u1ec7n \u0111\u1ea3m b\u1ea3o t\u1ea3i tr\u1ecdng v\u00e0 \u1ed5n \u0111\u1ecbnh trong su\u1ed1t qu\u00e1 tr\u00ecnh ho\u1ea1t \u0111\u1ed9ng.<\/span><\/li>\n<li><span style=\"color: #000000\">Nghi\u1ec1n nhanh, \u0111\u1ec1u, m\u1ecbn: Kh\u00f4ng d\u00f9ng m\u1eb7t \u0111\u00e1 \u0111\u1ec3 nghi\u1ec1n nh\u01b0 c\u00e1c lo\u1ea1i m\u00e1y c\u00f3 xu\u1ea5t x\u1ee9 Trung Qu\u1ed1c. D\u01b0\u1edbi t\u00e1c \u0111\u1ed9ng c\u1ee7a h\u1ec7 th\u1ed1ng qu\u1ea1t hi\u1ec7n \u0111\u1ea1i quay tr\u00f2n l\u00e0m nhi\u1ec7m v\u1ee5 \u0111\u1eadp v\u1ee1 v\u00e0 nghi\u1ec1n m\u1ecbn th\u00e0nh ph\u1ea9m.<\/span><\/li>\n<li><span style=\"color: #000000\">Gi\u00e1 th\u00e0nh ph\u1ea3i ch\u0103ng: L\u00e0 \u0111\u01a1n v\u1ecb tr\u1ef1c ti\u1ebfp s\u1ea3n xu\u1ea5t, kh\u00f4ng qua trung gian n\u00ean \u0111\u1ea3m b\u1ea3o v\u1ec1 ch\u1ea5t l\u01b0\u1ee3ng v\u00e0 ch\u1ebf \u0111\u1ed9 b\u1ea3o h\u00e0nh n\u00ean b\u00e0 con ho\u00e0n to\u00e0n y\u00ean t\u00e2m.<a style=\"color: #000000\" href=\"https:\/\/maynongnghiepbinhminh.com\/wp-content\/uploads\/2019\/05\/Slide2-5.jpg\"><img loading=\"lazy\" decoding=\"async\" class=\"aligncenter wp-image-5123 size-full\" src=\"https:\/\/maynongnghiepbinhminh.com\/wp-content\/uploads\/2019\/05\/Slide2-5.jpg\" alt=\"Slide2-5\" width=\"800\" height=\"600\" \/><\/a><\/span><\/li>\n<\/ul>\n<h2><strong><span style=\"color: #000000\">Cam k\u1ebft v\u1ec1 gi\u00e1 v\u00e0 Ch\u00ednh s\u00e1ch b\u1ea3o h\u00e0nh:<\/span><\/strong><\/h2>\n<ul>\n<li><span style=\"color: #000000\">M\u00e1y do c\u00f4ng ty tr\u1ef1c ti\u1ebfp ch\u1ebf t\u1ea1o v\u00e0 s\u1ea3n xu\u1ea5t t\u1ea1i x\u01b0\u1edfng, kh\u00f4ng qua trung gian. Gi\u00e1 th\u00e0nh \u0111\u1ea3m b\u1ea3o gi\u00e1 r\u1ebb nh\u1ea5t, ch\u1ea5t l\u01b0\u1ee3ng t\u1ed1t nh\u1ea5t, b\u1ea3o h\u00e0nh thu\u1eadn ti\u1ec7n nh\u1ea5t.<\/span><\/li>\n<li><span style=\"color: #000000\">\u0110\u1ed9i ng\u0169 k\u1ef9 thu\u1eadt c\u00f3 tr\u00ecnh \u0111\u1ed9 chuy\u00ean m\u00f4n cao, s\u1eb5n s\u00e0ng h\u1ed7 tr\u1ee3 k\u1ef9 thu\u1eadt t\u1eadn t\u00ecnh v\u00e0 tr\u1ecdn \u0111\u1eddi.<\/span><\/li>\n<li><span style=\"color: #000000\">B\u1ea3o h\u00e0nh t\u1ea1i c\u00f4ng ty 6 th\u00e1ng cho tr\u01b0\u1eddng h\u1ee3p m\u00e1y l\u1ed7i k\u1ef9 thu\u1eadt do c\u00f4ng ty s\u1ea3n xu\u1ea5t. H\u1ebft th\u1eddi gian n\u00e0y t\u01b0 v\u1ea5n k\u1ef9 thu\u1eadt tr\u1ecdn \u0111\u1eddi s\u1ea3n ph\u1ea9m<\/span><\/li>\n<\/ul>\n<h2><span style=\"color: #000000\"><strong>H\u01b0\u1edbng d\u1eabn mua h\u00e0ng:<\/strong><img loading=\"lazy\" decoding=\"async\" class=\"aligncenter size-full wp-image-3847\" src=\"https:\/\/maynongnghiepbinhminh.com\/wp-content\/uploads\/2019\/05\/ship10-1.jpg\" alt=\"ship\" width=\"800\" height=\"458\" \/><\/span><\/h2>\n<p><span style=\"color: #000000\">Kh\u00e1ch h\u00e0ng \u0111\u1ebfn c\u00f4ng ty mua m\u00e1y v\u00e0 thanh to\u00e1n tr\u1ef1c ti\u1ebfp b\u1eb1ng ti\u1ec1n m\u1eb7t.<\/span><\/p>\n<p><span style=\"color: #000000\">\u0110\u1ed1i v\u1edbi nh\u1eefng kh\u00e1ch h\u00e0ng \u1edf xa, C\u00f4ng ty s\u1ebd h\u01b0\u1edbng d\u1eabn mua h\u00e0ng v\u00e0 h\u1ed7 tr\u1ee3 giao h\u00e0ng to\u00e0n qu\u1ed1c. Qu\u00fd kh\u00e1ch vui l\u00f2ng chuy\u1ec3n kho\u1ea3n \u0111\u1eb7t c\u1ecdc, s\u1ed1 ti\u1ec1n m\u00e1y c\u00f2n l\u1ea1i s\u1ebd thanh to\u00e1n tr\u1ef1c ti\u1ebfp cho \u0111\u01a1n v\u1ecb v\u1eadn chuy\u1ec3n.<\/span><\/p>\n<p><span style=\"color: #000000\">M\u1eddi qu\u00fd kh\u00e1ch tham kh\u1ea3o h\u01b0\u1edbng d\u1eabn \u0111\u1eb7t h\u00e0ng v\u00e0 thanh to\u00e1n t\u1ea1i \u0111\u00e2y:\u00a0<a style=\"color: #000000\" href=\"https:\/\/maynongnghiepbinhminh.com\/cach-mua-hang\/\">H\u01b0\u1edbng d\u1eabn thanh to\u00e1n.<\/a><\/span><\/p>\n<p><span style=\"color: #000000\">\u0110\u1ec3 \u0111\u01b0\u1ee3c cung c\u1ea5p th\u00eam th\u00f4ng tin v\u1ec1 c\u00e1c d\u00f2ng s\u1ea3n ph\u1ea9m c\u1ee7a c\u00f4ng ty B\u00ecnh Minh. K\u00ednh m\u1eddi Qu\u00fd kh\u00e1ch li\u00ean h\u1ec7:<\/span><\/p>\n<p><span style=\"color: #000000\"><strong>C\u00d4NG TY TNHH D\u1ecaCH V\u1ee4 V\u00c0 S\u1ea2N XU\u1ea4T TH\u01af\u01a0NG M\u1ea0I XU\u1ea4T NH\u1eacP KH\u1ea8U B\u00ccNH MINH<\/strong><\/span><\/p>\n<p><span style=\"color: #000000\">\u0110\u1ecba ch\u1ec9: S\u1ed1 249, Ph\u1ed1 L\u00ea L\u1ee3i \u2013 Ph\u01b0\u1eddng L\u00ea L\u1ee3i \u2013 Th\u1ecb x\u00e3 S\u01a1n T\u00e2y \u2013 Th\u00e0nh ph\u1ed1 H\u00e0 N\u1ed9i.<\/span><\/p>\n<p><span style=\"color: #000000\">Website:<span style=\"color: #0000ff\"> https:\/\/congtybinhminh.com\/<\/span><\/span><\/p>\n<p><span style=\"color: #000000\">S\u0110T: <span style=\"color: #ff0000\"><b>0888.01.8822<\/b><\/span><\/span><\/p>\n","protected":false},"excerpt":{"rendered":"<p><span style=\"color: #000000\"><strong><span style=\"color: #ff0000\">T\u00ednh n\u0103ng<\/span>:<\/strong>\u00a0<em>Nghi\u1ec1n c\u00e1c lo\u1ea1i ng\u0169 c\u1ed1c, g\u1ea1o, c\u00e2y thu\u1ed1c th\u00e0nh b\u1ed9t m\u1ecbn, si\u00eau m\u1ecbn.<\/em><\/span><\/p>\n<p><span style=\"color: #000000\"><strong><span style=\"color: #ff0000\">N\u0103ng su\u1ea5t<\/span>:\u00a0<\/strong>25 \u2013 50 kg\/ gi\u1edd<\/span><\/p>\n<p><span style=\"color: #000000\"><strong><span style=\"color: #ff0000\">T\u1ed1c \u0111\u1ed9<\/span>:<\/strong>\u00a02900 v\u00f2ng\/ph\u00fat<\/span><\/p>\n<p><span style=\"color: #000000\"><strong><span style=\"color: #ff0000\">\u0110\u1ed9ng c\u01a1<\/span>:<\/strong>\u00a05,5 \u2013 7,5kW<\/span><\/p>\n<p><span style=\"color: #000000\"><strong><span style=\"color: #ff0000\">\u0110i\u1ec7n n\u0103ng<\/span>:<\/strong>\u00a0380V (3 pha)<\/span><\/p>\n<p><span style=\"color: #000000\"><strong><span style=\"color: #ff0000\">Tr\u1ecdng l\u01b0\u1ee3ng<\/span>:<\/strong>155 kg<\/span><\/p>\n<p><span style=\"color: #000000\"><strong><span style=\"color: #ff0000\">M\u00e3 s\u1ea3n ph\u1ea9m<\/span>:\u00a0<\/strong><\/span><span style=\"color: #000000\" data-sheets-value=\"{&quot;1&quot;:2,&quot;2&quot;:&quot;MN-200i&quot;}\" data-sheets-userformat=\"{&quot;2&quot;:12861,&quot;3&quot;:{&quot;1&quot;:0},&quot;5&quot;:{&quot;1&quot;:[{&quot;1&quot;:2,&quot;2&quot;:0,&quot;5&quot;:[null,2,0]},{&quot;1&quot;:0,&quot;2&quot;:0,&quot;3&quot;:3},{&quot;1&quot;:1,&quot;2&quot;:0,&quot;4&quot;:1}]},&quot;6&quot;:{&quot;1&quot;:[{&quot;1&quot;:2,&quot;2&quot;:0,&quot;5&quot;:[null,2,0]},{&quot;1&quot;:0,&quot;2&quot;:0,&quot;3&quot;:3},{&quot;1&quot;:1,&quot;2&quot;:0,&quot;4&quot;:1}]},&quot;7&quot;:{&quot;1&quot;:[{&quot;1&quot;:2,&quot;2&quot;:0,&quot;5&quot;:[null,2,0]},{&quot;1&quot;:0,&quot;2&quot;:0,&quot;3&quot;:3},{&quot;1&quot;:1,&quot;2&quot;:0,&quot;4&quot;:1}]},&quot;8&quot;:{&quot;1&quot;:[{&quot;1&quot;:2,&quot;2&quot;:0,&quot;5&quot;:[null,2,0]},{&quot;1&quot;:0,&quot;2&quot;:0,&quot;3&quot;:3},{&quot;1&quot;:1,&quot;2&quot;:0,&quot;4&quot;:1}]},&quot;12&quot;:0,&quot;15&quot;:&quot;Times New Roman&quot;,&quot;16&quot;:12}\">MN-300i<\/span><\/p>\n","protected":false},"featured_media":6560,"comment_status":"closed","ping_status":"closed","template":"","meta":[],"product_brand":[],"product_cat":[195],"product_tag":[120,119,95,118,121,122],"class_list":{"0":"post-6559","1":"product","2":"type-product","3":"status-publish","4":"has-post-thumbnail","6":"product_cat-may-nghien-sieu-min","7":"product_tag-may-nghien-duoc-lieu","8":"product_tag-may-nghien-duong","9":"product_tag-may-nghien-ngu-coc","10":"product_tag-may-nghien-sieu-min","11":"product_tag-may-nghien-tam-that","12":"product_tag-may-nghien-xuyen-tam-lien","14":"first","15":"instock","16":"shipping-taxable","17":"product-type-simple"},"_links":{"self":[{"href":"https:\/\/congtybinhminh.com\/index.php?rest_route=\/wp\/v2\/product\/6559","targetHints":{"allow":["GET"]}}],"collection":[{"href":"https:\/\/congtybinhminh.com\/index.php?rest_route=\/wp\/v2\/product"}],"about":[{"href":"https:\/\/congtybinhminh.com\/index.php?rest_route=\/wp\/v2\/types\/product"}],"replies":[{"embeddable":true,"href":"https:\/\/congtybinhminh.com\/index.php?rest_route=%2Fwp%2Fv2%2Fcomments&post=6559"}],"wp:featuredmedia":[{"embeddable":true,"href":"https:\/\/congtybinhminh.com\/index.php?rest_route=\/wp\/v2\/media\/6560"}],"wp:attachment":[{"href":"https:\/\/congtybinhminh.com\/index.php?rest_route=%2Fwp%2Fv2%2Fmedia&parent=6559"}],"wp:term":[{"taxonomy":"product_brand","embeddable":true,"href":"https:\/\/congtybinhminh.com\/index.php?rest_route=%2Fwp%2Fv2%2Fproduct_brand&post=6559"},{"taxonomy":"product_cat","embeddable":true,"href":"https:\/\/congtybinhminh.com\/index.php?rest_route=%2Fwp%2Fv2%2Fproduct_cat&post=6559"},{"taxonomy":"product_tag","embeddable":true,"href":"https:\/\/congtybinhminh.com\/index.php?rest_route=%2Fwp%2Fv2%2Fproduct_tag&post=6559"}],"curies":[{"name":"wp","href":"https:\/\/api.w.org\/{rel}","templated":true}]}}