{"id":6550,"date":"2021-09-18T16:55:20","date_gmt":"2021-09-18T09:55:20","guid":{"rendered":"https:\/\/congtybinhminh.com\/?post_type=product&#038;p=6550"},"modified":"2025-11-05T08:31:42","modified_gmt":"2025-11-05T01:31:42","slug":"may-nghien-bot-min-nmi200-phien-ban-moi","status":"publish","type":"product","link":"https:\/\/congtybinhminh.com\/?product=may-nghien-bot-min-nmi200-phien-ban-moi","title":{"rendered":"M\u00e1y Nghi\u1ec1n B\u1ed9t M\u1ecbn NMi200"},"content":{"rendered":"<h2><strong>Video chi ti\u1ebft s\u1ea3n ph\u1ea9m<\/strong><\/h2>\n<p><iframe loading=\"lazy\" title=\"M\u00e1y Xay B\u1ed9t Si\u00eau M\u1ecbn Inox 200 Nghi\u1ec1n M\u1ecbn B\u1ed9t Ng\u0169 C\u1ed1c Gi\u00e1 C\u1ea3 Bao Nhi\u00eau?\" width=\"1020\" height=\"574\" src=\"https:\/\/www.youtube.com\/embed\/DRr6Us1qLjs?feature=oembed\" frameborder=\"0\" allow=\"accelerometer; autoplay; clipboard-write; encrypted-media; gyroscope; picture-in-picture; web-share\" referrerpolicy=\"strict-origin-when-cross-origin\" allowfullscreen><\/iframe><\/p>\n<h2>Gi\u1edbi thi\u1ec7u m\u00e1y nghi\u1ec1n b\u1ed9t m\u1ecbn NMi200<\/h2>\n<p>M\u00e1y nghi\u1ec1n b\u1ed9t m\u1ecbn NMi200 &#8211; do c\u00f4ng ty B\u00ecnh Minh s\u1ea3n xu\u1ea5t chuy\u00ean d\u00f9ng nghi\u1ec1n c\u00e1c lo\u1ea1i n\u00f4ng ph\u1ea9m kh\u00f4 th\u00e0nh d\u1ea1ng b\u1ed9t m\u1ecbn<\/p>\n<p><img loading=\"lazy\" decoding=\"async\" class=\"aligncenter wp-image-9508 size-full\" src=\"https:\/\/congtybinhminh.com\/wp-content\/uploads\/2021\/09\/may-nghien-bot-min-nmi200_result222.webp\" alt=\"may-nghien-bot-min-nmi200_result222\" width=\"800\" height=\"1077\" srcset=\"https:\/\/congtybinhminh.com\/wp-content\/uploads\/2021\/09\/may-nghien-bot-min-nmi200_result222.webp 800w, https:\/\/congtybinhminh.com\/wp-content\/uploads\/2021\/09\/may-nghien-bot-min-nmi200_result222-297x400.webp 297w, https:\/\/congtybinhminh.com\/wp-content\/uploads\/2021\/09\/may-nghien-bot-min-nmi200_result222-594x800.webp 594w, https:\/\/congtybinhminh.com\/wp-content\/uploads\/2021\/09\/may-nghien-bot-min-nmi200_result222-768x1034.webp 768w, https:\/\/congtybinhminh.com\/wp-content\/uploads\/2021\/09\/may-nghien-bot-min-nmi200_result222-510x687.webp 510w\" sizes=\"auto, (max-width: 800px) 100vw, 800px\" \/><\/p>\n<p>V\u1edbi n\u0103ng su\u1ea5t \u0111\u1ea1t t\u1eeb 30 &#8211; 50 kg\/gi\u1edd th\u00edch h\u1ee3p s\u1eed d\u1ee5ng t\u1ea1i c\u00e1c h\u1ed9 gia \u0111\u00ecnh hay c\u00e1c c\u01a1 s\u1edf ch\u1ebf bi\u1ebfn th\u1ef1c ph\u1ea9m quy m\u00f4 v\u1eeba v\u00e0 l\u1edbn<\/p>\n<h2>Nh\u1eefng t\u00ednh n\u0103ng m\u00e1y nghi\u1ec1n b\u1ed9t m\u1ecbn NMi200<\/h2>\n<p>Thi\u1ebft b\u1ecb xay nghi\u1ec1n c\u00e1c lo\u1ea1i n\u00f4ng ph\u1ea9m kh\u00f4 th\u00e0nh b\u1ed9t ngay trong l\u1ea7n nghi\u1ec1n \u0111\u1ea7u ti\u00ean. \u1ee8ng d\u1ee5ng trong nhi\u1ec1u l\u0129nh v\u1ef1c: ch\u1ebf bi\u1ebfn th\u1ef1c ph\u1ea9m, d\u01b0\u1ee3c li\u1ec7u, gia v\u1ecb..<\/p>\n<p><img loading=\"lazy\" decoding=\"async\" class=\"aligncenter wp-image-11045 size-full\" src=\"https:\/\/congtybinhminh.com\/wp-content\/uploads\/2021\/09\/may-nghien-bot-tra-xanh-copy_result222_result.webp\" alt=\"may-nghien-bot-tra-xanh-copy_result222_result\" width=\"800\" height=\"1116\" srcset=\"https:\/\/congtybinhminh.com\/wp-content\/uploads\/2021\/09\/may-nghien-bot-tra-xanh-copy_result222_result.webp 800w, https:\/\/congtybinhminh.com\/wp-content\/uploads\/2021\/09\/may-nghien-bot-tra-xanh-copy_result222_result-287x400.webp 287w, https:\/\/congtybinhminh.com\/wp-content\/uploads\/2021\/09\/may-nghien-bot-tra-xanh-copy_result222_result-573x800.webp 573w, https:\/\/congtybinhminh.com\/wp-content\/uploads\/2021\/09\/may-nghien-bot-tra-xanh-copy_result222_result-768x1071.webp 768w, https:\/\/congtybinhminh.com\/wp-content\/uploads\/2021\/09\/may-nghien-bot-tra-xanh-copy_result222_result-510x711.webp 510w\" sizes=\"auto, (max-width: 800px) 100vw, 800px\" \/><\/p>\n<ul>\n<li>Nghi\u1ec1n c\u00e1c lo\u1ea1i g\u1ea1o: g\u1ea1o t\u1ebb; g\u1ea1o n\u1ebfp; g\u1ea1o l\u1ee9t..<\/li>\n<li>Nghi\u1ec1n d\u01b0\u1ee3c li\u1ec7u: l\u00e1 kh\u00f4, l\u00e1 ch\u00e8, tinh b\u1ed9t ngh\u1ec7<\/li>\n<li>Nghi\u1ec1n gia v\u1ecb: \u0111\u01b0\u1eddng, m\u00ec ch\u00ednh, \u1edbt kh\u00f4..<\/li>\n<li>Nghi\u1ec1n b\u1ed9t ng\u0169 c\u1ed1c: v\u1edbi t\u1ef7 l\u1ec7 nh\u1ea5t \u0111\u1ecbnh \u0111\u1ed1i v\u1edbi c\u00e1c h\u1ea1t ch\u1ee9a d\u1ea7u macca, \u00f3c ch\u00f3, h\u1ea1nh nh\u00e2n..<\/li>\n<\/ul>\n<h2><span style=\"color: #000000\">C\u1ea5u t\u1ea1o c\u1ee7a M\u00e1y Nghi\u1ec1n B\u1ed9t M\u1ecbn NMi200<\/span><\/h2>\n<p><span style=\"color: #000000\">M\u00e1y \u0111\u01b0\u1ee3c thi\u1ebft k\u1ebf nh\u1ecf g\u1ecdn, kh\u00f4ng chi\u1ebfm nhi\u1ec1u di\u1ec7n t\u00edch. Khung m\u00e1y \u0111\u01b0\u1ee3c l\u00e0m b\u1eb1ng inox cao c\u1ea5p kh\u00f4ng g\u00e2y han g\u1ec9 trong qu\u00e1 tr\u00ecnh s\u1eed d\u1ee5ng\u00a0<\/span><\/p>\n<p><img loading=\"lazy\" decoding=\"async\" class=\"aligncenter wp-image-9509 size-full\" src=\"https:\/\/congtybinhminh.com\/wp-content\/uploads\/2021\/09\/cau-tao-may-nghien-bot-inox-binh-minhcopy_result222.webp\" alt=\"cau-tao-may-nghien-bot-inox-binh-minhcopy_result222\" width=\"800\" height=\"646\" srcset=\"https:\/\/congtybinhminh.com\/wp-content\/uploads\/2021\/09\/cau-tao-may-nghien-bot-inox-binh-minhcopy_result222.webp 800w, https:\/\/congtybinhminh.com\/wp-content\/uploads\/2021\/09\/cau-tao-may-nghien-bot-inox-binh-minhcopy_result222-495x400.webp 495w, https:\/\/congtybinhminh.com\/wp-content\/uploads\/2021\/09\/cau-tao-may-nghien-bot-inox-binh-minhcopy_result222-768x620.webp 768w, https:\/\/congtybinhminh.com\/wp-content\/uploads\/2021\/09\/cau-tao-may-nghien-bot-inox-binh-minhcopy_result222-510x412.webp 510w\" sizes=\"auto, (max-width: 800px) 100vw, 800px\" \/><\/p>\n<p>Ch\u00e2n m\u00e1y l\u1eafp \u0111\u1eb7t 4 b\u00e1nh xe thu\u1eadn ti\u1ec7n di chuy\u1ec3n v\u1ecb tr\u00ed \u0111\u1eb7t m\u00e1y<\/p>\n<p><span style=\"color: #000000\">Toa n\u1ea1p nguy\u00ean li\u1ec7u d\u1ea1ng vu\u00f4ng r\u1ed9ng r\u00e3i ch\u01b0a \u0111\u01b0\u1ee3c l\u01b0\u1ee3ng nguy\u00ean li\u1ec7u 3-5kg (t\u00f9y nguy\u00ean li\u1ec7u)<\/span><\/p>\n<p><img loading=\"lazy\" decoding=\"async\" class=\"aligncenter wp-image-9512 size-full\" src=\"https:\/\/congtybinhminh.com\/wp-content\/uploads\/2021\/09\/toa-nap-co-tam-chan_result222.webp\" alt=\"toa-nap-co-tam-chan_result222\" width=\"800\" height=\"390\" srcset=\"https:\/\/congtybinhminh.com\/wp-content\/uploads\/2021\/09\/toa-nap-co-tam-chan_result222.webp 800w, https:\/\/congtybinhminh.com\/wp-content\/uploads\/2021\/09\/toa-nap-co-tam-chan_result222-768x374.webp 768w, https:\/\/congtybinhminh.com\/wp-content\/uploads\/2021\/09\/toa-nap-co-tam-chan_result222-510x249.webp 510w\" sizes=\"auto, (max-width: 800px) 100vw, 800px\" \/><\/p>\n<p>Ph\u00eda tr\u01b0\u1edbc c\u1eeda n\u1ea1p c\u00f3 t\u1ea5m ch\u1eafn thu\u1eadn ti\u1ec7n cho ng\u01b0\u1eddi d\u00f9ng \u0111i\u1ec1u ch\u1ec9nh l\u01b0\u1ee3ng nguy\u00ean li\u1ec7u nghi\u1ec1n trong qu\u00e1 tr\u00ecnh m\u00e1y ho\u1ea1t \u0111\u1ed9ng<\/p>\n<p>M\u00e1y ho\u1ea1t \u0111\u1ed9ng th\u00f4ng qua b\u1ea3ng \u0111i\u1ec3u khi\u1ec3n tr\u1ef1c quan, bao g\u1ed3m:<\/p>\n<p><img loading=\"lazy\" decoding=\"async\" class=\"aligncenter wp-image-9510 size-full\" src=\"https:\/\/congtybinhminh.com\/wp-content\/uploads\/2021\/09\/bang-dieu-khien_result222.webp\" alt=\"bang-dieu-khien_result222\" width=\"800\" height=\"600\" srcset=\"https:\/\/congtybinhminh.com\/wp-content\/uploads\/2021\/09\/bang-dieu-khien_result222.webp 800w, https:\/\/congtybinhminh.com\/wp-content\/uploads\/2021\/09\/bang-dieu-khien_result222-533x400.webp 533w, https:\/\/congtybinhminh.com\/wp-content\/uploads\/2021\/09\/bang-dieu-khien_result222-768x576.webp 768w, https:\/\/congtybinhminh.com\/wp-content\/uploads\/2021\/09\/bang-dieu-khien_result222-510x383.webp 510w\" sizes=\"auto, (max-width: 800px) 100vw, 800px\" \/><\/p>\n<ul>\n<li>C\u00f4ng t\u1eafc aptomat<\/li>\n<li>N\u00fat t\u1eaft\/b\u1eadt<\/li>\n<li>\u0110\u00e8n b\u00e1o hi\u1ec7u ngu\u1ed3n \u0111i\u1ec7n \u0111ang s\u1eed d\u1ee5ng<\/li>\n<\/ul>\n<p><span style=\"color: #000000\">Bu\u1ed3ng l\u00e0m vi\u1ec7c v\u1edbi \u0111\u01b0\u1eddng k\u00ednh 24cm c\u00f9ng c\u1ea5u t\u1ea1o m\u1edbi v\u00f2ng xoay 4 c\u00e1nh qu\u1ea1t c\u1ef1c kh\u1ecfe t\u1ea1o s\u1ef1 va \u0111\u1eadp m\u1ea1nh gi\u00fap cho vi\u1ec7c nghi\u1ec1n nguy\u00ean li\u1ec7u nhanh h\u01a1n c\u00f9ng \u0111\u00f3 l\u00e0 1 m\u1eb7t s\u00e0ng inox s\u1ebd s\u00e0ng l\u1ecdc nguy\u00ean li\u1ec7u \u0111\u1eadp v\u1ee1 \u0111\u1ec3 nghi\u1ec1n ra d\u1ea1ng b\u1ed9t m\u1ecbn.<\/span><\/p>\n<p><img loading=\"lazy\" decoding=\"async\" class=\"aligncenter wp-image-9511 size-full\" src=\"https:\/\/congtybinhminh.com\/wp-content\/uploads\/2021\/09\/may-nghien-bua-sieu-min_result222.webp\" alt=\"may-nghien-bua-sieu-min_result222\" width=\"800\" height=\"1228\" srcset=\"https:\/\/congtybinhminh.com\/wp-content\/uploads\/2021\/09\/may-nghien-bua-sieu-min_result222.webp 800w, https:\/\/congtybinhminh.com\/wp-content\/uploads\/2021\/09\/may-nghien-bua-sieu-min_result222-261x400.webp 261w, https:\/\/congtybinhminh.com\/wp-content\/uploads\/2021\/09\/may-nghien-bua-sieu-min_result222-521x800.webp 521w, https:\/\/congtybinhminh.com\/wp-content\/uploads\/2021\/09\/may-nghien-bua-sieu-min_result222-768x1179.webp 768w, https:\/\/congtybinhminh.com\/wp-content\/uploads\/2021\/09\/may-nghien-bua-sieu-min_result222-510x783.webp 510w\" sizes=\"auto, (max-width: 800px) 100vw, 800px\" \/><\/p>\n<p>Th\u00e0nh ph\u1ea9m sau khi nghi\u1ec1n s\u1ebd \u0111\u01b0\u1ee3c \u0111i tr\u1ef1c ti\u1ebfp xu\u1ed1ng c\u1eeda x\u1ea3, gi\u00fap ti\u1ebft ki\u1ec7m th\u1eddi gian \u0111\u00e1ng k\u1ec3 cho ng\u01b0\u1eddi s\u1eed d\u1ee5ng<\/p>\n<p><span style=\"color: #000000\">M\u00e1y nghi\u1ec1n b\u1ed9t si\u00eau m\u1ecbn inox 200 s\u1eed d\u1ee5ng ngu\u1ed3n \u0111i\u1ec7n 220V, cho n\u0103ng su\u1ea5t cao l\u00ean t\u1edbi 30-50 kg\/ gi\u1edd.<\/span><\/p>\n<h2>\u0110\u1ecba ch\u1ec9 mua m\u00e1y nghi\u1ec1n b\u1ed9t m\u1ecbn gi\u00e1 t\u1ed1t<\/h2>\n<p>\u0110\u1ec3 \u0111\u1eb7t mua h\u00e0ng ch\u00ednh h\u00e3ng, b\u00e0 con c\u00f3 th\u1ec3 \u0111\u1ebfn tr\u1ee5 s\u1edf g\u1ea7n nh\u1ea5t c\u1ee7a c\u00f4ng ty \u0111\u1ec3 xem v\u00e0 \u0111\u1eb7t mua h\u00e0ng:<\/p>\n<ul>\n<li>Tr\u1ee5 s\u1edf ch\u00ednh h\u00e3ng: p. L\u00ea L\u1ee3i &#8211; Tx S\u01a1n T\u00e2y &#8211; H\u00e0 N\u1ed9i<\/li>\n<li>Chi nh\u00e1nh 1; kv 11 &#8211; p.H\u1ee9ng Ph\u00fa &#8211; Q. C\u00e1i R\u0103ng &#8211; Tp C\u1ea7n Th\u01a1<\/li>\n<li>Chi nh\u00e1nh 2: x\u00e3 T\u00e2n Ki\u00ean &#8211; H, B\u00ecnh Ch\u00e1nh &#8211; TP H\u1ed3 Ch\u00ed Minh<\/li>\n<\/ul>\n<p>Khi \u0111\u1ebfn \u0111\u00e2y, b\u00e0 con s\u1ebd \u0111\u01b0\u1ee3c th\u1eed nghi\u1ec7m v\u1eadn h\u00e0nh m\u00e1y d\u01b0\u1edbi s\u1ef1 h\u01b0\u1edbng d\u1eabn c\u1ee7a \u0111\u1ed9i ng\u0169 k\u1ef9 thu\u1eadt<\/p>\n<p>\u0110\u1ed1i v\u1edbi b\u00e0 con \u1edf xa, c\u00f3 th\u1ec3 li\u00ean h\u1ec7 t\u1edbi s\u1ed1 \u0111i\u1ec7n tho\u1ea1i Hotline tr\u00ean website ho\u1eb7c \u0111\u1ec3 l\u1ea1i l\u1eddi nh\u1eafn \u0111\u1ed9i ng\u0169 t\u01b0 v\u1ea5n s\u1ebd li\u00ean h\u1ec7 b\u00e0 con trong th\u1eddi gian s\u1edbm nh\u1ea5t<\/p>\n<p>Th\u00f4ng s\u1ed1 k\u1ef9 thu\u1eadt<\/p>\n<table style=\"font-weight: 400\">\n<tbody>\n<tr>\n<td rowspan=\"3\" width=\"274\">\u0110\u1ed9ng c\u01a1<\/td>\n<td width=\"214\">C\u00f4ng su\u1ea5t \u0111\u1ed9ng c\u01a1<\/td>\n<td width=\"213\">3kw &#8211; 4kw<\/td>\n<\/tr>\n<tr>\n<td width=\"214\">Ngu\u1ed3n \u0111i\u1ec7n<\/td>\n<td width=\"213\">220- 380 ( V)<\/td>\n<\/tr>\n<tr>\n<td width=\"214\">T\u1ed1c \u0111\u1ed9<\/td>\n<td width=\"213\">2900( v\/p)<\/td>\n<\/tr>\n<tr>\n<td rowspan=\"2\" width=\"274\">Tr\u1ecdng l\u01b0\u1ee3ng m\u00e1y<\/td>\n<td width=\"214\">Nguy\u00ean b\u1ed9<\/td>\n<td width=\"213\">\u00a0( kg)<\/td>\n<\/tr>\n<tr>\n<td width=\"214\">Kh\u00f4ng \u0111\u1ed9ng c\u01a1<\/td>\n<td width=\"213\">67\u00a0 ( kg)<\/td>\n<\/tr>\n<tr>\n<td rowspan=\"2\" width=\"274\">B\u1ea3o h\u00e0nh<\/td>\n<td width=\"214\">K\u1ef9 thu\u1eadt<\/td>\n<td width=\"213\">06\u00a0th\u00e1ng<\/td>\n<\/tr>\n<tr>\n<td width=\"214\">\u0110\u1ed9ng c\u01a1<\/td>\n<td width=\"213\">Theo t\u1eebng h\u00e3ng s\u1ea3n xu\u1ea5t<\/td>\n<\/tr>\n<tr>\n<td width=\"274\">N\u0103ng su\u1ea5t<\/td>\n<td colspan=\"2\" width=\"427\">(30 &#8211; 50\u00a0kg\/h)<\/td>\n<\/tr>\n<tr>\n<td width=\"274\">K\u00edch th\u01b0\u1edbc ( D * C * R )<\/td>\n<td colspan=\"2\" width=\"427\">77*85*54 cm<\/td>\n<\/tr>\n<tr>\n<td width=\"274\">H\u00ecnh th\u1ee9c thanh to\u00e1n<\/td>\n<td colspan=\"2\" width=\"427\"><b><strong>Ti\u1ec1n m\u1eb7t ho\u1eb7c chuy\u1ec3n kho\u1ea3n<\/strong><\/b><\/td>\n<\/tr>\n<\/tbody>\n<\/table>\n","protected":false},"excerpt":{"rendered":"<ul>\n<li><strong>H\u00e3ng s\u1ea3n xu\u1ea5t:<\/strong> B\u00ecnh Minh<\/li>\n<li><span style=\"color: #000000\"><strong>\u0110\u1ed9ng c\u01a1:<\/strong> 3 &#8211; 4 kw<\/span><\/li>\n<li><span style=\"color: #000000\"><strong>Ngu\u1ed3n \u0111i\u1ec7n:<\/strong> 220V &#8211; 380V\u00a0<\/span><\/li>\n<li><span style=\"color: #000000\"><strong>T\u1ed1c \u0111\u1ed9<\/strong>: 2900 v\u00f2ng\/ph\u00fat<\/span><\/li>\n<li><span style=\"color: #000000\"><strong>N\u0103ng su\u1ea5t:<\/strong> 30 &#8211; 50 kg\/gi\u1edd\u00a0<\/span><\/li>\n<li><span style=\"color: #000000\"><strong>T\u00ednh n\u0103ng:<\/strong> thi\u1ebft b\u1ecb chuy\u00ean nghi\u1ec1n c\u00e1c lo\u1ea1i n\u00f4ng ph\u1ea9m kh\u00f4 l\u00e0m\u00a0b\u1ed9t g\u1ea1o; b\u1ed9t ng\u0169 c\u1ed1c; b\u1ed9t gia v\u1ecb..\u00a0<\/span><\/li>\n<\/ul>\n","protected":false},"featured_media":9513,"comment_status":"closed","ping_status":"closed","template":"","meta":[],"product_brand":[],"product_cat":[195],"product_tag":[97,93,96,94,95],"class_list":{"0":"post-6550","1":"product","2":"type-product","3":"status-publish","4":"has-post-thumbnail","6":"product_cat-may-nghien-sieu-min","7":"product_tag-may-nghien-binh-minh","8":"product_tag-may-nghien-gao","9":"product_tag-may-nghien-gia-vi","10":"product_tag-may-nghien-inox","11":"product_tag-may-nghien-ngu-coc","13":"first","14":"instock","15":"shipping-taxable","16":"product-type-simple"},"_links":{"self":[{"href":"https:\/\/congtybinhminh.com\/index.php?rest_route=\/wp\/v2\/product\/6550","targetHints":{"allow":["GET"]}}],"collection":[{"href":"https:\/\/congtybinhminh.com\/index.php?rest_route=\/wp\/v2\/product"}],"about":[{"href":"https:\/\/congtybinhminh.com\/index.php?rest_route=\/wp\/v2\/types\/product"}],"replies":[{"embeddable":true,"href":"https:\/\/congtybinhminh.com\/index.php?rest_route=%2Fwp%2Fv2%2Fcomments&post=6550"}],"wp:featuredmedia":[{"embeddable":true,"href":"https:\/\/congtybinhminh.com\/index.php?rest_route=\/wp\/v2\/media\/9513"}],"wp:attachment":[{"href":"https:\/\/congtybinhminh.com\/index.php?rest_route=%2Fwp%2Fv2%2Fmedia&parent=6550"}],"wp:term":[{"taxonomy":"product_brand","embeddable":true,"href":"https:\/\/congtybinhminh.com\/index.php?rest_route=%2Fwp%2Fv2%2Fproduct_brand&post=6550"},{"taxonomy":"product_cat","embeddable":true,"href":"https:\/\/congtybinhminh.com\/index.php?rest_route=%2Fwp%2Fv2%2Fproduct_cat&post=6550"},{"taxonomy":"product_tag","embeddable":true,"href":"https:\/\/congtybinhminh.com\/index.php?rest_route=%2Fwp%2Fv2%2Fproduct_tag&post=6550"}],"curies":[{"name":"wp","href":"https:\/\/api.w.org\/{rel}","templated":true}]}}