{"id":6478,"date":"2021-06-16T10:45:30","date_gmt":"2021-06-16T03:45:30","guid":{"rendered":"https:\/\/congtybinhminh.com\/?post_type=product&#038;p=6478"},"modified":"2025-06-12T10:18:48","modified_gmt":"2025-06-12T03:18:48","slug":"may-ep-cam-vien-s300","status":"publish","type":"product","link":"https:\/\/congtybinhminh.com\/?product=may-ep-cam-vien-s300","title":{"rendered":"M\u00e1y \u00e9p c\u00e1m vi\u00ean S300"},"content":{"rendered":"<h1><b>Video ho\u1ea1t \u0111\u1ed9ng c\u1ee7a m\u00e1y \u00e9p c\u00e1m vi\u00ean S300<\/b><\/h1>\n<p><iframe loading=\"lazy\" title=\"M\u00e1y \u00c9p C\u00e1m Vi\u00ean S300 Gi\u00fap C\u00e1c Trang Tr\u1ea1i Ti\u1ebft Ki\u1ec7m T\u1ed1i \u0110a Ti\u1ec1n Ch\u0103n Nu\u00f4i\" width=\"1020\" height=\"574\" src=\"https:\/\/www.youtube.com\/embed\/G-N2VVD_Elo?feature=oembed\" frameborder=\"0\" allow=\"accelerometer; autoplay; clipboard-write; encrypted-media; gyroscope; picture-in-picture; web-share\" referrerpolicy=\"strict-origin-when-cross-origin\" allowfullscreen><\/iframe><\/p>\n<p><span style=\"color: #000000\">M\u00e1y \u00e9p c\u00e1m vi\u00ean tr\u1ee5c \u0111\u1ee9ng S300, c\u00f3 th\u1ec3 nghi\u1ec1n \u00e9p \u0111a d\u1ea1ng nguy\u00ean li\u1ec7u t\u1eeb ng\u00f4 h\u1ea1t, cua, c\u00e1 \u1ed1c c\u00f9ng rau c\u1ecf , c\u00e1c nguy\u00ean li\u1ec7u ph\u1ed1i tr\u1ed9n s\u1ebd dao \u0111\u1ed9ng \u0111\u1ed9 \u1ea9m t\u1eeb 20 \u2013 25%, t\u1eeb \u0111\u00f3 c\u00e1m vi\u00ean \u00e9p ra s\u1ebd \u0111\u1ec1u v\u00e0 r\u1eafn ch\u1eafc. Ngo\u00e0i ra, m\u00e1y c\u00f2n \u00e9p \u0111\u01b0\u1ee3c ph\u00e2n h\u1eefu c\u01a1, ph\u00e2n vi sinh, tr\u00f9n qu\u1ebf\u2026 l\u00e0m ph\u00e2n b\u00f3n cho c\u00e2y tr\u1ed3ng.<\/span><\/p>\n<p><img loading=\"lazy\" decoding=\"async\" class=\"size-full wp-image-6491 aligncenter\" src=\"https:\/\/congtybinhminh.com\/wp-content\/uploads\/2021\/06\/Untitled-1-1.jpg\" alt=\"s300-2\" width=\"800\" height=\"600\" srcset=\"https:\/\/congtybinhminh.com\/wp-content\/uploads\/2021\/06\/Untitled-1-1.jpg 800w, https:\/\/congtybinhminh.com\/wp-content\/uploads\/2021\/06\/Untitled-1-1-510x383.jpg 510w, https:\/\/congtybinhminh.com\/wp-content\/uploads\/2021\/06\/Untitled-1-1-533x400.jpg 533w, https:\/\/congtybinhminh.com\/wp-content\/uploads\/2021\/06\/Untitled-1-1-768x576.jpg 768w\" sizes=\"auto, (max-width: 800px) 100vw, 800px\" \/><\/p>\n<h2><strong><span style=\"color: #000000\">C\u1ea5u t\u1ea1o chi ti\u1ebft m\u00e1y \u00e9p c\u00e1m vi\u00ean S300<\/span><\/strong><\/h2>\n<p><span style=\"color: #000000\">\u2714 B\u1ed9 qu\u1ea3 l\u00f4 s\u1ebd c\u00f3 3 qu\u1ea3 l\u00f4 kh\u1ecfe kho\u1eafn gi\u00fap nghi\u1ec1n c\u00e1c lo\u1ea1i nguy\u00ean li\u1ec7u th\u00f4 m\u1ed9t c\u00e1ch d\u1ec5 d\u00e0ng<\/span><\/p>\n<p><span style=\"color: #000000\">\u2714 M\u1eb7t s\u00e0ng to, r\u1ed9ng, b\u1ec1n b\u1ec9 gi\u00fap n\u00e9n th\u00e0nh vi\u00ean t\u1eeb c\u00e1c nguy\u00ean li\u1ec7u \u0111\u00e3 \u0111\u01b0\u1ee3c nghi\u1ec1n (m\u1eb7t s\u00e0ng c\u00f3 th\u1ec3 s\u1eed d\u1ee5ng c\u1ea3 2 m\u1eb7t).<\/span><\/p>\n<p><span style=\"color: #000000\"><img loading=\"lazy\" decoding=\"async\" class=\"size-full wp-image-6492 aligncenter\" src=\"https:\/\/congtybinhminh.com\/wp-content\/uploads\/2021\/06\/ep-cam-s300.png\" alt=\"ep-cam-s300\" width=\"800\" height=\"800\" srcset=\"https:\/\/congtybinhminh.com\/wp-content\/uploads\/2021\/06\/ep-cam-s300.png 800w, https:\/\/congtybinhminh.com\/wp-content\/uploads\/2021\/06\/ep-cam-s300-247x247.png 247w, https:\/\/congtybinhminh.com\/wp-content\/uploads\/2021\/06\/ep-cam-s300-100x100.png 100w, https:\/\/congtybinhminh.com\/wp-content\/uploads\/2021\/06\/ep-cam-s300-510x510.png 510w, https:\/\/congtybinhminh.com\/wp-content\/uploads\/2021\/06\/ep-cam-s300-400x400.png 400w, https:\/\/congtybinhminh.com\/wp-content\/uploads\/2021\/06\/ep-cam-s300-280x280.png 280w, https:\/\/congtybinhminh.com\/wp-content\/uploads\/2021\/06\/ep-cam-s300-768x768.png 768w\" sizes=\"auto, (max-width: 800px) 100vw, 800px\" \/><\/span><\/p>\n<p><span style=\"color: #000000\">\u2714 C\u1ea7u h\u1ed9p s\u1ed1 vi sai \u00f4 t\u00f4 s\u1ebd gi\u00fap h\u1ed7 tr\u1ee3 ho\u1ea1t \u0111\u1ed9ng c\u1ee7a m\u00e1y \u0111\u01b0\u1ee3c duy tr\u00ec v\u00f4 c\u00f9ng \u1ed5n \u0111\u1ecbnh.<\/span><\/p>\n<p><span style=\"color: #000000\">\u2714 M\u00e1y \u0111\u01b0\u1ee3c l\u1eafp \u0111\u1eb7t \u0111\u1ed9ng c\u01a1 \u0111i\u1ec7n c\u00f9ng c\u00f4ng su\u1ea5t t\u1eeb 18.5kW \u2013 20kW, d\u00f9ng ngu\u1ed3n \u0111i\u1ec7n 380V (3 pha).<\/span><\/p>\n<h2><strong><span style=\"color: #000000\">\u01afu \u0111i\u1ec3m v\u01b0\u1ee3t tr\u1ed9i c\u1ee7a m\u00e1y \u00e9p c\u00e1m vi\u00ean S300<\/span><\/strong><\/h2>\n<p><span style=\"color: #000000\">V\u1edbi n\u0103ng su\u1ea5y trung b\u00ecnh t\u1eeb 600 \u2013 700 kg\/h, m\u00e1y c\u00f3 th\u1ec3 d\u00f9ng \u0111\u1ec3 s\u1ea3n xu\u00e1t kinh do\u1ea1nh c\u00e1m.<\/span><\/p>\n<p><span style=\"color: #000000\">Ti\u1ebft ki\u1ec7m t\u1ed1i \u0111a ch\u1ecb ph\u00ed ch\u0103n nu\u00f4i, \u0111\u1ea3m b\u1ea3o an to\u00e0n cho v\u1eadt nu\u00f4i.<\/span><\/p>\n<p><img loading=\"lazy\" decoding=\"async\" class=\"size-full wp-image-6493 aligncenter\" src=\"https:\/\/congtybinhminh.com\/wp-content\/uploads\/2021\/06\/s300-001-510x287-1.jpg\" alt=\"s300-001-510x287\" width=\"510\" height=\"287\" \/><\/p>\n<p><span style=\"color: #000000\">T\u1eadn d\u1ee5ng nh\u1eefng nguy\u00ean li\u1ec7u d\u1ec5 t\u00ecm nh\u1ea5t g\u1ed3m c\u00f3 b\u1ed9t c\u00e1m, cua, rau c\u1ecf, ng\u00f4 h\u1ea1t tr\u1ed9n \u0111\u1ed7 t\u01b0\u01a1ng, cua, c\u00e1 t\u00e9p nh\u1ecf c\u00f3 th\u1ec3 ph\u1ed1i tr\u1ed9n v\u00e0o v\u1edbi nhau \u0111\u1ec3 c\u00f3 th\u1ec3 n\u00e9n \u00e9p ra vi\u00ean c\u00e1m c\u1ef1c nhanh.<\/span><\/p>\n<p><span style=\"color: #000000\">M\u00e1y c\u00f3 th\u1ec3 \u00e9p \u0111\u01b0\u1ee3c c\u00e1c lo\u1ea1i ph\u00e2n h\u1eefu c\u01a1 l\u00e0m ph\u00e2n b\u00f3n cho c\u00e2y tr\u1ed3ng, \u00e9p than ho\u1ea1t t\u00ednh.<\/span><\/p>\n<h2><strong><span style=\"color: #000000\">Th\u00f4ng s\u1ed1 k\u1ef9 thu\u1eadt<\/span><\/strong><\/h2>\n<h2><span style=\"color: #000000\"><strong>Cam k\u1ebft v\u1ec1 gi\u00e1 v\u00e0 Ch\u00ednh s\u00e1ch b\u1ea3o h\u00e0nh<\/strong><\/span><\/h2>\n<p><span style=\"color: #000000\">M\u00e1y do c\u00f4ng ty tr\u1ef1c ti\u1ebfp ch\u1ebf t\u1ea1o v\u00e0 s\u1ea3n xu\u1ea5t t\u1ea1i x\u01b0\u1edfng, kh\u00f4ng qua trung gian, \u0111\u1ea3m b\u1ea3o gi\u00e1 r\u1ebb nh\u1ea5t, ch\u1ea5t l\u01b0\u1ee3ng t\u1ed1t nh\u1ea5t, b\u1ea3o h\u00e0nh thu\u1eadn ti\u1ec7n nh\u1ea5t.<\/span><\/p>\n<p><span style=\"color: #000000\">\u0110\u1ed9i ng\u0169 k\u1ef9 thu\u1eadt c\u00f3 tr\u00ecnh \u0111\u1ed9 chuy\u00ean m\u00f4n cao, s\u1eb5n s\u00e0ng h\u1ed7 tr\u1ee3 k\u1ef9 thu\u1eadt t\u1eadn t\u00ecnh v\u00e0 tr\u1ecdn \u0111\u1eddi.<\/span><\/p>\n<p><span style=\"color: #000000\">B\u1ea3o h\u00e0nh t\u1ea1i c\u00f4ng ty 6 th\u00e1ng cho tr\u01b0\u1eddng h\u1ee3p m\u00e1y l\u1ed7i k\u1ef9 thu\u1eadt do c\u00f4ng ty s\u1ea3n xu\u1ea5t. H\u1ebft th\u1eddi gian n\u00e0y t\u01b0 v\u1ea5n k\u1ef9 thu\u1eadt tr\u1ecdn \u0111\u1eddi s\u1ea3n ph\u1ea9m:\u00a0<a style=\"color: #000000\" href=\"https:\/\/maynongnghiepbinhminh.com\/chinh-sach\/\"><em>Ch\u00ednh s\u00e1ch b\u1ea3o h\u00e0nh<\/em><\/a><\/span><\/p>\n<p><span style=\"color: #000000\"><img loading=\"lazy\" decoding=\"async\" class=\"wp-image-5198 size-full aligncenter\" src=\"https:\/\/maynongnghiepbinhminh.com\/wp-content\/uploads\/2020\/06\/SHIP2-1.jpg\" alt=\"SHIP2-1\" width=\"800\" height=\"597\" \/><\/span><\/p>\n","protected":false},"excerpt":{"rendered":"<ul>\n<li><span style=\"color: #000000\"><span style=\"color: #ff0000\">H\u00e3ng s\u1ea3n xu\u1ea5t<\/span>: B\u00ecnh Minh<\/span><\/li>\n<li><span style=\"color: #000000\"><span style=\"color: #ff0000\">N\u0103ng su\u1ea5t<\/span>: 500 \u2013 700kg\/h<\/span><\/li>\n<li><span style=\"color: #000000\"><span style=\"color: #ff0000\">T\u1ed1c \u0111\u1ed9 v\u00f2ng quay<\/span>:\u00a0 \u00a01450\u00a0 (V\u00f2ng\/ph\u00fat)<\/span><\/li>\n<li><span style=\"color: #000000\"><span style=\"color: #ff0000\">\u0110\u1ed9ng c\u01a1<\/span>:\u00a0 18kw \u2013 22kw<\/span><\/li>\n<li><span style=\"color: #000000\"><span style=\"color: #ff0000\">T\u00ednh n\u0103ng<\/span>: M\u00e1y nghi\u1ec1n \u2013 tr\u1ed9n \u2013 \u00e9p c\u00e1c lo\u1ea1i b\u1ed9t c\u00e1m, rau, cua, c\u00e1 nh\u1ecf th\u00e0nh vi\u00ean c\u00e1m ch\u0103n nu\u00f4i cho gia s\u00fac, gia c\u1ea7m.<\/span><\/li>\n<\/ul>\n","protected":false},"featured_media":6488,"comment_status":"closed","ping_status":"closed","template":"","meta":[],"product_brand":[],"product_cat":[64,63],"product_tag":[71,75,70,74],"class_list":{"0":"post-6478","1":"product","2":"type-product","3":"status-publish","4":"has-post-thumbnail","6":"product_cat-may-ep-cam","7":"product_cat-may-ep-cam-vien-truc-dung","8":"product_tag-may-ep-cam-vien-binh-minh","9":"product_tag-may-ep-cam-vien-chinh-hang","10":"product_tag-may-ep-cam-vien-cong-nghiep","11":"product_tag-may-ep-cam-vien-s300","13":"first","14":"instock","15":"shipping-taxable","16":"product-type-simple"},"_links":{"self":[{"href":"https:\/\/congtybinhminh.com\/index.php?rest_route=\/wp\/v2\/product\/6478","targetHints":{"allow":["GET"]}}],"collection":[{"href":"https:\/\/congtybinhminh.com\/index.php?rest_route=\/wp\/v2\/product"}],"about":[{"href":"https:\/\/congtybinhminh.com\/index.php?rest_route=\/wp\/v2\/types\/product"}],"replies":[{"embeddable":true,"href":"https:\/\/congtybinhminh.com\/index.php?rest_route=%2Fwp%2Fv2%2Fcomments&post=6478"}],"wp:featuredmedia":[{"embeddable":true,"href":"https:\/\/congtybinhminh.com\/index.php?rest_route=\/wp\/v2\/media\/6488"}],"wp:attachment":[{"href":"https:\/\/congtybinhminh.com\/index.php?rest_route=%2Fwp%2Fv2%2Fmedia&parent=6478"}],"wp:term":[{"taxonomy":"product_brand","embeddable":true,"href":"https:\/\/congtybinhminh.com\/index.php?rest_route=%2Fwp%2Fv2%2Fproduct_brand&post=6478"},{"taxonomy":"product_cat","embeddable":true,"href":"https:\/\/congtybinhminh.com\/index.php?rest_route=%2Fwp%2Fv2%2Fproduct_cat&post=6478"},{"taxonomy":"product_tag","embeddable":true,"href":"https:\/\/congtybinhminh.com\/index.php?rest_route=%2Fwp%2Fv2%2Fproduct_tag&post=6478"}],"curies":[{"name":"wp","href":"https:\/\/api.w.org\/{rel}","templated":true}]}}