{"id":6352,"date":"2020-10-03T08:23:26","date_gmt":"2020-10-03T01:23:26","guid":{"rendered":"https:\/\/congtybinhminh.com\/?post_type=product&#038;p=6352"},"modified":"2022-09-06T14:54:21","modified_gmt":"2022-09-06T07:54:21","slug":"may-bam-co-mc-6ta","status":"publish","type":"product","link":"https:\/\/congtybinhminh.com\/?product=may-bam-co-mc-6ta","title":{"rendered":"M\u00e1y b\u0103m c\u1ecf MC \u2013 6TA"},"content":{"rendered":"<h2><span id=\"Xem_video_truc_tiep_tai_day\" class=\"ez-toc-section\"><strong>Xem video tr\u1ef1c ti\u1ebfp t\u1ea1i \u0111\u00e2y:<\/strong><\/span><\/h2>\n<p><iframe loading=\"lazy\" src=\"https:\/\/www.youtube.com\/embed\/gGILKjMhCTo\" width=\"100%\" height=\"480px\" frameborder=\"0\" allowfullscreen=\"allowfullscreen\"><span data-mce-type=\"bookmark\" style=\"display: inline-block; width: 0px; overflow: hidden; line-height: 0;\" class=\"mce_SELRES_start\">\ufeff<\/span><\/iframe><\/p>\n<p><span style=\"color: #000000;\">Hi\u1ec7n nay nhu c\u1ea7u ch\u1ebf bi\u1ebfn b\u0103m nh\u1ecf c\u00e1c nguy\u00ean li\u1ec7u t\u01b0\u01a1i l\u00e0m th\u1ee9c \u0103n cho gian s\u00fac, gia c\u1ea7m ng\u00e0y c\u00e0ng t\u0103ng. \u0110\u1ec3 ti\u1ebft ki\u1ec7m th\u1eddi gian v\u00e0 chi ph\u00ed nh\u00e2n c\u00f4ng b\u00e0 con th\u01b0\u1eddng s\u1eed d\u1ee5ng c\u00e1c lo\u1ea1i m\u00e1y b\u0103m chu\u1ed1i, b\u0103m c\u1ecf\u2026B\u1edfi v\u1eady c\u00e1c k\u1ef9 s\u01b0 c\u1ee7a C\u00f4ng ty TNHH B\u00ecnh Minh \u0111\u00e3 nghi\u00ean c\u1ee9u v\u00e0 cho ra \u0111\u1eddi d\u00f2ng m\u00e1y b\u0103m c\u1ecf 6TA ch\u1ea1y \u0111i\u1ec7n gia \u0111\u00ecnh cho n\u0103ng su\u1ea5t t\u1eeb 300-500kg\/gi\u1edd ph\u00f9 h\u1ee3p v\u1edbi c\u00e1c h\u1ed9 ch\u0103n nu\u00f4i nh\u1ecf v\u1eeba<\/span><\/p>\n<p><img loading=\"lazy\" decoding=\"async\" class=\"size-full wp-image-6354 aligncenter\" src=\"https:\/\/congtybinhminh.com\/wp-content\/uploads\/2020\/10\/bam.jpg\" alt=\"bam\" width=\"800\" height=\"378\" srcset=\"https:\/\/congtybinhminh.com\/wp-content\/uploads\/2020\/10\/bam.jpg 800w, https:\/\/congtybinhminh.com\/wp-content\/uploads\/2020\/10\/bam-510x241.jpg 510w, https:\/\/congtybinhminh.com\/wp-content\/uploads\/2020\/10\/bam-768x363.jpg 768w\" sizes=\"auto, (max-width: 800px) 100vw, 800px\" \/><\/p>\n<h2><strong><span style=\"color: #000000;\">C\u1ea5u t\u1ea1o M\u00e1y b\u0103m c\u1ecf MC \u2013 6TA<\/span><\/strong><\/h2>\n<p><span style=\"color: #000000;\">M\u00e1y \u0111\u01b0\u1ee3c c\u1ea5u t\u1ea1o bao g\u1ed3m: toa n\u1ea1p nguy\u00ean li\u1ec7u, 4 dao to, c\u1eeda x\u1ea3 th\u00e0nh ph\u1ea9m 4 b\u00e1nh xe di chuy\u1ec3n v\u00e0 \u0111\u1ed9ng c\u01a1 l\u00f5i \u0111\u1ed3ng.<\/span><\/p>\n<p><span style=\"color: #000000;\">Toa n\u1ea1p nguy\u00ean li\u1ec7u c\u00f3 k\u00edch th\u01b0\u1edbc: chi\u1ec1u d\u00e0i 22 cm * chi\u1ec1u r\u1ed9ng 42cm<\/span><\/p>\n<p><span style=\"color: #000000;\">T\u1ea1i \u0111\u00e2y, bu\u1ed3ng b\u0103m nguy\u00ean li\u1ec7u s\u1ebd \u0111\u01b0\u1ee3c trang b\u1ecb 4 dao th\u00e9p to c\u00f3 \u0111\u1ed9 d\u00e0y l\u00e0 7mm ( k\u00edch th\u01b0\u1edbc dao CD 18 cm* CR 7cm).<\/span><\/p>\n<p><span style=\"color: #000000;\">C\u1eeda x\u1ea3 th\u00e0nh ph\u1ea9m c\u00f3 n\u1eafp g\u1eadp c\u00f3 th\u1ec3 \u0111i\u1ec1u ch\u1ec9nh \u0111\u1ed9 v\u0103ng nguy\u00ean li\u1ec7u g\u1ea7n hay xa t\u00f9y theo nhu c\u1ea7u c\u1ee7a ng\u01b0\u1eddi d\u00f9ng.<\/span><\/p>\n<p><img loading=\"lazy\" decoding=\"async\" class=\"size-full wp-image-6355 aligncenter\" src=\"https:\/\/congtybinhminh.com\/wp-content\/uploads\/2020\/10\/cau-tao-6ta.jpg\" alt=\"cau-tao-6ta\" width=\"800\" height=\"600\" srcset=\"https:\/\/congtybinhminh.com\/wp-content\/uploads\/2020\/10\/cau-tao-6ta.jpg 800w, https:\/\/congtybinhminh.com\/wp-content\/uploads\/2020\/10\/cau-tao-6ta-510x383.jpg 510w, https:\/\/congtybinhminh.com\/wp-content\/uploads\/2020\/10\/cau-tao-6ta-533x400.jpg 533w, https:\/\/congtybinhminh.com\/wp-content\/uploads\/2020\/10\/cau-tao-6ta-768x576.jpg 768w\" sizes=\"auto, (max-width: 800px) 100vw, 800px\" \/><\/p>\n<h2><strong><span style=\"color: #000000;\">\u01afu \u0111i\u1ec3m c\u1ee7a m\u00e1y b\u0103m c\u1ecf MC \u2013 6TA<\/span><\/strong><\/h2>\n<p><span style=\"color: #000000;\">M\u00e1y s\u1eed d\u1ee5ng \u0111i\u1ec7n 1 pha gia \u0111\u00ecnh ph\u00f9 h\u1ee3p v\u1edbi m\u1ecdi h\u1ed9 gia \u0111\u00ecnh, trang tr\u1ea1i<\/span><\/p>\n<p><span style=\"color: #000000;\">M\u00e1y cho n\u0103ng su\u1ea5t cao ti\u1ebft ki\u1ec7m th\u1eddi gian v\u00e0 chi ph\u00ed nh\u00e2n c\u00f4ng<\/span><\/p>\n<p><span style=\"color: #000000;\">M\u00e1y \u0111\u01b0\u1ee3c thi\u1ebft k\u1ebf nh\u1ecf g\u1ecdn v\u1edbi k\u00edch th\u01b0\u1edbc chi\u1ec1u d\u00e0i 117 cm * chi\u1ec1u r\u1ed9ng 38 cm * chi\u1ec1u cao 68 cm c\u00f9ng 4 b\u00e1nh xe ti\u1ec7n l\u1ee3i gi\u00fap ng\u01b0\u1eddi d\u00f9ng d\u1ec5 d\u00e0ng s\u1eed d\u1ee5ng v\u00e0 di chuy\u1ec3n \u0111\u1ebfn b\u1ea5t c\u1ee9 \u0111\u00e2u.<\/span><\/p>\n<p><img loading=\"lazy\" decoding=\"async\" class=\"size-full wp-image-6356 aligncenter\" src=\"https:\/\/congtybinhminh.com\/wp-content\/uploads\/2020\/10\/nguyen-lieu-6ta.jpg\" alt=\"nguyen-lieu-6ta\" width=\"800\" height=\"700\" srcset=\"https:\/\/congtybinhminh.com\/wp-content\/uploads\/2020\/10\/nguyen-lieu-6ta.jpg 800w, https:\/\/congtybinhminh.com\/wp-content\/uploads\/2020\/10\/nguyen-lieu-6ta-510x446.jpg 510w, https:\/\/congtybinhminh.com\/wp-content\/uploads\/2020\/10\/nguyen-lieu-6ta-457x400.jpg 457w, https:\/\/congtybinhminh.com\/wp-content\/uploads\/2020\/10\/nguyen-lieu-6ta-768x672.jpg 768w\" sizes=\"auto, (max-width: 800px) 100vw, 800px\" \/><\/p>\n<h2><strong><span style=\"color: #000000;\">Th\u00f4ng s\u1ed1 k\u1ef9 thu\u1eadt<\/span><\/strong><\/h2>\n<p><img loading=\"lazy\" decoding=\"async\" class=\"size-full wp-image-6353 aligncenter\" src=\"https:\/\/congtybinhminh.com\/wp-content\/uploads\/2020\/10\/thong-so-6ta.png\" alt=\"thong-so-6ta\" width=\"800\" height=\"471\" srcset=\"https:\/\/congtybinhminh.com\/wp-content\/uploads\/2020\/10\/thong-so-6ta.png 800w, https:\/\/congtybinhminh.com\/wp-content\/uploads\/2020\/10\/thong-so-6ta-510x300.png 510w, https:\/\/congtybinhminh.com\/wp-content\/uploads\/2020\/10\/thong-so-6ta-679x400.png 679w, https:\/\/congtybinhminh.com\/wp-content\/uploads\/2020\/10\/thong-so-6ta-768x452.png 768w\" sizes=\"auto, (max-width: 800px) 100vw, 800px\" \/><\/p>\n<h2><span id=\"Cam_ket_ve_gia_va_Chinh_sach_bao_hanh\" class=\"ez-toc-section\" style=\"color: #000000;\"><strong>Cam k\u1ebft v\u1ec1 gi\u00e1 v\u00e0 Ch\u00ednh s\u00e1ch b\u1ea3o h\u00e0nh<\/strong><\/span><\/h2>\n<ul>\n<li><span style=\"color: #000000;\">M\u00e1y do c\u00f4ng ty tr\u1ef1c ti\u1ebfp ch\u1ebf t\u1ea1o v\u00e0 s\u1ea3n xu\u1ea5t t\u1ea1i x\u01b0\u1edfng, kh\u00f4ng qua trung gian, \u0111\u1ea3m b\u1ea3o gi\u00e1 r\u1ebb nh\u1ea5t, ch\u1ea5t l\u01b0\u1ee3ng t\u1ed1t nh\u1ea5t, b\u1ea3o h\u00e0nh thu\u1eadn ti\u1ec7n nh\u1ea5t.<\/span><\/li>\n<li><span style=\"color: #000000;\">\u0110\u1ed9i ng\u0169 k\u1ef9 thu\u1eadt c\u00f3 tr\u00ecnh \u0111\u1ed9 chuy\u00ean m\u00f4n cao, s\u1eb5n s\u00e0ng h\u1ed7 tr\u1ee3 k\u1ef9 thu\u1eadt t\u1eadn t\u00ecnh v\u00e0 tr\u1ecdn \u0111\u1eddi.<\/span><\/li>\n<li><span style=\"color: #000000;\">B\u1ea3o h\u00e0nh t\u1ea1i c\u00f4ng ty 6 th\u00e1ng cho tr\u01b0\u1eddng h\u1ee3p m\u00e1y l\u1ed7i k\u1ef9 thu\u1eadt do c\u00f4ng ty s\u1ea3n xu\u1ea5t. H\u1ebft th\u1eddi gian n\u00e0y t\u01b0 v\u1ea5n k\u1ef9 thu\u1eadt tr\u1ecdn \u0111\u1eddi s\u1ea3n ph\u1ea9m.\u00a0<\/span><\/li>\n<\/ul>\n<h2><span id=\"Huong_dan_mua_hang\" class=\"ez-toc-section\" style=\"color: #000000;\"><strong>H\u01b0\u1edbng d\u1eabn mua h\u00e0ng<\/strong><\/span><\/h2>\n<p><span style=\"color: #000000;\">Kh\u00e1ch h\u00e0ng \u0111\u1ebfn c\u00f4ng ty mua m\u00e1y v\u00e0 thanh to\u00e1n tr\u1ef1c ti\u1ebfp b\u1eb1ng ti\u1ec1n m\u1eb7t.<\/span><\/p>\n<p><span style=\"color: #000000;\">\u0110\u1ed1i v\u1edbi nh\u1eefng kh\u00e1ch h\u00e0ng \u1edf xa, C\u00f4ng ty s\u1ebd h\u01b0\u1edbng d\u1eabn mua h\u00e0ng v\u00e0 h\u1ed7 tr\u1ee3 giao h\u00e0ng to\u00e0n qu\u1ed1c. Qu\u00fd kh\u00e1ch vui l\u00f2ng chuy\u1ec3n kho\u1ea3n \u0111\u1eb7t c\u1ecdc, s\u1ed1 ti\u1ec1n m\u00e1y c\u00f2n l\u1ea1i s\u1ebd thanh to\u00e1n tr\u1ef1c ti\u1ebfp cho \u0111\u01a1n v\u1ecb v\u1eadn chuy\u1ec3n.<\/span><\/p>\n<p><span style=\"color: #000000;\">\u0110\u1ec3 \u0111\u01b0\u1ee3c cung c\u1ea5p th\u00eam th\u00f4ng tin v\u1ec1 c\u00e1c d\u00f2ng s\u1ea3n ph\u1ea9m c\u1ee7a c\u00f4ng ty B\u00ecnh Minh, k\u00ednh m\u1eddi Qu\u00fd kh\u00e1ch li\u00ean h\u1ec7:<\/span><\/p>\n<p><span style=\"color: #000000;\"><strong>C\u00d4NG TY TNHH D\u1ecaCH V\u1ee4 V\u00c0 S\u1ea2N XU\u1ea4T TH\u01af\u01a0NG M\u1ea0I XU\u1ea4T NH\u1eacP KH\u1ea8U B\u00ccNH MINH<\/strong><\/span><\/p>\n<p><span style=\"color: #000000;\"><strong>\u0110\u1ecba ch\u1ec9:<\/strong>\u00a0S\u1ed1 249, Ph\u1ed1 L\u00ea L\u1ee3i \u2013 Ph\u01b0\u1eddng L\u00ea L\u1ee3i \u2013 Th\u1ecb x\u00e3 S\u01a1n T\u00e2y \u2013 Th\u00e0nh ph\u1ed1 H\u00e0 N\u1ed9i<\/span><\/p>\n<p>&nbsp;<\/p>\n","protected":false},"excerpt":{"rendered":"<ul>\n<li><span style=\"color: #000000;\"><span style=\"color: #ed1c24;\">H\u00e3ng s\u1ea3n xu\u1ea5t<\/span>: B\u00ecnh Minh<\/span><\/li>\n<li><span style=\"color: #000000;\"><span style=\"color: #ed1c24;\">T\u1ed1c \u0111\u1ed9<\/span>:\u00a0\u00a01450 v\/p<\/span><\/li>\n<li><span style=\"color: #000000;\"><span style=\"color: #ed1c24;\">\u0110\u1ed9ng c\u01a1<\/span>: 2.2kw \u2013 3kw<\/span><\/li>\n<li><span style=\"color: #000000;\"><span style=\"color: #ed1c24;\">\u0110i\u1ec7n n\u0103ng<\/span>: 220V<\/span><\/li>\n<li><span style=\"color: #000000;\"><span style=\"color: #ed1c24;\">T\u00ednh n\u0103ng<\/span>: M\u00e1y b\u0103m nh\u1ecf c\u00e1c lo\u1ea1i nguy\u00ean li\u1ec7u nh\u01b0 c\u1ecf voi, th\u00e2n c\u00e2y ng\u00f4, c\u1ecf x\u1ea3, ng\u1ecdn m\u00eda,th\u00e2n c\u00e2y s\u1eafn ,\u2026 ph\u1ee5c v\u1ee5 cho ng\u00e0nh ch\u0103n nu\u00f4i<\/span><\/li>\n<\/ul>\n","protected":false},"featured_media":6357,"comment_status":"closed","ping_status":"closed","template":"","meta":[],"product_brand":[],"product_cat":[40],"product_tag":[48,44,45,46,47,50,49],"class_list":{"0":"post-6352","1":"product","2":"type-product","3":"status-publish","4":"has-post-thumbnail","6":"product_cat-may-bam-co","7":"product_tag-may-bam-cay-ngo","8":"product_tag-may-bam-co-6ta","9":"product_tag-may-bam-co-binh-minh","10":"product_tag-may-bam-co-cho-bo","11":"product_tag-may-bam-co-gia-re","12":"product_tag-may-bam-co-tot-nhat","13":"product_tag-may-bam-co-voi","15":"first","16":"instock","17":"shipping-taxable","18":"product-type-simple"},"_links":{"self":[{"href":"https:\/\/congtybinhminh.com\/index.php?rest_route=\/wp\/v2\/product\/6352","targetHints":{"allow":["GET"]}}],"collection":[{"href":"https:\/\/congtybinhminh.com\/index.php?rest_route=\/wp\/v2\/product"}],"about":[{"href":"https:\/\/congtybinhminh.com\/index.php?rest_route=\/wp\/v2\/types\/product"}],"replies":[{"embeddable":true,"href":"https:\/\/congtybinhminh.com\/index.php?rest_route=%2Fwp%2Fv2%2Fcomments&post=6352"}],"wp:featuredmedia":[{"embeddable":true,"href":"https:\/\/congtybinhminh.com\/index.php?rest_route=\/wp\/v2\/media\/6357"}],"wp:attachment":[{"href":"https:\/\/congtybinhminh.com\/index.php?rest_route=%2Fwp%2Fv2%2Fmedia&parent=6352"}],"wp:term":[{"taxonomy":"product_brand","embeddable":true,"href":"https:\/\/congtybinhminh.com\/index.php?rest_route=%2Fwp%2Fv2%2Fproduct_brand&post=6352"},{"taxonomy":"product_cat","embeddable":true,"href":"https:\/\/congtybinhminh.com\/index.php?rest_route=%2Fwp%2Fv2%2Fproduct_cat&post=6352"},{"taxonomy":"product_tag","embeddable":true,"href":"https:\/\/congtybinhminh.com\/index.php?rest_route=%2Fwp%2Fv2%2Fproduct_tag&post=6352"}],"curies":[{"name":"wp","href":"https:\/\/api.w.org\/{rel}","templated":true}]}}