{"id":4400,"date":"2020-04-09T13:48:51","date_gmt":"2020-04-09T06:48:51","guid":{"rendered":"https:\/\/congtybinhminh.com\/?post_type=product&#038;p=4400"},"modified":"2025-09-30T16:49:12","modified_gmt":"2025-09-30T09:49:12","slug":"may-dun-ca-cong-nghiep","status":"publish","type":"product","link":"https:\/\/congtybinhminh.com\/?product=may-dun-ca-cong-nghiep","title":{"rendered":"M\u00e1y \u0111\u00f9n c\u00e1 c\u00f4ng nghi\u1ec7p 7.5kw"},"content":{"rendered":"<h2>Video ho\u1ea1t \u0111\u1ed9ng c\u1ee7a m\u00e1y<\/h2>\n<p><iframe loading=\"lazy\" title=\"M\u00e1y \u0110\u00f9n C\u00e1 7,5KW B\u00ecnh Minh Cho N\u0103ng Su\u1ea5t \u0110\u1ea1t 400-600 kg\/h.\" width=\"1020\" height=\"574\" src=\"https:\/\/www.youtube.com\/embed\/-qpQeqB-Sz0?feature=oembed\" frameborder=\"0\" allow=\"accelerometer; autoplay; clipboard-write; encrypted-media; gyroscope; picture-in-picture; web-share\" referrerpolicy=\"strict-origin-when-cross-origin\" allowfullscreen><\/iframe><\/p>\n<h2><span style=\"color: #000000\">Gi\u1edbi thi\u1ec7u m\u00e1y \u0111\u00f9n c\u00e1m \u2013 c\u00e1 c\u00f4ng nghi\u1ec7p<\/span><\/h2>\n<p><span style=\"color: #000000\">M\u00e1y \u0111\u00f9n c\u00e1 c\u00f4ng nghi\u1ec7p 7,5kw do c\u00f4ng ty B\u00ecnh Minh s\u1ea3n xu\u1ea5t &#8211; gi\u1ea3i ph\u00e1p t\u1ed1i \u01b0u cho c\u00e1c h\u1ed9 ch\u0103n nu\u00f4i quy m\u00f4 v\u1eeba v\u00e0 l\u1edbn<\/span><\/p>\n<p><img loading=\"lazy\" decoding=\"async\" class=\"aligncenter wp-image-10378 size-full\" src=\"https:\/\/congtybinhminh.com\/wp-content\/uploads\/2020\/04\/may-dun-ca-cong-nghiep-7.5kw_result222.webp\" alt=\"may-dun-ca-cong-nghiep-7.5kw_result222\" width=\"800\" height=\"1078\" srcset=\"https:\/\/congtybinhminh.com\/wp-content\/uploads\/2020\/04\/may-dun-ca-cong-nghiep-7.5kw_result222.webp 800w, https:\/\/congtybinhminh.com\/wp-content\/uploads\/2020\/04\/may-dun-ca-cong-nghiep-7.5kw_result222-297x400.webp 297w, https:\/\/congtybinhminh.com\/wp-content\/uploads\/2020\/04\/may-dun-ca-cong-nghiep-7.5kw_result222-594x800.webp 594w, https:\/\/congtybinhminh.com\/wp-content\/uploads\/2020\/04\/may-dun-ca-cong-nghiep-7.5kw_result222-768x1035.webp 768w, https:\/\/congtybinhminh.com\/wp-content\/uploads\/2020\/04\/may-dun-ca-cong-nghiep-7.5kw_result222-510x687.webp 510w\" sizes=\"auto, (max-width: 800px) 100vw, 800px\" \/><\/p>\n<p><span style=\"color: #000000\">V\u1edbi c\u00f4ng su\u1ea5t m\u1ea1nh m\u1ebd, m\u00e1y c\u00f2n c\u00f3 kh\u1ea3 n\u0103ng nghi\u1ec1n v\u00e0 \u0111\u00f9n c\u00e1c lo\u1ea1i nguy\u00ean li\u1ec7u nh\u01b0 b\u1ed9t c\u00e1m, cua, c\u00e1, \u1ed1c.. gi\u00fap t\u1ea1o ra l\u01b0\u1ee3ng l\u1edbn th\u1ee9c \u0103n cho trong th\u1eddi gian ng\u1eafn<\/span><\/p>\n<p><img loading=\"lazy\" decoding=\"async\" class=\"aligncenter wp-image-10380 size-full\" src=\"https:\/\/congtybinhminh.com\/wp-content\/uploads\/2020\/04\/may-xay-xuong-ga_result222.webp\" alt=\"may-xay-xuong-ga_result222\" width=\"800\" height=\"1358\" srcset=\"https:\/\/congtybinhminh.com\/wp-content\/uploads\/2020\/04\/may-xay-xuong-ga_result222.webp 800w, https:\/\/congtybinhminh.com\/wp-content\/uploads\/2020\/04\/may-xay-xuong-ga_result222-236x400.webp 236w, https:\/\/congtybinhminh.com\/wp-content\/uploads\/2020\/04\/may-xay-xuong-ga_result222-471x800.webp 471w, https:\/\/congtybinhminh.com\/wp-content\/uploads\/2020\/04\/may-xay-xuong-ga_result222-768x1304.webp 768w, https:\/\/congtybinhminh.com\/wp-content\/uploads\/2020\/04\/may-xay-xuong-ga_result222-510x866.webp 510w\" sizes=\"auto, (max-width: 800px) 100vw, 800px\" \/><\/p>\n<p><span style=\"color: #000000\">S\u1ea3n ph\u1ea9m sau c\u00f3 th\u1ec3 cho v\u1eadt nu\u00f4i d\u00f9ng ngay ho\u1eb7c tr\u1ed9n b\u1ed9t c\u00e1m \u0111\u1ec3 t\u1ea1o ra th\u1ee9c \u0103n h\u1ed7n h\u1ee3p, t\u1ed1i \u01b0u h\u00f3a quy tr\u00ecnh ch\u0103n nu\u00f4i v\u00e0 n\u00e2ng cao hi\u1ec7u qu\u1ea3 kinh doanh<\/span><\/p>\n<h2><span style=\"color: #000000\">C\u1ea5u t\u1ea1o m\u00e1y \u0111\u00f9n c\u00e1m \u2013 c\u00e1 c\u00f4ng nghi\u1ec7p<\/span><\/h2>\n<p><span style=\"color: #000000\">Thu\u1ed9c d\u00f2ng m\u00e1y c\u00f4ng nghi\u1ec7p, v\u1edbi ph\u1ea7n k\u1ebft c\u1ea5u m\u00e1y \u0111\u01b0\u1ee3c h\u00e0n g\u1eafn ch\u1eafc ch\u1eafn kh\u00f4ng g\u00e2y rung l\u1eafc trong qu\u00e1 tr\u00ecnh nghi\u1ec1n<\/span><\/p>\n<p><img loading=\"lazy\" decoding=\"async\" class=\"aligncenter wp-image-10379 size-full\" src=\"https:\/\/congtybinhminh.com\/wp-content\/uploads\/2020\/04\/cau-tao-may-dun-ca-cong-nghiep_result222.webp\" alt=\"cau-tao-may-dun-ca-cong-nghiep_result222\" width=\"800\" height=\"662\" srcset=\"https:\/\/congtybinhminh.com\/wp-content\/uploads\/2020\/04\/cau-tao-may-dun-ca-cong-nghiep_result222.webp 800w, https:\/\/congtybinhminh.com\/wp-content\/uploads\/2020\/04\/cau-tao-may-dun-ca-cong-nghiep_result222-483x400.webp 483w, https:\/\/congtybinhminh.com\/wp-content\/uploads\/2020\/04\/cau-tao-may-dun-ca-cong-nghiep_result222-768x636.webp 768w, https:\/\/congtybinhminh.com\/wp-content\/uploads\/2020\/04\/cau-tao-may-dun-ca-cong-nghiep_result222-510x422.webp 510w\" sizes=\"auto, (max-width: 800px) 100vw, 800px\" \/><\/p>\n<p><span style=\"color: #000000\">C\u1ea5u t\u1ea1o m\u00e1y g\u1ed3m toa n\u1ea1p, tr\u1ee5c xo\u1eafn \u00e9p, m\u1eb7t s\u00e0ng; \u0111\u1ed9ng c\u01a1, khung m\u00e1y v\u00e0 4 b\u00e1nh xe \u0111\u01b0\u1ee3c l\u1eafp \u0111\u1eb7t ph\u00eda d\u01b0\u1edbi ch\u00e2n m\u00e1y\u00a0<\/span><\/p>\n<p><span style=\"color: #000000\">Toa n\u1ea1p \u0111\u01b0\u1ee3c thi\u1ebft k\u1ebf d\u1ea1ng m\u00e1ng l\u1edbn c\u00f3 th\u1ec3 ch\u1ee9a nhi\u1ec1u nguy\u00ean li\u1ec7u h\u01a1n, thu\u1eadn ti\u1ec7n cho nguy\u00ean li\u1ec7u v\u00e0o tr\u1ee5c xo\u1eafn nghi\u1ec1n<\/span><\/p>\n<p><span style=\"color: #000000\">\u0110\u1ea7u d\u00f9n \u0111\u01b0\u1ee3c thi\u1ebft k\u1ebf kh\u1ecfe k\u1ebft h\u1ee3p c\u00f9ng 3 m\u1eb7t s\u00e0ng t\u00f9y nhu c\u1ea7u ng\u01b0\u1eddi d\u00f9ng l\u1eafp \u0111\u1eb7t ( s\u00e0ng 6ly; 8ly; 10 ly)<\/span><\/p>\n<p><img loading=\"lazy\" decoding=\"async\" class=\"aligncenter wp-image-10381 size-full\" src=\"https:\/\/congtybinhminh.com\/wp-content\/uploads\/2020\/04\/truc-xoan-may-dun-ca-copy_result222.webp\" alt=\"truc-xoan-may-dun-ca copy_result222\" width=\"800\" height=\"1188\" srcset=\"https:\/\/congtybinhminh.com\/wp-content\/uploads\/2020\/04\/truc-xoan-may-dun-ca-copy_result222.webp 800w, https:\/\/congtybinhminh.com\/wp-content\/uploads\/2020\/04\/truc-xoan-may-dun-ca-copy_result222-269x400.webp 269w, https:\/\/congtybinhminh.com\/wp-content\/uploads\/2020\/04\/truc-xoan-may-dun-ca-copy_result222-539x800.webp 539w, https:\/\/congtybinhminh.com\/wp-content\/uploads\/2020\/04\/truc-xoan-may-dun-ca-copy_result222-768x1140.webp 768w, https:\/\/congtybinhminh.com\/wp-content\/uploads\/2020\/04\/truc-xoan-may-dun-ca-copy_result222-510x757.webp 510w\" sizes=\"auto, (max-width: 800px) 100vw, 800px\" \/><\/p>\n<p><span style=\"color: #000000\">M\u00e1y \u0111\u00f9n c\u00e1 c\u00f4ng nghi\u1ec7p 3 pha s\u1eed d\u1ee5ng \u0111\u1ed9ng c\u01a1 7,5kw motor l\u00f5i d\u00e2y \u0111\u1ed3ng 100% cho n\u0103ng su\u1ea5t cao<\/span><\/p>\n<h2><span style=\"color: #000000\">Nh\u1eefng \u01b0u \u0111i\u1ec3m khi d\u00f9ng m\u00e1y \u0111\u00f9n c\u00e1 c\u00f4ng nghi\u1ec7p 7,5kw<\/span><\/h2>\n<p><span style=\"color: #000000\">Qu\u00e1 tr\u00ecnh nghi\u1ec1n t\u1ef1 \u0111\u1ed9ng, vi\u1ec7c \u1ee9ng d\u1ee5ng m\u00e1y \u0111\u00f9n c\u00e1 c\u00f4ng nghi\u1ec7p v\u00e0 ch\u0103n nu\u00f4i mang l\u1ea1i nhi\u1ec1u l\u1ee3i \u00edch cho ng\u01b0\u1eddi d\u00f9ng:\u00a0<\/span><\/p>\n<p><img loading=\"lazy\" decoding=\"async\" class=\"alignnone size-medium wp-image-10382\" src=\"https:\/\/congtybinhminh.com\/wp-content\/uploads\/2020\/04\/may-dun-xuong-ga_result222-697x400.webp\" alt=\"may-dun-xuong-ga_result222\" width=\"697\" height=\"400\" srcset=\"https:\/\/congtybinhminh.com\/wp-content\/uploads\/2020\/04\/may-dun-xuong-ga_result222-697x400.webp 697w, https:\/\/congtybinhminh.com\/wp-content\/uploads\/2020\/04\/may-dun-xuong-ga_result222-768x441.webp 768w, https:\/\/congtybinhminh.com\/wp-content\/uploads\/2020\/04\/may-dun-xuong-ga_result222-510x293.webp 510w, https:\/\/congtybinhminh.com\/wp-content\/uploads\/2020\/04\/may-dun-xuong-ga_result222.webp 800w\" sizes=\"auto, (max-width: 697px) 100vw, 697px\" \/><\/p>\n<ul>\n<li><span style=\"color: #000000\">Ch\u1ee7 \u0111\u1ed9ng t\u1ef1 l\u00e0m th\u1ee9c \u0103n cho v\u1eadt nu\u00f4i ngay t\u1ea1i nh\u00e0 thay v\u00ec mua ngo\u00e0i v\u1edbi gi\u00e1 cao<\/span><\/li>\n<li>T\u1eadn d\u1ee5ng nguy\u00ean li\u1ec7u s\u1eb5n c\u00f3 t\u1ed1i \u01b0u h\u00f3a quy tr\u00ecnh s\u1ea3n xu\u1ea5t<\/li>\n<li>\u0110a t\u00ednh n\u0103ng, m\u00e1y v\u1eeba c\u00f3 th\u1ec3 xay nhuy\u1ec5n cua, c\u00e1, \u1ed1c, x\u01b0\u01a1ng g\u00e0.. m\u00e0 c\u00f2n c\u00f3 th\u1ec3 \u0111\u00f9n h\u1ed7n h\u1ee3p b\u1ed9t c\u00e1m th\u00e0nh d\u1ea1ng vi\u00ean l\u00e0m th\u1ee9c \u0103n cho gia s\u00fac &#8211; gia c\u1ea7m<\/li>\n<\/ul>\n<h2>\u0110\u1ecba ch\u1ec9 mua m\u00e1y \u0111\u00f9n c\u00e1 gi\u00e1 g\u1ed1c t\u1ea1i x\u01b0\u1edfng<\/h2>\n<p>C\u00f4ng ty B\u00ecnh Minh \u0111\u01a1n v\u1ecb chuy\u00ean s\u1ea3n xu\u1ea5t v\u00e0 cung c\u1ea5p m\u00e1y n\u00f4ng nghi\u1ec7p s\u1ed1 1 Vi\u1ec7t Nam v\u1edbi h\u01a1n 30 n\u0103m kinh nghi\u1ec7m trong l\u0129nh v\u1ef1c c\u01a1 kh\u00ed<\/p>\n<p><img loading=\"lazy\" decoding=\"async\" class=\"aligncenter wp-image-10383 size-full\" src=\"https:\/\/congtybinhminh.com\/wp-content\/uploads\/2020\/04\/dia-chi-mua-may-dun-ca_result222.webp\" alt=\"dia-chi-mua-may-dun-ca_result222\" width=\"800\" height=\"609\" srcset=\"https:\/\/congtybinhminh.com\/wp-content\/uploads\/2020\/04\/dia-chi-mua-may-dun-ca_result222.webp 800w, https:\/\/congtybinhminh.com\/wp-content\/uploads\/2020\/04\/dia-chi-mua-may-dun-ca_result222-525x400.webp 525w, https:\/\/congtybinhminh.com\/wp-content\/uploads\/2020\/04\/dia-chi-mua-may-dun-ca_result222-768x585.webp 768w, https:\/\/congtybinhminh.com\/wp-content\/uploads\/2020\/04\/dia-chi-mua-may-dun-ca_result222-510x388.webp 510w\" sizes=\"auto, (max-width: 800px) 100vw, 800px\" \/><\/p>\n<p>\u0110\u1ec3 \u0111\u1eb7t mua h\u00e0ng ch\u00ednh h\u00e3ng, b\u00e0 con c\u00f3 th\u1ec3 \u0111\u1ebfn tr\u1ee5 s\u1edf g\u1ea7n nh\u1ea5t c\u1ee7a c\u00f4ng ty \u0111\u1ec3 xem v\u00e0 \u0111\u1eb7t mua h\u00e0ng:<\/p>\n<ul>\n<li>Tr\u1ee5 s\u1edf ch\u00ednh: p. L\u00ea L\u1ee3i &#8211; Tx S\u01a1n T\u00e2y &#8211; H\u00e0 N\u1ed9i<\/li>\n<li>Chi nh\u00e1nh mi\u1ec1n Nam: x\u00e3 T\u00e2n Ki\u00ean &#8211; H. B\u00ecnh Ch\u00e1nh &#8211; Tp H\u1ed3 Ch\u00ed Minh<\/li>\n<\/ul>\n<p>Khi \u0111\u1ebfn \u0111\u00e2y, b\u00e0 con s\u1ebd \u0111\u01b0\u1ee3c tr\u1ea3i nghi\u1ec7m v\u1eadn h\u00e0nh m\u00e1y d\u01b0\u1edbi s\u1ef1 h\u01b0\u1edbng d\u1eabn c\u1ee7a \u0111\u1ed9i ng\u0169 k\u1ef9 thu\u1eadt<\/p>\n<p>\u0110\u1ed1i v\u1edbi b\u00e0 con \u1edf xa, c\u00f3 th\u1ec3 li\u00ean h\u1ec7 t\u1edbi s\u1ed1 \u0111i\u1ec7n tho\u1ea1i tr\u00ean website ho\u1eb7c \u0111\u1ec3 l\u1ea1i l\u1eddi nh\u1eafn \u0111\u1ed9i ng\u0169 t\u01b0 v\u1ea5n s\u1ebd li\u00ean h\u1ec7 b\u00e0 con trong th\u1eddi gian s\u1edbm nh\u1ea5t<\/p>\n<p><strong>Th\u00f4ng s\u1ed1 k\u1ef9 thu\u1eadt\u00a0<\/strong><\/p>\n<table style=\"font-weight: 400\">\n<tbody>\n<tr>\n<td rowspan=\"3\" width=\"248\">\u0110\u1ed9ng c\u01a1<\/td>\n<td width=\"196\">C\u00f4ng su\u1ea5t \u0111\u1ed9ng c\u01a1<\/td>\n<td width=\"194\">7.5KW<\/td>\n<\/tr>\n<tr>\n<td width=\"196\">Ngu\u1ed3n \u0111i\u1ec7n<\/td>\n<td width=\"194\">380 (V)<\/td>\n<\/tr>\n<tr>\n<td width=\"196\">T\u1ed1c \u0111\u1ed9<\/td>\n<td width=\"194\">1450( v\/p)<\/td>\n<\/tr>\n<tr>\n<td rowspan=\"2\" width=\"248\">Tr\u1ecdng l\u01b0\u1ee3ng m\u00e1y<\/td>\n<td width=\"196\">Nguy\u00ean b\u1ed9<\/td>\n<td width=\"194\">\u00a0 \u00a0150( kg)<\/td>\n<\/tr>\n<tr>\n<td width=\"196\">Kh\u00f4ng \u0111\u1ed9ng \u00a0c\u01a1<\/td>\n<td width=\"194\">\u00a0 \u00a080( kg)<\/td>\n<\/tr>\n<tr>\n<td rowspan=\"2\" width=\"248\">B\u1ea3o h\u00e0nh<\/td>\n<td width=\"196\">K\u1ef9 thu\u1eadt<\/td>\n<td width=\"194\">06\u00a0th\u00e1ng<\/td>\n<\/tr>\n<tr>\n<td width=\"196\">\u0110\u1ed9ng c\u01a1<\/td>\n<td width=\"194\">Theo t\u1eebng h\u00e3ng s\u1ea3n xu\u1ea5t<\/td>\n<\/tr>\n<tr>\n<td width=\"248\">N\u0103ng su\u1ea5t<\/td>\n<td colspan=\"2\" width=\"390\">400 &#8211; 600 kg\/h<\/td>\n<\/tr>\n<tr>\n<td width=\"248\">K\u00edch th\u01b0\u1edbc\u00a0 ( D * C * R )<\/td>\n<td colspan=\"2\" width=\"390\">118cm*68cm*66cm<\/td>\n<\/tr>\n<tr>\n<td width=\"248\">H\u00ecnh th\u1ee9c thanh to\u00e1n<\/td>\n<td colspan=\"2\" width=\"390\"><i><em><b><strong>Ti\u1ec1n m\u1eb7t ho\u1eb7c chuy\u1ec3n kho\u1ea3n<\/strong><\/b><\/em><\/i><\/td>\n<\/tr>\n<\/tbody>\n<\/table>\n","protected":false},"excerpt":{"rendered":"<ul>\n<li><strong>H\u00e3ng s\u1ea3n xu\u1ea5t:<\/strong> B\u00ecnh Minh<\/li>\n<li><strong>C\u00f4ng su\u1ea5t \u0111\u1ed9ng c\u01a1:<\/strong> 7,5kw<\/li>\n<li><strong>Ngu\u1ed3n \u0111i\u1ec7n:<\/strong> 380V<\/li>\n<li><strong>T\u1ed1c \u0111\u1ed9:<\/strong> 1450 v\u00f2ng\/ph\u00fat<\/li>\n<li><strong>N\u0103ng su\u1ea5t:<\/strong> 400 &#8211; 600 kg\/gi\u1edd<\/li>\n<li><strong>K\u00edch th\u01b0\u1edbc (d*c*r)<\/strong>: 118*68*66 cm<\/li>\n<li><strong>T\u00ednh n\u0103ng:<\/strong> m\u00e1y chuy\u00ean xay nghi\u1ec1n nhuy\u1ec5n c\u00e1c lo\u1ea1i cua, c\u00e1, \u1ed1c.. l\u00e0m th\u1ee9c \u0103n ch\u0103n nu\u00f4i<\/li>\n<\/ul>\n","protected":false},"featured_media":10961,"comment_status":"closed","ping_status":"closed","template":"","meta":[],"product_brand":[],"product_cat":[196],"product_tag":[127,129,128],"class_list":{"0":"post-4400","1":"product","2":"type-product","3":"status-publish","4":"has-post-thumbnail","6":"product_cat-may-dun-ca","7":"product_tag-may-dun-ca","8":"product_tag-may-dun-cam","9":"product_tag-may-dun-xuong","11":"first","12":"instock","13":"shipping-taxable","14":"product-type-simple"},"_links":{"self":[{"href":"https:\/\/congtybinhminh.com\/index.php?rest_route=\/wp\/v2\/product\/4400","targetHints":{"allow":["GET"]}}],"collection":[{"href":"https:\/\/congtybinhminh.com\/index.php?rest_route=\/wp\/v2\/product"}],"about":[{"href":"https:\/\/congtybinhminh.com\/index.php?rest_route=\/wp\/v2\/types\/product"}],"replies":[{"embeddable":true,"href":"https:\/\/congtybinhminh.com\/index.php?rest_route=%2Fwp%2Fv2%2Fcomments&post=4400"}],"wp:featuredmedia":[{"embeddable":true,"href":"https:\/\/congtybinhminh.com\/index.php?rest_route=\/wp\/v2\/media\/10961"}],"wp:attachment":[{"href":"https:\/\/congtybinhminh.com\/index.php?rest_route=%2Fwp%2Fv2%2Fmedia&parent=4400"}],"wp:term":[{"taxonomy":"product_brand","embeddable":true,"href":"https:\/\/congtybinhminh.com\/index.php?rest_route=%2Fwp%2Fv2%2Fproduct_brand&post=4400"},{"taxonomy":"product_cat","embeddable":true,"href":"https:\/\/congtybinhminh.com\/index.php?rest_route=%2Fwp%2Fv2%2Fproduct_cat&post=4400"},{"taxonomy":"product_tag","embeddable":true,"href":"https:\/\/congtybinhminh.com\/index.php?rest_route=%2Fwp%2Fv2%2Fproduct_tag&post=4400"}],"curies":[{"name":"wp","href":"https:\/\/api.w.org\/{rel}","templated":true}]}}