{"id":413,"date":"2019-11-01T16:03:23","date_gmt":"2019-11-01T09:03:23","guid":{"rendered":"https:\/\/congtybinhminh.com\/?post_type=product&#038;p=413"},"modified":"2025-07-12T07:43:56","modified_gmt":"2025-07-12T00:43:56","slug":"may-loc-dau","status":"publish","type":"product","link":"https:\/\/congtybinhminh.com\/?product=may-loc-dau","title":{"rendered":"M\u00e1y L\u1ecdc D\u1ea7u"},"content":{"rendered":"<h2><strong>Video ho\u1ea1t \u0111\u1ed9ng c\u1ee7a m\u00e1y<\/strong><\/h2>\n<p><iframe loading=\"lazy\" title=\"B\u1ed9 \u0110\u00f4i S\u1ea3n Xu\u1ea5t D\u1ea7u L\u1ea1c S\u1ea1ch Cho C\u00e1c H\u1ed9 Kinh Doanh V\u1edbi Kinh Ph\u00ed \u0110\u1ea7u T\u01b0 Th\u1ea5p\" width=\"1020\" height=\"574\" src=\"https:\/\/www.youtube.com\/embed\/9oO8azSk_9g?feature=oembed\" frameborder=\"0\" allow=\"accelerometer; autoplay; clipboard-write; encrypted-media; gyroscope; picture-in-picture; web-share\" referrerpolicy=\"strict-origin-when-cross-origin\" allowfullscreen><\/iframe><\/p>\n<h2><strong>Gi\u1edbi thi\u1ec7u m\u00e1y l\u1ecdc d\u1ea7u th\u1ef1c v\u1eadt<\/strong><\/h2>\n<p><span style=\"color: #000000\">M\u00e1y l\u1ecdc d\u1ea7u th\u1ef1c v\u1eadt c\u1ee7a c\u00f4ng ty B\u00ecnh Minh l\u00e0 m\u1ed9t trong nh\u1eefng thi\u1ebft b\u1ecb quan tr\u1ecdng trong d\u00e2y chuy\u1ec1n s\u1ea3n xu\u1ea5t d\u1ea7u \u0103n s\u1ea1ch.<\/span><\/p>\n<p><img loading=\"lazy\" decoding=\"async\" class=\"size-full wp-image-7282 aligncenter\" src=\"https:\/\/congtybinhminh.com\/wp-content\/uploads\/2019\/11\/may-loc-dau-thuc-vat.jpg\" alt=\"may-loc-dau-thuc-vat\" width=\"800\" height=\"600\" srcset=\"https:\/\/congtybinhminh.com\/wp-content\/uploads\/2019\/11\/may-loc-dau-thuc-vat.jpg 800w, https:\/\/congtybinhminh.com\/wp-content\/uploads\/2019\/11\/may-loc-dau-thuc-vat-510x383.jpg 510w, https:\/\/congtybinhminh.com\/wp-content\/uploads\/2019\/11\/may-loc-dau-thuc-vat-533x400.jpg 533w, https:\/\/congtybinhminh.com\/wp-content\/uploads\/2019\/11\/may-loc-dau-thuc-vat-768x576.jpg 768w\" sizes=\"auto, (max-width: 800px) 100vw, 800px\" \/><\/p>\n<p><span style=\"color: #000000\">M\u00e1y c\u00f3 nhi\u1ec7m v\u1ee5 l\u1ecdc nhanh, s\u1ea1ch v\u00e0 cho ra th\u00e0nh ph\u1ea9m d\u1ea7u v\u00e0ng \u00f3ng, cho n\u0103ng su\u1ea5t cao.<\/span><\/p>\n<h2><img loading=\"lazy\" decoding=\"async\" class=\"aligncenter wp-image-10890 size-full\" src=\"https:\/\/congtybinhminh.com\/wp-content\/uploads\/2019\/11\/quy-trinh-loc-dau_result222.webp\" alt=\"quy-trinh-loc-dau_result222\" width=\"800\" height=\"1014\" srcset=\"https:\/\/congtybinhminh.com\/wp-content\/uploads\/2019\/11\/quy-trinh-loc-dau_result222.webp 800w, https:\/\/congtybinhminh.com\/wp-content\/uploads\/2019\/11\/quy-trinh-loc-dau_result222-316x400.webp 316w, https:\/\/congtybinhminh.com\/wp-content\/uploads\/2019\/11\/quy-trinh-loc-dau_result222-631x800.webp 631w, https:\/\/congtybinhminh.com\/wp-content\/uploads\/2019\/11\/quy-trinh-loc-dau_result222-768x973.webp 768w, https:\/\/congtybinhminh.com\/wp-content\/uploads\/2019\/11\/quy-trinh-loc-dau_result222-510x646.webp 510w\" sizes=\"auto, (max-width: 800px) 100vw, 800px\" \/><\/h2>\n<ul>\n<li><span style=\"color: #000000\">M\u00e1y s\u1eed d\u1ee5ng d\u00f2ng \u0111i\u1ec7n 220V, cho n\u0103ng su\u1ea5t 8 \u2013 10 l\u00edt\/ gi\u1edd.<\/span><\/li>\n<li><span style=\"color: #000000\">M\u00e1y \u0111\u01b0\u1ee3c thi\u1ebft k\u1ebf nh\u1ecf g\u1ecdn, d\u1ec5 d\u00e0ng di chuy\u1ec3n nh\u1edd 4 b\u00e1nh xe.<\/span><\/li>\n<li><span style=\"color: #000000\">H\u1ec7 th\u1ed1ng l\u1ecdc kh\u00ed n\u00e9n gi\u00fap m\u00e1y l\u1ecdc nhanh, ti\u1ebft ki\u1ec7m th\u1eddi gian v\u00e0 c\u00f4ng s\u1ee9c.<\/span><\/li>\n<\/ul>\n<h2><span style=\"color: #000000\"><strong><span id=\"Cau_tao\" class=\"ez-toc-section\">C\u1ea5u t\u1ea1o:\u00a0<\/span><\/strong><\/span><\/h2>\n<p><span style=\"color: #000000\">Bu\u1ed3ng l\u1ecdc d\u1ea7u r\u1ed9ng r\u00e3i, c\u00f3 th\u1ec3 ch\u01b0a \u0111\u01b0\u1ee3c nhi\u1ec1u l\u01b0\u1ee3ng d\u1ea7u c\u1ea7n s\u00e0ng l\u1ecdc nh\u01b0: d\u1ea7u l\u1ea1c, d\u1ea7u v\u1eebng, d\u1ea7u g\u1ea5c, d\u1ea7u \u0111\u1eadu t\u01b0\u01a1ng,..<\/span><\/p>\n<p><img loading=\"lazy\" decoding=\"async\" class=\"aligncenter wp-image-10891 size-full\" src=\"https:\/\/congtybinhminh.com\/wp-content\/uploads\/2019\/11\/luoi-loc-dau_result222.webp\" alt=\"luoi-loc-dau_result222\" width=\"800\" height=\"634\" srcset=\"https:\/\/congtybinhminh.com\/wp-content\/uploads\/2019\/11\/luoi-loc-dau_result222.webp 800w, https:\/\/congtybinhminh.com\/wp-content\/uploads\/2019\/11\/luoi-loc-dau_result222-505x400.webp 505w, https:\/\/congtybinhminh.com\/wp-content\/uploads\/2019\/11\/luoi-loc-dau_result222-768x609.webp 768w, https:\/\/congtybinhminh.com\/wp-content\/uploads\/2019\/11\/luoi-loc-dau_result222-510x404.webp 510w\" sizes=\"auto, (max-width: 800px) 100vw, 800px\" \/><\/p>\n<p><span style=\"color: #000000\">M\u00e1y \u0111\u01b0\u1ee3c thi\u1ebft k\u1ebf 6 tay kh\u00f3a ch\u1eafc ch\u1eafn c\u00f9ng van x\u1ea3 kh\u00ed gi\u00fap cho kh\u00f4ng kh\u00ed b\u00ean ngo\u00e0i kh\u00f4ng th\u1ec3 l\u01b0u th\u00f4ng v\u00e0o bu\u1ed3ng l\u00e0m vi\u1ec7c khi m\u00e1y \u0111ang ho\u1ea1t \u0111\u1ed9ng v\u00e0 \u0111\u1ea9y l\u01b0\u1ee3ng d\u1ea7u ra ngo\u00e0i \u1ed1ng x\u1ea3 th\u00e0nh ph\u1ea9m.<\/span><\/p>\n<p><span style=\"color: #000000\">H\u1ec7 th\u1ed1ng b\u01a1m h\u01a1i c\u00f3 t\u00e1c d\u1ee5ng \u0111i\u1ec1u ch\u1ec9nh t\u0103ng \u00e1p su\u1ea5t, sau \u0111\u00f3 n\u00e9n kh\u00ed \u0111\u1ea9y l\u01b0\u1ee3ng d\u1ea7u qua m\u00e0ng l\u1ecdc ( \u0111\u1ec3 l\u1ecdc s\u1ea1ch m\u1ecdi c\u1eb7n b\u00e3 cho ra th\u00e0nh ph\u1ea9m l\u00e0 l\u01b0\u1ee3ng d\u1ea7u trong, m\u00e0u s\u1eafc v\u00e0ng \u00f3ng, \u0111\u1eb9p m\u1eaft).<\/span><\/p>\n<h2><span style=\"color: #000000\"><strong><em>V\u00ec sao n\u00ean l\u1ef1a ch\u1ecdn m\u00e1y l\u1ecdc d\u1ea7u th\u1ef1c v\u1eadt c\u1ee7a C\u00f4ng ty B\u00ecnh Minh<\/em><\/strong><\/span><\/h2>\n<p><span style=\"color: #000000\">Khi s\u1eed d\u1ee5ng m\u00e1y \u00e9p, s\u1ea3n l\u01b0\u1ee3ng d\u1ea7u ra r\u1ea5t nhi\u1ec1u, nh\u01b0ng mu\u1ed1n l\u1ecdc b\u1ecf h\u1ebft t\u1ea1p ch\u1ea5t th\u00ec c\u1ea7n s\u1eed d\u1ee5ng \u0111\u1ebfn m\u00e1y l\u1ecdc d\u1ea7u, nh\u01b0 v\u1eady s\u1ea3n ph\u1ea9m d\u1ea7u ra s\u1ebd \u0111\u1ea3m b\u1ea3o \u0111\u01b0\u1ee3c ch\u1ea5t l\u01b0\u1ee3ng \u0111\u1ed1i v\u1edbi ng\u01b0\u1eddi s\u1eed d\u1ee5ng<\/span><\/p>\n<p><span style=\"color: #000000\">D\u1ea7u sau khi l\u1ecdc c\u00f3 th\u1ec3 \u0111\u01b0a v\u00e0o \u0111\u1ec3 ch\u1ebf bi\u1ebfn th\u1ee9c \u0103n, quan tr\u1ecdng h\u01a1n d\u1ea7u khi l\u1ecdc s\u1ebd kh\u00f4ng b\u1ecb kh\u00e9t c\u0169ng nh\u01b0 b\u1ecb ch\u00e1y \u0111en gi\u1ed1ng nh\u01b0 nh\u1eefng lo\u1ea1i d\u1ea7u \u0111ang b\u00e1n tr\u00ean th\u1ecb tr\u01b0\u1eddng<\/span><\/p>\n<p><img loading=\"lazy\" decoding=\"async\" class=\"aligncenter wp-image-10893 size-full\" src=\"https:\/\/congtybinhminh.com\/wp-content\/uploads\/2019\/11\/bo-loc-dau_result222.webp\" alt=\"bo-loc-dau_result222\" width=\"800\" height=\"800\" srcset=\"https:\/\/congtybinhminh.com\/wp-content\/uploads\/2019\/11\/bo-loc-dau_result222.webp 800w, https:\/\/congtybinhminh.com\/wp-content\/uploads\/2019\/11\/bo-loc-dau_result222-400x400.webp 400w, https:\/\/congtybinhminh.com\/wp-content\/uploads\/2019\/11\/bo-loc-dau_result222-280x280.webp 280w, https:\/\/congtybinhminh.com\/wp-content\/uploads\/2019\/11\/bo-loc-dau_result222-768x768.webp 768w, https:\/\/congtybinhminh.com\/wp-content\/uploads\/2019\/11\/bo-loc-dau_result222-247x247.webp 247w, https:\/\/congtybinhminh.com\/wp-content\/uploads\/2019\/11\/bo-loc-dau_result222-510x510.webp 510w, https:\/\/congtybinhminh.com\/wp-content\/uploads\/2019\/11\/bo-loc-dau_result222-100x100.webp 100w\" sizes=\"auto, (max-width: 800px) 100vw, 800px\" \/><\/p>\n<p><span style=\"color: #000000\"><em><strong>N\u0103ng su\u1ea5<\/strong>t<\/em>\u00a0: m\u00e1y l\u1ecdc d\u1ea7u cho n\u0103ng su\u1ea5t 8-10 lit\/h, s\u1eed d\u1ee5ng 220V ph\u00f9 h\u1ee3p cho t\u1ea5t c\u1ea3 c\u00e1c h\u1ed9 gia \u0111\u00ecnh<\/span><\/p>\n<p><span style=\"color: #000000\"><strong><em>Ni\u1ec1m tin<\/em><\/strong>\u00a0: v\u1edbi m\u1ed9t s\u1ea3n ph\u1ea9m c\u1ee7a C\u00f4ng ty, ch\u00fang t\u00f4i lu\u00f4n c\u1ed1 g\u1eafng h\u1ebft m\u00ecnh \u0111\u1ec3 t\u1ea1o n\u00ean m\u1ed9t s\u1ea3n ph\u1ea9m \u01b0u vi\u1ec7t cho kh\u00e1ch h\u00e0ng. V\u1edbi \u0111\u1ed9i ng\u0169 k\u1ef9 thu\u1eadt gi\u1ecfi chuy\u00ean m\u00f4n v\u00e0 gi\u00e0u kinh nghi\u1ec7m, c\u00f9ng h\u1ec7 th\u1ed1ng m\u00e1y m\u00f3c s\u1ea3n xu\u1ea5t tr\u00ean d\u00e2y truy\u1ec1n hi\u1ec7n \u0111\u1ea1i, ch\u00fang t\u00f4i tin r\u1eb1ng b\u00e0 con c\u00f3 th\u1ec3 an t\u00e2m khi s\u1eed d\u1ee5ng s\u1ea3n ph\u1ea9m c\u1ee7a C\u00f4ng ty<\/span><\/p>\n<p><img loading=\"lazy\" decoding=\"async\" class=\"aligncenter wp-image-10895 size-full\" src=\"https:\/\/congtybinhminh.com\/wp-content\/uploads\/2019\/11\/binh-nen-khi_result222.webp\" alt=\"binh-nen-khi_result222\" width=\"800\" height=\"476\" srcset=\"https:\/\/congtybinhminh.com\/wp-content\/uploads\/2019\/11\/binh-nen-khi_result222.webp 800w, https:\/\/congtybinhminh.com\/wp-content\/uploads\/2019\/11\/binh-nen-khi_result222-672x400.webp 672w, https:\/\/congtybinhminh.com\/wp-content\/uploads\/2019\/11\/binh-nen-khi_result222-768x457.webp 768w, https:\/\/congtybinhminh.com\/wp-content\/uploads\/2019\/11\/binh-nen-khi_result222-510x303.webp 510w\" sizes=\"auto, (max-width: 800px) 100vw, 800px\" \/><\/p>\n<p><span style=\"color: #000000\"><strong><em>H\u1ed7 tr\u1ee3 sau b\u00e1n h\u00e0ng<\/em><\/strong>\u00a0: \u0111\u1ed1i v\u1edbi m\u1ed7i s\u1ea3n ph\u1ea9m \u0111\u1ec1u c\u1ea7n \u0111\u01b0\u1ee3c b\u1ea3o tr\u00ec, b\u1ea3o d\u01b0\u1ee1ng. V\u00ec v\u1eady \u0111\u1ecba \u0111i\u1ec3m uy t\u00edn l\u00e0 n\u01a1i c\u00f3 \u0111\u1ed9i ng\u0169 k\u1ef9 thu\u1eadt v\u1eefng tay ngh\u1ec1 c\u00f3 th\u1ec3 s\u1eb3n s\u00e0ng gi\u1ea3i quy\u1ebft nh\u1eefng kh\u00fac m\u1eafc c\u1ee7a kh\u00e1ch h\u00e0ng m\u1ed9t c\u00e1ch nhanh nh\u1ea5t<\/span><\/p>\n<h2><strong><span style=\"color: #000000\">Th\u00f4ng s\u1ed1 k\u1ef9 thu\u1eadt<\/span><\/strong><\/h2>\n<table>\n<tbody>\n<tr>\n<td rowspan=\"1\" width=\"274\"><span style=\"color: #000000\">Ngu\u1ed3n \u0111i\u1ec7n<\/span><\/td>\n<td colspan=\"2\" rowspan=\"1\" width=\"214\"><span style=\"color: #000000\">220V<\/span><\/td>\n<\/tr>\n<tr>\n<td rowspan=\"1\" width=\"274\"><span style=\"color: #000000\">Tr\u1ecdng l\u01b0\u1ee3ng m\u00e1y<\/span><\/td>\n<td width=\"214\"><span style=\"color: #000000\">Nguy\u00ean b\u1ed9<\/span><\/td>\n<td width=\"213\"><span style=\"color: #000000\">(67kg)<\/span><\/td>\n<\/tr>\n<tr>\n<td width=\"274\"><span style=\"color: #000000\">N\u0103ng su\u1ea5t<\/span><\/td>\n<td colspan=\"2\" width=\"427\"><span style=\"color: #000000\">\u00a08-10 l\u00edt\/h<\/span><\/td>\n<\/tr>\n<tr>\n<td width=\"274\"><span style=\"color: #000000\">K\u00edch th\u01b0\u1edbc ( D * C * R )<\/span><\/td>\n<td colspan=\"2\" width=\"427\"><span style=\"color: #000000\">:50*95*60cm<\/span><\/td>\n<\/tr>\n<tr>\n<td width=\"274\"><span style=\"color: #000000\">B\u1ea3o h\u00e0nh<\/span><\/td>\n<td colspan=\"2\" width=\"427\"><span style=\"color: #000000\">6 th\u00e1ng\u00a0<\/span><\/td>\n<\/tr>\n<\/tbody>\n<\/table>\n<h2><span id=\"Cam_ket_ve_gia_va_Chinh_sach_bao_hanh\" class=\"ez-toc-section\" style=\"color: #000000\"><strong>Cam k\u1ebft v\u1ec1 gi\u00e1 v\u00e0 Ch\u00ednh s\u00e1ch b\u1ea3o h\u00e0nh<\/strong><\/span><\/h2>\n<p><span style=\"color: #000000\">M\u00e1y do c\u00f4ng ty tr\u1ef1c ti\u1ebfp ch\u1ebf t\u1ea1o v\u00e0 s\u1ea3n xu\u1ea5t t\u1ea1i x\u01b0\u1edfng, kh\u00f4ng qua trung gian, \u0111\u1ea3m b\u1ea3o gi\u00e1 r\u1ebb nh\u1ea5t, ch\u1ea5t l\u01b0\u1ee3ng t\u1ed1t nh\u1ea5t, b\u1ea3o h\u00e0nh thu\u1eadn ti\u1ec7n nh\u1ea5t.<\/span><\/p>\n<p><img loading=\"lazy\" decoding=\"async\" class=\"aligncenter wp-image-10894 size-full\" src=\"https:\/\/congtybinhminh.com\/wp-content\/uploads\/2019\/11\/day-chuyen-ep-dau-lac_result222.webp\" alt=\"day-chuyen-ep-dau-lac_result222\" width=\"800\" height=\"574\" srcset=\"https:\/\/congtybinhminh.com\/wp-content\/uploads\/2019\/11\/day-chuyen-ep-dau-lac_result222.webp 800w, https:\/\/congtybinhminh.com\/wp-content\/uploads\/2019\/11\/day-chuyen-ep-dau-lac_result222-557x400.webp 557w, https:\/\/congtybinhminh.com\/wp-content\/uploads\/2019\/11\/day-chuyen-ep-dau-lac_result222-768x551.webp 768w, https:\/\/congtybinhminh.com\/wp-content\/uploads\/2019\/11\/day-chuyen-ep-dau-lac_result222-510x366.webp 510w\" sizes=\"auto, (max-width: 800px) 100vw, 800px\" \/><\/p>\n<p><span style=\"color: #000000\">\u0110\u1ed9i ng\u0169 k\u1ef9 thu\u1eadt c\u00f3 tr\u00ecnh \u0111\u1ed9 chuy\u00ean m\u00f4n cao, s\u1eb5n s\u00e0ng h\u1ed7 tr\u1ee3 k\u1ef9 thu\u1eadt t\u1eadn t\u00ecnh v\u00e0 tr\u1ecdn \u0111\u1eddi.<\/span><\/p>\n<p><span style=\"color: #000000\">B\u1ea3o h\u00e0nh t\u1ea1i c\u00f4ng ty 12 th\u00e1ng cho tr\u01b0\u1eddng h\u1ee3p m\u00e1y l\u1ed7i k\u1ef9 thu\u1eadt do c\u00f4ng ty s\u1ea3n xu\u1ea5t. H\u1ebft th\u1eddi gian n\u00e0y t\u01b0 v\u1ea5n k\u1ef9 thu\u1eadt tr\u1ecdn \u0111\u1eddi s\u1ea3n ph\u1ea9m.<\/span><\/p>\n<h2><span id=\"Huong_dan_mua_hang\" class=\"ez-toc-section\" style=\"color: #000000\"><strong>H\u01b0\u1edbng d\u1eabn mua h\u00e0ng<\/strong><\/span><\/h2>\n<p><span style=\"color: #000000\">Kh\u00e1ch h\u00e0ng \u0111\u1ebfn c\u00f4ng ty mua m\u00e1y v\u00e0 thanh to\u00e1n tr\u1ef1c ti\u1ebfp b\u1eb1ng ti\u1ec1n m\u1eb7t.<\/span><\/p>\n<p><span style=\"color: #000000\">\u0110\u1ed1i v\u1edbi nh\u1eefng kh\u00e1ch h\u00e0ng \u1edf xa, C\u00f4ng ty s\u1ebd h\u01b0\u1edbng d\u1eabn mua h\u00e0ng v\u00e0 h\u1ed7 tr\u1ee3 giao h\u00e0ng to\u00e0n qu\u1ed1c. Qu\u00fd kh\u00e1ch vui l\u00f2ng chuy\u1ec3n kho\u1ea3n \u0111\u1eb7t c\u1ecdc, s\u1ed1 ti\u1ec1n m\u00e1y c\u00f2n l\u1ea1i s\u1ebd thanh to\u00e1n tr\u1ef1c ti\u1ebfp cho \u0111\u01a1n v\u1ecb v\u1eadn chuy\u1ec3n.<\/span><\/p>\n","protected":false},"excerpt":{"rendered":"<ul>\n<li><span style=\"color: #000000\"><strong>H\u00e3ng s\u1ea3n xu\u1ea5t :<\/strong>\u00a0B\u00ecnh Minh<\/span><\/li>\n<li><span style=\"color: #000000\"><strong>\u0110i\u1ec7n n\u0103ng :<\/strong>\u00a0220V<\/span><\/li>\n<li><span style=\"color: #000000\"><strong>N\u0103ng su\u1ea5t :<\/strong>\u00a08 \u2013 10 l\u00edt\/gi\u1edd<\/span><\/li>\n<li><span style=\"color: #000000\"><strong>K\u00edch th\u01b0\u1edbc<\/strong>\u00a0:\u00a050*95*60cm<\/span><\/li>\n<li><span style=\"color: #000000\"><strong>T\u00ednh n\u0103ng :<\/strong>\u00a0M\u00e1y chuy\u00ean d\u00f9ng l\u1ecdc m\u1ecdi ch\u0103n b\u00e3 v\u00e0 cho ra l\u01b0\u1ee3ng d\u1ea7u s\u1ea1ch \u0111\u1ea1t chu\u1ea9n,<\/span><\/li>\n<\/ul>\n<p>&nbsp;<\/p>\n","protected":false},"featured_media":7278,"comment_status":"closed","ping_status":"closed","template":"","meta":[],"product_brand":[],"product_cat":[30],"product_tag":[165,166],"class_list":{"0":"post-413","1":"product","2":"type-product","3":"status-publish","4":"has-post-thumbnail","6":"product_cat-may-loc-dau","7":"product_tag-may-loc-dau","8":"product_tag-may-loc-dau-binh-minh","10":"first","11":"instock","12":"shipping-taxable","13":"product-type-simple"},"_links":{"self":[{"href":"https:\/\/congtybinhminh.com\/index.php?rest_route=\/wp\/v2\/product\/413","targetHints":{"allow":["GET"]}}],"collection":[{"href":"https:\/\/congtybinhminh.com\/index.php?rest_route=\/wp\/v2\/product"}],"about":[{"href":"https:\/\/congtybinhminh.com\/index.php?rest_route=\/wp\/v2\/types\/product"}],"replies":[{"embeddable":true,"href":"https:\/\/congtybinhminh.com\/index.php?rest_route=%2Fwp%2Fv2%2Fcomments&post=413"}],"wp:featuredmedia":[{"embeddable":true,"href":"https:\/\/congtybinhminh.com\/index.php?rest_route=\/wp\/v2\/media\/7278"}],"wp:attachment":[{"href":"https:\/\/congtybinhminh.com\/index.php?rest_route=%2Fwp%2Fv2%2Fmedia&parent=413"}],"wp:term":[{"taxonomy":"product_brand","embeddable":true,"href":"https:\/\/congtybinhminh.com\/index.php?rest_route=%2Fwp%2Fv2%2Fproduct_brand&post=413"},{"taxonomy":"product_cat","embeddable":true,"href":"https:\/\/congtybinhminh.com\/index.php?rest_route=%2Fwp%2Fv2%2Fproduct_cat&post=413"},{"taxonomy":"product_tag","embeddable":true,"href":"https:\/\/congtybinhminh.com\/index.php?rest_route=%2Fwp%2Fv2%2Fproduct_tag&post=413"}],"curies":[{"name":"wp","href":"https:\/\/api.w.org\/{rel}","templated":true}]}}