{"id":399,"date":"2019-11-01T15:03:50","date_gmt":"2019-11-01T08:03:50","guid":{"rendered":"https:\/\/congtybinhminh.com\/?post_type=product&#038;p=399"},"modified":"2025-03-12T09:41:12","modified_gmt":"2025-03-12T02:41:12","slug":"may-ep-dau-da-nang","status":"publish","type":"product","link":"https:\/\/congtybinhminh.com\/?product=may-ep-dau-da-nang","title":{"rendered":"M\u00e1y \u00c9p D\u1ea7u \u0110a N\u0103ng"},"content":{"rendered":"<h2><span style=\"color: #000000\"><strong>Xem video tr\u1ef1c ti\u1ebfp<\/strong><\/span><\/h2>\n<p><iframe loading=\"lazy\" title=\"B\u00e0n Giao M\u00e1y \u00c9p D\u1ea7u M\u00e8 20-25Kg\/H B\u00ecnh Minh Theo L\u1ef1a Ch\u1ecdn Kh\u00e1ch H\u00e0ng\" width=\"1020\" height=\"574\" src=\"https:\/\/www.youtube.com\/embed\/Qs_fM1XzgtI?feature=oembed\" frameborder=\"0\" allow=\"accelerometer; autoplay; clipboard-write; encrypted-media; gyroscope; picture-in-picture; web-share\" referrerpolicy=\"strict-origin-when-cross-origin\" allowfullscreen><\/iframe><\/p>\n<p><span style=\"color: #000000\">C\u00f4ng ty b\u00ecnh minh gi\u1edbi thi\u1ec7u d\u00f2ng m\u00e1y \u00e9p d\u1ea7u n\u0103ng su\u1ea5t cao, c\u00f3 th\u1ec3 \u00e9p \u0111\u01b0\u1ee3c \u0111a d\u1ea1ng c\u00e1c nguy\u00ean li\u1ec7u nh\u01b0 l\u1ea1c, \u0111\u1eadu n\u00e0nh, v\u1eebng, g\u1ea5c, h\u1ea1nh nh\u00e2n, h\u1ea1t tr\u1ea9u,.. V\u1edbi n\u0103ng su\u1ea5t \u0111\u1ea1t t\u1eeb 20-25kg\/h gi\u00fap cho ng\u01b0\u1eddi dung ti\u1ebft ki\u1ec7m th\u1eddi gian trong qu\u00e1 tr\u00ecnh s\u1ea3n xu\u1ea5t.<\/span><\/p>\n<p><img loading=\"lazy\" decoding=\"async\" class=\"size-full wp-image-7271 aligncenter\" src=\"https:\/\/congtybinhminh.com\/wp-content\/uploads\/2019\/11\/may-ep-dau-1.jpg\" alt=\"may-ep-dau-1\" width=\"800\" height=\"574\" srcset=\"https:\/\/congtybinhminh.com\/wp-content\/uploads\/2019\/11\/may-ep-dau-1.jpg 800w, https:\/\/congtybinhminh.com\/wp-content\/uploads\/2019\/11\/may-ep-dau-1-510x366.jpg 510w, https:\/\/congtybinhminh.com\/wp-content\/uploads\/2019\/11\/may-ep-dau-1-557x400.jpg 557w, https:\/\/congtybinhminh.com\/wp-content\/uploads\/2019\/11\/may-ep-dau-1-768x551.jpg 768w\" sizes=\"auto, (max-width: 800px) 100vw, 800px\" \/><\/p>\n<h2><strong><span style=\"color: #000000\">M\u00e1y \u00e9p d\u1ea7u l\u1ea1c B\u00ecnh Minh ho\u1ea1t \u0111\u1ed9ng ra sao ?<\/span><\/strong><\/h2>\n<p>Thu\u1ed9c d\u00f2ng m\u00e1y ch\u1ebf bi\u1ebfn th\u1ef1c ph\u1ea9m, m\u00e1y \u00e9p d\u1ea7u l\u1ea1c 20-25kg\/gi\u1edd thi\u1ebft b\u1ecb chuy\u00ean t\u00e1ch c\u00e1c lo\u1ea1i h\u1ea1t th\u1ef1c v\u1eadt l\u1ea5y d\u1ea7u b\u1eb1ng c\u00e1ch d\u00f9ng l\u1ef1c \u00e9p d\u01b0\u1edbi nhi\u1ec7t \u0111\u1ed9 cao<\/p>\n<p><img loading=\"lazy\" decoding=\"async\" class=\"aligncenter wp-image-10534 size-full\" src=\"https:\/\/congtybinhminh.com\/wp-content\/uploads\/2019\/11\/quy-trinh-ep-dau-lac_result222.webp\" alt=\"quy-trinh-ep-dau-lac_result222\" width=\"800\" height=\"1207\" srcset=\"https:\/\/congtybinhminh.com\/wp-content\/uploads\/2019\/11\/quy-trinh-ep-dau-lac_result222.webp 800w, https:\/\/congtybinhminh.com\/wp-content\/uploads\/2019\/11\/quy-trinh-ep-dau-lac_result222-265x400.webp 265w, https:\/\/congtybinhminh.com\/wp-content\/uploads\/2019\/11\/quy-trinh-ep-dau-lac_result222-530x800.webp 530w, https:\/\/congtybinhminh.com\/wp-content\/uploads\/2019\/11\/quy-trinh-ep-dau-lac_result222-768x1159.webp 768w, https:\/\/congtybinhminh.com\/wp-content\/uploads\/2019\/11\/quy-trinh-ep-dau-lac_result222-510x769.webp 510w\" sizes=\"auto, (max-width: 800px) 100vw, 800px\" \/><\/p>\n<ul>\n<li>T\u1eebng nguy\u00ean li\u1ec7u \u0111\u01b0\u1ee3c ki\u1ec3m tra ch\u1ea5t l\u01b0\u1ee3ng, lo\u1ea1i b\u1ecf b\u1ee5i b\u1ea9n<\/li>\n<li>Cho h\u1ea1t v\u00e0o m\u00e1y \u00e9p d\u01b0\u1edbi nhi\u1ec7t \u0111\u1ed9 cao tr\u00edch xu\u1ea5t t\u00e1ch d\u1ea7u l\u1ea5y h\u1ea1t v\u00e0 lo\u1ea1i b\u1ecf b\u00e3<\/li>\n<li>Qu\u00e1 tr\u00ecnh \u00e9p t\u1ef1 \u0111\u1ed9ng th\u00f4ng qua b\u1ea3ng \u0111i\u1ec1u khi\u1ec3n t\u1ef7 l\u1ec7 \u00e9p ki\u1ec7t l\u00ean \u0111\u1ebfn 98%<\/li>\n<\/ul>\n<h2><strong><span style=\"color: #000000\">C\u1ea5u t\u1ea1o m\u00e1y \u00e9p d\u1ea7u l\u1ea1c<\/span><\/strong><\/h2>\n<p><span style=\"color: #000000\">Kh\u00e1c v\u1edbi c\u00e1c d\u00f2ng m\u00e1y \u00e9p d\u1ea7u tr\u01b0\u1edbc \u0111\u00e2y, m\u00e1y \u00e9p d\u1ea7u l\u1ea1c \u0111a n\u0103ng phi\u00ean b\u1ea3n m\u1edbi c\u00f3 thi\u1ebft k\u1ebf nh\u1ecf g\u1ecdn, d\u1ec5 d\u00e0ng di chuy\u1ec3n v\u1ecb tr\u00ed \u0111\u1eb7t m\u00e1y. Thi\u1ebft k\u1ebf hi\u1ec7n \u0111\u1ea1i v\u1edbi ph\u1ea7n khung m\u00e1y \u0111\u01b0\u1ee3c h\u00e0n g\u1eafn ch\u1eafc ch\u1eafn. L\u1eafp \u0111\u1eb7t 4 b\u00e1nh xe thu\u1eadn ti\u1ec7n di chuy\u1ec3n v\u1ecb tr\u00ed \u0111\u1eb7t m\u00e1y<\/span><\/p>\n<p>&nbsp;<\/p>\n<p><img loading=\"lazy\" decoding=\"async\" class=\"size-full wp-image-7272 aligncenter\" src=\"https:\/\/congtybinhminh.com\/wp-content\/uploads\/2019\/11\/cau-tao-may-ep-dau-1.jpg\" alt=\"cau-tao-may-ep-dau-1\" width=\"800\" height=\"662\" srcset=\"https:\/\/congtybinhminh.com\/wp-content\/uploads\/2019\/11\/cau-tao-may-ep-dau-1.jpg 800w, https:\/\/congtybinhminh.com\/wp-content\/uploads\/2019\/11\/cau-tao-may-ep-dau-1-510x422.jpg 510w, https:\/\/congtybinhminh.com\/wp-content\/uploads\/2019\/11\/cau-tao-may-ep-dau-1-483x400.jpg 483w, https:\/\/congtybinhminh.com\/wp-content\/uploads\/2019\/11\/cau-tao-may-ep-dau-1-768x636.jpg 768w\" sizes=\"auto, (max-width: 800px) 100vw, 800px\" \/><\/p>\n<p><span style=\"color: #000000\">Ph\u1ea7n toa n\u1ea1p \u0111\u01b0\u1ee3c thi\u1ebft k\u1ebf d\u1ea1ng ph\u1ec5u \u0111\u01b0\u1ee3c l\u00e0m b\u1eb1ng ch\u1ea5t li\u1ec7u inox. Ph\u1ea7n c\u1eeda x\u1ea3 g\u1ed3m 1 c\u1eeda x\u1ea3 d\u1ea7u v\u00e0 1 c\u1eeda x\u1ea3 b\u00e3 sau khi \u00e9p<\/span><\/p>\n<p><img loading=\"lazy\" decoding=\"async\" class=\"size-full wp-image-7273 aligncenter\" src=\"https:\/\/congtybinhminh.com\/wp-content\/uploads\/2019\/11\/pheu-nap-2.jpg\" alt=\"pheu-nap-2\" width=\"800\" height=\"600\" srcset=\"https:\/\/congtybinhminh.com\/wp-content\/uploads\/2019\/11\/pheu-nap-2.jpg 800w, https:\/\/congtybinhminh.com\/wp-content\/uploads\/2019\/11\/pheu-nap-2-510x383.jpg 510w, https:\/\/congtybinhminh.com\/wp-content\/uploads\/2019\/11\/pheu-nap-2-533x400.jpg 533w, https:\/\/congtybinhminh.com\/wp-content\/uploads\/2019\/11\/pheu-nap-2-768x576.jpg 768w\" sizes=\"auto, (max-width: 800px) 100vw, 800px\" \/><\/p>\n<p><span style=\"color: #000000\">D\u1ea7u sau khi \u00e9p c\u00f3 th\u1ec3 d\u00f9ng lu\u00f4n ho\u1eb7c \u0111\u00f3ng chai d\u00f9ng d\u1ea7n. C\u00f2n ph\u1ea7n b\u00e3 c\u00f3 th\u1ec3 t\u1eadn d\u1ee5ng l\u00e0m th\u1ee9c \u0103n cho gia s\u00fac<\/span><\/p>\n<p><span style=\"color: #000000\">Th\u00e2n m\u00e1y \u0111\u01b0\u1ee3c thi\u1ebft k\u1ebf bao b\u1ecdc c\u00e1c chi ti\u1ebft m\u00e1y b\u00ean trong. Tr\u1ee5c xo\u1eafn \u00e9p to, kh\u1ecfe c\u00f9ng thi\u1ebft k\u1ebf th\u00eam c\u00e1c tay kh\u00f3a s\u1ebd c\u00f3 nhi\u1ec7m v\u1ee5 \u0111i\u1ec1u ch\u1ec9nh \u0111\u1ed9 \u00e9p ki\u1ec7t c\u00e1c lo\u1ea1i nguy\u00ean li\u1ec7u<\/span><\/p>\n<p><img loading=\"lazy\" decoding=\"async\" class=\"aligncenter wp-image-10535 size-full\" src=\"https:\/\/congtybinhminh.com\/wp-content\/uploads\/2019\/11\/truc-epd-au_result222.webp\" alt=\"truc-ep-dau_result222\" width=\"800\" height=\"576\" srcset=\"https:\/\/congtybinhminh.com\/wp-content\/uploads\/2019\/11\/truc-epd-au_result222.webp 800w, https:\/\/congtybinhminh.com\/wp-content\/uploads\/2019\/11\/truc-epd-au_result222-556x400.webp 556w, https:\/\/congtybinhminh.com\/wp-content\/uploads\/2019\/11\/truc-epd-au_result222-768x553.webp 768w, https:\/\/congtybinhminh.com\/wp-content\/uploads\/2019\/11\/truc-epd-au_result222-510x367.webp 510w\" sizes=\"auto, (max-width: 800px) 100vw, 800px\" \/><\/p>\n<p><span style=\"color: #000000\">B\u1ed9 ph\u00e2n gia nhi\u1ec7t gi\u1eef vai tr\u00f2 t\u0103ng nhi\u1ec7t v\u00e0 l\u00e0m n\u00f3ng nhanh ch\u00f3ng \u0111\u1ea1t y\u00eau c\u1ea7u. D\u1ea7u sau khi \u00e9p n\u00ean \u0111\u01b0a v\u00e0o m\u00e1y l\u1ecdc d\u1ea7u\u00a0\u0111\u1ec3 t\u0103ng \u0111\u1ed9 trong v\u00e0 m\u00e0u s\u1eafc c\u1ee7a th\u00e0nh ph\u1ea9m<\/span><\/p>\n<p><img loading=\"lazy\" decoding=\"async\" class=\"size-full wp-image-7274 aligncenter\" src=\"https:\/\/congtybinhminh.com\/wp-content\/uploads\/2019\/11\/truc-xoan-ep.jpg\" alt=\"truc-xoan-ep\" width=\"800\" height=\"574\" srcset=\"https:\/\/congtybinhminh.com\/wp-content\/uploads\/2019\/11\/truc-xoan-ep.jpg 800w, https:\/\/congtybinhminh.com\/wp-content\/uploads\/2019\/11\/truc-xoan-ep-510x366.jpg 510w, https:\/\/congtybinhminh.com\/wp-content\/uploads\/2019\/11\/truc-xoan-ep-557x400.jpg 557w, https:\/\/congtybinhminh.com\/wp-content\/uploads\/2019\/11\/truc-xoan-ep-768x551.jpg 768w\" sizes=\"auto, (max-width: 800px) 100vw, 800px\" \/><\/p>\n<p><span style=\"color: #000000\">B\u1ea3ng \u0111i\u1ec1u khi\u1ec3n hi\u1ec7n \u0111\u1ea1i thu\u1eadn ti\u1ec7n cho ng\u01b0\u1eddi d\u00f9ng bao g\u1ed3m: \u0110\u1ed3ng h\u1ed3 nhi\u1ec7t; c\u00f4ng t\u1eafc nhi\u1ec7t; c\u00f4ng t\u1eafc kh\u1edfi \u0111\u1ed9ng; \u0111\u00e8n b\u00e1o v\u00f4n<\/span><\/p>\n<p><img loading=\"lazy\" decoding=\"async\" class=\"aligncenter wp-image-10536 size-full\" src=\"https:\/\/congtybinhminh.com\/wp-content\/uploads\/2019\/11\/may-ep-dau-lac-nguyen-chat_result222.webp\" alt=\"may-ep-dau-lac-nguyen-chat_result222\" width=\"800\" height=\"600\" srcset=\"https:\/\/congtybinhminh.com\/wp-content\/uploads\/2019\/11\/may-ep-dau-lac-nguyen-chat_result222.webp 800w, https:\/\/congtybinhminh.com\/wp-content\/uploads\/2019\/11\/may-ep-dau-lac-nguyen-chat_result222-533x400.webp 533w, https:\/\/congtybinhminh.com\/wp-content\/uploads\/2019\/11\/may-ep-dau-lac-nguyen-chat_result222-768x576.webp 768w, https:\/\/congtybinhminh.com\/wp-content\/uploads\/2019\/11\/may-ep-dau-lac-nguyen-chat_result222-510x383.webp 510w\" sizes=\"auto, (max-width: 800px) 100vw, 800px\" \/><\/p>\n<h2><span style=\"color: #000000\"><b>V\u00ec sao n\u00ean d\u00f9ng m\u00e1y \u00e9p d\u1ea7u th\u1ef1c v\u1eadt B\u00ecnh Minh\u00a0<\/b><\/span><\/h2>\n<p>C\u00f4ng ty B\u00ecnh MInh &#8211; \u0111\u01a1n v\u1ecb chuy\u00ean s\u1ea3n xu\u1ea5t m\u00e1y \u00e9p d\u1ea7u v\u1edbi h\u01a1n 30 n\u0103m x\u00e2y d\u1ef1ng v\u00e0 ph\u00e1t tri\u1ec3n trong l\u0129nh v\u1ef1c c\u01a1 kh\u00ed<\/p>\n<p>T\u1ef1 h\u00e0o l\u00e0 \u0111\u01a1n v\u1ecb UY T\u00cdN cam k\u1ebft mang \u0111\u1ebfn cho b\u1ea1n nh\u1eefng s\u1ea3n ph\u1ea9m CH\u00cdNH H\u00c3NG &#8211; CH\u00c2T L\u01af\u1ee2NG &#8211; GI\u00c1 T\u1ed0T V\u00c0 D\u1ecaCH V\u1ee4 CHU \u0110\u00c1O NH\u1ea4T<\/p>\n<p>\u0110\u1ec3 \u0111\u1eb7t mua h\u00e0ng ch\u00ednh h\u00e3ng, b\u00e0 con c\u00f3 th\u1ec3 \u0111\u1ebfn tr\u1ee5 s\u1edf g\u1ea7n nh\u1ea5t c\u1ee7a c\u00f4ng ty \u0111\u1ec3 xem v\u00e0 \u0111\u1eb7t mua h\u00e0ng:<\/p>\n<ul>\n<li>Tr\u1ee5 s\u1edf ch\u00ednh: p.L\u00ea L\u1ee3i &#8211; Tx S\u01a1n T\u00e2y &#8211; H\u00e0 N\u1ed9i<\/li>\n<li>Chi nh\u00e1nh mi\u1ec1n nan: x\u00e3 T\u00e2n Ki\u00ean &#8211; H. B\u00ecnh Ch\u00e1nh &#8211; Tp H\u1ed3 Ch\u1ec9 mMinh<\/li>\n<\/ul>\n<p>Khi \u0111\u1ebfn \u0111\u00e2y, b\u00e0 con c\u00f3 th\u1ec3 tr\u1ea3i nghi\u1ec7m v\u1eadn h\u00e0nh m\u00e1y d\u01b0\u1edbi s\u1ef1 h\u01b0\u1edbng d\u1eabn c\u1ee7a \u0111\u1ed9i ng\u0169 k\u1ef9 thu\u1eadt<\/p>\n<p>\u0110\u1ed1i v\u1edbi b\u00e0 con \u1edf xa, c\u00f3 th\u1ec3 li\u00ean h\u1ec7 t\u1edbi s\u1ed1 \u0111i\u1ec7n tho\u1ea1i Hotline tr\u00ean websie ho\u1eb7c \u0111\u1ec3 l\u1ea1i l\u1eddi nh\u1eafn ph\u1ea7n &#8220;B\u00ecnh lu\u1eadn&#8221; \u0111\u1ed9i ng\u0169 t\u01b0 v\u1ea5n s\u1ebd li\u00ean h\u1ec7 t\u1edbi b\u00e0 con trong th\u1eddi gan s\u1edbm nh\u1ea5t<\/p>\n<p><strong>Th\u00f4ng s\u1ed1 k\u1ef9 thu\u1eadt\u00a0<\/strong><\/p>\n<table>\n<tbody>\n<tr>\n<td>N\u0103ng su\u1ea5t<\/td>\n<td>20-25kg\/h<\/td>\n<\/tr>\n<tr>\n<td>C\u00f4ng su\u1ea5t \u0111\u1ed9ng c\u01a1<\/td>\n<td>1.5kw<\/td>\n<\/tr>\n<tr>\n<td>Ngu\u1ed3n \u0111i\u1ec7n<\/td>\n<td>220 (V)<\/td>\n<\/tr>\n<tr>\n<td>T\u1ed1c \u0111\u1ed9 \u0111\u1ed9ng c\u01a1<\/td>\n<td>1450 ( v\/p)<\/td>\n<\/tr>\n<tr>\n<td>Tr\u1ecdng l\u01b0\u1ee3ng nguy\u00ean b\u1ed9<\/td>\n<td>92(kg)<\/td>\n<\/tr>\n<tr>\n<td>Kh\u00f4ng \u0111\u1ed9ng c\u01a1<\/td>\n<td>(kg)<\/td>\n<\/tr>\n<tr>\n<td>K\u00edch th\u01b0\u1edbc ( D * C * R )<\/td>\n<td>90*87*80 cm<\/td>\n<\/tr>\n<tr>\n<td>B\u1ea3o h\u00e0nh<\/td>\n<td>6 th\u00e1ng<\/td>\n<\/tr>\n<tr>\n<td>H\u00ecnh th\u1ee9c thanh to\u00e1n<\/td>\n<td><em><strong><a href=\"https:\/\/binhquan.com.vn\/huong-dan-mua-hang-va-thanh-toan\" target=\"_blank\" rel=\"noopener\">Ti\u1ec1n m\u1eb7t ho\u1eb7c<\/a><\/strong><\/em><\/td>\n<\/tr>\n<\/tbody>\n<\/table>\n","protected":false},"excerpt":{"rendered":"<ul>\n<li><strong><span style=\"color: #ff0000\">H\u00e3ng s\u1ea3n xu\u1ea5t<\/span> :<\/strong>\u00a0B\u00ecnh Minh<\/li>\n<li><span style=\"color: #ff0000\"><strong>\u0110\u1ed9ng c\u01a1 m\u00e1y c\u00f4ng su\u1ea5t \u0111i\u1ec7n<\/strong><\/span>\u00a0: 1,5kw<\/li>\n<li><strong><span style=\"color: #ff0000\">T\u1ed1c \u0111\u1ed9<\/span> :<\/strong>\u00a01450 v\u00f2ng\/ph\u00fat<\/li>\n<li><span style=\"color: #ff0000\"><strong>\u0110i\u1ec7n n\u0103ng<\/strong><\/span>\u00a0: 220V<\/li>\n<li><span style=\"color: #ff0000\"><strong>N\u0103ng su\u1ea5t<\/strong><\/span>\u00a0: 20 \u2013 25 kg\/gi\u1edd<\/li>\n<li><strong><span style=\"color: #ff0000\">Tr\u1ecdng l\u01b0\u1ee3ng<\/span> :<\/strong>\u00a092 kg<\/li>\n<li><strong><span style=\"color: #ff0000\">K\u00edch th\u01b0\u1edbc (D*C*R)<\/span>:\u00a0<\/strong>90*87*80 cm<\/li>\n<li><strong><span style=\"color: #ff0000\">T\u00ednh n\u0103ng<\/span>:<\/strong> M\u00e1y \u00e9p d\u1ea7u c\u00e1c lo\u1ea1i h\u1ea1t nh\u01b0 l\u1ea1c; v\u1eebng; h\u1ea1nh nh\u00e2n; g\u1ea5c\u2026<\/li>\n<\/ul>\n","protected":false},"featured_media":10526,"comment_status":"closed","ping_status":"closed","template":"","meta":[],"product_brand":[],"product_cat":[29],"product_tag":[162,163,164,53],"class_list":{"0":"post-399","1":"product","2":"type-product","3":"status-publish","4":"has-post-thumbnail","6":"product_cat-may-ep-dau","7":"product_tag-may-ep-dau-da-nang","8":"product_tag-may-ep-dau-dau-phong","9":"product_tag-may-ep-dau-do-tuong","10":"product_tag-may-ep-dau-lac","12":"first","13":"instock","14":"featured","15":"shipping-taxable","16":"product-type-simple"},"_links":{"self":[{"href":"https:\/\/congtybinhminh.com\/index.php?rest_route=\/wp\/v2\/product\/399","targetHints":{"allow":["GET"]}}],"collection":[{"href":"https:\/\/congtybinhminh.com\/index.php?rest_route=\/wp\/v2\/product"}],"about":[{"href":"https:\/\/congtybinhminh.com\/index.php?rest_route=\/wp\/v2\/types\/product"}],"replies":[{"embeddable":true,"href":"https:\/\/congtybinhminh.com\/index.php?rest_route=%2Fwp%2Fv2%2Fcomments&post=399"}],"wp:featuredmedia":[{"embeddable":true,"href":"https:\/\/congtybinhminh.com\/index.php?rest_route=\/wp\/v2\/media\/10526"}],"wp:attachment":[{"href":"https:\/\/congtybinhminh.com\/index.php?rest_route=%2Fwp%2Fv2%2Fmedia&parent=399"}],"wp:term":[{"taxonomy":"product_brand","embeddable":true,"href":"https:\/\/congtybinhminh.com\/index.php?rest_route=%2Fwp%2Fv2%2Fproduct_brand&post=399"},{"taxonomy":"product_cat","embeddable":true,"href":"https:\/\/congtybinhminh.com\/index.php?rest_route=%2Fwp%2Fv2%2Fproduct_cat&post=399"},{"taxonomy":"product_tag","embeddable":true,"href":"https:\/\/congtybinhminh.com\/index.php?rest_route=%2Fwp%2Fv2%2Fproduct_tag&post=399"}],"curies":[{"name":"wp","href":"https:\/\/api.w.org\/{rel}","templated":true}]}}