{"id":37,"date":"2019-10-21T16:12:32","date_gmt":"2019-10-21T09:12:32","guid":{"rendered":"https:\/\/congtybinhminh.com\/?post_type=product&#038;p=37"},"modified":"2025-05-30T09:47:45","modified_gmt":"2025-05-30T02:47:45","slug":"may-bam-chuoi-da-nang","status":"publish","type":"product","link":"https:\/\/congtybinhminh.com\/?product=may-bam-chuoi-da-nang","title":{"rendered":"M\u00e1y b\u0103m chu\u1ed1i \u0111a n\u0103ng MBC- 01"},"content":{"rendered":"<p><strong>Xem video tr\u1ef1c ti\u1ebfp t\u1ea1i \u0111\u00e2y:<\/strong><\/p>\n<p><iframe loading=\"lazy\" title=\"L\u1ea5y M\u00e1y B\u0103m Chu\u1ed1i \u0110a N\u0103ng B\u0103m C\u00e2y Chu\u1ed1i 16cm Ch\u1ec9 M\u1ea5t Ch\u01b0a \u0110\u1ea7y 20 Gi\u00e2y\" width=\"1020\" height=\"574\" src=\"https:\/\/www.youtube.com\/embed\/dl6144-ssrc?feature=oembed\" frameborder=\"0\" allow=\"accelerometer; autoplay; clipboard-write; encrypted-media; gyroscope; picture-in-picture; web-share\" referrerpolicy=\"strict-origin-when-cross-origin\" allowfullscreen><\/iframe><\/p>\n<h2><\/h2>\n<h2>Gi\u1edbi thi\u1ec7u m\u00e1y b\u0103m chu\u1ed1i \u0111a n\u0103ng<\/h2>\n<p>M\u00e1y b\u0103m chu\u1ed1i \u0111a n\u0103ng do c\u00f4ng ty B\u00ecnh Minh s\u1ea3n xu\u1ea5t chuy\u00ean d\u00f9ng b\u0103m c\u00e2y chu\u1ed1i v\u00e0 c\u00e1c lo\u1ea1i c\u1ecf voi, rau c\u1ee7 qu\u1ea3&#8230; l\u00e0m th\u1ee9c \u0103n cho gia s\u00fac &#8211; gia c\u1ea7m<\/p>\n<p><img loading=\"lazy\" decoding=\"async\" class=\"aligncenter wp-image-10772 size-full\" src=\"https:\/\/congtybinhminh.com\/wp-content\/uploads\/2019\/10\/may-bam-chuoi-da-nang_result222-1.webp\" alt=\"may-bam-chuoi-da-nang_result222\" width=\"800\" height=\"1078\" srcset=\"https:\/\/congtybinhminh.com\/wp-content\/uploads\/2019\/10\/may-bam-chuoi-da-nang_result222-1.webp 800w, https:\/\/congtybinhminh.com\/wp-content\/uploads\/2019\/10\/may-bam-chuoi-da-nang_result222-1-297x400.webp 297w, https:\/\/congtybinhminh.com\/wp-content\/uploads\/2019\/10\/may-bam-chuoi-da-nang_result222-1-594x800.webp 594w, https:\/\/congtybinhminh.com\/wp-content\/uploads\/2019\/10\/may-bam-chuoi-da-nang_result222-1-768x1035.webp 768w, https:\/\/congtybinhminh.com\/wp-content\/uploads\/2019\/10\/may-bam-chuoi-da-nang_result222-1-510x687.webp 510w\" sizes=\"auto, (max-width: 800px) 100vw, 800px\" \/><\/p>\n<p>Th\u00edch h\u1ee3p s\u1eed d\u1ee5ng t\u1ea1i c\u00e1c h\u1ed9 gia \u0111\u00ecnh v\u00e0 trang tr\u1ea1i ch\u0103n nu\u00f4i quy m\u00f4 v\u1eeba v\u00e0 nh\u1ecf<\/p>\n<h2>M\u00e1y b\u0103m chu\u1ed1i \u0111a n\u0103ng mang l\u1ea1i l\u1ee3i \u00edch g\u00ec cho b\u00e0 con ?<\/h2>\n<p>&#8220;M\u00e1y m\u00f3c thay th\u1ebf s\u1ee9c ng\u01b0\u1eddi&#8221; vi\u1ec7c \u1ee9ng d\u1ee5ng m\u00e1y m\u00f3c v\u00e0 ch\u0103n nu\u00f4i mang l\u1ea1i nhi\u1ec1u ti\u1ec7n l\u1ee3i cho ng\u01b0\u1eddi d\u00f9ng:<\/p>\n<p><img loading=\"lazy\" decoding=\"async\" class=\"aligncenter wp-image-10773 size-full\" src=\"https:\/\/congtybinhminh.com\/wp-content\/uploads\/2019\/10\/cach-su-dung-may-bam-chuoi_result222.webp\" alt=\"cach-su-dung-may-bam-chuoi_result222\" width=\"800\" height=\"1437\" srcset=\"https:\/\/congtybinhminh.com\/wp-content\/uploads\/2019\/10\/cach-su-dung-may-bam-chuoi_result222.webp 800w, https:\/\/congtybinhminh.com\/wp-content\/uploads\/2019\/10\/cach-su-dung-may-bam-chuoi_result222-223x400.webp 223w, https:\/\/congtybinhminh.com\/wp-content\/uploads\/2019\/10\/cach-su-dung-may-bam-chuoi_result222-445x800.webp 445w, https:\/\/congtybinhminh.com\/wp-content\/uploads\/2019\/10\/cach-su-dung-may-bam-chuoi_result222-768x1380.webp 768w, https:\/\/congtybinhminh.com\/wp-content\/uploads\/2019\/10\/cach-su-dung-may-bam-chuoi_result222-510x916.webp 510w\" sizes=\"auto, (max-width: 800px) 100vw, 800px\" \/><\/p>\n<ul>\n<li>M\u00e1y b\u0103m nguy\u00ean c\u00e2y chu\u1ed1i c\u00f3 \u0111\u01b0\u1eddng k\u00ednh 16cm tr\u1edf l\u1ea1i, c\u00e2y l\u1edbn h\u01a1n c\u00f3 th\u1ec3 t\u00e1ch b\u1edbt b\u1eb9 v\u1eeb mi\u1ec7ng toa l\u00e0 \u0111\u01b0\u1ee3c<\/li>\n<li>B\u0103m nguy\u00ean li\u1ec7u d\u1ea1ng c\u1ecf: c\u1ecf voi, th\u00e2n c\u00e2y ng\u00f4..<\/li>\n<li>B\u0103m rau c\u1ee7 qu\u1ea3: rau b\u00e8o, rau mu\u1ed1ng..<\/li>\n<\/ul>\n<p>Th\u00e0nh ph\u1ea9m sau khi b\u0103m c\u00f3 th\u1ec3 cho v\u1eadt nu\u00f4i d\u00f9ng ngay ho\u1eb7c \u1ee7 chua ho\u1eb7c tr\u1ed9n c\u00e1m cho v\u00e0o m\u00e1y \u00e9p c\u00e1m t\u1ea1o th\u00e0nh vi\u00ean d\u00f9ng d\u1ea7n<\/p>\n<h2><span id=\"Cau_tao_May_bam_chuoi_da_nang\" class=\"ez-toc-section\" style=\"font-size: 105%;color: #000000\"><strong>C\u1ea5u t\u1ea1o m\u00e1y b\u0103m chu\u1ed1i \u0111a n\u0103ng <\/strong><\/span><\/h2>\n<p><span style=\"font-size: 105%;color: #000000\">Khung m\u00e1y \u0111\u01b0\u1ee3c h\u00e0n g\u1eafn ch\u1eafc ch\u1eafn kh\u00f4ng g\u00e2y rung l\u1eafc trong qu\u00e1 tr\u00ecnh b\u0103m, thi\u1ebft k\u1ebf nh\u1ecf g\u1ecdn kh\u00f4ng chi\u1ebfm nhi\u1ec1u di\u1ec7n t\u00edch<\/span><\/p>\n<p><img loading=\"lazy\" decoding=\"async\" class=\"aligncenter wp-image-10774 size-full\" src=\"https:\/\/congtybinhminh.com\/wp-content\/uploads\/2019\/10\/cau-tao-may-bam-chuoi-da-nang_result222.webp\" alt=\"cau-tao-may-bam-chuoi-da-nang_result222\" width=\"800\" height=\"590\" srcset=\"https:\/\/congtybinhminh.com\/wp-content\/uploads\/2019\/10\/cau-tao-may-bam-chuoi-da-nang_result222.webp 800w, https:\/\/congtybinhminh.com\/wp-content\/uploads\/2019\/10\/cau-tao-may-bam-chuoi-da-nang_result222-542x400.webp 542w, https:\/\/congtybinhminh.com\/wp-content\/uploads\/2019\/10\/cau-tao-may-bam-chuoi-da-nang_result222-768x566.webp 768w, https:\/\/congtybinhminh.com\/wp-content\/uploads\/2019\/10\/cau-tao-may-bam-chuoi-da-nang_result222-510x376.webp 510w\" sizes=\"auto, (max-width: 800px) 100vw, 800px\" \/><\/p>\n<p><span style=\"font-size: 105%;color: #000000\">Toa n\u1ea1p nguy\u00ean li\u1ec7u cao, an to\u00e0n cho ng\u01b0\u1eddi s\u1eed d\u1ee5ng. H\u00ecnh ph\u1ec5u, ti\u1ec7n l\u1ee3i cho c\u00e1c lo\u1ea1i rau c\u1ecf c\u1ed3ng k\u1ec1nh.<\/span><\/p>\n<p><span style=\"font-size: 105%;color: #000000\">H\u1ec7 th\u1ed1ng dao b\u0103m g\u1ed3m 1 dao th\u00e1i 2 l\u01b0\u1ee1i b\u1eb1ng th\u00e9p r\u00e8n s\u1eafc b\u00e9n v\u00e0 14 dao b\u0103m nhuy\u1ec5n b\u1eb1ng inox ch\u1ed1ng g\u1ec9. H\u01a1n n\u1eefa, b\u1ea1n c\u00f3 th\u1ec3 t\u1ef1 \u0111i\u1ec1u ch\u1ec9nh k\u00edch th\u01b0\u1edbc th\u00e0nh ph\u1ea9m to hay nh\u1ecf b\u1eb1ng c\u00e1ch:\u00a0<\/span><\/p>\n<p><img loading=\"lazy\" decoding=\"async\" class=\"aligncenter wp-image-10775 size-full\" src=\"https:\/\/congtybinhminh.com\/wp-content\/uploads\/2019\/10\/dao-bam-chuoi_result222.webp\" alt=\"dao-bam-chuoi_result222\" width=\"800\" height=\"740\" srcset=\"https:\/\/congtybinhminh.com\/wp-content\/uploads\/2019\/10\/dao-bam-chuoi_result222.webp 800w, https:\/\/congtybinhminh.com\/wp-content\/uploads\/2019\/10\/dao-bam-chuoi_result222-432x400.webp 432w, https:\/\/congtybinhminh.com\/wp-content\/uploads\/2019\/10\/dao-bam-chuoi_result222-768x710.webp 768w, https:\/\/congtybinhminh.com\/wp-content\/uploads\/2019\/10\/dao-bam-chuoi_result222-510x472.webp 510w\" sizes=\"auto, (max-width: 800px) 100vw, 800px\" \/><\/p>\n<ul>\n<li>\u0110\u1ec3 cho ra th\u00e0nh ph\u1ea9m k\u00edch th\u01b0\u1edbc nh\u1ecf: \u0111\u01b0a c\u00e2y chu\u1ed1i v\u00e0o b\u0103m t\u1eeb t\u1eeb, gi\u1eef c\u00e2y chu\u1ed1i trong bu\u1ed3ng b\u0103m v\u00e0 g\u1eadp n\u1eafp bu\u1ed3ng b\u0103m xu\u1ed1ng<\/li>\n<li>\u0110\u1ec3 cho ra th\u00e0nh ph\u1ea9m k\u00edch th\u01b0\u1edbc to: \u0111\u01b0a c\u00e2y chu\u1ed1i b\u0103m nhanh v\u00e0 m\u1edf n\u1eafp bu\u1ed3ng b\u0103m<\/li>\n<\/ul>\n<p>Th\u00e0nh ph\u1ea9m sau khi b\u0103m s\u1ebd \u0111\u01b0\u1ee3c thanh g\u1ea1t \u0111\u01b0a nguy\u00ean li\u1ec7u ra ngo\u00e0i c\u1eeda x\u1ea3. Ph\u00eda tr\u01b0\u1edbc c\u1eeda x\u1ea3 c\u00f3 n\u1eafp ch\u1eafn gi\u00fap thu\u1eadn ti\u1ec7n cho vi\u1ec7c \u0111i\u1ec1u ch\u1ec9nh h\u01b0\u1edbng phun:<\/p>\n<p><img loading=\"lazy\" decoding=\"async\" class=\"aligncenter wp-image-10776 size-full\" src=\"https:\/\/congtybinhminh.com\/wp-content\/uploads\/2019\/10\/cua-xa-thanh-pham_result222.webp\" alt=\"cua-xa-thanh-pham_result222\" width=\"800\" height=\"426\" srcset=\"https:\/\/congtybinhminh.com\/wp-content\/uploads\/2019\/10\/cua-xa-thanh-pham_result222.webp 800w, https:\/\/congtybinhminh.com\/wp-content\/uploads\/2019\/10\/cua-xa-thanh-pham_result222-751x400.webp 751w, https:\/\/congtybinhminh.com\/wp-content\/uploads\/2019\/10\/cua-xa-thanh-pham_result222-768x409.webp 768w, https:\/\/congtybinhminh.com\/wp-content\/uploads\/2019\/10\/cua-xa-thanh-pham_result222-510x272.webp 510w\" sizes=\"auto, (max-width: 800px) 100vw, 800px\" \/><\/p>\n<ul>\n<li>\u00a0N\u00e2ng n\u1eafp ch\u1eafn: n\u1ebfu mu\u1ed1n c\u1ecf phun xa<\/li>\n<li>H\u1ea1 n\u1eafp ch\u1eafn: n\u1ebfu mu\u1ed1n c\u1ecf phun g\u1ea7n<\/li>\n<\/ul>\n<p>M\u00e1y b\u0103m chu\u1ed1i \u0111a n\u0103ng s\u1eed d\u1ee5ng \u0111\u1ed9ng c\u01a1 3kw d\u00f9ng \u0111i\u1ec7n 1 pha 220V motor l\u00f5i d\u00e2y \u0111\u1ed3ng 100% cho n\u0103ng su\u1ea5t cao<\/p>\n<p><img loading=\"lazy\" decoding=\"async\" class=\"aligncenter wp-image-10778 size-full\" src=\"https:\/\/congtybinhminh.com\/wp-content\/uploads\/2019\/10\/bam-chuoi_result222.webp\" alt=\"bam-chuoi_result222\" width=\"800\" height=\"800\" srcset=\"https:\/\/congtybinhminh.com\/wp-content\/uploads\/2019\/10\/bam-chuoi_result222.webp 800w, https:\/\/congtybinhminh.com\/wp-content\/uploads\/2019\/10\/bam-chuoi_result222-400x400.webp 400w, https:\/\/congtybinhminh.com\/wp-content\/uploads\/2019\/10\/bam-chuoi_result222-280x280.webp 280w, https:\/\/congtybinhminh.com\/wp-content\/uploads\/2019\/10\/bam-chuoi_result222-768x768.webp 768w, https:\/\/congtybinhminh.com\/wp-content\/uploads\/2019\/10\/bam-chuoi_result222-247x247.webp 247w, https:\/\/congtybinhminh.com\/wp-content\/uploads\/2019\/10\/bam-chuoi_result222-510x510.webp 510w, https:\/\/congtybinhminh.com\/wp-content\/uploads\/2019\/10\/bam-chuoi_result222-100x100.webp 100w\" sizes=\"auto, (max-width: 800px) 100vw, 800px\" \/><\/p>\n<p>Qu\u00e1 tr\u00ecnh b\u0103m t\u1ef1 \u0111\u1ed9ng ch\u1ec9 m\u1ea5t kho\u1ea3ng 20 &#8211; 30 gi\u00e2y. Tinh ra trung b\u00ecnh m\u00e1y c\u00f3 th\u1ec3 b\u0103m 2-3 c\u00e2y chu\u1ed1i trong kho\u1ea3ng 1 ph\u00fa<\/p>\n<h2>V\u00ec sao n\u00ean d\u00f9ng m\u00e1y b\u0103m chu\u1ed1i \u0111a n\u0103ng B\u00ecnh Minh<\/h2>\n<p>C\u00f4ng ty B\u00ecnh Minh &#8211; \u0111\u01a1n v\u1ecb tr\u1ef1c ti\u1ebfp s\u1ea3n xu\u1ea5t m\u00e1y b\u0103m chu\u1ed1i \u0111a n\u0103ng t\u1ea1i \u0111\u00e2y c\u00f3 \u0111\u1ea7y \u0111\u1ee7 m\u00e1y m\u00f3c v\u00e0 linh ph\u1ee5 ki\u1ec7n khi c\u1ea7n:<\/p>\n<p><img loading=\"lazy\" decoding=\"async\" class=\"aligncenter wp-image-10777 size-full\" src=\"https:\/\/congtybinhminh.com\/wp-content\/uploads\/2019\/10\/may-bam-chuoi-gia-dinh-binh-minh_result222.webp\" alt=\"may-bam-chuoi-gia-dinh-binh-minh_result222\" width=\"800\" height=\"453\" srcset=\"https:\/\/congtybinhminh.com\/wp-content\/uploads\/2019\/10\/may-bam-chuoi-gia-dinh-binh-minh_result222.webp 800w, https:\/\/congtybinhminh.com\/wp-content\/uploads\/2019\/10\/may-bam-chuoi-gia-dinh-binh-minh_result222-706x400.webp 706w, https:\/\/congtybinhminh.com\/wp-content\/uploads\/2019\/10\/may-bam-chuoi-gia-dinh-binh-minh_result222-768x435.webp 768w, https:\/\/congtybinhminh.com\/wp-content\/uploads\/2019\/10\/may-bam-chuoi-gia-dinh-binh-minh_result222-510x289.webp 510w\" sizes=\"auto, (max-width: 800px) 100vw, 800px\" \/><\/p>\n<ul>\n<li>N\u1ebfu sau m\u1ed9t th\u1eddi gian s\u1eed d\u1ee5ng, dao c\u00f3 d\u1ea5u hi\u1ec7u m\u00f2n &#8211; s\u1ee9t &#8211; m\u1ebb c\u1ea7n thay, ch\u1ec9 c\u1ea7n li\u00ean h\u1ec7 t\u1edbi c\u00f4ng ty \u0111\u1ec3 \u0111\u1eb7t mua<\/li>\n<li>Ngo\u00e0i ra, khi mua m\u00e1y b\u0103m chu\u1ed1i c\u1ee7a B\u00ecnh Minh s\u1ebd \u0111\u01b0\u1ee3c t\u0103ng k\u00e8m 1 dao th\u00e9p to 2 l\u01b0\u1ee1i theo m\u00e1y<\/li>\n<\/ul>\n<h2>\u0110\u1ecba ch\u1ec9 mua m\u00e1y b\u0103m chu\u1ed1i gi\u00e1 g\u1ed1c t\u1ea1i x\u01b0\u1edfng<\/h2>\n<p>V\u1edbi h\u01a1n 30 n\u0103m kinh nghi\u1ec7m trong l\u0129nh v\u1ef1c c\u01a1 kh\u00ed, chuy\u00ean s\u1ea3n xu\u1ea5t c\u00e1c d\u00f2ng m\u00e1y n\u00f4ng nghi\u1ec7p &#8211; c\u00f4ng nghi\u1ec7p &#8211; m\u00e1y ch\u0103n nu\u00f4i<\/p>\n<p>Ch\u00fang t\u00f4i t\u1ef1 h\u00e0o l\u00e0 \u0111\u01a1n v\u1ecb UY T\u00cdN mang \u0111\u1ebfn cho b\u1ea1n nh\u1eefng s\u1ea3n ph\u1ea9m CH\u00cdNH H\u00c3NG &#8211; CH\u1ea4T L\u01af\u1ee2NG T\u1ed0T &#8211; D\u1ecaCH V\u1ee4 CHU \u0110\u00c1O NH\u1ea4T<\/p>\n<p><img loading=\"lazy\" decoding=\"async\" class=\"aligncenter wp-image-10779 size-full\" src=\"https:\/\/congtybinhminh.com\/wp-content\/uploads\/2019\/10\/dia-chi-ban-may-bam-chuoi_result222.webp\" alt=\"dia-chi-ban-may-bam-chuoi_result222\" width=\"800\" height=\"508\" srcset=\"https:\/\/congtybinhminh.com\/wp-content\/uploads\/2019\/10\/dia-chi-ban-may-bam-chuoi_result222.webp 800w, https:\/\/congtybinhminh.com\/wp-content\/uploads\/2019\/10\/dia-chi-ban-may-bam-chuoi_result222-630x400.webp 630w, https:\/\/congtybinhminh.com\/wp-content\/uploads\/2019\/10\/dia-chi-ban-may-bam-chuoi_result222-768x488.webp 768w, https:\/\/congtybinhminh.com\/wp-content\/uploads\/2019\/10\/dia-chi-ban-may-bam-chuoi_result222-510x324.webp 510w\" sizes=\"auto, (max-width: 800px) 100vw, 800px\" \/><\/p>\n<p>\u0110\u1ec3 \u0111\u1eb7t mua h\u00e0ng ch\u00ednh h\u00e3ng, b\u00e0 con c\u00f3 th\u1ec3 \u0111\u1ebfn tr\u1ef1c ti\u1ebfp tr\u1ee5 s\u1edf g\u1ea7n nh\u1ea5t c\u1ee7a c\u00f4ng ty \u0111\u1ec3 xem v\u00e0 \u0111\u1eb7t mua h\u00e0ng:<\/p>\n<ul>\n<li>Tr\u1ee5 s\u1edf ch\u00ednh: p. L\u00ea L\u1ee3i \u2013 Tx S\u01a1n T\u00e2y \u2013 H\u00e0 N\u1ed9i<\/li>\n<li>Chi nh\u00e1nh mi\u1ec1n Nam: x\u00e3 T\u00e2n Ki\u00ean \u2013 H. B\u00ecnh Ch\u00e1nh \u2013 TP H\u1ed3 Ch\u00ed Minh<\/li>\n<\/ul>\n<p>Khi \u0111\u1ebfn c\u00f4ng ty mua m\u00e1y, b\u00e0 con s\u1ebd \u0111\u01b0\u1ee3c th\u1eed nghi\u1ec7m v\u1eadn h\u00e0nh m\u00e1y d\u01b0\u1edbi s\u1ef1 h\u01b0\u1edbng d\u1eabn c\u1ee7a \u0111\u1ed9i ng\u0169 k\u1ef9 thu\u1eadt<\/p>\n<p>\u0110\u1ed1i v\u1edbi b\u00e0 con \u1edf xa, c\u00f3 th\u1ec3 li\u00ean h\u1ec7 t\u1edbi s\u1ed1 \u0111i\u1ec7n tho\u1ea1i Hotline tr\u00ean website ho\u1eb7c \u0111\u1ec3 l\u1ea1i ph\u1ea7n b\u00ecnh lu\u1eadn \u0111\u1ed9i ng\u0169 t\u01b0 v\u1ea5n s\u1ebd li\u00ean h\u1ec7 b\u00e0 con trong th\u1eddi gian s\u1edbm nh\u1ea5t<\/p>\n<p><strong>Th\u00f4ng s\u1ed1 k\u1ef9 thu\u1eadt<\/strong><\/p>\n<table>\n<tbody>\n<tr>\n<td rowspan=\"3\" width=\"274\">\u0110\u1ed9ng c\u01a1<\/td>\n<td width=\"214\">C\u00f4ng su\u1ea5t \u0111\u1ed9ng c\u01a1<\/td>\n<td width=\"213\">3 kw<\/td>\n<\/tr>\n<tr>\n<td width=\"214\">Ngu\u1ed3n \u0111i\u1ec7n<\/td>\n<td width=\"213\">220 (V)<\/td>\n<\/tr>\n<tr>\n<td width=\"214\">T\u1ed1c \u0111\u1ed9 m\u00e1y<\/td>\n<td width=\"213\">1450( v\/p)<\/td>\n<\/tr>\n<tr>\n<td rowspan=\"2\" width=\"274\">Tr\u1ecdng l\u01b0\u1ee3ng m\u00e1y<\/td>\n<td width=\"214\">Nguy\u00ean b\u1ed9<\/td>\n<td width=\"213\">63 ( kg)<\/td>\n<\/tr>\n<tr>\n<td width=\"214\">Kh\u00f4ng \u0111\u1ed9ng c\u01a1<\/td>\n<td width=\"213\">42 ( kg)<\/td>\n<\/tr>\n<tr>\n<td rowspan=\"2\" width=\"274\">B\u1ea3o h\u00e0nh<\/td>\n<td width=\"214\">K\u1ef9 thu\u1eadt<\/td>\n<td width=\"213\">06 th\u00e1ng<\/td>\n<\/tr>\n<tr>\n<td width=\"214\">\u0110\u1ed9ng c\u01a1<\/td>\n<td width=\"213\">Theo t\u1eebng h\u00e3ng s\u1ea3n xu\u1ea5t<\/td>\n<\/tr>\n<tr>\n<td width=\"274\">N\u0103ng su\u1ea5t<\/td>\n<td colspan=\"2\" width=\"427\">\u00a0100 \u2013 300 ( kg\/h)<\/td>\n<\/tr>\n<tr>\n<td width=\"274\">K\u00edch th\u01b0\u1edbc ( D*C*R)<\/td>\n<td colspan=\"2\" width=\"427\">88*76*46<\/td>\n<\/tr>\n<tr>\n<td width=\"274\">H\u00ecnh th\u1ee9c thanh to\u00e1n<\/td>\n<td colspan=\"2\" width=\"427\">Ti\u1ec1n m\u1eb7t ho\u1eb7c chuy\u1ec3n kho\u1ea3n<\/td>\n<\/tr>\n<\/tbody>\n<\/table>\n<p>&nbsp;<\/p>\n","protected":false},"excerpt":{"rendered":"<p><strong><span style=\"color: #ff0000\">T\u00ednh n\u0103ng<\/span>:<\/strong>\u00a0<em>B\u0103m r\u1ea5t nhanh v\u00e0 nhuy\u1ec5n \u0111a d\u1ea1ng c\u00e1c lo\u1ea1i nguy\u00ean li\u1ec7u: th\u00e2n c\u00e2y chu\u1ed1i, b\u00e8o, c\u1ecf voi,\u2026 cho c\u00e1, gia s\u00fac, gia c\u1ea7m,\u2026<\/em><\/p>\n<p><strong><span style=\"color: #ff0000\">N\u0103ng su\u1ea5t<\/span>:<\/strong>\u00a02-3 th\u00e2n c\u00e2y chu\u1ed1i\/ph\u00fat<\/p>\n<p><strong><span style=\"color: #ff0000\">T\u1ed1c \u0111\u1ed9<\/span>:<\/strong>\u00a01450 v\u00f2ng\/ph\u00fat<\/p>\n<p><strong><span style=\"color: #ff0000\">\u0110\u1ed9ng c\u01a1<\/span>:<\/strong>\u00a03 \u2013 3,5kw To\u00e0n Ph\u00e1t<\/p>\n<p><strong><span style=\"color: #ff0000\">\u0110i\u1ec7n n\u0103ng<\/span>:<\/strong>\u00a0220V (1 pha)<\/p>\n<p><strong><span style=\"color: #ff0000\">Tr\u1ecdng l\u01b0\u1ee3ng<\/span>:<\/strong>\u00a063kg<\/p>\n<p><strong><span style=\"color: #ff0000\">Th\u01b0\u01a1ng hi\u1ec7u<\/span>:<\/strong>\u00a0B\u00ecnh Minh<\/p>\n<p>&nbsp;<\/p>\n","protected":false},"featured_media":9343,"comment_status":"closed","ping_status":"closed","template":"","meta":[],"product_brand":[],"product_cat":[33],"product_tag":[],"class_list":{"0":"post-37","1":"product","2":"type-product","3":"status-publish","4":"has-post-thumbnail","6":"product_cat-may-bam-chuoi-da-nang","8":"first","9":"instock","10":"featured","11":"shipping-taxable","12":"product-type-simple"},"_links":{"self":[{"href":"https:\/\/congtybinhminh.com\/index.php?rest_route=\/wp\/v2\/product\/37","targetHints":{"allow":["GET"]}}],"collection":[{"href":"https:\/\/congtybinhminh.com\/index.php?rest_route=\/wp\/v2\/product"}],"about":[{"href":"https:\/\/congtybinhminh.com\/index.php?rest_route=\/wp\/v2\/types\/product"}],"replies":[{"embeddable":true,"href":"https:\/\/congtybinhminh.com\/index.php?rest_route=%2Fwp%2Fv2%2Fcomments&post=37"}],"wp:featuredmedia":[{"embeddable":true,"href":"https:\/\/congtybinhminh.com\/index.php?rest_route=\/wp\/v2\/media\/9343"}],"wp:attachment":[{"href":"https:\/\/congtybinhminh.com\/index.php?rest_route=%2Fwp%2Fv2%2Fmedia&parent=37"}],"wp:term":[{"taxonomy":"product_brand","embeddable":true,"href":"https:\/\/congtybinhminh.com\/index.php?rest_route=%2Fwp%2Fv2%2Fproduct_brand&post=37"},{"taxonomy":"product_cat","embeddable":true,"href":"https:\/\/congtybinhminh.com\/index.php?rest_route=%2Fwp%2Fv2%2Fproduct_cat&post=37"},{"taxonomy":"product_tag","embeddable":true,"href":"https:\/\/congtybinhminh.com\/index.php?rest_route=%2Fwp%2Fv2%2Fproduct_tag&post=37"}],"curies":[{"name":"wp","href":"https:\/\/api.w.org\/{rel}","templated":true}]}}