{"id":3560,"date":"2020-03-05T16:53:53","date_gmt":"2020-03-05T09:53:53","guid":{"rendered":"https:\/\/congtybinhminh.com\/?post_type=product&#038;p=3560"},"modified":"2024-09-20T14:06:14","modified_gmt":"2024-09-20T07:06:14","slug":"may-bam-co-cong-nghiep-4t","status":"publish","type":"product","link":"https:\/\/congtybinhminh.com\/?product=may-bam-co-cong-nghiep-4t","title":{"rendered":"M\u00e1y b\u0103m c\u1ecf c\u00f4ng nghi\u1ec7p 4T"},"content":{"rendered":"<h2><span id=\"Xem_video_truc_tiep_tai_day\" class=\"ez-toc-section\">Xem video tr\u1ef1c ti\u1ebfp t\u1ea1i \u0111\u00e2y<\/span><\/h2>\n<p><iframe loading=\"lazy\" title=\"M\u00e1y B\u0103m C\u1ecf B\u0103ng T\u1ea3i 4T B\u0103m H\u00e0ng Ch\u1ee5c T\u1ea5n C\u1ecf Cho Trang Tr\u1ea1i H\u00e0ng Tr\u0103m Con B\u00f2\" width=\"1020\" height=\"574\" src=\"https:\/\/www.youtube.com\/embed\/XQ3rxyHWU-8?feature=oembed\" frameborder=\"0\" allow=\"accelerometer; autoplay; clipboard-write; encrypted-media; gyroscope; picture-in-picture; web-share\" referrerpolicy=\"strict-origin-when-cross-origin\" allowfullscreen><\/iframe><\/p>\n<h2>Gi\u1edbi thi\u1ec7u m\u00e1y b\u0103m c\u1ecf c\u00f4ng nghi\u1ec7p 4T<\/h2>\n<p><span style=\"color: #000000\">M\u00e1y b\u0103m c\u1ecf c\u00f4ng nghi\u1ec7p 4T do c\u00f4ng ty B\u00ecnh Minh s\u1ea3n xu\u1ea5t &#8211; thi\u1ebft b\u1ecb h\u1ed7 tr\u1ee3 b\u00e0 con<\/span><span style=\"color: #000000\"> ch\u1ebf bi\u1ebfn th\u1ee9c \u0103n cho \u0111\u00e0n gia s\u00fac &#8211; gia c\u1ea7m kh\u1ed1i l\u01b0\u1ee3ng l\u1edbn v\u1edbi n\u0103ng su\u1ea5t 3 &#8211; 3,5 t\u1ea5n\/gi\u1edd \u0111\u01b0\u1ee3c c\u00e1c ch\u1ee7 trang tr\u1ea1i \u01b0a d\u00f9ng\u00a0<\/span><\/p>\n<p><img loading=\"lazy\" decoding=\"async\" class=\"aligncenter wp-image-10117 size-full\" src=\"https:\/\/congtybinhminh.com\/wp-content\/uploads\/2020\/03\/may-bam-co-cong-nghiep-4t-binh-minh_result222.webp\" alt=\"may-bam-co-cong-nghiep-4t-binh-minh_result222\" width=\"800\" height=\"1078\" srcset=\"https:\/\/congtybinhminh.com\/wp-content\/uploads\/2020\/03\/may-bam-co-cong-nghiep-4t-binh-minh_result222.webp 800w, https:\/\/congtybinhminh.com\/wp-content\/uploads\/2020\/03\/may-bam-co-cong-nghiep-4t-binh-minh_result222-297x400.webp 297w, https:\/\/congtybinhminh.com\/wp-content\/uploads\/2020\/03\/may-bam-co-cong-nghiep-4t-binh-minh_result222-594x800.webp 594w, https:\/\/congtybinhminh.com\/wp-content\/uploads\/2020\/03\/may-bam-co-cong-nghiep-4t-binh-minh_result222-768x1035.webp 768w, https:\/\/congtybinhminh.com\/wp-content\/uploads\/2020\/03\/may-bam-co-cong-nghiep-4t-binh-minh_result222-510x687.webp 510w\" sizes=\"auto, (max-width: 800px) 100vw, 800px\" \/><\/p>\n<h2>Nh\u1eefng t\u00ednh n\u0103ng m\u00e1y b\u0103m c\u1ecf c\u00f4ng nghi\u1ec7p 4T<\/h2>\n<p>M\u00e1y b\u0103m c\u1ecf 4T \u0111\u01b0\u1ee3c v\u1eadn h\u00e0nh theo c\u01a1 ch\u1ebf t\u1ef1 \u0111\u1ed9ng v\u00e0 li\u00ean ho\u00e0n, m\u00e1y c\u00f3 kh\u1ea3 n\u0103ng \u0111\u1eadp d\u1eadp v\u00e0 b\u0103m nh\u1ecf c\u00e1c lo\u1ea1i c\u1ecf nh\u01b0: c\u1ecf voi, th\u00e2n c\u00e2y ng\u00f4, c\u1ecf s\u1ea3.. th\u00e0nh m\u1ea3nh nh\u1ecf c\u00f3 k\u00edch th\u01b0\u1edbc t\u1eeb 1 &#8211; 3 cm<\/p>\n<p><img loading=\"lazy\" decoding=\"async\" class=\"aligncenter wp-image-10119 size-full\" src=\"https:\/\/congtybinhminh.com\/wp-content\/uploads\/2020\/03\/may-bam-co-voi_result222.webp\" alt=\"may-bam-co-voi_result222\" width=\"800\" height=\"1561\" srcset=\"https:\/\/congtybinhminh.com\/wp-content\/uploads\/2020\/03\/may-bam-co-voi_result222.webp 800w, https:\/\/congtybinhminh.com\/wp-content\/uploads\/2020\/03\/may-bam-co-voi_result222-205x400.webp 205w, https:\/\/congtybinhminh.com\/wp-content\/uploads\/2020\/03\/may-bam-co-voi_result222-410x800.webp 410w, https:\/\/congtybinhminh.com\/wp-content\/uploads\/2020\/03\/may-bam-co-voi_result222-768x1499.webp 768w, https:\/\/congtybinhminh.com\/wp-content\/uploads\/2020\/03\/may-bam-co-voi_result222-787x1536.webp 787w, https:\/\/congtybinhminh.com\/wp-content\/uploads\/2020\/03\/may-bam-co-voi_result222-510x995.webp 510w\" sizes=\"auto, (max-width: 800px) 100vw, 800px\" \/><\/p>\n<p>Th\u00e0nh ph\u1ea9m \u0111\u01b0\u1ee3c b\u0103m \u0111\u1ec1u gi\u00fap v\u1eadt nu\u00f4i th\u00edch \u0103n, \u0103n \u0111\u01b0\u1ee3c nhi\u1ec1u h\u01a1n<\/p>\n<p>Ngo\u00e0i ra, m\u00e1y c\u00f2n c\u00f3 th\u1ec3 b\u0103m c\u00e1c lo\u1ea1i ph\u1ee5 ph\u1ea9m kh\u00e1c nh\u01b0: b\u00e3 m\u00eda, v\u00e1n b\u00f3c.. t\u00e1i ch\u1ec1 l\u00e0m ph\u00e2n b\u00f3n tr\u1ed3ng c\u00e2y, \u0111\u1ec7m l\u00f3t chu\u1ed3ng g\u00f3p ph\u1ea7n ti\u1ebft ki\u1ec7m chi ph\u00ed<\/p>\n<h2><span style=\"color: #000000\">C\u1ea5u t\u1ea1o m\u00e1y b\u0103m c\u1ecf c\u00f4ng nghi\u1ec7p 4T\u00a0<\/span><\/h2>\n<h3>Khung m\u00e1y ch\u1eafc ch\u1eafn<\/h3>\n<p>M\u00e1y \u0111\u01b0\u1ee3c thi\u1ebft k\u1ebf l\u1edbn v\u1edbi ph\u1ea7n khung m\u00e1y \u0111\u01b0\u1ee3c h\u00e0n g\u1eafn ch\u1eafc ch\u1eafn kh\u00f4ng g\u00e2y rung l\u1eafc trong qu\u00e1 tr\u00ecnh b\u0103m.<\/p>\n<p><img loading=\"lazy\" decoding=\"async\" class=\"aligncenter wp-image-10118 size-full\" src=\"https:\/\/congtybinhminh.com\/wp-content\/uploads\/2020\/03\/cau-tao-may-bam-co-4t-binh-minh-copy_result222.webp\" alt=\"cau-tao-may-bam-co-4t-binh-minh copy_result222\" width=\"800\" height=\"800\" srcset=\"https:\/\/congtybinhminh.com\/wp-content\/uploads\/2020\/03\/cau-tao-may-bam-co-4t-binh-minh-copy_result222.webp 800w, https:\/\/congtybinhminh.com\/wp-content\/uploads\/2020\/03\/cau-tao-may-bam-co-4t-binh-minh-copy_result222-400x400.webp 400w, https:\/\/congtybinhminh.com\/wp-content\/uploads\/2020\/03\/cau-tao-may-bam-co-4t-binh-minh-copy_result222-280x280.webp 280w, https:\/\/congtybinhminh.com\/wp-content\/uploads\/2020\/03\/cau-tao-may-bam-co-4t-binh-minh-copy_result222-768x768.webp 768w, https:\/\/congtybinhminh.com\/wp-content\/uploads\/2020\/03\/cau-tao-may-bam-co-4t-binh-minh-copy_result222-247x247.webp 247w, https:\/\/congtybinhminh.com\/wp-content\/uploads\/2020\/03\/cau-tao-may-bam-co-4t-binh-minh-copy_result222-510x510.webp 510w, https:\/\/congtybinhminh.com\/wp-content\/uploads\/2020\/03\/cau-tao-may-bam-co-4t-binh-minh-copy_result222-100x100.webp 100w\" sizes=\"auto, (max-width: 800px) 100vw, 800px\" \/><\/p>\n<p>Ph\u00eda d\u01b0\u1edbi ch\u00e2n m\u00e1y l\u1eafp \u0111\u1eb7t 4 b\u00e1nh xe v\u00e0 tay k\u00e9o thu\u1eadn ti\u1ec7n di chuy\u1ec3n, s\u1ef1 k\u1ebft h\u1ee3p mang l\u1ea1i s\u1ef1 ti\u1ec7n l\u1ee3i cho ng\u01b0\u1eddi d\u00f9ng<\/p>\n<h3>B\u0103m t\u1ea3i c\u1ea5p li\u1ec7u<\/h3>\n<p>M\u00e1y b\u0103m c\u1ecf c\u00f3 b\u0103ng t\u1ea3i t\u1ef1 \u0111\u1ed9ng truy\u1ec1n t\u1ea3i nguy\u00ean li\u1ec7u. Ng\u01b0\u1eddi d\u00f9ng ch\u1ec9 c\u1ea7n \u0111\u1eb7t nguy\u00ean li\u1ec7u l\u00ean h\u1ec7 th\u1ed1ng b\u0103ng truy\u1ec1n, nguy\u00ean li\u1ec7u s\u1ebd \u0111\u01b0\u1ee3c qu\u1ea3 l\u00f4 k\u1eb9p k\u00e9o \u0111i v\u00e0o bu\u1ed3ng b\u0103m, gi\u1eef an to\u00e0n cho ng\u01b0\u1eddi d\u00f9ng kh\u00f4ng ph\u1ea3i \u0111\u01b0a tay g\u1ea7n mi\u1ec7ng toa<\/p>\n<p><img loading=\"lazy\" decoding=\"async\" class=\"aligncenter wp-image-10120 size-full\" src=\"https:\/\/congtybinhminh.com\/wp-content\/uploads\/2020\/03\/may-bam-co-co-bang-tai_result222.webp\" alt=\"may-bam-co-co-bang-tai_result222\" width=\"800\" height=\"450\" srcset=\"https:\/\/congtybinhminh.com\/wp-content\/uploads\/2020\/03\/may-bam-co-co-bang-tai_result222.webp 800w, https:\/\/congtybinhminh.com\/wp-content\/uploads\/2020\/03\/may-bam-co-co-bang-tai_result222-711x400.webp 711w, https:\/\/congtybinhminh.com\/wp-content\/uploads\/2020\/03\/may-bam-co-co-bang-tai_result222-768x432.webp 768w, https:\/\/congtybinhminh.com\/wp-content\/uploads\/2020\/03\/may-bam-co-co-bang-tai_result222-510x287.webp 510w\" sizes=\"auto, (max-width: 800px) 100vw, 800px\" \/><\/p>\n<h3>Bu\u1ed3ng dao b\u0103m<\/h3>\n<p>H\u1ec7 th\u1ed1ng bu\u1ed3ng l\u00e0m vi\u1ec7c g\u1ed3m 3 dao b\u0103m ch\u00ednh s\u1eafc b\u00e9n c\u00f9ng c\u00e1c b\u00faa \u0111\u1eadp v\u00e0 c\u00e1nh \u0111\u1ea9y l\u1edbn b\u0103m nh\u1ecf th\u00e0nh ph\u1ea9m r\u1ed3i \u0111\u1ea9y ch\u00fang ra ngo\u00e0i c\u1eeda x\u1ea3 tr\u00ean<\/p>\n<p><img loading=\"lazy\" decoding=\"async\" class=\"aligncenter wp-image-10121 size-full\" src=\"https:\/\/congtybinhminh.com\/wp-content\/uploads\/2020\/03\/dao-bam-co-cong-nghiep_result222.webp\" alt=\"dao-bam-co-cong-nghiep_result222\" width=\"800\" height=\"600\" srcset=\"https:\/\/congtybinhminh.com\/wp-content\/uploads\/2020\/03\/dao-bam-co-cong-nghiep_result222.webp 800w, https:\/\/congtybinhminh.com\/wp-content\/uploads\/2020\/03\/dao-bam-co-cong-nghiep_result222-533x400.webp 533w, https:\/\/congtybinhminh.com\/wp-content\/uploads\/2020\/03\/dao-bam-co-cong-nghiep_result222-768x576.webp 768w, https:\/\/congtybinhminh.com\/wp-content\/uploads\/2020\/03\/dao-bam-co-cong-nghiep_result222-510x383.webp 510w\" sizes=\"auto, (max-width: 800px) 100vw, 800px\" \/><\/p>\n<p>M\u00e1y c\u00f3 b\u1ed9 ph\u1eadn h\u1ed9p c\u1ea7n s\u1ed1 v\u1edbi 3 n\u1ea5c \u0111i\u1ec1u ch\u1ec9nh c\u1ea7n g\u1ea1t qu\u1ea3 l\u00f4 cu\u1ed1n \u0111\u1ec3 m\u00e1y b\u0103m nhanh ho\u1eb7c ch\u1eadm t\u01b0\u01a1ng \u1ee9ng cho ra th\u00e0nh ph\u1ea9m b\u0103m to ho\u1eb7c nh\u1ecf<\/p>\n<p><img loading=\"lazy\" decoding=\"async\" class=\"aligncenter wp-image-10122 size-full\" src=\"https:\/\/congtybinhminh.com\/wp-content\/uploads\/2020\/03\/hop-so-dieu-chinh-bang-tai_result222.webp\" alt=\"hop-so-dieu-chinh-bang-tai_result222\" width=\"800\" height=\"488\" srcset=\"https:\/\/congtybinhminh.com\/wp-content\/uploads\/2020\/03\/hop-so-dieu-chinh-bang-tai_result222.webp 800w, https:\/\/congtybinhminh.com\/wp-content\/uploads\/2020\/03\/hop-so-dieu-chinh-bang-tai_result222-656x400.webp 656w, https:\/\/congtybinhminh.com\/wp-content\/uploads\/2020\/03\/hop-so-dieu-chinh-bang-tai_result222-768x468.webp 768w, https:\/\/congtybinhminh.com\/wp-content\/uploads\/2020\/03\/hop-so-dieu-chinh-bang-tai_result222-510x311.webp 510w\" sizes=\"auto, (max-width: 800px) 100vw, 800px\" \/><\/p>\n<p>L\u01b0u \u00fd: khi mu\u1ed1n chuy\u1ec3n n\u1ea5c s\u1ed1 c\u1ea7n t\u1eaft m\u00e1y \u0111\u1ee3i m\u00e1y d\u1eebng h\u1eb3n m\u1edbi \u0111i\u1ec1u ch\u1ec9nh c\u1ea7n g\u1ea1t<\/p>\n<h3>C\u1eeda x\u1ea3 th\u00e0nh ph\u1ea9m<\/h3>\n<p>Th\u00e0nh ph\u1ea9m sau khi b\u0103m \u0111\u01b0\u1ee3c \u0111\u01b0a l\u00ean c\u1eeda x\u1ea3 v\u00f2i cao, t\u1ea1o \u0111\u1ed9 phun xa t\u1eeb 1 &#8211; 3m, thu\u1eadn ti\u1ec7n cho vi\u1ec7c thu\u00a0 gom c\u00f3 th\u1ec3 x\u1ea3 tr\u1ef1c ti\u1ebfp v\u00e0o th\u00f9ng ch\u1ee9a hay xe ch\u1edf ho\u1eb7c nhi\u1ec1u v\u1ecb tr\u00ed kh\u00e1c<\/p>\n<p><img loading=\"lazy\" decoding=\"async\" class=\"aligncenter wp-image-10123 size-full\" src=\"https:\/\/congtybinhminh.com\/wp-content\/uploads\/2020\/03\/cua-xa-thanh-pham_result222.webp\" alt=\"cua-xa-thanh-pham_result222\" width=\"800\" height=\"510\" srcset=\"https:\/\/congtybinhminh.com\/wp-content\/uploads\/2020\/03\/cua-xa-thanh-pham_result222.webp 800w, https:\/\/congtybinhminh.com\/wp-content\/uploads\/2020\/03\/cua-xa-thanh-pham_result222-627x400.webp 627w, https:\/\/congtybinhminh.com\/wp-content\/uploads\/2020\/03\/cua-xa-thanh-pham_result222-768x490.webp 768w, https:\/\/congtybinhminh.com\/wp-content\/uploads\/2020\/03\/cua-xa-thanh-pham_result222-510x325.webp 510w\" sizes=\"auto, (max-width: 800px) 100vw, 800px\" \/><\/p>\n<p>M\u00e1y b\u0103m c\u1ecf c\u00f4ng nghi\u1ec7p 3 pha s\u1eed d\u1ee5ng \u0111\u1ed9ng c\u01a1 7,5kw motor l\u00f5i d\u00e2y \u0111\u1ed3ng 100% cho n\u0103ng su\u1ea5t \u0111\u1ea1t t\u1eeb 3\u00a0 &#8211; 3,5 t\u1ea5n\/gi\u1edd<\/p>\n<p>Ngo\u00e0i ra, \u0111\u1ed1i v\u1edbi nh\u1eefng h\u1ed9 \u0111i\u1ec7n y\u1ebfu, \u0111i\u1ec7n kh\u00f4ng \u0111\u1ee7 t\u1ea3i v\u1eabn c\u00f3 th\u1ec3 s\u1eed d\u1ee5ng \u0111\u1ea7u n\u1ed5 \u0111\u1ec3 ch\u1ea1y m\u00e1y m\u00e0 v\u1eabn \u0111\u1ea3m b\u1ea3o n\u0103ng su\u1ea5t<\/p>\n<h2>V\u00ec sao n\u00ean d\u00f9ng m\u00e1y b\u0103m c\u1ecf c\u00f4ng nghi\u1ec7p 4T<\/h2>\n<p>Qu\u00e1 tr\u00ecnh b\u0103m c\u1ecf t\u1ef1 \u0111\u1ed9ng mang t\u1edbi s\u1ef1 ti\u1ec7n l\u1ee3i v\u00e0 gi\u1ea3i ph\u00e1p m\u1edbi cho b\u00e0 con ch\u0103n nu\u00f4i:<\/p>\n<p><img loading=\"lazy\" decoding=\"async\" class=\"size-medium wp-image-10125 aligncenter\" src=\"https:\/\/congtybinhminh.com\/wp-content\/uploads\/2020\/03\/bam-co-cho-bo_result222-627x400.webp\" alt=\"bam-co-cho-bo_result222\" width=\"627\" height=\"400\" srcset=\"https:\/\/congtybinhminh.com\/wp-content\/uploads\/2020\/03\/bam-co-cho-bo_result222-627x400.webp 627w, https:\/\/congtybinhminh.com\/wp-content\/uploads\/2020\/03\/bam-co-cho-bo_result222-768x490.webp 768w, https:\/\/congtybinhminh.com\/wp-content\/uploads\/2020\/03\/bam-co-cho-bo_result222-510x325.webp 510w, https:\/\/congtybinhminh.com\/wp-content\/uploads\/2020\/03\/bam-co-cho-bo_result222.webp 800w\" sizes=\"auto, (max-width: 627px) 100vw, 627px\" \/><\/p>\n<ul>\n<li>Kh\u00f4ng m\u1ea5t nhi\u1ec1u th\u1eddi gian v\u00e0 c\u00f4ng s\u1ee9c, ch\u1ec9 c\u1ea7n 1 &#8211; 2 ng\u01b0\u1eddi v\u1eadn h\u00e0nh m\u00e1y m\u00e0 v\u1eabn \u0111\u1ea3m b\u1ea3o n\u0103ng su\u1ea5t<\/li>\n<li>Th\u00e0nh ph\u1ea9m sau khi b\u0103m cho k\u00edch th\u01b0\u1edbc \u0111\u1ed3ng \u0111\u1ec1u v\u1eadt nu\u00f4i th\u00edch \u0103n &#8211; \u0103n \u0111\u01b0\u1ee3c nhi\u1ec1u h\u01a1n v\u00e0 d\u1ec5 ti\u00eau h\u00f3a<\/li>\n<li>G\u00f3p ph\u1ea7n t\u00e1i ch\u1ebf nh\u1eefng ph\u1ee5 ph\u1ea9m n\u00f4ng nghi\u1ec7p, c\u00f4ng nghi\u1ec7p t\u1ea1o ra nh\u1eefng nguy\u00ean li\u1ec7u c\u00f3 gi\u00e1 tr\u1ecb<\/li>\n<\/ul>\n<h2>\u0110\u1ecba ch\u1ec9 b\u00e1n m\u00e1y b\u0103m c\u1ecf gi\u00e1 g\u1ed1c t\u1ea1i x\u01b0\u1edfng<\/h2>\n<p>\u0110\u1ec3 \u0111\u1eb7t mua h\u00e0ng ch\u00ednh h\u00e3ng, b\u00e0 con c\u00f3 th\u1ec3 \u0111\u1ebfn tr\u1ee5 s\u1edf g\u1ea7n nh\u1ea5t c\u1ee7a c\u00f4ng ty \u0111\u1ec3 xem v\u00e0 \u0111\u1eb7t mua h\u00e0ng:<\/p>\n<ul>\n<li>Tr\u1ee5 s\u1edf ch\u00ednh: p. L\u00ea L\u1ee3i &#8211; Tx S\u01a1n T\u00e2y &#8211; H\u00e0 N\u1ed9i<\/li>\n<li>Chi nh\u00e1nh mi\u1ec1n Nam: x\u00e3 T\u00e2n Ki\u00ean &#8211; H. B\u00ecnh Ch\u00e1nh &#8211; Tp H\u1ed3 Ch\u00ed Minh<\/li>\n<\/ul>\n<p><img loading=\"lazy\" decoding=\"async\" class=\"aligncenter wp-image-9596 size-full\" src=\"https:\/\/congtybinhminh.com\/wp-content\/uploads\/2024\/04\/dia-chi-mua-may-bam-co_result222.webp\" alt=\"dia-chi-mua-may-bam-co_result222\" width=\"800\" height=\"1021\" srcset=\"https:\/\/congtybinhminh.com\/wp-content\/uploads\/2024\/04\/dia-chi-mua-may-bam-co_result222.webp 800w, https:\/\/congtybinhminh.com\/wp-content\/uploads\/2024\/04\/dia-chi-mua-may-bam-co_result222-313x400.webp 313w, https:\/\/congtybinhminh.com\/wp-content\/uploads\/2024\/04\/dia-chi-mua-may-bam-co_result222-627x800.webp 627w, https:\/\/congtybinhminh.com\/wp-content\/uploads\/2024\/04\/dia-chi-mua-may-bam-co_result222-768x980.webp 768w, https:\/\/congtybinhminh.com\/wp-content\/uploads\/2024\/04\/dia-chi-mua-may-bam-co_result222-510x651.webp 510w\" sizes=\"auto, (max-width: 800px) 100vw, 800px\" \/><\/p>\n<p>Khi \u0111\u1ebfn \u0111\u00e2y, b\u00e0 con s\u1ebd \u0111\u01b0\u1ee3c th\u1eed nghi\u1ec7m v\u1eadn h\u00e0nh m\u00e1y d\u01b0\u1edbi s\u1ef1 h\u01b0\u1edbng d\u1eabn c\u1ee7a \u0111\u1ed9i ng\u0169 k\u1ef9 thu\u1eadt<\/p>\n<p>\u0110\u1ed1i v\u1edbi b\u00e0 con \u1edf xa, c\u00f3 th\u1ec3 li\u00ean h\u1ec7 t\u1edbi s\u1ed1 \u0111i\u1ec7n tho\u1ea1i tr\u00ean website ho\u1eb7c \u0111\u1ec3 l\u1ea1i l\u1eddi nh\u1eafn \u0111\u1ed9i ng\u0169 t\u01b0 v\u1ea5n s\u1ebd li\u00ean h\u1ec7 b\u00e0 con trong th\u1eddi gian s\u1edbm nh\u1ea5t<\/p>\n<p><strong>Th\u00f4ng s\u1ed1 k\u1ef9 thu\u1eadt\u00a0<\/strong><\/p>\n<table>\n<tbody>\n<tr>\n<td rowspan=\"3\" width=\"245\">\u0110\u1ed9ng c\u01a1<\/td>\n<td width=\"211\">C\u00f4ng su\u1ea5t \u0111\u1ed9ng c\u01a1<\/td>\n<td width=\"210\">7,5kW \u2013 11kW<\/td>\n<\/tr>\n<tr>\n<td width=\"211\">Ngu\u1ed3n \u0111i\u1ec7n<\/td>\n<td width=\"210\">380(V)<\/td>\n<\/tr>\n<tr>\n<td width=\"211\">T\u1ed1c \u0111\u1ed9<\/td>\n<td width=\"210\">1450 ( v\/p)<\/td>\n<\/tr>\n<tr>\n<td rowspan=\"2\" width=\"245\">Tr\u1ecdng l\u01b0\u1ee3ng m\u00e1y<\/td>\n<td width=\"211\">Nguy\u00ean b\u1ed9<\/td>\n<td width=\"210\">473 ( kg)<\/td>\n<\/tr>\n<tr>\n<td width=\"211\">Kh\u00f4ng \u0111\u1ed9ng \u00a0c\u01a1<\/td>\n<td width=\"210\">408( kg)<\/td>\n<\/tr>\n<tr>\n<td rowspan=\"2\" width=\"245\">B\u1ea3o h\u00e0nh<\/td>\n<td width=\"211\">K\u1ef9 thu\u1eadt<\/td>\n<td width=\"210\">06 th\u00e1ng<\/td>\n<\/tr>\n<tr>\n<td width=\"211\">\u0110\u1ed9ng c\u01a1<\/td>\n<td width=\"210\">Theo t\u1eebng h\u00e3ng s\u1ea3n xu\u1ea5t<\/td>\n<\/tr>\n<tr>\n<td width=\"245\">N\u0103ng su\u1ea5t<\/td>\n<td colspan=\"2\" width=\"421\">3 \u2013 3,5 t\u1ea5n \/h<\/td>\n<\/tr>\n<tr>\n<td width=\"245\">K\u00edch th\u01b0\u1edbc\u00a0 ( D * C * R )<\/td>\n<td colspan=\"2\" width=\"421\">216cm*280cm* 158cm<\/td>\n<\/tr>\n<tr>\n<td width=\"245\">H\u00ecnh th\u1ee9c thanh to\u00e1n<\/td>\n<td colspan=\"2\" width=\"421\"><i><em><b><strong>Ti\u1ec1n m\u1eb7t ho\u1eb7c chuy\u1ec3n kho\u1ea3n<\/strong><\/b><\/em><\/i><\/td>\n<\/tr>\n<\/tbody>\n<\/table>\n","protected":false},"excerpt":{"rendered":"<ul>\n<li><strong>H\u00e3ng s\u1ea3n xu\u1ea5t:<\/strong>\u00a0B\u00ecnh Minh<\/li>\n<li><strong>C\u00f4ng su\u1ea5t \u0111\u1ed9ng c\u01a1:<\/strong>\u00a07,5-11kW<\/li>\n<li><strong>Ngu\u1ed3n \u0111i\u1ec7n:<\/strong>\u00a0380V<\/li>\n<li><strong>N\u0103ng su\u1ea5t:<\/strong>\u00a03-3,5 t\u1ea5n\/gi\u1edd<\/li>\n<li><strong>K\u00edch th\u01b0\u1edbc (D*C*R):<\/strong>\u00a0216*280*158 cm<\/li>\n<li><strong>T\u00ednh n\u0103ng:<\/strong>\u00a0b\u0103m nh\u1ecf c\u1ecf voi, th\u00e2n c\u00e2y ng\u00f4, ng\u1ecdn m\u00eda, c\u00e2y m\u00eda, c\u00e2y s\u1eafn, c\u00e0 gai leo\u2026. t\u1ea1o th\u1ee9c \u0103n xanh d\u00e0nh cho v\u1eadt nu\u00f4i ho\u1eb7c b\u0103m d\u1ef1 tr\u1eef c\u1ecf \u1ee7 chua\u2026 ph\u1ee5c v\u1ee5 cho c\u00e1c trang tr\u1ea1i ch\u0103n nu\u00f4i quy m\u00f4 l\u1edbn<\/li>\n<\/ul>\n","protected":false},"featured_media":10112,"comment_status":"closed","ping_status":"closed","template":"","meta":[],"product_brand":[],"product_cat":[40],"product_tag":[83,48,82,45,80,57],"class_list":{"0":"post-3560","1":"product","2":"type-product","3":"status-publish","4":"has-post-thumbnail","6":"product_cat-may-bam-co","7":"product_tag-may-bam-cay-mia","8":"product_tag-may-bam-cay-ngo","9":"product_tag-may-bam-co-4t","10":"product_tag-may-bam-co-binh-minh","11":"product_tag-may-bam-co-cong-nghiep","12":"product_tag-may-bam-co-gia-goc","14":"first","15":"instock","16":"shipping-taxable","17":"product-type-simple"},"_links":{"self":[{"href":"https:\/\/congtybinhminh.com\/index.php?rest_route=\/wp\/v2\/product\/3560","targetHints":{"allow":["GET"]}}],"collection":[{"href":"https:\/\/congtybinhminh.com\/index.php?rest_route=\/wp\/v2\/product"}],"about":[{"href":"https:\/\/congtybinhminh.com\/index.php?rest_route=\/wp\/v2\/types\/product"}],"replies":[{"embeddable":true,"href":"https:\/\/congtybinhminh.com\/index.php?rest_route=%2Fwp%2Fv2%2Fcomments&post=3560"}],"wp:featuredmedia":[{"embeddable":true,"href":"https:\/\/congtybinhminh.com\/index.php?rest_route=\/wp\/v2\/media\/10112"}],"wp:attachment":[{"href":"https:\/\/congtybinhminh.com\/index.php?rest_route=%2Fwp%2Fv2%2Fmedia&parent=3560"}],"wp:term":[{"taxonomy":"product_brand","embeddable":true,"href":"https:\/\/congtybinhminh.com\/index.php?rest_route=%2Fwp%2Fv2%2Fproduct_brand&post=3560"},{"taxonomy":"product_cat","embeddable":true,"href":"https:\/\/congtybinhminh.com\/index.php?rest_route=%2Fwp%2Fv2%2Fproduct_cat&post=3560"},{"taxonomy":"product_tag","embeddable":true,"href":"https:\/\/congtybinhminh.com\/index.php?rest_route=%2Fwp%2Fv2%2Fproduct_tag&post=3560"}],"curies":[{"name":"wp","href":"https:\/\/api.w.org\/{rel}","templated":true}]}}