{"id":204,"date":"2019-10-30T09:03:15","date_gmt":"2019-10-30T02:03:15","guid":{"rendered":"https:\/\/congtybinhminh.com\/?post_type=product&#038;p=204"},"modified":"2026-03-21T16:30:15","modified_gmt":"2026-03-21T09:30:15","slug":"may-xay-nghien-da-nang","status":"publish","type":"product","link":"https:\/\/congtybinhminh.com\/?product=may-xay-nghien-da-nang","title":{"rendered":"M\u00e1y xay nghi\u1ec1n th\u1ee9c \u0103n ch\u0103n nu\u00f4i MXN"},"content":{"rendered":"<p><strong>Xem video tr\u1ef1c ti\u1ebfp t\u1ea1i \u0111\u00e2y:<\/strong><\/p>\n<p><iframe loading=\"lazy\" title=\"M\u00e1y Th\u00e1i B\u0103m Chu\u1ed1i V\u00e0 M\u00e1y Xay Nghi\u1ec1n \u0110a N\u0103ng Ng\u00f4 Th\u00f3c Gi\u00e1 R\u1ebb\" width=\"1020\" height=\"574\" src=\"https:\/\/www.youtube.com\/embed\/RLHV0AE3dK8?start=289&#038;feature=oembed\" frameborder=\"0\" allow=\"accelerometer; autoplay; clipboard-write; encrypted-media; gyroscope; picture-in-picture; web-share\" referrerpolicy=\"strict-origin-when-cross-origin\" allowfullscreen><\/iframe><\/p>\n<p><span style=\"color: #000000;\">Trong ch\u0103n nu\u00f4i, c\u00f4ng \u0111o\u1ea1n ch\u1ebf bi\u1ebfn th\u1ee9c \u0103n lu\u00f4n chi\u1ebfm nhi\u1ec1u th\u1eddi gian v\u00e0 c\u00f4ng s\u1ee9c. Tr\u01b0\u1edbc \u0111\u00e2y, b\u00e0 con th\u01b0\u1eddng ng\u1ed3i h\u00e0ng gi\u1edd \u0111\u1ec3 th\u00e1i nh\u1eefng c\u00e2y chu\u1ed1i to v\u1eeba dai v\u1eeba nhi\u1ec1u nh\u1ef1a, hay \u0111\u1eadp n\u00e1t v\u1ecf nh\u1eefng con \u1ed1c cho g\u00e0 \u0103n. V\u1eeba \u0111au tay, m\u1ecfi l\u01b0ng m\u00e0 l\u1ea1i kh\u00f4ng \u0111\u1ea1t hi\u1ec7u qu\u1ea3. Hi\u1ec3u \u0111\u01b0\u1ee3c n\u1ed7i v\u1ea5t v\u1ea3 \u0111\u00f3 c\u1ee7a ng\u01b0\u1eddi ch\u0103n nu\u00f4i, C\u00f4ng ty B\u00ecnh Minh \u0111\u00e3 ch\u1ebf t\u1ea1o th\u00e0nh c\u00f4ng d\u00f2ng m\u00e1y xay nghi\u1ec1n \u0111a n\u0103ng.<\/span><\/p>\n<p><img loading=\"lazy\" decoding=\"async\" class=\"size-full wp-image-218 aligncenter\" src=\"https:\/\/congtybinhminh.com\/wp-content\/uploads\/2019\/10\/may-xay-nghien-44.jpg\" alt=\"may-xay-nghien-44\" width=\"800\" height=\"600\" srcset=\"https:\/\/congtybinhminh.com\/wp-content\/uploads\/2019\/10\/may-xay-nghien-44.jpg 800w, https:\/\/congtybinhminh.com\/wp-content\/uploads\/2019\/10\/may-xay-nghien-44-510x383.jpg 510w, https:\/\/congtybinhminh.com\/wp-content\/uploads\/2019\/10\/may-xay-nghien-44-533x400.jpg 533w, https:\/\/congtybinhminh.com\/wp-content\/uploads\/2019\/10\/may-xay-nghien-44-768x576.jpg 768w\" sizes=\"auto, (max-width: 800px) 100vw, 800px\" \/><\/p>\n<h2><span style=\"color: #000000;\"><strong><span id=\"Uu_diem_cua_may_xay_nghien_da_nang_sat\" class=\"ez-toc-section\">\u01afu \u0111i\u1ec3m c\u1ee7a m\u00e1y xay nghi\u1ec1n \u0111a n\u0103ng s\u1eaft<\/span><\/strong><\/span><\/h2>\n<ul>\n<li><span style=\"color: #000000;\">M\u00e1y c\u00f3 3 c\u00f4ng d\u1ee5ng trong c\u00f9ng m\u1ed9t s\u1ea3n ph\u1ea9m v\u1eeba b\u0103m v\u1eeba xay v\u00e0 v\u1eeba nghi\u1ec1n c\u00e1c lo\u1ea1i nguy\u00ean li\u1ec7u ph\u1ee5 ph\u1ea9m c\u00f3 s\u1eb5n t\u1ea1i gia \u0111\u00ecnh l\u00e0m th\u1ee9c \u0103n cho v\u1eadt nu\u00f4i.<\/span><\/li>\n<li><span style=\"color: #000000;\">B\u0103m nh\u1ecf c\u00e2y chu\u1ed1i, c\u00e2y ng\u00f4, c\u1ecf voi, rau b\u00e8o,\u2026 N\u1ebfu b\u00e0 con c\u1ea7n 1 chi\u1ebfc m\u00e1y ch\u1ec9 chuy\u00ean b\u0103m nh\u1ecf th\u00e2n c\u00e2y chu\u1ed1i rau b\u00e8o th\u00ec c\u00f3 th\u1ec3 tham kh\u1ea3o <a href=\"https:\/\/congtybinhminh.com\/sp\/may-bam-chuoi-da-nang\/\">M\u00e1y b\u0103m chu\u1ed1i<\/a><\/span><\/li>\n<li><span style=\"color: #000000;\">Nghi\u1ec1n ng\u00f4, khoai, s\u1eafn,\u2026th\u00e0nh d\u1ea1ng b\u1ed9t c\u00e1m.<\/span><\/li>\n<li><span style=\"color: #000000;\">Xay nhuy\u1ec5n c\u00e1, cua, \u1ed1c,\u2026ho\u1eb7c xay nhuy\u1ec5n c\u00e1c lo\u1ea1i c\u1ee7 qu\u1ea3 nh\u01b0 d\u1eeba, ngh\u1ec7, gi\u1ec1ng,\u2026d\u00f9ng trong ch\u1ebf bi\u1ebfn th\u1ef1c ph\u1ea9m.<\/span><\/li>\n<\/ul>\n<p><img loading=\"lazy\" decoding=\"async\" class=\"size-full wp-image-219 aligncenter\" src=\"https:\/\/congtybinhminh.com\/wp-content\/uploads\/2019\/10\/may-xay-nghien-22.jpg\" alt=\"may-xay-nghien-22\" width=\"800\" height=\"600\" srcset=\"https:\/\/congtybinhminh.com\/wp-content\/uploads\/2019\/10\/may-xay-nghien-22.jpg 800w, https:\/\/congtybinhminh.com\/wp-content\/uploads\/2019\/10\/may-xay-nghien-22-510x383.jpg 510w, https:\/\/congtybinhminh.com\/wp-content\/uploads\/2019\/10\/may-xay-nghien-22-533x400.jpg 533w, https:\/\/congtybinhminh.com\/wp-content\/uploads\/2019\/10\/may-xay-nghien-22-768x576.jpg 768w\" sizes=\"auto, (max-width: 800px) 100vw, 800px\" \/><\/p>\n<ul>\n<li><span style=\"color: #000000;\">M\u00e1y \u0111\u01b0\u1ee3c trang b\u1ecb 2 m\u1eb7t s\u00e0ng:<\/span><\/li>\n<li><span style=\"color: #000000;\">S\u00e0ng l\u1ed7: d\u00f9ng \u0111\u1ec3 b\u0103m, xay nguy\u00ean li\u1ec7u t\u01b0\u01a1i nh\u01b0 ngh\u1ec7, d\u1eeba, ri\u1ec1ng,\u2026<\/span><\/li>\n<li><span style=\"color: #000000;\">S\u00e0ng k\u00edn: D\u00f9ng \u0111\u1ec3 nghi\u1ec1n nguy\u00ean li\u1ec7u kh\u00f4 nh\u01b0 ng\u00f4, \u0111\u1eadu t\u01b0\u01a1ng,\u2026<\/span><\/li>\n<li><span style=\"color: #000000;\">M\u00e1y \u0111\u01b0\u1ee3c thi\u1ebft k\u1ebf g\u1ecdn, nh\u1eb9, d\u1ec5 di chuy\u1ec3n.<\/span><\/li>\n<li><span style=\"color: #000000;\">M\u00e1y cho n\u0103ng su\u1ea5t t\u1eeb 150 \u2013 200 kg\/gi\u1edd, s\u1eed d\u1ee5ng \u0111i\u1ec7n 220V. M\u00e1y ph\u00f9 h\u1ee3p v\u1edbi c\u00e1c gia \u0111\u00ecnh kinh doanh nh\u1ecf l\u1ebb.<\/span><\/li>\n<\/ul>\n<p><img loading=\"lazy\" decoding=\"async\" class=\"size-full wp-image-228 aligncenter\" src=\"https:\/\/congtybinhminh.com\/wp-content\/uploads\/2019\/10\/may-xay-nghien-000.jpg\" alt=\"may-xay-nghien-000\" width=\"800\" height=\"600\" srcset=\"https:\/\/congtybinhminh.com\/wp-content\/uploads\/2019\/10\/may-xay-nghien-000.jpg 800w, https:\/\/congtybinhminh.com\/wp-content\/uploads\/2019\/10\/may-xay-nghien-000-510x383.jpg 510w, https:\/\/congtybinhminh.com\/wp-content\/uploads\/2019\/10\/may-xay-nghien-000-533x400.jpg 533w, https:\/\/congtybinhminh.com\/wp-content\/uploads\/2019\/10\/may-xay-nghien-000-768x576.jpg 768w\" sizes=\"auto, (max-width: 800px) 100vw, 800px\" \/><\/p>\n<p>&nbsp;<\/p>\n<h2><strong><span id=\"Cau_tao_va_thong_so_ky_thuat_may_xay_nghien_da_nang_sat\" class=\"ez-toc-section\">C\u1ea5u t\u1ea1o v\u00e0 th\u00f4ng s\u1ed1 k\u1ef9 thu\u1eadt m\u00e1y xay nghi\u1ec1n \u0111a n\u0103ng s\u1eaft:<\/span><\/strong><\/h2>\n<h3><span id=\"Cau_tao\" class=\"ez-toc-section\" style=\"color: #000000;\"><strong>C\u1ea5u t\u1ea1o<\/strong> :\u00a0<\/span><\/h3>\n<ul>\n<li><span style=\"color: #000000;\">M\u00e1ng n\u1ea1p nguy\u00ean li\u1ec7u v\u1edbi 2 \u0111\u01b0\u1eddng c\u1eeda n\u1ea1p to \u2013 nh\u1ecf \u0111\u01b0\u1ee3c g\u1eafn v\u00e0o th\u00f9ng l\u00e0m vi\u1ec7c b\u1eb1ng c\u00e1c ch\u1ed1t \u0111\u00f3ng gi\u00fap nguy\u00ean li\u1ec7u kh\u00f4ng b\u1ecb v\u0103ng ra ngo\u00e0i trong qu\u00e1 tr\u00ecnh ho\u1ea1t \u0111\u1ed9ng.<\/span><\/li>\n<li><span style=\"color: #000000;\">Th\u00e2n m\u00e1y v\u00e0 h\u1ec7 th\u1ed1ng dao b\u0103m \u0111\u01b0\u1ee3c ch\u1ebf t\u1ea1o b\u1eb1ng inox, c\u00f3 \u0111\u1ed9 b\u1ec1n cao.<\/span><\/li>\n<li><span style=\"color: #000000;\">H\u1ec7 th\u1ed1ng dao g\u1ed3m 15 dao b\u0103m s\u1eafc b\u00e9n g\u1ed3m 1 dao to 2 l\u01b0\u1ee1i v\u00e0 14 dao nh\u1ecf l\u00e0m vi\u1ec7c, th\u1ef1c hi\u1ec7n nhi\u1ec7m v\u1ee5 b\u0103m, xay nghi\u1ec1n.<\/span><\/li>\n<li><span style=\"color: #000000;\">T\u1ea5m s\u00e0ng g\u1eafn tr\u01b0\u1edbc c\u1eeda x\u1ea3 n\u1eb1m ngang, mi\u1ec7ng c\u1eeda x\u1ea3 ch\u00fac xu\u1ed1ng d\u01b0\u1edbi gi\u00fap th\u00e0nh ph\u1ea9m t\u1ef1 \u0111\u1ed9ng \u0111\u1ea9y ra ngo\u00e0i, kh\u00f4ng b\u1ecb b\u1eafn xa.<\/span><\/li>\n<\/ul>\n<p><img loading=\"lazy\" decoding=\"async\" class=\"size-full wp-image-220 aligncenter\" src=\"https:\/\/congtybinhminh.com\/wp-content\/uploads\/2019\/10\/may-xay-nghien-33.jpg\" alt=\"may-xay-nghien-33\" width=\"800\" height=\"600\" srcset=\"https:\/\/congtybinhminh.com\/wp-content\/uploads\/2019\/10\/may-xay-nghien-33.jpg 800w, https:\/\/congtybinhminh.com\/wp-content\/uploads\/2019\/10\/may-xay-nghien-33-510x383.jpg 510w, https:\/\/congtybinhminh.com\/wp-content\/uploads\/2019\/10\/may-xay-nghien-33-533x400.jpg 533w, https:\/\/congtybinhminh.com\/wp-content\/uploads\/2019\/10\/may-xay-nghien-33-768x576.jpg 768w\" sizes=\"auto, (max-width: 800px) 100vw, 800px\" \/><\/p>\n<p>&nbsp;<\/p>\n<h3><span style=\"color: #000000;\"><strong>Th\u00f4ng s\u1ed1<\/strong> :\u00a0<\/span><\/h3>\n<p><img loading=\"lazy\" decoding=\"async\" class=\"size-full wp-image-205 aligncenter\" src=\"https:\/\/congtybinhminh.com\/wp-content\/uploads\/2019\/10\/xay-toa-inox.jpg\" alt=\"xay-toa-inox\" width=\"724\" height=\"429\" srcset=\"https:\/\/congtybinhminh.com\/wp-content\/uploads\/2019\/10\/xay-toa-inox.jpg 724w, https:\/\/congtybinhminh.com\/wp-content\/uploads\/2019\/10\/xay-toa-inox-510x302.jpg 510w, https:\/\/congtybinhminh.com\/wp-content\/uploads\/2019\/10\/xay-toa-inox-675x400.jpg 675w\" sizes=\"auto, (max-width: 724px) 100vw, 724px\" \/><\/p>\n<h2><span id=\"Cam_ket_ve_gia_va_Chinh_sach_bao_hanh\" class=\"ez-toc-section\" style=\"color: #000000;\"><strong>Cam k\u1ebft v\u1ec1 gi\u00e1 v\u00e0 Ch\u00ednh s\u00e1ch b\u1ea3o h\u00e0nh<\/strong><\/span><\/h2>\n<ul>\n<li><span style=\"color: #000000;\">M\u00e1y do c\u00f4ng ty tr\u1ef1c ti\u1ebfp ch\u1ebf t\u1ea1o v\u00e0 s\u1ea3n xu\u1ea5t t\u1ea1i x\u01b0\u1edfng, kh\u00f4ng qua trung gian, \u0111\u1ea3m b\u1ea3o gi\u00e1 r\u1ebb nh\u1ea5t, ch\u1ea5t l\u01b0\u1ee3ng t\u1ed1t nh\u1ea5t, b\u1ea3o h\u00e0nh thu\u1eadn ti\u1ec7n nh\u1ea5t.<\/span><\/li>\n<li><span style=\"color: #000000;\">\u0110\u1ed9i ng\u0169 k\u1ef9 thu\u1eadt c\u00f3 tr\u00ecnh \u0111\u1ed9 chuy\u00ean m\u00f4n cao, s\u1eb5n s\u00e0ng h\u1ed7 tr\u1ee3 k\u1ef9 thu\u1eadt t\u1eadn t\u00ecnh v\u00e0 tr\u1ecdn \u0111\u1eddi.<\/span><\/li>\n<li><span style=\"color: #000000;\">B\u1ea3o h\u00e0nh t\u1ea1i c\u00f4ng ty 6 th\u00e1ng cho tr\u01b0\u1eddng h\u1ee3p m\u00e1y l\u1ed7i k\u1ef9 thu\u1eadt do c\u00f4ng ty s\u1ea3n xu\u1ea5t. H\u1ebft th\u1eddi gian n\u00e0y t\u01b0 v\u1ea5n k\u1ef9 thu\u1eadt tr\u1ecdn \u0111\u1eddi s\u1ea3n ph\u1ea9m.<\/span><\/li>\n<\/ul>\n<h2><span id=\"Huong_dan_mua_hang\" class=\"ez-toc-section\" style=\"color: #000000;\"><strong>H\u01b0\u1edbng d\u1eabn mua h\u00e0ng<\/strong><\/span><\/h2>\n<p><span style=\"color: #000000;\">Kh\u00e1ch h\u00e0ng \u0111\u1ebfn c\u00f4ng ty mua m\u00e1y v\u00e0 thanh to\u00e1n tr\u1ef1c ti\u1ebfp b\u1eb1ng ti\u1ec1n m\u1eb7t.<\/span><\/p>\n<p><span style=\"color: #000000;\">\u0110\u1ed1i v\u1edbi nh\u1eefng kh\u00e1ch h\u00e0ng \u1edf xa, C\u00f4ng ty s\u1ebd h\u01b0\u1edbng d\u1eabn mua h\u00e0ng v\u00e0 h\u1ed7 tr\u1ee3 giao h\u00e0ng to\u00e0n qu\u1ed1c. Qu\u00fd kh\u00e1ch vui l\u00f2ng chuy\u1ec3n kho\u1ea3n \u0111\u1eb7t c\u1ecdc, s\u1ed1 ti\u1ec1n m\u00e1y c\u00f2n l\u1ea1i s\u1ebd thanh to\u00e1n tr\u1ef1c ti\u1ebfp cho \u0111\u01a1n v\u1ecb v\u1eadn chuy\u1ec3n.<\/span><\/p>\n<p><span style=\"color: #000000;\">\u0110\u1ec3 \u0111\u01b0\u1ee3c cung c\u1ea5p th\u00eam th\u00f4ng tin v\u1ec1 c\u00e1c d\u00f2ng s\u1ea3n ph\u1ea9m c\u1ee7a c\u00f4ng ty B\u00ecnh Minh, k\u00ednh m\u1eddi Qu\u00fd kh\u00e1ch li\u00ean h\u1ec7:<\/span><\/p>\n<p><span style=\"color: #000000;\"><strong>C\u00d4NG TY TNHH D\u1ecaCH V\u1ee4 V\u00c0 S\u1ea2N XU\u1ea4T TH\u01af\u01a0NG M\u1ea0I XU\u1ea4T NH\u1eacP KH\u1ea8U B\u00ccNH MINH<\/strong><\/span><\/p>\n<p><span style=\"color: #000000;\"><strong>\u0110\u1ecba ch\u1ec9:<\/strong> S\u1ed1 249, Ph\u1ed1 L\u00ea L\u1ee3i \u2013 Ph\u01b0\u1eddng L\u00ea L\u1ee3i \u2013 Th\u1ecb x\u00e3 S\u01a1n T\u00e2y \u2013 Th\u00e0nh ph\u1ed1 H\u00e0 N\u1ed9i<\/span><\/p>\n<p>&nbsp;<\/p>\n","protected":false},"excerpt":{"rendered":"<p><strong>T\u00ednh n\u0103ng:<\/strong>\u00a0<em>M\u00e1y c\u00f3 ch\u1ee9c n\u0103ng xay nhuy\u1ec5n c\u00e1c nguy\u00ean li\u1ec7u nh\u01b0 ng\u00f4, khoai, s\u1eafn,\u2026 th\u00e0nh c\u00e1m ho\u1eb7c th\u00e2n, chu\u1ed1i, rau, c\u1ecf,\u2026<\/em><\/p>\n<p><strong>N\u0103ng su\u1ea5t:<\/strong>\u00a0150-200 kg\/gi\u1edd<\/p>\n<p><strong>T\u1ed1c \u0111\u1ed9 m\u00e1y:<\/strong>\u00a02900 v\u00f2ng\/ph\u00fat<\/p>\n<p><strong>\u0110\u1ed9ng c\u01a1:<\/strong>\u00a02.2- 3kW<\/p>\n<p><strong>\u0110i\u1ec7n n\u0103ng:<\/strong>\u00a0220V (1 pha)<\/p>\n<p><strong>Tr\u1ecdng l\u01b0\u1ee3ng:\u00a0<\/strong>56kg<\/p>\n<p><strong>S\u1ea3n xu\u1ea5t:<\/strong>\u00a0<em>B\u00ecnh Minh<\/em><\/p>\n","protected":false},"featured_media":11314,"comment_status":"closed","ping_status":"closed","template":"","meta":[],"product_brand":[],"product_cat":[194],"product_tag":[],"class_list":{"0":"post-204","1":"product","2":"type-product","3":"status-publish","4":"has-post-thumbnail","6":"product_cat-may-xay-rau-cu","8":"first","9":"instock","10":"shipping-taxable","11":"product-type-simple"},"_links":{"self":[{"href":"https:\/\/congtybinhminh.com\/index.php?rest_route=\/wp\/v2\/product\/204","targetHints":{"allow":["GET"]}}],"collection":[{"href":"https:\/\/congtybinhminh.com\/index.php?rest_route=\/wp\/v2\/product"}],"about":[{"href":"https:\/\/congtybinhminh.com\/index.php?rest_route=\/wp\/v2\/types\/product"}],"replies":[{"embeddable":true,"href":"https:\/\/congtybinhminh.com\/index.php?rest_route=%2Fwp%2Fv2%2Fcomments&post=204"}],"wp:featuredmedia":[{"embeddable":true,"href":"https:\/\/congtybinhminh.com\/index.php?rest_route=\/wp\/v2\/media\/11314"}],"wp:attachment":[{"href":"https:\/\/congtybinhminh.com\/index.php?rest_route=%2Fwp%2Fv2%2Fmedia&parent=204"}],"wp:term":[{"taxonomy":"product_brand","embeddable":true,"href":"https:\/\/congtybinhminh.com\/index.php?rest_route=%2Fwp%2Fv2%2Fproduct_brand&post=204"},{"taxonomy":"product_cat","embeddable":true,"href":"https:\/\/congtybinhminh.com\/index.php?rest_route=%2Fwp%2Fv2%2Fproduct_cat&post=204"},{"taxonomy":"product_tag","embeddable":true,"href":"https:\/\/congtybinhminh.com\/index.php?rest_route=%2Fwp%2Fv2%2Fproduct_tag&post=204"}],"curies":[{"name":"wp","href":"https:\/\/api.w.org\/{rel}","templated":true}]}}