{"id":10868,"date":"2025-07-08T08:27:37","date_gmt":"2025-07-08T01:27:37","guid":{"rendered":"https:\/\/congtybinhminh.com\/?post_type=product&#038;p=10868"},"modified":"2025-07-08T08:28:17","modified_gmt":"2025-07-08T01:28:17","slug":"may-rang-hat-da-nang-r30-phien-ban-moi","status":"publish","type":"product","link":"https:\/\/congtybinhminh.com\/?product=may-rang-hat-da-nang-r30-phien-ban-moi","title":{"rendered":"M\u00e1y rang h\u1ea1t \u0111a n\u0103ng R30 phi\u00ean b\u1ea3n m\u1edbi"},"content":{"rendered":"<h2>Gi\u1edbi thi\u1ec7u m\u00e1y rang h\u1ea1t \u0111a n\u0103ng R30 phi\u00ean b\u1ea3n m\u1edbi<\/h2>\n<p>M\u00e1y rang h\u1ea1t \u0111a n\u0103ng R30 phi\u00ean b\u1ea3n m\u1edbi &#8211; n\u00e2ng c\u1ea5p to\u00e0n di\u1ec7n, r\u00fat ng\u1eafn th\u1eddi gian rang &#8211; t\u0103ng ch\u1ea5t l\u01b0\u1ee3ng th\u00e0nh ph\u1ea9m v\u1edbi n\u0103ng su\u1ea5t kho\u1ea3ng 20 &#8211; 25 kg\/m\u1ebb<\/p>\n<p><img loading=\"lazy\" decoding=\"async\" class=\"aligncenter wp-image-10875 size-full\" src=\"https:\/\/congtybinhminh.com\/wp-content\/uploads\/2025\/07\/may-rang-hat-da-nang-r30-phien-ban-moi-1-pha_result222.webp\" alt=\"may-rang-hat-da-nang-r30-phien-ban-moi-1-pha_result222\" width=\"800\" height=\"1078\" srcset=\"https:\/\/congtybinhminh.com\/wp-content\/uploads\/2025\/07\/may-rang-hat-da-nang-r30-phien-ban-moi-1-pha_result222.webp 800w, https:\/\/congtybinhminh.com\/wp-content\/uploads\/2025\/07\/may-rang-hat-da-nang-r30-phien-ban-moi-1-pha_result222-297x400.webp 297w, https:\/\/congtybinhminh.com\/wp-content\/uploads\/2025\/07\/may-rang-hat-da-nang-r30-phien-ban-moi-1-pha_result222-594x800.webp 594w, https:\/\/congtybinhminh.com\/wp-content\/uploads\/2025\/07\/may-rang-hat-da-nang-r30-phien-ban-moi-1-pha_result222-768x1035.webp 768w, https:\/\/congtybinhminh.com\/wp-content\/uploads\/2025\/07\/may-rang-hat-da-nang-r30-phien-ban-moi-1-pha_result222-510x687.webp 510w\" sizes=\"auto, (max-width: 800px) 100vw, 800px\" \/><\/p>\n<p>Rang m\u1ebb n\u00e0o l\u00e0 \u01b0ng m\u1ebb \u0111\u00f3, h\u1ea1t rang gi\u00f2n \u0111\u1ec1u &#8211; h\u1ea1t th\u01a1m. Gi\u1ea3i ph\u00e1p ho\u00e0n h\u1ea3o gi\u00fap thay \u0111\u1ed5i ph\u01b0\u01a1ng ph\u00e1p v\u1eadn h\u00e0nh c\u01a1 s\u1edf c\u1ee7a b\u1ea1n<\/p>\n<h2>M\u00e1y rang h\u1ea1t \u0111a n\u0103ng R30 rang \u0111\u01b0\u1ee3c nh\u1eefng nguy\u00ean li\u1ec7u g\u00ec<\/h2>\n<p>M\u00e1y rang \u0111a n\u0103ng kh\u00f4ng gi\u1edbi h\u1ea1n nguy\u00ean li\u1ec7u:<\/p>\n<p><img loading=\"lazy\" decoding=\"async\" class=\"aligncenter wp-image-10882 size-full\" src=\"https:\/\/congtybinhminh.com\/wp-content\/uploads\/2025\/07\/may-rang-hat-de-copy_result222.webp\" alt=\"may-rang-hat-de copy_result222\" width=\"800\" height=\"738\" srcset=\"https:\/\/congtybinhminh.com\/wp-content\/uploads\/2025\/07\/may-rang-hat-de-copy_result222.webp 800w, https:\/\/congtybinhminh.com\/wp-content\/uploads\/2025\/07\/may-rang-hat-de-copy_result222-434x400.webp 434w, https:\/\/congtybinhminh.com\/wp-content\/uploads\/2025\/07\/may-rang-hat-de-copy_result222-768x708.webp 768w, https:\/\/congtybinhminh.com\/wp-content\/uploads\/2025\/07\/may-rang-hat-de-copy_result222-510x470.webp 510w\" sizes=\"auto, (max-width: 800px) 100vw, 800px\" \/><\/p>\n<ul>\n<li>H\u1ea1t n\u00f4ng s\u1ea3n: g\u1ea1o n\u1ebfp, g\u1ea1o t\u1ebb, g\u1ea1o l\u1ee9t, h\u1ea1t h\u01b0\u1edbng d\u01b0\u01a1ng, h\u1ea1t d\u1ebb,..<\/li>\n<li>H\u1ea1t ng\u0169 c\u1ed1c: h\u1ea1nh nh\u00e2n, \u00f3c ch\u00f3, macca..<\/li>\n<li>C\u00e1c lo\u1ea1i h\u1ea1t \u0111\u1ed7: \u0111\u1ed7 \u0111en, \u0111\u1ed7 xanh, \u0111\u1eadu \u0111\u1ecf..<\/li>\n<\/ul>\n<p>D\u00f9 l\u00e0 nguy\u00ean li\u1ec7u c\u1ee9ng hay m\u1ec1m, to hay nh\u1ecf &#8211; m\u00e1y \u0111\u1ec1u cho ra m\u1ebb rang ch\u00edn \u0111\u1ec1u &#8211; th\u01a1m l\u1eebng &#8211; m\u00e0u s\u1eafc b\u1eaft m\u1eaft s\u1eb5n s\u00e0ng \u0111\u00f3ng g\u00f3i b\u00e1n ra th\u1ecb tr\u01b0\u1eddng<\/p>\n<h2>C\u1ea5u t\u1ea1o m\u00e1y rang h\u1ea1t R30 phi\u00ean b\u1ea3n m\u1edbi<\/h2>\n<h3>Khung m\u00e1y ch\u1eafc ch\u1eafn<\/h3>\n<p>M\u00e1y \u0111\u01b0\u1ee3c thi\u1ebft k\u1ebf hi\u1ec7n \u0111\u1ea1i v\u1edbi ph\u1ea7n khung m\u00e1y \u0111\u01b0\u1ee3c h\u00e0n g\u1eafn ch\u1eafc ch\u1eafn kh\u00f4ng g\u00e2y rung l\u1eafc trong qu\u00e1 tr\u00ecnh v\u1eadn h\u00e0nh<\/p>\n<p><img loading=\"lazy\" decoding=\"async\" class=\"aligncenter wp-image-10876 size-full\" src=\"https:\/\/congtybinhminh.com\/wp-content\/uploads\/2025\/07\/cau-tao-may-rang-r30-phien-ban-moi-copy_result222.webp\" alt=\"cau-tao-may-rang-r30-phien-ban-moi copy_result222\" width=\"800\" height=\"542\" srcset=\"https:\/\/congtybinhminh.com\/wp-content\/uploads\/2025\/07\/cau-tao-may-rang-r30-phien-ban-moi-copy_result222.webp 800w, https:\/\/congtybinhminh.com\/wp-content\/uploads\/2025\/07\/cau-tao-may-rang-r30-phien-ban-moi-copy_result222-590x400.webp 590w, https:\/\/congtybinhminh.com\/wp-content\/uploads\/2025\/07\/cau-tao-may-rang-r30-phien-ban-moi-copy_result222-768x520.webp 768w, https:\/\/congtybinhminh.com\/wp-content\/uploads\/2025\/07\/cau-tao-may-rang-r30-phien-ban-moi-copy_result222-510x346.webp 510w\" sizes=\"auto, (max-width: 800px) 100vw, 800px\" \/><\/p>\n<p>Ph\u00eda d\u01b0\u1edbi ch\u00e2n m\u00e1y l\u1eafp \u0111\u1eb7t 4 b\u00e1nh xe gi\u00fap b\u1ea1n d\u1ec5 d\u00e0ng di chuy\u1ec3n v\u00e0 thay \u0111\u1ed5i v\u1ecb tr\u00ed l\u1eafp \u0111\u1eb7t linh ho\u1ea1t<\/p>\n<h3>Toa n\u1ea1p nguy\u00ean li\u1ec7u ti\u1ec7n l\u1ee3i<\/h3>\n<p data-start=\"439\" data-end=\"595\">Thi\u1ebft k\u1ebf d\u1ea1ng ph\u1ec5u \u0111\u1ee9ng, toa mi\u1ec7ng r\u1ed9ng. H\u1ec7 th\u1ed1ng d\u1eabn li\u1ec7u n\u1ed1i li\u1ec1n l\u1ed3ng rang kh\u00f4ng b\u1ecb k\u1eb9t, kh\u00f4ng d\u1ed3n c\u1ee5c &#8211; gi\u00fap nguy\u00ean li\u1ec7u t\u1ef1 ch\u1ea3y \u0111\u1ec1u xu\u1ed1ng l\u1ed3ng<\/p>\n<p data-start=\"439\" data-end=\"595\"><img loading=\"lazy\" decoding=\"async\" class=\"aligncenter wp-image-10877 size-full\" src=\"https:\/\/congtybinhminh.com\/wp-content\/uploads\/2025\/07\/canh-dao-may-rang_result222.webp\" alt=\"canh-dao-may-rang_result222\" width=\"800\" height=\"600\" srcset=\"https:\/\/congtybinhminh.com\/wp-content\/uploads\/2025\/07\/canh-dao-may-rang_result222.webp 800w, https:\/\/congtybinhminh.com\/wp-content\/uploads\/2025\/07\/canh-dao-may-rang_result222-533x400.webp 533w, https:\/\/congtybinhminh.com\/wp-content\/uploads\/2025\/07\/canh-dao-may-rang_result222-768x576.webp 768w, https:\/\/congtybinhminh.com\/wp-content\/uploads\/2025\/07\/canh-dao-may-rang_result222-510x383.webp 510w\" sizes=\"auto, (max-width: 800px) 100vw, 800px\" \/><\/p>\n<p data-start=\"439\" data-end=\"595\">N\u1eafp \u0111\u00f3ng mi\u1ec7ng ph\u1ec5u rang t\u1ea1o kh\u00f4ng gian kh\u00e9p k\u00edn mang l\u1ea1i nhi\u1ec1u ti\u1ec7n \u00edch cho ng\u01b0\u1eddi d\u00f9ng:<\/p>\n<p data-start=\"439\" data-end=\"595\"><img loading=\"lazy\" decoding=\"async\" class=\"aligncenter wp-image-10878 size-full\" src=\"https:\/\/congtybinhminh.com\/wp-content\/uploads\/2025\/07\/long-may-rang_result222.webp\" alt=\"long-may-rang_result222\" width=\"800\" height=\"600\" srcset=\"https:\/\/congtybinhminh.com\/wp-content\/uploads\/2025\/07\/long-may-rang_result222.webp 800w, https:\/\/congtybinhminh.com\/wp-content\/uploads\/2025\/07\/long-may-rang_result222-533x400.webp 533w, https:\/\/congtybinhminh.com\/wp-content\/uploads\/2025\/07\/long-may-rang_result222-768x576.webp 768w, https:\/\/congtybinhminh.com\/wp-content\/uploads\/2025\/07\/long-may-rang_result222-510x383.webp 510w\" sizes=\"auto, (max-width: 800px) 100vw, 800px\" \/><\/p>\n<ul>\n<li data-start=\"439\" data-end=\"595\">Ch\u1ed1ng v\u0103ng ng\u01b0\u1ee3c nguy\u00ean li\u1ec7u ra ngo\u00e0i<\/li>\n<li data-start=\"439\" data-end=\"595\">Gi\u1eef nhi\u1ec7t t\u1ed1t h\u01a1n &#8211; ng\u0103n b\u1ee5i &#8211; an to\u00e0n v\u1ec7 sinh th\u1ef1c ph\u1ea9m<\/li>\n<li data-start=\"439\" data-end=\"595\">D\u1ec5 th\u00e1o m\u1edf &#8211; d\u1ec5 v\u1ec7 sinh &#8211; t\u0103ng t\u00ednh th\u1ea9m m\u1ef9<\/li>\n<\/ul>\n<h3>L\u1ed3ng rang d\u00e0y, gi\u1eef nhi\u1ec7t t\u1ed1t h\u01a1n<\/h3>\n<p>L\u1ed3ng rang d\u00e0y d\u1eb7n v\u1edbi kh\u1ea3 n\u0103ng ch\u1ecbu nhi\u1ec7t v\u00e0 gi\u1eef nhi\u1ec7t l\u00e2u h\u01a1n gi\u00fap m\u00e1y rang \u0111\u1ec1u h\u1ea1t v\u00e0 ti\u1ebft ki\u1ec7t t\u1ed1i \u0111a nguy\u00ean li\u1ec7u<\/p>\n<p><img loading=\"lazy\" decoding=\"async\" class=\"aligncenter wp-image-10880 size-full\" src=\"https:\/\/congtybinhminh.com\/wp-content\/uploads\/2025\/07\/long-may-rang-r30_result222.webp\" alt=\"long-may-rang-r30_result222\" width=\"800\" height=\"600\" srcset=\"https:\/\/congtybinhminh.com\/wp-content\/uploads\/2025\/07\/long-may-rang-r30_result222.webp 800w, https:\/\/congtybinhminh.com\/wp-content\/uploads\/2025\/07\/long-may-rang-r30_result222-533x400.webp 533w, https:\/\/congtybinhminh.com\/wp-content\/uploads\/2025\/07\/long-may-rang-r30_result222-768x576.webp 768w, https:\/\/congtybinhminh.com\/wp-content\/uploads\/2025\/07\/long-may-rang-r30_result222-510x383.webp 510w\" sizes=\"auto, (max-width: 800px) 100vw, 800px\" \/><\/p>\n<p>S\u1eed d\u1ee5ng 15 thanh nhi\u1ec7t v\u1edbi c\u00f4ng su\u1ea5t 800W\/thanh, h\u01a1i n\u00f3ng l\u00e0m gi\u1ea3m \u0111\u1ed9 \u1ea9m trong h\u1ea1t, gi\u00fap h\u1ea1n gi\u00f2n \u0111\u1ec1u &#8211; kh\u00f4ng b\u1ecb m\u1ed1c &#8211; b\u1ea3o qu\u1ea3n l\u00e2u d\u00e0i<\/p>\n<p>B\u00ean trong l\u1ed3ng c\u00f3 3 c\u00e1nh \u0111\u1ea3o d\u00e0i quay v\u00e0 \u0111\u1ea3o \u0111\u1ec1u nguy\u00ean li\u1ec7u \u0111\u1ebfn khi th\u00e0nh ph\u1ea9m ch\u00edn gi\u00f2n m\u00e0 kh\u00f4ng l\u00e0m nguy\u00ean li\u1ec7u b\u1ecb ch\u00e1y xem<\/p>\n<h3>B\u1ea3ng \u0111i\u1ec1u khi\u1ec3n th\u00f4ng\u00a0 minh<\/h3>\n<p>H\u1ec7 th\u1ed1ng b\u1ea3ng \u0111i\u1ec1u khi\u1ec3n tr\u1ef1c quan d\u1ec5 s\u1eed d\u1ee5ng, v\u1edbi t\u00ednh n\u0103ng c\u00e0i \u0111\u1eb7t th\u1eddi gian &#8211; nhi\u1ec7t \u0111\u1ed9 gi\u00fap ng\u01b0\u1eddi d\u00f9ng ch\u1ee7 \u0111\u1ed9ng th\u1eddi gian v\u00e0 c\u00f4ng s\u1ee9c:<\/p>\n<p><img loading=\"lazy\" decoding=\"async\" class=\"aligncenter wp-image-10879 size-full\" src=\"https:\/\/congtybinhminh.com\/wp-content\/uploads\/2025\/07\/bang-dieu-khien_result222.webp\" alt=\"bang-dieu-khien_result222\" width=\"800\" height=\"600\" srcset=\"https:\/\/congtybinhminh.com\/wp-content\/uploads\/2025\/07\/bang-dieu-khien_result222.webp 800w, https:\/\/congtybinhminh.com\/wp-content\/uploads\/2025\/07\/bang-dieu-khien_result222-533x400.webp 533w, https:\/\/congtybinhminh.com\/wp-content\/uploads\/2025\/07\/bang-dieu-khien_result222-768x576.webp 768w, https:\/\/congtybinhminh.com\/wp-content\/uploads\/2025\/07\/bang-dieu-khien_result222-510x383.webp 510w\" sizes=\"auto, (max-width: 800px) 100vw, 800px\" \/><\/p>\n<ul>\n<li>C\u00f4ng t\u1eafc ngu\u1ed3n<\/li>\n<li>\u0110\u1ed3ng h\u1ed3 \u0111i\u1ec1u ch\u1ec9nh nhi\u1ec7t \u0111\u1ed9<\/li>\n<li>\u0110\u1ed3ng h\u1ed3 h\u1eb9n gi\u1edd<\/li>\n<\/ul>\n<p>Khi th\u00e0nh ph\u1ea9m ch\u00edn, c\u00f4ng t\u1eafc \u0111\u1ea3o chi\u1ec1u s\u1ebd \u0111\u01b0a th\u00e0nh ph\u1ea9m ra ngo\u00e0i theo m\u00e1ng h\u1ee9ng nguy\u00ean li\u1ec7u<\/p>\n<h3>N\u0103ng su\u1ea5t v\u01b0\u1ee3t tr\u1ed9i<\/h3>\n<p>M\u00e1y rang h\u1ea1t R30 d\u00f9ng \u0111i\u1ec7n gia \u0111\u00ecnh 220V \u0111\u1ed9ng c\u01a1 gi\u1ea3m t\u1ed1c 1,5kw cho n\u0103ng su\u1ea5t 20 &#8211; 25 kg\/m\u1ebb ph\u00f9 h\u1ee3p c\u1ea3 s\u1ea3n xu\u1ea5t nh\u1ecf l\u1ebb l\u1eabn quy m\u00f4 v\u1eeba<\/p>\n<h3>Truy\u1ec1n \u0111\u1ed9ng b\u1eb1ng d\u00e2y x\u00edch<\/h3>\n<p>Kh\u00f4ng c\u00f2n lo tr\u01b0\u1ee3t nh\u01b0 d\u00e2y curoa, h\u1ec7 th\u1ed1ng truy\u1ec1n \u0111\u1ed9ng d\u00e2y x\u00edch gi\u00fap m\u00e1y ch\u1ea1y \u00eam &#8211; b\u00e1m ch\u1eafc &#8211; ch\u1ecbu t\u1ea3i kh\u1ecfe<\/p>\n<p><img loading=\"lazy\" decoding=\"async\" class=\"aligncenter wp-image-10881 size-full\" src=\"https:\/\/congtybinhminh.com\/wp-content\/uploads\/2025\/07\/day-xich-may-rang_result222.webp\" alt=\"day-xich-may-rang_result222\" width=\"800\" height=\"600\" srcset=\"https:\/\/congtybinhminh.com\/wp-content\/uploads\/2025\/07\/day-xich-may-rang_result222.webp 800w, https:\/\/congtybinhminh.com\/wp-content\/uploads\/2025\/07\/day-xich-may-rang_result222-533x400.webp 533w, https:\/\/congtybinhminh.com\/wp-content\/uploads\/2025\/07\/day-xich-may-rang_result222-768x576.webp 768w, https:\/\/congtybinhminh.com\/wp-content\/uploads\/2025\/07\/day-xich-may-rang_result222-510x383.webp 510w\" sizes=\"auto, (max-width: 800px) 100vw, 800px\" \/><\/p>\n<p>Ch\u1ec9 c\u1ea7n tra m\u1ee1 \u0111\u1ecbnh k\u1ef3, m\u00e1y ho\u1ea1t \u0111\u1ed9ng m\u01b0\u1ee3t v\u00e0 gi\u1ea3m \u00e1p l\u1ef1c cho \u0111\u1ed9ng c\u01a1 t\u0103ng tu\u1ed5i th\u1ecd v\u01b0\u1ee3t tr\u1ed9i<\/p>\n<h2>\u0110\u1ecba ch\u1ec9 mua m\u00e1y rang gi\u00e1 g\u1ed1c t\u1ea1i x\u01b0\u1edfng<\/h2>\n<p>C\u00f4ng ty B\u00ecnh Minh &#8211; \u0111\u01a1n v\u1ecb chuy\u00ean s\u1ea3n xu\u1ea5t m\u00e1y n\u00f4ng nghi\u1ec7p &#8211; c\u00f4ng nghi\u1ec7p &#8211; m\u00e1y ch\u1ebf bi\u1ebfn th\u1ef1c ph\u1ea9m v\u1edbi h\u01a1n 30 n\u0103m kinh nghi\u1ec7m trong l\u0129nh v\u1ef1c c\u01a1 kh\u00ed<\/p>\n<p>\u0110\u1ec3 \u0111\u01b0\u1ee3c t\u01b0 v\u1ea5n v\u00e0 \u0111\u1eb7t mua h\u00e0ng nhanh ch\u00f3ng, b\u00e0 con c\u00f3 th\u1ec3 \u0111\u1ec3 l\u1ea1i l\u1eddi nh\u1eafn ho\u1eb7c li\u00ean h\u1ec7 s\u1ed1 \u0111i\u1ec7n tho\u1ea1i Hotline tr\u00ean website. \u0110\u1ed9i ng\u0169 t\u01b0 v\u1ea5n s\u1ebd li\u00ean h\u1ec7 b\u00e0 con trong th\u1eddi gian s\u1edbm nh\u1ea5t<\/p>\n<p>Ngo\u00e0i ra, b\u00e0 con c\u00f3 th\u1ec3 \u0111\u1ebfn tr\u1ef1c ti\u1ebfp \u0111\u01a1n v\u1ecb t\u1ea1i Ph\u01b0\u1eddng S\u01a1n T\u00e2y &#8211; TP H\u00e0 N\u1ed9i \u0111\u1ec3 xem v\u00e0 th\u1eed nghi\u1ec7m v\u1eadn h\u00e0nh m\u00e1y d\u01b0\u1edbi s\u1ef1 h\u01b0\u1edbng d\u1eabn c\u1ee7a \u0111\u1ed9i ng\u0169 k\u1ef9 thu\u1eadt<\/p>\n<p><strong>Th\u00f4ng s\u1ed1 k\u1ef9 thu\u1eadt<\/strong><\/p>\n<table border=\"1\" cellspacing=\"1\" cellpadding=\"1\">\n<tbody>\n<tr>\n<td colspan=\"1\" rowspan=\"3\">\u0110\u1ed9ng c\u01a1<\/td>\n<td>C\u00f4ng su\u1ea5t \u0111\u1ed9ng c\u01a1<\/td>\n<td>1.5kw<\/td>\n<\/tr>\n<tr>\n<td>Ngu\u1ed3n \u0111i\u1ec7n<\/td>\n<td>220V<\/td>\n<\/tr>\n<tr>\n<td>T\u1ed1c \u0111\u1ed9<\/td>\n<td>1450v\/p<\/td>\n<\/tr>\n<tr>\n<td colspan=\"1\" rowspan=\"2\">B\u1ea3o h\u00e0nh<\/td>\n<td>K\u1ef9 thu\u1eadt<\/td>\n<td>12 th\u00e1ng<\/td>\n<\/tr>\n<tr>\n<td>\u0110\u1ed9ng c\u01a1<\/td>\n<td>Theo t\u1eebng h\u00e3ng s\u1ea3n xu\u1ea5t<\/td>\n<\/tr>\n<tr>\n<td>N\u0103ng su\u1ea5t<\/td>\n<td colspan=\"2\" rowspan=\"1\">\u00a020-25kg\/m\u1ebb<\/td>\n<\/tr>\n<tr>\n<td>K\u00edch th\u01b0\u1edbc (d*c*r)<\/td>\n<td colspan=\"2\" rowspan=\"1\">180*135*68 cm<\/td>\n<\/tr>\n<tr>\n<td>H\u00ecnh th\u1ee9c thanh to\u00e1n<\/td>\n<td colspan=\"2\" rowspan=\"1\">Ti\u1ec1n m\u1eb7t ho\u1eb7c chuy\u1ec3n kho\u1ea3n<\/td>\n<\/tr>\n<\/tbody>\n<\/table>\n","protected":false},"excerpt":{"rendered":"<ul>\n<li><strong>H\u00e3ng s\u1ea3n xu\u1ea5t:\u00a0<\/strong>B\u00ecnh Minh<\/li>\n<li><strong>\u0110\u1ed9ng c\u01a1 gi\u1ea3m t\u1ed1c:\u00a0<\/strong>1,5kw<\/li>\n<li><strong>C\u00f4ng su\u1ea5t ti\u00eau th\u1ee5:<\/strong>\u00a015 thanh nhi\u1ec7t ( 800W\/thanh)<\/li>\n<li><strong>T\u1ed1c \u0111\u1ed9:\u00a0<\/strong>1450 v\/p<\/li>\n<li><strong>Ngu\u1ed3n \u0111i\u1ec7n:<\/strong>\u00a0220V<\/li>\n<li><strong>N\u0103ng su\u1ea5t:\u00a0<\/strong>20 \u2013 25kg\/m\u1ebb<\/li>\n<li><strong>K\u00edch th\u01b0\u1edbc (d*c*r):<\/strong>\u00a0180*135*68 cm<\/li>\n<li><strong>T\u00ednh n\u0103ng:<\/strong>\u00a0rang \u0111\u1ec1u g\u1ea1o, v\u00e0 c\u00e1c lo\u1ea1i nguy\u00ean li\u1ec7u: h\u1ea1t \u0111\u1ed7, h\u01b0\u1edbng d\u01b0\u01a1ng, ..<\/li>\n<\/ul>\n","protected":false},"featured_media":10869,"comment_status":"open","ping_status":"closed","template":"","meta":[],"product_brand":[],"product_cat":[28],"product_tag":[],"class_list":{"0":"post-10868","1":"product","2":"type-product","3":"status-publish","4":"has-post-thumbnail","6":"product_cat-may-rang","8":"first","9":"instock","10":"shipping-taxable","11":"product-type-simple"},"_links":{"self":[{"href":"https:\/\/congtybinhminh.com\/index.php?rest_route=\/wp\/v2\/product\/10868","targetHints":{"allow":["GET"]}}],"collection":[{"href":"https:\/\/congtybinhminh.com\/index.php?rest_route=\/wp\/v2\/product"}],"about":[{"href":"https:\/\/congtybinhminh.com\/index.php?rest_route=\/wp\/v2\/types\/product"}],"replies":[{"embeddable":true,"href":"https:\/\/congtybinhminh.com\/index.php?rest_route=%2Fwp%2Fv2%2Fcomments&post=10868"}],"wp:featuredmedia":[{"embeddable":true,"href":"https:\/\/congtybinhminh.com\/index.php?rest_route=\/wp\/v2\/media\/10869"}],"wp:attachment":[{"href":"https:\/\/congtybinhminh.com\/index.php?rest_route=%2Fwp%2Fv2%2Fmedia&parent=10868"}],"wp:term":[{"taxonomy":"product_brand","embeddable":true,"href":"https:\/\/congtybinhminh.com\/index.php?rest_route=%2Fwp%2Fv2%2Fproduct_brand&post=10868"},{"taxonomy":"product_cat","embeddable":true,"href":"https:\/\/congtybinhminh.com\/index.php?rest_route=%2Fwp%2Fv2%2Fproduct_cat&post=10868"},{"taxonomy":"product_tag","embeddable":true,"href":"https:\/\/congtybinhminh.com\/index.php?rest_route=%2Fwp%2Fv2%2Fproduct_tag&post=10868"}],"curies":[{"name":"wp","href":"https:\/\/api.w.org\/{rel}","templated":true}]}}