{"id":10759,"date":"2025-05-27T09:49:33","date_gmt":"2025-05-27T02:49:33","guid":{"rendered":"https:\/\/congtybinhminh.com\/?post_type=product&#038;p=10759"},"modified":"2025-05-27T09:49:35","modified_gmt":"2025-05-27T02:49:35","slug":"may-loc-dau-thuc-vat-15l-inox","status":"publish","type":"product","link":"https:\/\/congtybinhminh.com\/?product=may-loc-dau-thuc-vat-15l-inox","title":{"rendered":"M\u00e1y l\u1ecdc d\u1ea7u th\u1ef1c v\u1eadt 15L inox"},"content":{"rendered":"<h2>\u00a0Gi\u1edbi thi\u1ec7u m\u00e1y l\u1ecdc d\u1ea7u th\u1ef1c v\u1eadt 15L inox<\/h2>\n<p>Kh\u00f4ng c\u1ea7n h\u1ec7 th\u1ed1ng l\u1edbn, kh\u00f4ng c\u1ea7n \u0111\u1ea7u t\u01b0 qu\u00e1 nhi\u1ec1u m\u00e1y m\u00f3c v\u1edbi m\u00e1y l\u1ecdc d\u1ea7u th\u1ef1c v\u1eadt 15L inox &#8211; thi\u1ebft b\u1ecb gi\u00fap ng\u01b0\u1eddi d\u00f9ng l\u1ecdc b\u1ecf c\u1eb7n b\u1ea9n d\u1ea7u sau khi \u00e9p, mang t\u1edbi nhi\u1ec1u l\u1ee3i \u00edch cho ng\u01b0\u1eddi d\u00f9ng:<\/p>\n<p><img loading=\"lazy\" decoding=\"async\" class=\"aligncenter wp-image-10765 size-full\" src=\"https:\/\/congtybinhminh.com\/wp-content\/uploads\/2025\/05\/may-loc-dau-thuc-vat-15l-inox_result222.webp\" alt=\"may-loc-dau-thuc-vat-15l-inox_result222\" width=\"800\" height=\"1078\" srcset=\"https:\/\/congtybinhminh.com\/wp-content\/uploads\/2025\/05\/may-loc-dau-thuc-vat-15l-inox_result222.webp 800w, https:\/\/congtybinhminh.com\/wp-content\/uploads\/2025\/05\/may-loc-dau-thuc-vat-15l-inox_result222-297x400.webp 297w, https:\/\/congtybinhminh.com\/wp-content\/uploads\/2025\/05\/may-loc-dau-thuc-vat-15l-inox_result222-594x800.webp 594w, https:\/\/congtybinhminh.com\/wp-content\/uploads\/2025\/05\/may-loc-dau-thuc-vat-15l-inox_result222-768x1035.webp 768w, https:\/\/congtybinhminh.com\/wp-content\/uploads\/2025\/05\/may-loc-dau-thuc-vat-15l-inox_result222-510x687.webp 510w\" sizes=\"auto, (max-width: 800px) 100vw, 800px\" \/><\/p>\n<ul>\n<li>L\u1ecdc s\u1ea1ch c\u1eb7n b\u00e3, t\u1ea1p ch\u1ea5t ch\u1ec9 sau v\u00e0i ph\u00fat<\/li>\n<li>Cho ra d\u1ea7u trong, s\u00e1ng m\u00e0u<\/li>\n<li>Gi\u1eef nguy\u00ean m\u00f9i v\u1ecb v\u00e0 dinh d\u01b0\u1ee1ng nguy\u00ean ch\u1ea5t trong d\u1ea7u<\/li>\n<li>S\u1eed d\u1ee5ng d\u1ec5 d\u00e0ng, an to\u00e0n<\/li>\n<\/ul>\n<h2>C\u1ea5u t\u1ea1o m\u00e1y l\u1ecdc d\u1ea7u th\u1ef1c v\u1eadt 15L inox<\/h2>\n<p>Thi\u1ebft k\u1ebf hi\u1ec7n \u0111\u1ea1i, nh\u1ecf g\u1ecdn kh\u00f4ng chi\u1ebfm nhi\u1ec1u di\u1ec7n t\u00edch v\u1edbi ph\u1ea7n m\u00e1y \u0111\u01b0\u1ee3c h\u00e0n g\u1eafn ch\u1eafc ch\u1eafn<\/p>\n<p><img loading=\"lazy\" decoding=\"async\" class=\"aligncenter wp-image-10766 size-full\" src=\"https:\/\/congtybinhminh.com\/wp-content\/uploads\/2025\/05\/cau-tao-may-loc-dau-15l-inox_result222.webp\" alt=\"cau-tao-may-loc-dau-15l-inox_result222\" width=\"800\" height=\"600\" srcset=\"https:\/\/congtybinhminh.com\/wp-content\/uploads\/2025\/05\/cau-tao-may-loc-dau-15l-inox_result222.webp 800w, https:\/\/congtybinhminh.com\/wp-content\/uploads\/2025\/05\/cau-tao-may-loc-dau-15l-inox_result222-533x400.webp 533w, https:\/\/congtybinhminh.com\/wp-content\/uploads\/2025\/05\/cau-tao-may-loc-dau-15l-inox_result222-768x576.webp 768w, https:\/\/congtybinhminh.com\/wp-content\/uploads\/2025\/05\/cau-tao-may-loc-dau-15l-inox_result222-510x383.webp 510w\" sizes=\"auto, (max-width: 800px) 100vw, 800px\" \/><\/p>\n<p>Ph\u00eda d\u01b0\u1edbi ch\u00e2n m\u00e1y l\u1eafp \u0111\u1eb7t 4 b\u00e1nh xe thu\u1eadn ti\u1ec7n di chuy\u1ec3n v\u1ecb tr\u00ed \u0111\u1eb7t m\u00e1y, m\u00e1y \u0111\u01b0\u1ee3c thi\u1ebft k\u1ebf g\u1ed3m 2 ph\u1ea7n ch\u00ednh:<\/p>\n<p>Ph\u1ea7n tr\u00ean l\u00e0 bu\u1ed3ng l\u00e0m vi\u1ec7c ng\u01b0\u1eddi d\u00f9ng s\u1ebd cho l\u01b0\u1ee3ng d\u1ea7u c\u1ea7n l\u1ecdc v\u00e0o b\u00ean trong<\/p>\n<p><img loading=\"lazy\" decoding=\"async\" class=\"aligncenter wp-image-10767 size-full\" src=\"https:\/\/congtybinhminh.com\/wp-content\/uploads\/2025\/05\/may-loc-dau-nen-khi_result222-1.webp\" alt=\"may-loc-dau-nen-khi_result222\" width=\"800\" height=\"600\" srcset=\"https:\/\/congtybinhminh.com\/wp-content\/uploads\/2025\/05\/may-loc-dau-nen-khi_result222-1.webp 800w, https:\/\/congtybinhminh.com\/wp-content\/uploads\/2025\/05\/may-loc-dau-nen-khi_result222-1-533x400.webp 533w, https:\/\/congtybinhminh.com\/wp-content\/uploads\/2025\/05\/may-loc-dau-nen-khi_result222-1-768x576.webp 768w, https:\/\/congtybinhminh.com\/wp-content\/uploads\/2025\/05\/may-loc-dau-nen-khi_result222-1-510x383.webp 510w\" sizes=\"auto, (max-width: 800px) 100vw, 800px\" \/><\/p>\n<p>N\u1eafp \u0111\u1eady bu\u1ed3ng \u0111\u01b0\u1ee3c thi\u1ebft k\u1ebf 5 tay kh\u00f3a ch\u1eafc ch\u1eafn c\u00f9ng van x\u1ea3 kh\u00ed gi\u00fap cho kh\u00f4ng kh\u00ed b\u00ean ngo\u00e0i kh\u00f4ng th\u1ec3 l\u01b0u th\u00f4ng v\u00e0o trong bu\u1ed3ng l\u00e0m vi\u1ec7c khi m\u00e1y \u0111ang ho\u1ea1t \u0111\u1ed9ng v\u00e0 \u0111\u1ea9y l\u01b0\u1ee3ng d\u1ea7u ra ngo\u00e0i \u1ed1ng x\u1ea3 th\u00e0nh ph\u1ea9m<\/p>\n<p><img loading=\"lazy\" decoding=\"async\" class=\"aligncenter wp-image-10768 size-full\" src=\"https:\/\/congtybinhminh.com\/wp-content\/uploads\/2025\/05\/buong-loc-dau_result222.webp\" alt=\"buong-loc-dau_result222\" width=\"800\" height=\"600\" srcset=\"https:\/\/congtybinhminh.com\/wp-content\/uploads\/2025\/05\/buong-loc-dau_result222.webp 800w, https:\/\/congtybinhminh.com\/wp-content\/uploads\/2025\/05\/buong-loc-dau_result222-533x400.webp 533w, https:\/\/congtybinhminh.com\/wp-content\/uploads\/2025\/05\/buong-loc-dau_result222-768x576.webp 768w, https:\/\/congtybinhminh.com\/wp-content\/uploads\/2025\/05\/buong-loc-dau_result222-510x383.webp 510w\" sizes=\"auto, (max-width: 800px) 100vw, 800px\" \/><\/p>\n<p>Ph\u1ea7n d\u01b0\u1ee1i l\u00e0 khung m\u00e1y bao g\u1ed3m h\u1ec7 th\u1ed1ng b\u01a1m h\u01a1i c\u00f3 t\u00e1c d\u1ee5ng \u0111i\u1ec1u ch\u1ec9nh t\u0103ng \u00e1p xu\u1ea5t. Sau \u0111\u00f3, n\u00e9n kh\u00ed \u0111\u1ea9y l\u01b0\u1ee3ng d\u1ea7u qua m\u00e0ng l\u1ecdc ( \u0111\u1ec3 l\u1ecdc s\u1ea1ch m\u1ecdi c\u1eb7n b\u00e3 cho ra th\u00e0nh ph\u1ea9m l\u01b0\u1ee3ng d\u1ea7u trong)<\/p>\n<p><img loading=\"lazy\" decoding=\"async\" class=\"aligncenter wp-image-10769 size-full\" src=\"https:\/\/congtybinhminh.com\/wp-content\/uploads\/2025\/05\/binh-nen-khi_result222.webp\" alt=\"binh-nen-khi_result222\" width=\"800\" height=\"600\" srcset=\"https:\/\/congtybinhminh.com\/wp-content\/uploads\/2025\/05\/binh-nen-khi_result222.webp 800w, https:\/\/congtybinhminh.com\/wp-content\/uploads\/2025\/05\/binh-nen-khi_result222-533x400.webp 533w, https:\/\/congtybinhminh.com\/wp-content\/uploads\/2025\/05\/binh-nen-khi_result222-768x576.webp 768w, https:\/\/congtybinhminh.com\/wp-content\/uploads\/2025\/05\/binh-nen-khi_result222-510x383.webp 510w\" sizes=\"auto, (max-width: 800px) 100vw, 800px\" \/><\/p>\n<h2>\u0110\u1ecba ch\u1ec9 b\u00e1n m\u00e1y l\u1ecdc d\u1ea7u th\u1ef1c v\u1eadt 15L inox<\/h2>\n<p>C\u00f4ng ty B\u00ecnh Minh t\u1ef1 h\u00e0o l\u00e0 \u0111\u01a1n v\u1ecb chuy\u00ean s\u1ea3n xu\u1ea5t v\u00e0 cung c\u1ea5p m\u00e1y n\u00f4ng nghi\u1ec7p s\u1ed1 1 Vi\u1ec7t Nam v\u1edbi h\u01a1n 30 n\u0103m kinh nghi\u1ec7m trong l\u0129nh v\u1ef1c c\u01a1 kh\u00ed<\/p>\n<p>\u0110\u1ec3 \u0111\u1eb7t mua h\u00e0ng ch\u00ednh h\u00e3ng, b\u00e0 con c\u00f3 th\u1ec3 \u0111\u1ebfn tr\u1ee5 s\u1edf g\u1ea7n nh\u1ea5t c\u1ee7a c\u00f4ng ty \u0111\u1ec3 xem v\u00e0 \u0111\u1eb7t mua h\u00e0ng;<\/p>\n<ul>\n<li>Tr\u1ee5 s\u1edf ch\u00ednh: p. L\u00ea L\u1ee3i &#8211; Tx S\u01a1n T\u00e2y &#8211; H\u00e0 N\u1ed9i<\/li>\n<li>Chi nh\u00e1nh mi\u1ec1n Nam: x\u00e3 T\u00e2n Ki\u00ean &#8211; H. B\u00ecnh Ch\u00e1nh &#8211; Tp H\u1ed3 Ch\u00ed Minh<\/li>\n<\/ul>\n<p>Khi \u0111\u1ebfn \u0111\u00e2y, b\u00e0 con s\u1ebd \u0111\u01b0\u1ee3c tr\u1ea3i nghi\u1ec7m v\u1eadn h\u00e0nh m\u00e1y d\u01b0\u1edbi s\u1ef1 h\u01b0\u1edbng d\u1eabn c\u1ee7a \u0111\u1ed9i ng\u0169 k\u1ef9 thu\u1eadt<\/p>\n<p>\u0110\u1ed1i v\u1edbi b\u00e0 con \u1edf xa, c\u00f3 th\u1ec3 li\u00ean h\u1ec7 t\u1edbi s\u1ed1 \u0111i\u1ec7n tho\u1ea1i tr\u00ean website ho\u1eb7c \u0111\u1ec3 l\u1ea1i l\u1eddi nh\u1eafn \u0111\u1ed9i ng\u0169 t\u01b0 v\u1ea5n s\u1ebd li\u00ean h\u1ec7 b\u00e0 con trong th\u1eddi gian s\u1edbm nh\u1ea5t<\/p>\n<p><strong>Th\u00f4ng s\u1ed1 k\u1ef9 thu\u1eadt<\/strong><\/p>\n<table border=\"1\" cellspacing=\"1\" cellpadding=\"1\">\n<tbody>\n<tr>\n<td>Ngu\u1ed3n \u0111i\u1ec7n<\/td>\n<td colspan=\"2\" rowspan=\"1\">220V<\/td>\n<\/tr>\n<tr>\n<td colspan=\"1\" rowspan=\"2\">B\u1ea3o h\u00e0nh<\/td>\n<td>K\u1ef9 thu\u1eadt<\/td>\n<td>12 th\u00e1ng<\/td>\n<\/tr>\n<tr>\n<td>\u0110\u1ed9ng c\u01a1<\/td>\n<td>Theo t\u1eebng h\u00e3ng s\u1ea3n xu\u1ea5t<\/td>\n<\/tr>\n<tr>\n<td>N\u0103ng su\u1ea5t<\/td>\n<td colspan=\"2\" rowspan=\"1\">8 &#8211; 10 l\u00edt\/gi\u1edd<\/td>\n<\/tr>\n<tr>\n<td>K\u00edch th\u01b0\u1edbc (d*c*r)<\/td>\n<td colspan=\"2\" rowspan=\"1\">64*100*60 cm<\/td>\n<\/tr>\n<\/tbody>\n<\/table>\n","protected":false},"excerpt":{"rendered":"<ul>\n<li><strong>H\u00e3ng s\u1ea3n xu\u1ea5t:<\/strong> B\u00ecnh Minh<\/li>\n<li><strong>\u0110i\u1ec7n n\u0103ng<\/strong>: 220V<\/li>\n<li><strong>N\u0103ng su\u1ea5t<\/strong>: 8 &#8211; 10 l\u00edt\/gi\u1edd<\/li>\n<li><strong>T\u00ednh n\u0103ng<\/strong>: m\u00e1y l\u1ecdc c\u1eb7n b\u1ecf ph\u1ea7n c\u1eb7n v\u00e0 cho ra l\u01b0\u1ee3ng d\u1ea7u trong<\/li>\n<\/ul>\n","protected":false},"featured_media":10760,"comment_status":"open","ping_status":"closed","template":"","meta":[],"product_brand":[],"product_cat":[30],"product_tag":[],"class_list":{"0":"post-10759","1":"product","2":"type-product","3":"status-publish","4":"has-post-thumbnail","6":"product_cat-may-loc-dau","8":"first","9":"instock","10":"shipping-taxable","11":"product-type-simple"},"_links":{"self":[{"href":"https:\/\/congtybinhminh.com\/index.php?rest_route=\/wp\/v2\/product\/10759","targetHints":{"allow":["GET"]}}],"collection":[{"href":"https:\/\/congtybinhminh.com\/index.php?rest_route=\/wp\/v2\/product"}],"about":[{"href":"https:\/\/congtybinhminh.com\/index.php?rest_route=\/wp\/v2\/types\/product"}],"replies":[{"embeddable":true,"href":"https:\/\/congtybinhminh.com\/index.php?rest_route=%2Fwp%2Fv2%2Fcomments&post=10759"}],"wp:featuredmedia":[{"embeddable":true,"href":"https:\/\/congtybinhminh.com\/index.php?rest_route=\/wp\/v2\/media\/10760"}],"wp:attachment":[{"href":"https:\/\/congtybinhminh.com\/index.php?rest_route=%2Fwp%2Fv2%2Fmedia&parent=10759"}],"wp:term":[{"taxonomy":"product_brand","embeddable":true,"href":"https:\/\/congtybinhminh.com\/index.php?rest_route=%2Fwp%2Fv2%2Fproduct_brand&post=10759"},{"taxonomy":"product_cat","embeddable":true,"href":"https:\/\/congtybinhminh.com\/index.php?rest_route=%2Fwp%2Fv2%2Fproduct_cat&post=10759"},{"taxonomy":"product_tag","embeddable":true,"href":"https:\/\/congtybinhminh.com\/index.php?rest_route=%2Fwp%2Fv2%2Fproduct_tag&post=10759"}],"curies":[{"name":"wp","href":"https:\/\/api.w.org\/{rel}","templated":true}]}}