{"id":10683,"date":"2025-05-19T15:01:21","date_gmt":"2025-05-19T08:01:21","guid":{"rendered":"https:\/\/congtybinhminh.com\/?post_type=product&#038;p=10683"},"modified":"2025-05-19T15:01:22","modified_gmt":"2025-05-19T08:01:22","slug":"may-nghien-ngo-vo-manh-co-sang-rung","status":"publish","type":"product","link":"https:\/\/congtybinhminh.com\/?product=may-nghien-ngo-vo-manh-co-sang-rung","title":{"rendered":"M\u00e1y nghi\u1ec1n ng\u00f4 v\u1ee1 m\u1ea3nh c\u00f3 s\u00e0ng rung"},"content":{"rendered":"<h2>Video ho\u1ea1t \u0111\u1ed9ng c\u1ee7a m\u00e1y<\/h2>\n<p><iframe loading=\"lazy\" title=\"Gi\u00e1 B\u00e1n M\u00e1y Xay Ng\u00f4 V\u1ee1 M\u1ea3nh S\u00e0ng Rung N\u0103ng Su\u1ea5t Cao 6 T\u1ea1 1 Gi\u1edd Cho M\u1ecdi H\u1ed9 Ch\u0103n Nu\u00f4i\" width=\"1020\" height=\"574\" src=\"https:\/\/www.youtube.com\/embed\/AdPRnXjfOAQ?feature=oembed\" frameborder=\"0\" allow=\"accelerometer; autoplay; clipboard-write; encrypted-media; gyroscope; picture-in-picture; web-share\" referrerpolicy=\"strict-origin-when-cross-origin\" allowfullscreen><\/iframe><\/p>\n<h2>Gi\u1edbi thi\u1ec7u m\u00e1y nghi\u1ec1n ng\u00f4 v\u1ee1 m\u1ea3nh c\u00f3 s\u00e0ng rung<\/h2>\n<p>M\u00e1y nghi\u1ec1n ng\u00f4 v\u1ee1 m\u1ea3nh c\u00f3 s\u00e0ng rung do c\u00f4ng ty B\u00ecnh Minh s\u1ea3n xu\u1ea5t &#8211; tr\u1ee3 th\u1ee7 \u0111\u1eafc l\u1ef1c gi\u00fap b\u00e0 con nghi\u1ec1n kh\u1ecfe, nghi\u1ec1n nhanh, \u00edt hao h\u1ee5t nguy\u00ean li\u1ec7u<\/p>\n<p><img loading=\"lazy\" decoding=\"async\" class=\"aligncenter wp-image-10691 size-full\" src=\"https:\/\/congtybinhminh.com\/wp-content\/uploads\/2025\/05\/may-nghien-ngo-vo-manh-co-sang-rung_result222.webp\" alt=\"may-nghien-ngo-vo-manh-co-sang-rung_result222\" width=\"800\" height=\"1078\" srcset=\"https:\/\/congtybinhminh.com\/wp-content\/uploads\/2025\/05\/may-nghien-ngo-vo-manh-co-sang-rung_result222.webp 800w, https:\/\/congtybinhminh.com\/wp-content\/uploads\/2025\/05\/may-nghien-ngo-vo-manh-co-sang-rung_result222-297x400.webp 297w, https:\/\/congtybinhminh.com\/wp-content\/uploads\/2025\/05\/may-nghien-ngo-vo-manh-co-sang-rung_result222-594x800.webp 594w, https:\/\/congtybinhminh.com\/wp-content\/uploads\/2025\/05\/may-nghien-ngo-vo-manh-co-sang-rung_result222-768x1035.webp 768w, https:\/\/congtybinhminh.com\/wp-content\/uploads\/2025\/05\/may-nghien-ngo-vo-manh-co-sang-rung_result222-510x687.webp 510w\" sizes=\"auto, (max-width: 800px) 100vw, 800px\" \/><\/p>\n<p>T\u00edch h\u1ee3p h\u1ec7 th\u1ed1ng s\u00e0ng g\u00f3p ph\u1ea7n ph\u00e2n lo\u1ea1i gi\u1eefa ph\u1ea7n b\u1ed9t v\u00e0 ng\u00f4 v\u1ee1 m\u1ea3nh nh\u1edd \u0111\u00f3:<\/p>\n<ul>\n<li>B\u00e0 con kh\u00f4ng c\u1ea7n s\u00e0ng th\u1ee7 c\u00f4ng sau m\u1ed7i l\u1ea7n nghi\u1ec1n, ti\u1ebft ki\u1ec7m c\u00f4ng s\u1ee9c<\/li>\n<li>Th\u00e0nh ph\u1ea9m thu v\u1ec1 s\u1ea1ch h\u01a1n, kh\u00f4ng l\u1eabn b\u1ee5i, d\u1ec5 ph\u1ed1i tr\u1ed9n v\u00e0 b\u1ea3o qu\u1ea3n<\/li>\n<\/ul>\n<h2>C\u1ea5u t\u1ea1o m\u00e1y nghi\u1ec1n ng\u00f4 v\u1ee1 m\u1ea3nh c\u00f3 s\u00e0ng rung<\/h2>\n<h3>Khung m\u00e1y ch\u1eafc ch\u1eafn<\/h3>\n<p>Thi\u1ebft k\u1ebf nh\u1ecf g\u1ecdn kh\u00f4ng chi\u1ebfm nhi\u1ec1u di\u1ec7n t\u00edch. D\u1ec5 s\u1eed d\u1ee5ng, ch\u1ec9 c\u1ea7n b\u1eadt c\u00f4ng t\u1eafc aptomat l\u00e0 m\u00e1y kh\u1edfi \u0111\u1ed9ng<\/p>\n<p><img loading=\"lazy\" decoding=\"async\" class=\"aligncenter wp-image-10692 size-full\" src=\"https:\/\/congtybinhminh.com\/wp-content\/uploads\/2025\/05\/cau-tao-may-nghien-vo-manh-co-sang-rung_result222.webp\" alt=\"cau-tao-may-nghien-vo-manh-co-sang-rung_result222\" width=\"800\" height=\"600\" srcset=\"https:\/\/congtybinhminh.com\/wp-content\/uploads\/2025\/05\/cau-tao-may-nghien-vo-manh-co-sang-rung_result222.webp 800w, https:\/\/congtybinhminh.com\/wp-content\/uploads\/2025\/05\/cau-tao-may-nghien-vo-manh-co-sang-rung_result222-533x400.webp 533w, https:\/\/congtybinhminh.com\/wp-content\/uploads\/2025\/05\/cau-tao-may-nghien-vo-manh-co-sang-rung_result222-768x576.webp 768w, https:\/\/congtybinhminh.com\/wp-content\/uploads\/2025\/05\/cau-tao-may-nghien-vo-manh-co-sang-rung_result222-510x383.webp 510w\" sizes=\"auto, (max-width: 800px) 100vw, 800px\" \/><\/p>\n<p>Ph\u00eda d\u01b0\u1edbi ch\u00e2n m\u00e1y l\u1eafp \u0111\u1eb7t 4 b\u00e1nh xe thu\u1eadn ti\u1ec7n di chuy\u1ec3n v\u1ecb tr\u00ed \u0111\u1eb7t m\u00e1y trong s\u00e2n, v\u01b0\u1eddn, trang tr\u1ea1i<\/p>\n<h3>Toa n\u1ea1p nguy\u00ean li\u1ec7u<\/h3>\n<p>Toa n\u1ea1p thi\u1ebft k\u1ebf d\u1ea1ng ph\u1ec5u \u0111\u1ee9ng, mi\u1ec7ng toa r\u1ed9ng c\u00f3 s\u1ee9c ch\u1ee9a h\u00e0ng c\u00e2n nguy\u00ean li\u1ec7u trong qu\u00e1 tr\u00ecnh nghi\u1ec1n<\/p>\n<p><img loading=\"lazy\" decoding=\"async\" class=\"aligncenter wp-image-10693 size-full\" src=\"https:\/\/congtybinhminh.com\/wp-content\/uploads\/2025\/05\/toa-nap-may-nghien-ngo-vo-manh-co-sang_result222.webp\" alt=\"toa-nap-may-nghien-ngo-vo-manh-co-sang_result222\" width=\"800\" height=\"1047\" srcset=\"https:\/\/congtybinhminh.com\/wp-content\/uploads\/2025\/05\/toa-nap-may-nghien-ngo-vo-manh-co-sang_result222.webp 800w, https:\/\/congtybinhminh.com\/wp-content\/uploads\/2025\/05\/toa-nap-may-nghien-ngo-vo-manh-co-sang_result222-306x400.webp 306w, https:\/\/congtybinhminh.com\/wp-content\/uploads\/2025\/05\/toa-nap-may-nghien-ngo-vo-manh-co-sang_result222-611x800.webp 611w, https:\/\/congtybinhminh.com\/wp-content\/uploads\/2025\/05\/toa-nap-may-nghien-ngo-vo-manh-co-sang_result222-768x1005.webp 768w, https:\/\/congtybinhminh.com\/wp-content\/uploads\/2025\/05\/toa-nap-may-nghien-ngo-vo-manh-co-sang_result222-510x667.webp 510w\" sizes=\"auto, (max-width: 800px) 100vw, 800px\" \/><\/p>\n<p>Ph\u00eda d\u01b0\u1edbi toa c\u00f3 1 t\u1ea5m ch\u1eafn \u0111i\u1ec1u ch\u1ec9nh l\u01b0\u1ee3ng nguy\u00ean li\u1ec7u, tr\u00e1nh tr\u01b0\u1eddng h\u1ee3p b\u00f3n qu\u00e1 nhi\u1ec1u l\u00e0m ngh\u1eb9n &#8211; t\u1eafc m\u00e1y:<\/p>\n<p><img loading=\"lazy\" decoding=\"async\" class=\"aligncenter wp-image-10694 size-full\" src=\"https:\/\/congtybinhminh.com\/wp-content\/uploads\/2025\/05\/toa-nap-may-nghien_result222.webp\" alt=\"toa-nap-may-nghien_result222\" width=\"800\" height=\"450\" srcset=\"https:\/\/congtybinhminh.com\/wp-content\/uploads\/2025\/05\/toa-nap-may-nghien_result222.webp 800w, https:\/\/congtybinhminh.com\/wp-content\/uploads\/2025\/05\/toa-nap-may-nghien_result222-711x400.webp 711w, https:\/\/congtybinhminh.com\/wp-content\/uploads\/2025\/05\/toa-nap-may-nghien_result222-768x432.webp 768w, https:\/\/congtybinhminh.com\/wp-content\/uploads\/2025\/05\/toa-nap-may-nghien_result222-510x287.webp 510w\" sizes=\"auto, (max-width: 800px) 100vw, 800px\" \/><\/p>\n<ul>\n<li>M\u1edf r\u1ed9ng t\u1ea5m ch\u1eafn: n\u1ebfu mu\u1ed1n cho nguy\u00ean li\u1ec7u nhi\u1ec1u h\u01a1n<\/li>\n<li>M\u1edf nh\u1ecf t\u1ea5m ch\u1eafn: n\u1ebfu mu\u1ed1n cho nguy\u00ean li\u1ec7u t\u1eeb t\u1eeb<\/li>\n<\/ul>\n<h3>H\u1ec7 th\u1ed1ng s\u00e0ng rung t\u1ef1 \u0111\u1ed9ng &#8211; th\u00e0nh ph\u1ea9m s\u1ea1ch h\u01a1n<\/h3>\n<p>M\u00e1y \u0111\u01b0\u1ee3c c\u1ea3i ti\u1ebfn thi\u1ebft k\u1ebf th\u00eam h\u1ec7 th\u1ed1ng s\u00e0ng rung. Khi m\u00e1y v\u1eadn h\u00e0nh, motor quay tr\u1ee5c n\u00e0y s\u1ebd chuy\u1ec3n \u0111\u1ed9ng s\u00e0ng l\u1ecdc t\u00e1ch b\u1ee5i b\u1ed9t v\u00e0 ng\u00f4 m\u1ea3nh ri\u00eang bi\u1ec7t:<\/p>\n<p><img loading=\"lazy\" decoding=\"async\" class=\"aligncenter wp-image-10695 size-full\" src=\"https:\/\/congtybinhminh.com\/wp-content\/uploads\/2025\/05\/may-nghien-ngo-vo_result222.webp\" alt=\"may-nghien-ngo-vo_result222\" width=\"800\" height=\"600\" srcset=\"https:\/\/congtybinhminh.com\/wp-content\/uploads\/2025\/05\/may-nghien-ngo-vo_result222.webp 800w, https:\/\/congtybinhminh.com\/wp-content\/uploads\/2025\/05\/may-nghien-ngo-vo_result222-533x400.webp 533w, https:\/\/congtybinhminh.com\/wp-content\/uploads\/2025\/05\/may-nghien-ngo-vo_result222-768x576.webp 768w, https:\/\/congtybinhminh.com\/wp-content\/uploads\/2025\/05\/may-nghien-ngo-vo_result222-510x383.webp 510w\" sizes=\"auto, (max-width: 800px) 100vw, 800px\" \/><\/p>\n<ul>\n<li>Ng\u00f4 m\u1ea3nh v\u1ee1 \u0111\u1ec1u \u0111\u01b0\u1ee3c t\u00e1ch ra c\u1eeda ch\u00ednh<\/li>\n<li>Ph\u1ea7n b\u1ee5i b\u1ed9t, v\u1ea9y ng\u00f4 \u0111\u01b0\u1ee3c t\u00e1ch ra c\u1eeda ph\u1ee5<\/li>\n<\/ul>\n<p><img loading=\"lazy\" decoding=\"async\" class=\"aligncenter wp-image-10696 size-full\" src=\"https:\/\/congtybinhminh.com\/wp-content\/uploads\/2025\/05\/sang-may-nghien-ngo_result222.webp\" alt=\"sang-may-nghien-ngo_result222\" width=\"800\" height=\"581\" srcset=\"https:\/\/congtybinhminh.com\/wp-content\/uploads\/2025\/05\/sang-may-nghien-ngo_result222.webp 800w, https:\/\/congtybinhminh.com\/wp-content\/uploads\/2025\/05\/sang-may-nghien-ngo_result222-551x400.webp 551w, https:\/\/congtybinhminh.com\/wp-content\/uploads\/2025\/05\/sang-may-nghien-ngo_result222-768x558.webp 768w, https:\/\/congtybinhminh.com\/wp-content\/uploads\/2025\/05\/sang-may-nghien-ngo_result222-510x370.webp 510w\" sizes=\"auto, (max-width: 800px) 100vw, 800px\" \/><\/p>\n<p>Nh\u1edd v\u1eady, th\u00e0nh ph\u1ea9m thu v\u1ec1 s\u1ea1ch, \u00edt b\u1ee5i, d\u1ec5 ph\u1ed1i tr\u1ed9n h\u1ed7n h\u1ee3p nguy\u00ean li\u1ec7u<\/p>\n<h3>H\u1ec7 th\u1ed1ng bu\u1ed3ng nghi\u1ec1n<\/h3>\n<p>B\u00ean trong h\u1ec7 th\u1ed1ng bu\u1ed3ng nghi\u1ec1n g\u1ed3m 2 qu\u1ea3 l\u00f4 l\u1edbn \u0111\u01b0\u1ee3c bao ph\u1ee7 v\u1edbi c\u00e1c khe r\u00e3nh tr\u00ean b\u1ec1 m\u1eb7t t\u1ea1o \u0111\u1ed9 b\u00e1m<\/p>\n<p><img loading=\"lazy\" decoding=\"async\" class=\"aligncenter wp-image-10697 size-full\" src=\"https:\/\/congtybinhminh.com\/wp-content\/uploads\/2025\/05\/truc-nghien-copy_result222.webp\" alt=\"truc-nghien copy_result222\" width=\"800\" height=\"1031\" srcset=\"https:\/\/congtybinhminh.com\/wp-content\/uploads\/2025\/05\/truc-nghien-copy_result222.webp 800w, https:\/\/congtybinhminh.com\/wp-content\/uploads\/2025\/05\/truc-nghien-copy_result222-310x400.webp 310w, https:\/\/congtybinhminh.com\/wp-content\/uploads\/2025\/05\/truc-nghien-copy_result222-621x800.webp 621w, https:\/\/congtybinhminh.com\/wp-content\/uploads\/2025\/05\/truc-nghien-copy_result222-768x990.webp 768w, https:\/\/congtybinhminh.com\/wp-content\/uploads\/2025\/05\/truc-nghien-copy_result222-510x657.webp 510w\" sizes=\"auto, (max-width: 800px) 100vw, 800px\" \/><\/p>\n<p>Khi nguy\u00ean li\u1ec7u \u0111\u01b0\u1ee3c \u0111\u01b0a v\u00e0o bu\u1ed3ng nghi\u1ec1n, qu\u1ea3 l\u00f4 s\u1ebd quay tr\u00f2n \u0111\u01b0a ch\u00fang v\u00e0o kho\u1ea3ng gi\u1eefa v\u00e0 gi\u1eef ch\u1eb7t \u0111\u1ed3ng th\u1eddi \u0111\u1eadp v\u1ee1 ch\u00fang th\u00e0nh m\u1ea3nh<\/p>\n<h3>Cho n\u0103ng su\u1ea5t cao<\/h3>\n<p>M\u00e1y nghi\u1ec1n ng\u00f4 v\u1ee1 m\u1ea3nh c\u00f3 s\u00f9ng rung s\u1eed d\u1ee5ng \u0111\u1ed9ng c\u01a1 3kw motor l\u00f5i d\u00e2y \u0111\u1ed3ng 100% cho n\u0103ng su\u00e2t cao<\/p>\n<p><img loading=\"lazy\" decoding=\"async\" class=\"aligncenter wp-image-10698 size-full\" src=\"https:\/\/congtybinhminh.com\/wp-content\/uploads\/2025\/05\/ngo-vo-manh-cho-ga_result222.webp\" alt=\"ngo-vo-manh-cho-ga_result222\" width=\"800\" height=\"675\" srcset=\"https:\/\/congtybinhminh.com\/wp-content\/uploads\/2025\/05\/ngo-vo-manh-cho-ga_result222.webp 800w, https:\/\/congtybinhminh.com\/wp-content\/uploads\/2025\/05\/ngo-vo-manh-cho-ga_result222-474x400.webp 474w, https:\/\/congtybinhminh.com\/wp-content\/uploads\/2025\/05\/ngo-vo-manh-cho-ga_result222-768x648.webp 768w, https:\/\/congtybinhminh.com\/wp-content\/uploads\/2025\/05\/ngo-vo-manh-cho-ga_result222-510x430.webp 510w\" sizes=\"auto, (max-width: 800px) 100vw, 800px\" \/><\/p>\n<p>T\u00f9y v\u00e0o ng\u01b0\u1eddi d\u00f9ng khi \u0111i\u1ec1u ch\u1ec9nh t\u1ea5m ch\u1eafn c\u1eeda n\u1ea1p toa to hay nh\u1ecf cho ra n\u0103ng su\u1ea5t kh\u00e1c nhau dao \u0111\u1ed9ng t\u1eeb 300 &#8211; 600 kg\/gi\u1edd<\/p>\n<h2>Hi\u1ec7u su\u1ea5t cao &#8211; nghi\u1ec1n kh\u1ecfe, nghi\u1ec1n nhanh \u00edt hao h\u1ee5t nguy\u00ean li\u1ec7u<\/h2>\n<p>&#8220;M\u00e1y m\u00f3c thay th\u1ebf s\u1ee9c ng\u01b0\u1eddi&#8221; vi\u1ec7c \u1ee9ng d\u1ee5ng m\u00e1y m\u00f3c mang t\u1edbi gi\u1ea3i ph\u00e1p\u00a0 m\u1edbi cho b\u00e0 con:<\/p>\n<p><img loading=\"lazy\" decoding=\"async\" class=\"aligncenter wp-image-10699 size-full\" src=\"https:\/\/congtybinhminh.com\/wp-content\/uploads\/2025\/05\/may-nghien-ngo-manh_result222.webp\" alt=\"may-nghien-ngo-manh_result222\" width=\"800\" height=\"581\" srcset=\"https:\/\/congtybinhminh.com\/wp-content\/uploads\/2025\/05\/may-nghien-ngo-manh_result222.webp 800w, https:\/\/congtybinhminh.com\/wp-content\/uploads\/2025\/05\/may-nghien-ngo-manh_result222-551x400.webp 551w, https:\/\/congtybinhminh.com\/wp-content\/uploads\/2025\/05\/may-nghien-ngo-manh_result222-768x558.webp 768w, https:\/\/congtybinhminh.com\/wp-content\/uploads\/2025\/05\/may-nghien-ngo-manh_result222-510x370.webp 510w\" sizes=\"auto, (max-width: 800px) 100vw, 800px\" \/><\/p>\n<ul>\n<li>\u0110\u00e1p \u1ee9ng \u0111\u1ee7 l\u01b0\u1ee3ng th\u1ee9c \u0103n c\u1ea7n thi\u1ebft m\u1ed7i ng\u00e0y cho \u0111\u00e0n g\u00e0, v\u1ecbt, heo, b\u00f2..<\/li>\n<li>Gi\u1ea3m hao h\u1ee5t nguy\u00ean li\u1ec7u do nghi\u1ec1n kh\u00f4ng \u0111\u1ec1u, r\u01a1i v\u00e3i.<\/li>\n<li>T\u0103ng hi\u1ec7u qu\u1ea3 ch\u0103n nu\u00f4i, v\u1eadt nu\u00f4i d\u1ec5 \u0103n &#8211; \u0103n \u0111\u01b0\u1ee3c nhi\u1ec1u h\u01a1n &#8211; d\u1ec5 ti\u00eau h\u00f3a<\/li>\n<\/ul>\n<h2>\u0110\u1ecba ch\u1ec9 mua m\u00e1y nghi\u1ec1n ng\u00f4 gi\u00e1 g\u1ed1c t\u1ea1i x\u01b0\u1edfng<\/h2>\n<p>\u0110\u1ec3 \u0111\u1eb7t mua h\u00e0ng ch\u00ednh h\u00e3ng, b\u00e0 con c\u00f3 th\u1ec3 \u0111\u1ebfn tr\u1ee5 s\u1edf g\u1ea7n nh\u1ea5t c\u1ee7a c\u00f4ng ty \u0111\u1ec3 xem v\u00e0 \u0111\u1eb7t mua h\u00e0ng:<\/p>\n<ul>\n<li>Tr\u1ee5 s\u1edf ch\u00ednh: khu cn Ph\u00fa Th\u1ecbnh &#8211; Tx S\u01a1n T\u00e2y &#8211; H\u00e0 N\u1ed9i<\/li>\n<li>Chi nh\u00e1nh mi\u1ec1n nam: x\u00e3 T\u00e2n Ki\u00ean &#8211; H. B\u00ecnh Ch\u00e1nh &#8211; Tp H\u1ed3 Ch\u00ed Minh<\/li>\n<\/ul>\n<p><img loading=\"lazy\" decoding=\"async\" class=\"aligncenter wp-image-10581 size-full\" src=\"https:\/\/congtybinhminh.com\/wp-content\/uploads\/2025\/03\/dia-chi-ban-may-nghien-ngo-vo-manh_result222.webp\" alt=\"dia-chi-ban-may-nghien-ngo-vo-manh_result222\" width=\"800\" height=\"600\" srcset=\"https:\/\/congtybinhminh.com\/wp-content\/uploads\/2025\/03\/dia-chi-ban-may-nghien-ngo-vo-manh_result222.webp 800w, https:\/\/congtybinhminh.com\/wp-content\/uploads\/2025\/03\/dia-chi-ban-may-nghien-ngo-vo-manh_result222-533x400.webp 533w, https:\/\/congtybinhminh.com\/wp-content\/uploads\/2025\/03\/dia-chi-ban-may-nghien-ngo-vo-manh_result222-768x576.webp 768w, https:\/\/congtybinhminh.com\/wp-content\/uploads\/2025\/03\/dia-chi-ban-may-nghien-ngo-vo-manh_result222-510x383.webp 510w\" sizes=\"auto, (max-width: 800px) 100vw, 800px\" \/><\/p>\n<p>Khi \u0111\u1ebfn c\u00f4ng ty mua m\u00e1y, b\u00e0 con s\u1ebd \u0111\u01b0\u1ee3c th\u1eed nghi\u1ec7m v\u1eadn h\u00e0nh m\u00e1y d\u01b0\u1edbi s\u1ef1 h\u01b0\u1edbng d\u1eabn c\u1ee7a \u0111\u1ed9i ng\u0169 k\u1ef9 thu\u1eadt<\/p>\n<p>\u0110\u1ed1i v\u1edbi b\u00e0 con \u1edf xa, c\u00f3 th\u1ec3 li\u00ean h\u1ec7 t\u1edbi s\u1ed1 \u0111i\u1ec7n tho\u1ea1i tr\u00ean website ho\u1eb7c \u0111\u1ec3 l\u1ea1i l\u1eddi nh\u1eafn \u0111\u1ed9i ng\u0169 t\u01b0 v\u1ea5n s\u1ebd li\u00ean h\u1ec7 t\u1edbi b\u00e0 con trong th\u1eddi gian s\u1edbm nh\u1ea5t<\/p>\n<p><strong>Th\u00f4ng s\u1ed1 k\u1ef9 thu\u1eadt<\/strong><\/p>\n<table border=\"1\" cellspacing=\"1\" cellpadding=\"1\">\n<tbody>\n<tr>\n<td colspan=\"1\" rowspan=\"3\">\u0110\u1ed9ng c\u01a1<\/td>\n<td>C\u00f4ng su\u1ea5t \u0111\u1ed9ng c\u01a1<\/td>\n<td>3 kw<\/td>\n<\/tr>\n<tr>\n<td>Ngu\u1ed3n \u0111i\u1ec7n<\/td>\n<td>220V<\/td>\n<\/tr>\n<tr>\n<td>T\u1ed1c \u0111\u1ed9<\/td>\n<td>1450 v\/p<\/td>\n<\/tr>\n<tr>\n<td colspan=\"1\" rowspan=\"2\">B\u1ea3o h\u00e0nh<\/td>\n<td>\u00a0K\u1ef9 thu\u1eadt<\/td>\n<td>12 th\u00e1ng<\/td>\n<\/tr>\n<tr>\n<td>\u0110\u1ed9ng c\u01a1<\/td>\n<td>Theo t\u1eebng h\u00e3ng s\u1ea3n xu\u1ea5t<\/td>\n<\/tr>\n<tr>\n<td>N\u0103ng su\u1ea5t<\/td>\n<td colspan=\"2\" rowspan=\"1\">\u00a0400 \u2013 600 kg\/gi\u1edd<\/td>\n<\/tr>\n<tr>\n<td>K\u00edch th\u01b0\u1edbc (d*c*r)<\/td>\n<td colspan=\"2\" rowspan=\"1\">\u00a077*108*55 cm<\/td>\n<\/tr>\n<tr>\n<td>H\u00ecnh th\u1ee9c thanh to\u00e1n<\/td>\n<td colspan=\"2\" rowspan=\"1\">Ti\u1ec1n m\u1eb7t ho\u1eb7c chuy\u1ec3n kho\u1ea3n<\/td>\n<\/tr>\n<\/tbody>\n<\/table>\n","protected":false},"excerpt":{"rendered":"<ul>\n<li><strong>H\u00e3ng s\u1ea3n xu\u1ea5t:<\/strong> B\u00ecnh Minh<\/li>\n<li><strong>C\u00f4ng su\u1ea5t \u0111\u1ed9ng c\u01a1:<\/strong>\u00a03kw<\/li>\n<li><strong>Ngu\u1ed3n \u0111i\u1ec7n<\/strong>: 220V<\/li>\n<li><strong>T\u1ed1c \u0111\u1ed9:<\/strong>\u00a01450 v\/p<\/li>\n<li><strong>N\u0103ng su\u1ea5t:\u00a0<\/strong>300 \u2013 600 kg\/gi\u1edd<\/li>\n<li><strong>K\u00edch th\u01b0\u1edbc (d*c*r):<\/strong>\u00a077*108*55 cm<\/li>\n<li><strong>T\u00ednh n\u0103ng:<\/strong>\u00a0m\u00e1y chuy\u00ean nghi\u1ec1n ng\u00f4 h\u1ea1t th\u00e0nh m\u1ea3nh s\u1ed1 l\u01b0\u1ee3ng l\u1edbn l\u00e0m th\u1ee9c \u0103n cho g\u00e0, v\u1ecbt, ngan, ng\u1ed7ng,.<\/li>\n<\/ul>\n","protected":false},"featured_media":10684,"comment_status":"open","ping_status":"closed","template":"","meta":[],"product_brand":[],"product_cat":[32],"product_tag":[],"class_list":{"0":"post-10683","1":"product","2":"type-product","3":"status-publish","4":"has-post-thumbnail","6":"product_cat-may-nghien","8":"first","9":"instock","10":"shipping-taxable","11":"product-type-simple"},"_links":{"self":[{"href":"https:\/\/congtybinhminh.com\/index.php?rest_route=\/wp\/v2\/product\/10683","targetHints":{"allow":["GET"]}}],"collection":[{"href":"https:\/\/congtybinhminh.com\/index.php?rest_route=\/wp\/v2\/product"}],"about":[{"href":"https:\/\/congtybinhminh.com\/index.php?rest_route=\/wp\/v2\/types\/product"}],"replies":[{"embeddable":true,"href":"https:\/\/congtybinhminh.com\/index.php?rest_route=%2Fwp%2Fv2%2Fcomments&post=10683"}],"wp:featuredmedia":[{"embeddable":true,"href":"https:\/\/congtybinhminh.com\/index.php?rest_route=\/wp\/v2\/media\/10684"}],"wp:attachment":[{"href":"https:\/\/congtybinhminh.com\/index.php?rest_route=%2Fwp%2Fv2%2Fmedia&parent=10683"}],"wp:term":[{"taxonomy":"product_brand","embeddable":true,"href":"https:\/\/congtybinhminh.com\/index.php?rest_route=%2Fwp%2Fv2%2Fproduct_brand&post=10683"},{"taxonomy":"product_cat","embeddable":true,"href":"https:\/\/congtybinhminh.com\/index.php?rest_route=%2Fwp%2Fv2%2Fproduct_cat&post=10683"},{"taxonomy":"product_tag","embeddable":true,"href":"https:\/\/congtybinhminh.com\/index.php?rest_route=%2Fwp%2Fv2%2Fproduct_tag&post=10683"}],"curies":[{"name":"wp","href":"https:\/\/api.w.org\/{rel}","templated":true}]}}