{"id":10647,"date":"2025-05-10T08:12:11","date_gmt":"2025-05-10T01:12:11","guid":{"rendered":"https:\/\/congtybinhminh.com\/?post_type=product&#038;p=10647"},"modified":"2025-05-26T14:05:11","modified_gmt":"2025-05-26T07:05:11","slug":"may-tron-inox-2-guong","status":"publish","type":"product","link":"https:\/\/congtybinhminh.com\/?product=may-tron-inox-2-guong","title":{"rendered":"M\u00e1y tr\u1ed9n inox 2 gu\u1ed3ng"},"content":{"rendered":"<h2>Gi\u1edbi thi\u1ec7u m\u00e1y tr\u1ed9n inox 2 gu\u1ed3ng<\/h2>\n<p>Thay v\u00ec m\u1ea5t nhi\u1ec1u th\u1eddi gian v\u00e0 c\u00f4ng s\u1ee9c tr\u1ed9n b\u1ed9t b\u1eb1ng tay th\u00ec gi\u1edd m\u1ecdi vi\u1ec7c s\u1ebd \u0111\u01a1n gi\u1ea3n h\u01a1n khi s\u1eed d\u1ee5ng M\u00e1y tr\u1ed9n inox 2 gu\u1ed3ng &#8211;\u00a0 thi\u1ebft b\u1ecb h\u1ed7 tr\u1ee3 tr\u1ed9n \u0111\u1ea3o \u0111\u1ec1u h\u1ed7n h\u1ee3p nguy\u00ean li\u1ec7u<\/p>\n<p><img loading=\"lazy\" decoding=\"async\" class=\"aligncenter wp-image-10758 size-full\" src=\"https:\/\/congtybinhminh.com\/wp-content\/uploads\/2025\/05\/may-tron-bot-inox-cong-ty-binh-minh_result222.webp\" alt=\"may-tron-bot-inox-cong-ty-binh-minh_result222\" width=\"800\" height=\"1078\" srcset=\"https:\/\/congtybinhminh.com\/wp-content\/uploads\/2025\/05\/may-tron-bot-inox-cong-ty-binh-minh_result222.webp 800w, https:\/\/congtybinhminh.com\/wp-content\/uploads\/2025\/05\/may-tron-bot-inox-cong-ty-binh-minh_result222-297x400.webp 297w, https:\/\/congtybinhminh.com\/wp-content\/uploads\/2025\/05\/may-tron-bot-inox-cong-ty-binh-minh_result222-594x800.webp 594w, https:\/\/congtybinhminh.com\/wp-content\/uploads\/2025\/05\/may-tron-bot-inox-cong-ty-binh-minh_result222-768x1035.webp 768w, https:\/\/congtybinhminh.com\/wp-content\/uploads\/2025\/05\/may-tron-bot-inox-cong-ty-binh-minh_result222-510x687.webp 510w\" sizes=\"auto, (max-width: 800px) 100vw, 800px\" \/><\/p>\n<ul>\n<li>Tr\u1ed9n li\u00ean t\u1ee5c &#8211; kh\u00f4ng lo m\u1ecfi &#8211; kh\u00f4ng lo sai s\u00f3t<\/li>\n<li>Nguy\u00ean li\u1ec7u tr\u1ed9n \u0111\u1ec1u h\u01a1n, t\u0103ng \u0111\u1ed9 tin c\u1eady t\u1eeb kh\u00e1ch h\u00e0ng<\/li>\n<li>Th\u00edch h\u1ee3p tr\u1ed9n nguy\u00ean li\u1ec7u l\u00e0m nh\u00e2n b\u00e1nh: v\u00ed d\u1ee5 th\u1ecbt b\u0103m, n\u1ea5m,\u2026<\/li>\n<\/ul>\n<h2>C\u1ea5u t\u1ea1o m\u00e1y tr\u1ed9n inox 2 gu\u1ed3ng<\/h2>\n<p>M\u00e1y tr\u1ed9n n\u1eb1m ngang \u0111\u01b0\u1ee3c l\u00e0m inox s\u00e1ng b\u00f3ng, ch\u1ed1ng g\u1ec9, d\u1ec5 v\u1ec7 sinh v\u00e0 an to\u00e0n th\u1ef1c ph\u1ea9m<\/p>\n<p><img loading=\"lazy\" decoding=\"async\" class=\"aligncenter wp-image-10654 size-full\" src=\"https:\/\/congtybinhminh.com\/wp-content\/uploads\/2025\/05\/cau-tao-may-tron-inox-2-guong_result222.webp\" alt=\"cau-tao-may-tron-inox-2-guong_result222\" width=\"800\" height=\"600\" srcset=\"https:\/\/congtybinhminh.com\/wp-content\/uploads\/2025\/05\/cau-tao-may-tron-inox-2-guong_result222.webp 800w, https:\/\/congtybinhminh.com\/wp-content\/uploads\/2025\/05\/cau-tao-may-tron-inox-2-guong_result222-533x400.webp 533w, https:\/\/congtybinhminh.com\/wp-content\/uploads\/2025\/05\/cau-tao-may-tron-inox-2-guong_result222-768x576.webp 768w, https:\/\/congtybinhminh.com\/wp-content\/uploads\/2025\/05\/cau-tao-may-tron-inox-2-guong_result222-510x383.webp 510w\" sizes=\"auto, (max-width: 800px) 100vw, 800px\" \/><\/p>\n<p>Dung t\u00edch th\u00f9ng tr\u1ed9n kho\u1ea3ng 25kg\/m\u1ebb. B\u00ean trong th\u00f9ng g\u1ed3m 2 gu\u1ed3ng tr\u1ed9n, tr\u00ean m\u1ed7i gu\u1ed3ng g\u1ed3m 5 c\u00e1nh tr\u1ed9n b\u1ea3n r\u1ed9ng b\u00f3 tr\u00ed xen k\u1ebd tr\u00ean tr\u1ee5c<\/p>\n<p><img loading=\"lazy\" decoding=\"async\" class=\"aligncenter wp-image-10655 size-full\" src=\"https:\/\/congtybinhminh.com\/wp-content\/uploads\/2025\/05\/thung-tron-nam-ngang_result222.webp\" alt=\"thung-tron-nam-ngang_result222\" width=\"800\" height=\"568\" srcset=\"https:\/\/congtybinhminh.com\/wp-content\/uploads\/2025\/05\/thung-tron-nam-ngang_result222.webp 800w, https:\/\/congtybinhminh.com\/wp-content\/uploads\/2025\/05\/thung-tron-nam-ngang_result222-563x400.webp 563w, https:\/\/congtybinhminh.com\/wp-content\/uploads\/2025\/05\/thung-tron-nam-ngang_result222-768x545.webp 768w, https:\/\/congtybinhminh.com\/wp-content\/uploads\/2025\/05\/thung-tron-nam-ngang_result222-510x362.webp 510w\" sizes=\"auto, (max-width: 800px) 100vw, 800px\" \/><\/p>\n<p>Khi v\u1eadn h\u00e0nh, c\u00e1c c\u00e1nh n\u00e0y s\u1ebd \u0111\u1ea3o \u0111\u1ec1u nguy\u00ean li\u1ec7u t\u1eeb ngo\u00e0i v\u00e0o trong \u0111\u1ebfn khi \u0111\u1ea1t \u0111\u1ed9 d\u1ebbo &#8211; \u0111\u1ed9 b\u00e1m &#8211; \u0111\u1ed9 m\u1ecbn c\u1ea7n thi\u00e9t<\/p>\n<p><img loading=\"lazy\" decoding=\"async\" class=\"aligncenter wp-image-10662 size-full\" src=\"https:\/\/congtybinhminh.com\/wp-content\/uploads\/2025\/05\/hop-so-giam-toc-may-tron_result222.webp\" alt=\"hop-so-giam-toc-may-tron_result222\" width=\"800\" height=\"960\" srcset=\"https:\/\/congtybinhminh.com\/wp-content\/uploads\/2025\/05\/hop-so-giam-toc-may-tron_result222.webp 800w, https:\/\/congtybinhminh.com\/wp-content\/uploads\/2025\/05\/hop-so-giam-toc-may-tron_result222-333x400.webp 333w, https:\/\/congtybinhminh.com\/wp-content\/uploads\/2025\/05\/hop-so-giam-toc-may-tron_result222-667x800.webp 667w, https:\/\/congtybinhminh.com\/wp-content\/uploads\/2025\/05\/hop-so-giam-toc-may-tron_result222-768x922.webp 768w, https:\/\/congtybinhminh.com\/wp-content\/uploads\/2025\/05\/hop-so-giam-toc-may-tron_result222-510x612.webp 510w\" sizes=\"auto, (max-width: 800px) 100vw, 800px\" \/><\/p>\n<p>Kh\u00f4ng c\u00f2n t\u00ecnh tr\u1ea1ng d\u1ed3n c\u1ee5c &#8211; kh\u00f4ng \u0111\u1ec1u &#8211; ch\u1ed7 kh\u00f4 ch\u1ed7 \u01b0\u1edbt nh\u01b0 tr\u1ed9n tay<\/p>\n<p>H\u1ed7n h\u1ee3p sau khi \u0111\u01b0\u1ee3c tr\u1ed9n \u0111\u1ec1u, ng\u01b0\u1eddi d\u00f9ng ch\u1ec9 c\u1ea7n xoay tay quay \u0111\u1ec3 nghi\u00eang th\u00f9ng tr\u1ed9n r\u1ed3i t\u1eeb t\u1eeb thu th\u00e0nh ph\u1ea9m<\/p>\n<p>Thao t\u00e1c nh\u1eb9 nh\u00e0ng, s\u1ea1ch s\u1ebd m\u00e0 kh\u00f4ng lo b\u00e1m d\u00ednh hao h\u1ee5t<\/p>\n<p>Qu\u00e1 tr\u00ecnh m\u00e1y tr\u1ed9n v\u1eadn h\u00e0nh th\u00f4ng qua b\u1ea3ng \u0111i\u1ec1u khi\u1ec3n<\/p>\n<p><img loading=\"lazy\" decoding=\"async\" class=\"aligncenter wp-image-10658 size-full\" src=\"https:\/\/congtybinhminh.com\/wp-content\/uploads\/2025\/05\/bang-dieu-khien-may-tron_result222.webp\" alt=\"bang-dieu-khien-may-tron_result222\" width=\"800\" height=\"592\" srcset=\"https:\/\/congtybinhminh.com\/wp-content\/uploads\/2025\/05\/bang-dieu-khien-may-tron_result222.webp 800w, https:\/\/congtybinhminh.com\/wp-content\/uploads\/2025\/05\/bang-dieu-khien-may-tron_result222-541x400.webp 541w, https:\/\/congtybinhminh.com\/wp-content\/uploads\/2025\/05\/bang-dieu-khien-may-tron_result222-768x568.webp 768w, https:\/\/congtybinhminh.com\/wp-content\/uploads\/2025\/05\/bang-dieu-khien-may-tron_result222-510x377.webp 510w\" sizes=\"auto, (max-width: 800px) 100vw, 800px\" \/><\/p>\n<p>H\u1ed9p s\u1ed1 gi\u1ea3m t\u1ed1c truy\u1ec1n l\u1ef1c qua b\u1ed9 b\u00e1nh r\u0103ng v\u00e0 d\u00e2y x\u00edch b\u1ea3n l\u1edbn<\/p>\n<p>H\u1ec7 th\u1ed1ng gi\u00fap t\u1ed1i \u01b0u l\u1ef1c k\u00e9o, m\u00e1y v\u1eadn h\u00e0nh kh\u1ecfe tr\u00e1nh qu\u00e1 t\u1ea3i v\u00e0 k\u00e9o d\u00e0i tu\u1ed5i th\u1ecd c\u1ee7a m\u00e1y<\/p>\n<h2>\u0110\u1ecba ch\u1ec9 mua m\u00e1y tr\u1ed9n gi\u00e1 g\u1ed1c t\u1ea1i x\u01b0\u1edfng<\/h2>\n<p>\u0110\u1ec3 \u0111\u1eb7t mua h\u00e0ng ch\u00ednh h\u00e3ng, b\u00e0 con c\u00f3 th\u1ec3 \u0111\u1ebfn tr\u1ee5 s\u1edf g\u1ea7n nh\u1ea5t c\u1ee7a c\u00f4ng ty \u0111\u1ec3 xem v\u00e0 \u0111\u1eb7t mua h\u00e0ng:<\/p>\n<ul>\n<li>Tr\u1ee5 s\u1edf ch\u00ednh: p. L\u00ea L\u01a1i &#8211; Tx S\u01a1n T\u00e2y &#8211; H\u00e0 N\u1ed9i<\/li>\n<li>Chi nh\u00e1nh mi\u1ec1n Nam: x\u00e3 T\u00e2n Ki\u00ean &#8211; H. B\u00ecnh Ch\u00e1nh &#8211; TP H\u1ed3 Ch\u00ed Minh<\/li>\n<\/ul>\n<p><img loading=\"lazy\" decoding=\"async\" class=\"aligncenter wp-image-10659 size-full\" src=\"https:\/\/congtybinhminh.com\/wp-content\/uploads\/2025\/05\/xuong-san-xuat-may-tron-1_result222.webp\" alt=\"xuong-san-xuat-may-tron-1_result222\" width=\"800\" height=\"1161\" srcset=\"https:\/\/congtybinhminh.com\/wp-content\/uploads\/2025\/05\/xuong-san-xuat-may-tron-1_result222.webp 800w, https:\/\/congtybinhminh.com\/wp-content\/uploads\/2025\/05\/xuong-san-xuat-may-tron-1_result222-276x400.webp 276w, https:\/\/congtybinhminh.com\/wp-content\/uploads\/2025\/05\/xuong-san-xuat-may-tron-1_result222-551x800.webp 551w, https:\/\/congtybinhminh.com\/wp-content\/uploads\/2025\/05\/xuong-san-xuat-may-tron-1_result222-768x1115.webp 768w, https:\/\/congtybinhminh.com\/wp-content\/uploads\/2025\/05\/xuong-san-xuat-may-tron-1_result222-510x740.webp 510w\" sizes=\"auto, (max-width: 800px) 100vw, 800px\" \/><\/p>\n<p>Khi \u0111\u1ebfn \u0111\u00e2y, b\u00e0 con s\u1ebd \u0111\u01b0\u1ee3c th\u1eed nghi\u1ec7m v\u1eadn h\u00e0nh m\u00e1y d\u01b0\u1edbi s\u1ef1 h\u01b0\u1edbng d\u1eabn c\u1ee7a \u0111\u1ed9i ng\u0169 k\u1ef9 thu\u1eadt<\/p>\n<p>\u0110\u1ed1i v\u1edbi b\u00e0 c\u01a1n \u1edf xa, c\u00f3 th\u1ec3 li\u00ean h\u1ec7 t\u1edbi s\u1ed1 \u0111i\u1ec7n tho\u1ea1i Hotline tr\u00ean website ho\u1eb7c \u0111\u1ec3 l\u1ea1i l\u1eddi nh\u1eafn \u0111\u1ed9i ng\u0169 t\u01b0 v\u1ea5n s\u1ebd li\u00ean h\u1ec7 t\u1edbi b\u00e0 con trong th\u1eddi gian s\u1edbm nh\u1ea5t<\/p>\n<p><strong>Th\u00f4ng s\u1ed1 k\u1ef9 thu\u1eadt<\/strong><\/p>\n<table border=\"1\" cellspacing=\"1\" cellpadding=\"1\">\n<tbody>\n<tr>\n<td colspan=\"1\" rowspan=\"3\">\u0110\u1ed9ng c\u01a1<\/td>\n<td>\u0110\u1ed9ng c\u01a1 gi\u1ea3m t\u1ed1c<\/td>\n<td>1.5kw<\/td>\n<\/tr>\n<tr>\n<td>Ngu\u1ed3n \u0111i\u1ec7n<\/td>\n<td>380V<\/td>\n<\/tr>\n<tr>\n<td>T\u1ed1c \u0111\u1ed9<\/td>\n<td>\u00a0v\/p<\/td>\n<\/tr>\n<tr>\n<td colspan=\"1\" rowspan=\"2\">B\u1ea3o h\u00e0nh<\/td>\n<td>K\u1ef9 thu\u1eadt<\/td>\n<td>\u00a012 th\u00e1ng<\/td>\n<\/tr>\n<tr>\n<td>\u0110\u1ed9ng c\u01a1<\/td>\n<td>Theo t\u1eebng h\u00e3ng s\u1ea3n xu\u1ea5t<\/td>\n<\/tr>\n<tr>\n<td>N\u0103ng su\u1ea5t<\/td>\n<td colspan=\"2\" rowspan=\"1\">\u00a025 kg\/m\u1ebb<\/td>\n<\/tr>\n<tr>\n<td>K\u00edch th\u01b0\u1edbc (d*c*r)<\/td>\n<td colspan=\"2\" rowspan=\"1\">128*91*46 cm<\/td>\n<\/tr>\n<tr>\n<td>H\u00ecnh th\u1ee9c thanh to\u00e1n<\/td>\n<td colspan=\"2\" rowspan=\"1\">\u00a0Ti\u1ec1n m\u1eb7t ho\u1eb7c chuy\u1ec3n kho\u1ea3n<\/td>\n<\/tr>\n<\/tbody>\n<\/table>\n","protected":false},"excerpt":{"rendered":"<ul>\n<li><strong>H\u00e3ng s\u1ea3n xu\u1ea5t:<\/strong>\u00a0B\u00ecnh Minh<\/li>\n<li><strong>\u0110\u1ed9ng c\u01a1 gi\u1ea3m t\u1ed1c;<\/strong>\u00a01,5kw<\/li>\n<li><strong>Ngu\u1ed3n \u0111i\u1ec7n:<\/strong>\u00a0380V<\/li>\n<li><strong>N\u0103ng su\u1ea5t<\/strong>: 25kg\/m\u1ebb<\/li>\n<li><strong>K\u00edch th\u01b0\u1edbc (d*c*r):<\/strong>\u00a0128*91*46 cm<\/li>\n<li><strong>T\u00ednh n\u0103ng: <\/strong>tr\u1ed9n \u0111\u1ea3o h\u1ed7n h\u1ee3p nguy\u00ean li\u1ec7u<\/li>\n<\/ul>\n","protected":false},"featured_media":10648,"comment_status":"open","ping_status":"closed","template":"","meta":[],"product_brand":[],"product_cat":[98],"product_tag":[],"class_list":{"0":"post-10647","1":"product","2":"type-product","3":"status-publish","4":"has-post-thumbnail","6":"product_cat-may-tron","8":"first","9":"instock","10":"shipping-taxable","11":"product-type-simple"},"_links":{"self":[{"href":"https:\/\/congtybinhminh.com\/index.php?rest_route=\/wp\/v2\/product\/10647","targetHints":{"allow":["GET"]}}],"collection":[{"href":"https:\/\/congtybinhminh.com\/index.php?rest_route=\/wp\/v2\/product"}],"about":[{"href":"https:\/\/congtybinhminh.com\/index.php?rest_route=\/wp\/v2\/types\/product"}],"replies":[{"embeddable":true,"href":"https:\/\/congtybinhminh.com\/index.php?rest_route=%2Fwp%2Fv2%2Fcomments&post=10647"}],"wp:featuredmedia":[{"embeddable":true,"href":"https:\/\/congtybinhminh.com\/index.php?rest_route=\/wp\/v2\/media\/10648"}],"wp:attachment":[{"href":"https:\/\/congtybinhminh.com\/index.php?rest_route=%2Fwp%2Fv2%2Fmedia&parent=10647"}],"wp:term":[{"taxonomy":"product_brand","embeddable":true,"href":"https:\/\/congtybinhminh.com\/index.php?rest_route=%2Fwp%2Fv2%2Fproduct_brand&post=10647"},{"taxonomy":"product_cat","embeddable":true,"href":"https:\/\/congtybinhminh.com\/index.php?rest_route=%2Fwp%2Fv2%2Fproduct_cat&post=10647"},{"taxonomy":"product_tag","embeddable":true,"href":"https:\/\/congtybinhminh.com\/index.php?rest_route=%2Fwp%2Fv2%2Fproduct_tag&post=10647"}],"curies":[{"name":"wp","href":"https:\/\/api.w.org\/{rel}","templated":true}]}}