{"id":10609,"date":"2025-05-03T16:52:39","date_gmt":"2025-05-03T09:52:39","guid":{"rendered":"https:\/\/congtybinhminh.com\/?post_type=product&#038;p=10609"},"modified":"2025-05-19T15:04:10","modified_gmt":"2025-05-19T08:04:10","slug":"may-bam-chuoi-inox-cua-ngang","status":"publish","type":"product","link":"https:\/\/congtybinhminh.com\/?product=may-bam-chuoi-inox-cua-ngang","title":{"rendered":"M\u00e1y b\u0103m chu\u1ed1i inox c\u1eeda ngang"},"content":{"rendered":"<h2>Video ho\u1ea1t \u0111\u1ed9ng c\u1ee7a m\u00e1y<\/h2>\n<p><iframe loading=\"lazy\" title=\"M\u00e1y B\u0103m Chu\u1ed1i Inox B\u0103m 100 C\u00e2y Chu\u1ed1i Hay 4 T\u1ea1 C\u1ecf M\u1ed7i Gi\u1edd M\u00e0 Gi\u00e1 Ch\u1ec9 H\u01a1n 1.000.000\u0110\" width=\"1020\" height=\"574\" src=\"https:\/\/www.youtube.com\/embed\/vNBCBqPByAw?feature=oembed\" frameborder=\"0\" allow=\"accelerometer; autoplay; clipboard-write; encrypted-media; gyroscope; picture-in-picture; web-share\" referrerpolicy=\"strict-origin-when-cross-origin\" allowfullscreen><\/iframe><\/p>\n<h2>Gi\u1edbi thi\u1ec7u m\u00e1y b\u0103m chu\u1ed1i inox c\u1eeda ngang<\/h2>\n<p>M\u00e1y b\u0103m chu\u1ed1i \u0111a n\u0103ng inox c\u1eeda ngang &#8211; gi\u1ea3i ph\u00e1p t\u1ed1i gi\u00fap b\u00e0 con s\u01a1 ch\u1ebf th\u1ee9c \u0103n cho gia s\u00fac &#8211; gia c\u1ea7m<\/p>\n<p><img loading=\"lazy\" decoding=\"async\" class=\"aligncenter wp-image-10623 size-full\" src=\"https:\/\/congtybinhminh.com\/wp-content\/uploads\/2025\/05\/may-bam-chuoi-inox-cua-ngang-binh-minh_result222.webp\" alt=\"may-bam-chuoi-inox-cua-ngang-binh-minh_result222\" width=\"800\" height=\"1078\" srcset=\"https:\/\/congtybinhminh.com\/wp-content\/uploads\/2025\/05\/may-bam-chuoi-inox-cua-ngang-binh-minh_result222.webp 800w, https:\/\/congtybinhminh.com\/wp-content\/uploads\/2025\/05\/may-bam-chuoi-inox-cua-ngang-binh-minh_result222-297x400.webp 297w, https:\/\/congtybinhminh.com\/wp-content\/uploads\/2025\/05\/may-bam-chuoi-inox-cua-ngang-binh-minh_result222-594x800.webp 594w, https:\/\/congtybinhminh.com\/wp-content\/uploads\/2025\/05\/may-bam-chuoi-inox-cua-ngang-binh-minh_result222-768x1035.webp 768w, https:\/\/congtybinhminh.com\/wp-content\/uploads\/2025\/05\/may-bam-chuoi-inox-cua-ngang-binh-minh_result222-510x687.webp 510w\" sizes=\"auto, (max-width: 800px) 100vw, 800px\" \/><\/p>\n<p>Thi\u1ebft b\u1ecb chuy\u00ean d\u00f9ng h\u1ed7 tr\u1ee3 b\u0103m nh\u1ecf c\u00e2y chu\u1ed1i v\u00e0 c\u00e1c lo\u1ea1i rau xanh thay v\u00ec m\u1ea5t h\u00e0ng gi\u1edd ng\u1ed3i b\u0103m th\u1ee7 c\u00f4ng<\/p>\n<p><img loading=\"lazy\" decoding=\"async\" class=\"aligncenter wp-image-10620 size-full\" src=\"https:\/\/congtybinhminh.com\/wp-content\/uploads\/2025\/05\/may-bam-chuoi-cho-ga_result222.webp\" alt=\"may-bam-chuoi-cho-ga_result222\" width=\"800\" height=\"592\" srcset=\"https:\/\/congtybinhminh.com\/wp-content\/uploads\/2025\/05\/may-bam-chuoi-cho-ga_result222.webp 800w, https:\/\/congtybinhminh.com\/wp-content\/uploads\/2025\/05\/may-bam-chuoi-cho-ga_result222-541x400.webp 541w, https:\/\/congtybinhminh.com\/wp-content\/uploads\/2025\/05\/may-bam-chuoi-cho-ga_result222-768x568.webp 768w, https:\/\/congtybinhminh.com\/wp-content\/uploads\/2025\/05\/may-bam-chuoi-cho-ga_result222-510x377.webp 510w\" sizes=\"auto, (max-width: 800px) 100vw, 800px\" \/><\/p>\n<ul>\n<li>Qu\u00e1 tr\u00ecnh b\u0103m t\u1ef1 \u0111\u1ed9ng ch\u1ec9 c\u1ea7n 1 &#8211; 2 ng\u01b0\u1eddi v\u1eadn h\u00e0nh<\/li>\n<li>T\u1ed1c \u0111\u1ed9 b\u0103m nhanh h\u01a1n &#8211; r\u00fat ng\u1eafn th\u1eddi gian b\u0103m &#8211; gi\u1ea3m s\u1ee9c lao \u0111\u1ed9ng<\/li>\n<li>Ki\u1ec3m so\u00e1t d\u1ef1 ph\u00f2ng ngu\u1ed3n th\u1ee9c \u0103n<\/li>\n<li>Th\u00e0nh ph\u1ea9m b\u0103m \u0111\u1ec1u &#8211; v\u1eadt nu\u00f4i th\u00edch \u0103n &#8211; \u0103n \u0111\u01b0\u1ee3c nhi\u1ec1u h\u01a1n<\/li>\n<\/ul>\n<h2>C\u1ea5u t\u1ea1o m\u00e1y b\u0103m chu\u1ed1i inox c\u1eeda ngang<\/h2>\n<h3>Khung m\u00e1y ch\u1eafc ch\u1eafn<\/h3>\n<p>M\u00e1y b\u0103m chu\u1ed1i \u0111\u01b0\u1ee3c l\u00e0m b\u1eb1ng inox cao c\u1ea5p kh\u00f4ng g\u00e2y han g\u1ec9<\/p>\n<p><img loading=\"lazy\" decoding=\"async\" class=\"aligncenter wp-image-10615 size-full\" src=\"https:\/\/congtybinhminh.com\/wp-content\/uploads\/2025\/05\/cau-tao-may-bam-chuoi-1.5kw_result222.webp\" alt=\"cau-tao-may-bam-chuoi-1.5kw_result222\" width=\"800\" height=\"680\" srcset=\"https:\/\/congtybinhminh.com\/wp-content\/uploads\/2025\/05\/cau-tao-may-bam-chuoi-1.5kw_result222.webp 800w, https:\/\/congtybinhminh.com\/wp-content\/uploads\/2025\/05\/cau-tao-may-bam-chuoi-1.5kw_result222-471x400.webp 471w, https:\/\/congtybinhminh.com\/wp-content\/uploads\/2025\/05\/cau-tao-may-bam-chuoi-1.5kw_result222-768x653.webp 768w, https:\/\/congtybinhminh.com\/wp-content\/uploads\/2025\/05\/cau-tao-may-bam-chuoi-1.5kw_result222-510x434.webp 510w\" sizes=\"auto, (max-width: 800px) 100vw, 800px\" \/><\/p>\n<p>V\u1edbi ph\u1ea7n khung m\u00e1y \u0111\u01b0\u1ee3c h\u00e0n g\u1eafn ch\u1eafc ch\u1eafn kh\u00f4ng g\u00e2y rung l\u1eafc trong qu\u00e1 tr\u00ecnh b\u0103m<\/p>\n<h3>Toa n\u1ea1p v\u00e0 c\u1eeda x\u1ea3<\/h3>\n<p>Toa n\u1ea1p thi\u1ebft k\u1ebf m\u00e1ng d\u00e0i n\u1eb1m ngang h\u1ed7 tr\u1ee3 n\u00e2ng \u0111\u1ee1 th\u00e2n c\u00e2y chu\u1ed1i, h\u01b0\u1edbng d\u1ed1c v\u1ec1 bu\u1ed3ng dao b\u0103m v\u1edbi \u0111\u1ed9 cao v\u1eeba t\u1ea7m ng\u01b0\u1eddi d\u00f9ng an to\u00e0n khi s\u1eed d\u1ee5ng<\/p>\n<p><img loading=\"lazy\" decoding=\"async\" class=\"aligncenter wp-image-10616 size-full\" src=\"https:\/\/congtybinhminh.com\/wp-content\/uploads\/2025\/05\/toa-nap-may-bam-chuoi_result222.webp\" alt=\"toa-nap-may-bam-chuoi_result222\" width=\"800\" height=\"1135\" srcset=\"https:\/\/congtybinhminh.com\/wp-content\/uploads\/2025\/05\/toa-nap-may-bam-chuoi_result222.webp 800w, https:\/\/congtybinhminh.com\/wp-content\/uploads\/2025\/05\/toa-nap-may-bam-chuoi_result222-282x400.webp 282w, https:\/\/congtybinhminh.com\/wp-content\/uploads\/2025\/05\/toa-nap-may-bam-chuoi_result222-564x800.webp 564w, https:\/\/congtybinhminh.com\/wp-content\/uploads\/2025\/05\/toa-nap-may-bam-chuoi_result222-768x1090.webp 768w, https:\/\/congtybinhminh.com\/wp-content\/uploads\/2025\/05\/toa-nap-may-bam-chuoi_result222-510x724.webp 510w\" sizes=\"auto, (max-width: 800px) 100vw, 800px\" \/><\/p>\n<p>M\u00e1y c\u00f3 th\u1ec3 b\u0103m nguy\u00ean c\u00e2y chu\u1ed1i c\u00f3 \u0111\u01b0\u1eddng k\u00ednh 16 cm tr\u1edf l\u1ea1i, \u0111\u1ed1i v\u1edbi nh\u1eefng th\u00e2n c\u00e2y l\u1edbn h\u01a1n c\u00f3 th\u1ec3 t\u00e1ch b\u1edbt b\u1eb9 r\u1ed3i l\u1ef1a mi\u1ec7ng toa l\u00e0 \u0111\u01b0\u1ee3c<\/p>\n<h3>Bu\u1ed3ng dao b\u0103m<\/h3>\n<p>H\u1ec7 th\u1ed1ng bu\u1ed3ng dao b\u0103m c\u1ee7a m\u00e1y g\u1ed3m 1 dao 2 l\u01b0\u1ee1i, l\u01b0\u1ee1i dao b\u1ea7u d\u00e0y b\u1ea3n r\u1ed9ng v\u1edbi \u0111\u1ed9 cong nh\u1ea5t \u0111\u1ecbnh. Khi m\u00e1y quay s\u1ebd t\u1ea1o ra l\u1ef1c ch\u00e9m m\u1ea1nh v\u00e0 d\u1ee9t kho\u00e1t, gi\u00fap &#8221; b\u0103m nhanh &#8211; kh\u00f4ng b\u1ecb k\u1eb9t nguy\u00ean li\u1ec7u&#8217;<\/p>\n<p><img loading=\"lazy\" decoding=\"async\" class=\"aligncenter wp-image-10617 size-full\" src=\"https:\/\/congtybinhminh.com\/wp-content\/uploads\/2025\/05\/luoi-dao-may-bam-chuoi_result222.webp\" alt=\"luoi-dao-may-bam-chuoi_result222\" width=\"800\" height=\"576\" srcset=\"https:\/\/congtybinhminh.com\/wp-content\/uploads\/2025\/05\/luoi-dao-may-bam-chuoi_result222.webp 800w, https:\/\/congtybinhminh.com\/wp-content\/uploads\/2025\/05\/luoi-dao-may-bam-chuoi_result222-556x400.webp 556w, https:\/\/congtybinhminh.com\/wp-content\/uploads\/2025\/05\/luoi-dao-may-bam-chuoi_result222-768x553.webp 768w, https:\/\/congtybinhminh.com\/wp-content\/uploads\/2025\/05\/luoi-dao-may-bam-chuoi_result222-510x367.webp 510w\" sizes=\"auto, (max-width: 800px) 100vw, 800px\" \/><\/p>\n<p>Ph\u00eda sau m\u1eb7t l\u01b0\u1ee1i dao c\u00f3 thanh g\u1ea1t 2 \u0111\u1ea7u, gi\u00fap \u0111\u1ea9y nguy\u00ean li\u1ec7u ra nhanh, tr\u00e1nh t\u00ecnh tr\u1ea1ng nguy\u00ean li\u1ec7u k\u1eb9t l\u1ea1i trong bu\u1ed3ng b\u0103m<\/p>\n<p><img loading=\"lazy\" decoding=\"async\" class=\"aligncenter wp-image-10618 size-full\" src=\"https:\/\/congtybinhminh.com\/wp-content\/uploads\/2025\/05\/dao-bau-bam-chuoi_result222.webp\" alt=\"dao-bau-bam-chuoi_result222\" width=\"800\" height=\"468\" srcset=\"https:\/\/congtybinhminh.com\/wp-content\/uploads\/2025\/05\/dao-bau-bam-chuoi_result222.webp 800w, https:\/\/congtybinhminh.com\/wp-content\/uploads\/2025\/05\/dao-bau-bam-chuoi_result222-684x400.webp 684w, https:\/\/congtybinhminh.com\/wp-content\/uploads\/2025\/05\/dao-bau-bam-chuoi_result222-768x449.webp 768w, https:\/\/congtybinhminh.com\/wp-content\/uploads\/2025\/05\/dao-bau-bam-chuoi_result222-510x298.webp 510w\" sizes=\"auto, (max-width: 800px) 100vw, 800px\" \/><\/p>\n<p>L\u01b0\u1ee1i dao \u0111\u01b0\u1ee3c r\u00e8n s\u1eafc b\u00e9n, c\u00e1c m\u1ed7i h\u00e0n ch\u1eafc ch\u1eafn \u0111\u1ea3m b\u1ea3o dao ch\u1ecbu l\u1ef1c t\u1ed1t trong su\u1ed1t qu\u00e1 tr\u00ecnh b\u0103m<\/p>\n<p><img loading=\"lazy\" decoding=\"async\" class=\"aligncenter wp-image-10619 size-full\" src=\"https:\/\/congtybinhminh.com\/wp-content\/uploads\/2025\/05\/luoi-dao-bau-bam-chuoi_result222.webp\" alt=\"luoi-dao-bau-bam-chuoi_result222\" width=\"800\" height=\"468\" srcset=\"https:\/\/congtybinhminh.com\/wp-content\/uploads\/2025\/05\/luoi-dao-bau-bam-chuoi_result222.webp 800w, https:\/\/congtybinhminh.com\/wp-content\/uploads\/2025\/05\/luoi-dao-bau-bam-chuoi_result222-684x400.webp 684w, https:\/\/congtybinhminh.com\/wp-content\/uploads\/2025\/05\/luoi-dao-bau-bam-chuoi_result222-768x449.webp 768w, https:\/\/congtybinhminh.com\/wp-content\/uploads\/2025\/05\/luoi-dao-bau-bam-chuoi_result222-510x298.webp 510w\" sizes=\"auto, (max-width: 800px) 100vw, 800px\" \/><\/p>\n<h3>Cho n\u0103ng su\u1ea5t cao<\/h3>\n<p>M\u00e1y b\u0103m chu\u1ed1i 1 pha s\u1eed d\u1ee5ng \u0111\u1ed9ng c\u01a1 1,5kw n\u1ed1i li\u1ec1n tr\u1ee5c gi\u00fap cho m\u00e1y ch\u1ea1y nhanh\u00a0 h\u01a1n &#8211; kh\u1ecfe h\u01a1n so v\u1edbi c\u00e1c lo\u1ea1i m\u00e1y b\u0103m c\u1ecf s\u1eed d\u1ee5ng d\u00e2y curoa<\/p>\n<p><img loading=\"lazy\" decoding=\"async\" class=\"aligncenter wp-image-10622 size-full\" src=\"https:\/\/congtybinhminh.com\/wp-content\/uploads\/2025\/05\/dong-co-may-bam-chuoi_result222.webp\" alt=\"dong-co-may-bam-chuoi_result222\" width=\"800\" height=\"590\" srcset=\"https:\/\/congtybinhminh.com\/wp-content\/uploads\/2025\/05\/dong-co-may-bam-chuoi_result222.webp 800w, https:\/\/congtybinhminh.com\/wp-content\/uploads\/2025\/05\/dong-co-may-bam-chuoi_result222-542x400.webp 542w, https:\/\/congtybinhminh.com\/wp-content\/uploads\/2025\/05\/dong-co-may-bam-chuoi_result222-768x566.webp 768w, https:\/\/congtybinhminh.com\/wp-content\/uploads\/2025\/05\/dong-co-may-bam-chuoi_result222-510x376.webp 510w\" sizes=\"auto, (max-width: 800px) 100vw, 800px\" \/><\/p>\n<p>Ch\u1ec9 trong 1 ph\u00fat m\u00e1y c\u00f3 th\u1ec3 b\u0103m 1 &#8211; 2 c\u00e2y chu\u1ed1i t\u00f9y k\u00edch th\u01b0\u1edbc, t\u00ednh ra ch\u1ec9 c\u1ea7n 1 ng\u01b0\u1eddi v\u1eadn h\u00e0nh m\u00e0 v\u1eabn \u0111\u1ea3m b\u1ea3o n\u0103ng su\u1ea5t<\/p>\n<p><img loading=\"lazy\" decoding=\"async\" class=\"aligncenter wp-image-10621 size-full\" src=\"https:\/\/congtybinhminh.com\/wp-content\/uploads\/2025\/05\/may-bam-chuoi-cho-lon_result222.webp\" alt=\"may-bam-chuoi-cho-lon_result222\" width=\"800\" height=\"592\" srcset=\"https:\/\/congtybinhminh.com\/wp-content\/uploads\/2025\/05\/may-bam-chuoi-cho-lon_result222.webp 800w, https:\/\/congtybinhminh.com\/wp-content\/uploads\/2025\/05\/may-bam-chuoi-cho-lon_result222-541x400.webp 541w, https:\/\/congtybinhminh.com\/wp-content\/uploads\/2025\/05\/may-bam-chuoi-cho-lon_result222-768x568.webp 768w, https:\/\/congtybinhminh.com\/wp-content\/uploads\/2025\/05\/may-bam-chuoi-cho-lon_result222-510x377.webp 510w\" sizes=\"auto, (max-width: 800px) 100vw, 800px\" \/><\/p>\n<h2>\u0110\u1ecba ch\u1ec9 mua m\u00e1y b\u0103m chu\u1ed1i gi\u00e1 g\u1ed1c t\u1ea1i x\u01b0\u1edfng<\/h2>\n<p>\u0110\u1ec3 \u0111\u1eb7t mua h\u00e0ng ch\u00ednh h\u00e3ng, b\u00e0 con c\u00f3 th\u1ec3 \u0111\u1ebfn tr\u1ee5 s\u1edf g\u1ea7n nh\u1ea5t c\u1ee7a c\u00f4ng ty \u0111\u1ec3 xem v\u00e0 \u0111\u1eb7t mua h\u00e0ng;<\/p>\n<ul>\n<li>Tr\u1ee5 s\u1edf ch\u00ednh: p. L\u00ea L\u1ee3i &#8211; Tx S\u01a1n T\u00e2y &#8211; H\u00e0 N\u1ed9i<\/li>\n<li>Chi nh\u00e1nh mi\u1ec1n Nam: x\u00e3 T\u00e2n Ki\u00ean &#8211; H. B\u00ecnh Ch\u00e1nh &#8211; Tp H\u1ed3 Ch\u00ed Minh<\/li>\n<\/ul>\n<p>Khi \u0111\u1ebfn \u0111\u00e2y, b\u00e0 con s\u1ebd \u0111\u01b0\u1ee3c th\u1eed nghi\u1ec7m v\u1eadn h\u00e0nh m\u00e1y d\u01b0\u1edbi s\u1ef1 h\u01b0\u1edbng d\u1eabn c\u1ee7a \u0111\u1ed9i ng\u0169 k\u1ef9 thu\u1eadt<\/p>\n<p>\u0110\u1ed1i v\u1edbi b\u00e0 con \u1edf xa c\u00f3 th\u1ec3 li\u00ean h\u1ec7 t\u1edbi s\u1ed1 \u0111i\u1ec7n tho\u1ea1i tr\u00ean website ho\u1eb7c \u0111\u1ec3 l\u1ea1i l\u1eddi nh\u1eafn \u0111\u1ed9i ng\u0169 t\u01b0 v\u1ea5n s\u1ebd li\u00ean h\u1ec7 b\u00e0 con trong th\u1eddi gian s\u1edbm nh\u1ea5t<\/p>\n<p><strong>Th\u00f4ng s\u1ed1 k\u1ef9 thu\u1eadt\u00a0<\/strong><\/p>\n<table border=\"1\" cellspacing=\"1\" cellpadding=\"1\">\n<tbody>\n<tr>\n<td colspan=\"1\" rowspan=\"3\">\u0110\u1ed9ng c\u01a1<\/td>\n<td>C\u00f4ng su\u1ea5t \u0111\u1ed9ng c\u01a1<\/td>\n<td>1.5kw<\/td>\n<\/tr>\n<tr>\n<td>Ngu\u1ed3n \u0111i\u1ec7n<\/td>\n<td>220V<\/td>\n<\/tr>\n<tr>\n<td>T\u1ed1c \u0111\u1ed9<\/td>\n<td>v\/p<\/td>\n<\/tr>\n<tr>\n<td colspan=\"1\" rowspan=\"2\">B\u1ea3o h\u00e0nh<\/td>\n<td>K\u1ef9 thu\u1eadt<\/td>\n<td>12 th\u00e1ng<\/td>\n<\/tr>\n<tr>\n<td>\u0110\u1ed9ng c\u01a1<\/td>\n<td>Theo t\u1eebng h\u00e3ng s\u1ea3n xu\u1ea5t<\/td>\n<\/tr>\n<tr>\n<td>N\u0103ng su\u1ea5t<\/td>\n<td colspan=\"2\" rowspan=\"1\">\u00a0kg\/gi\u1edd<\/td>\n<\/tr>\n<tr>\n<td>K\u00edch th\u01b0\u1edbc (d*-c*r)<\/td>\n<td colspan=\"2\" rowspan=\"1\">75*75*57 cm<\/td>\n<\/tr>\n<tr>\n<td>H\u00ecnh th\u1ee9c thanh to\u00e1n<\/td>\n<td colspan=\"2\" rowspan=\"1\">\u00a0Ti\u1ec1n m\u1eb7t ho\u1eb7c chuy\u1ec1n kho\u1ea3n<\/td>\n<\/tr>\n<\/tbody>\n<\/table>\n","protected":false},"excerpt":{"rendered":"<ul>\n<li><strong>H\u00e3ng s\u1ea3n xu\u1ea5t<\/strong>: B\u00ecnh Minh<\/li>\n<li><strong>C\u00f4ng su\u1ea5t \u0111\u1ed9ng c\u01a1<\/strong>: 1,5kw<\/li>\n<li><strong>Ngu\u1ed3n \u0111i\u1ec7n<\/strong>: 220V<\/li>\n<li><strong>T\u00ednh n\u0103ng;<\/strong>\u00a0m\u00e1y b\u0103m nh\u1ecf c\u00e2y chu\u1ed1i, rau b\u00e8o.. l\u00e0m th\u1ee9c \u0103n cho gia s\u00fac, gia c\u1ea7m<\/li>\n<\/ul>\n","protected":false},"featured_media":10610,"comment_status":"open","ping_status":"closed","template":"","meta":[],"product_brand":[],"product_cat":[33],"product_tag":[],"class_list":{"0":"post-10609","1":"product","2":"type-product","3":"status-publish","4":"has-post-thumbnail","6":"product_cat-may-bam-chuoi-da-nang","8":"first","9":"instock","10":"shipping-taxable","11":"product-type-simple"},"_links":{"self":[{"href":"https:\/\/congtybinhminh.com\/index.php?rest_route=\/wp\/v2\/product\/10609","targetHints":{"allow":["GET"]}}],"collection":[{"href":"https:\/\/congtybinhminh.com\/index.php?rest_route=\/wp\/v2\/product"}],"about":[{"href":"https:\/\/congtybinhminh.com\/index.php?rest_route=\/wp\/v2\/types\/product"}],"replies":[{"embeddable":true,"href":"https:\/\/congtybinhminh.com\/index.php?rest_route=%2Fwp%2Fv2%2Fcomments&post=10609"}],"wp:featuredmedia":[{"embeddable":true,"href":"https:\/\/congtybinhminh.com\/index.php?rest_route=\/wp\/v2\/media\/10610"}],"wp:attachment":[{"href":"https:\/\/congtybinhminh.com\/index.php?rest_route=%2Fwp%2Fv2%2Fmedia&parent=10609"}],"wp:term":[{"taxonomy":"product_brand","embeddable":true,"href":"https:\/\/congtybinhminh.com\/index.php?rest_route=%2Fwp%2Fv2%2Fproduct_brand&post=10609"},{"taxonomy":"product_cat","embeddable":true,"href":"https:\/\/congtybinhminh.com\/index.php?rest_route=%2Fwp%2Fv2%2Fproduct_cat&post=10609"},{"taxonomy":"product_tag","embeddable":true,"href":"https:\/\/congtybinhminh.com\/index.php?rest_route=%2Fwp%2Fv2%2Fproduct_tag&post=10609"}],"curies":[{"name":"wp","href":"https:\/\/api.w.org\/{rel}","templated":true}]}}