{"id":10392,"date":"2024-11-20T10:36:20","date_gmt":"2024-11-20T03:36:20","guid":{"rendered":"https:\/\/congtybinhminh.com\/?post_type=product&#038;p=10392"},"modified":"2024-11-20T10:36:21","modified_gmt":"2024-11-20T03:36:21","slug":"bang-tai-thuc-an-chan-nuoi-d400-2m5","status":"publish","type":"product","link":"https:\/\/congtybinhminh.com\/?product=bang-tai-thuc-an-chan-nuoi-d400-2m5","title":{"rendered":"B\u0103ng t\u1ea3i th\u1ee9c \u0103n ch\u0103n nu\u00f4i D400 2m5"},"content":{"rendered":"<h2>Gi\u1edbi thi\u1ec7u b\u0103ng t\u1ea3i th\u1ee9c \u0103n ch\u0103n nu\u00f4i D400 2m5<\/h2>\n<p>V\u1edbi b\u0103ng t\u1ea3i th\u1ee9c \u0103n ch\u0103n nu\u00f4i D400 do c\u00f4ng ty B\u00ecnh Minh s\u1ea3n xu\u1ea5t &#8211; vi\u1ec7c trung chuy\u1ec3n th\u1ee9c \u0103n tr\u1edf n\u00ean d\u1ec5 d\u00e0ng v\u00e0 nhanh ch\u00f3ng h\u01a1n bao gi\u1edd h\u1ebft<\/p>\n<p><img loading=\"lazy\" decoding=\"async\" class=\"aligncenter wp-image-10398 size-full\" src=\"https:\/\/congtybinhminh.com\/wp-content\/uploads\/2024\/11\/bang-tai-thuc-an-chan-nuoi-d400-2m5_result222-1.webp\" alt=\"bang-tai-thuc-an-chan-nuoi-d400-2m5_result222\" width=\"800\" height=\"1078\" srcset=\"https:\/\/congtybinhminh.com\/wp-content\/uploads\/2024\/11\/bang-tai-thuc-an-chan-nuoi-d400-2m5_result222-1.webp 800w, https:\/\/congtybinhminh.com\/wp-content\/uploads\/2024\/11\/bang-tai-thuc-an-chan-nuoi-d400-2m5_result222-1-297x400.webp 297w, https:\/\/congtybinhminh.com\/wp-content\/uploads\/2024\/11\/bang-tai-thuc-an-chan-nuoi-d400-2m5_result222-1-594x800.webp 594w, https:\/\/congtybinhminh.com\/wp-content\/uploads\/2024\/11\/bang-tai-thuc-an-chan-nuoi-d400-2m5_result222-1-768x1035.webp 768w, https:\/\/congtybinhminh.com\/wp-content\/uploads\/2024\/11\/bang-tai-thuc-an-chan-nuoi-d400-2m5_result222-1-510x687.webp 510w\" sizes=\"auto, (max-width: 800px) 100vw, 800px\" \/><\/p>\n<p>B\u0103ng t\u1ea3i c\u00f3 kh\u1ea3 n\u0103ng chuy\u1ec3n nguy\u00ean li\u1ec7u t\u1eeb v\u1ecb tr\u00ed th\u1ea5p l\u00ean cao trong th\u1eddi gian ng\u1eafn, gi\u1ea3 thi\u1ec3u \u0111\u00e1ng k\u1ec3 th\u1eddi gian v\u00e0 c\u00f4ng s\u1ee9c c\u1ea7n thi\u1ebft so v\u1edbi ph\u01b0\u01a1ng ph\u00e1p th\u1ee7 c\u00f4ng. G\u00f3p ph\u1ea7n t\u1ed1i \u01b0u h\u00f3a qu\u00e1 tr\u00ecnh l\u00e0m vi\u1ec7c, gi\u1ea3m b\u1edbt s\u1ee9c lao \u0111\u1ed9ng v\u00e0 n\u00e2ng cao hi\u1ec7u qu\u1ea3 s\u1ea3n xu\u1ea5t<\/p>\n<h2>C\u1ea5u t\u1ea1o b\u0103ng t\u1ea3i th\u1ee9c \u0103n ch\u0103n nu\u00f4i D400 2m5<\/h2>\n<h3>C\u1ea5u tr\u00fac b\u1ea3n l\u1ec1<\/h3>\n<p>Khung \u0111\u00f5 l\u00e0 b\u1ed9 ph\u1eadn c\u1ea5u tr\u00fac ch\u00ednh gi\u1eefa to\u00e0n b\u1ed9 h\u1ec7 th\u1ed1ng v\u00edt t\u1ea3i, v\u1edbi thi\u1ebft k\u1ebf ch\u1eafc ch\u1eafn \u0111\u1ea3m b\u1ea3o \u1ed5n \u0111\u1ecbnh kh\u00f4ng g\u00e2y rung l\u1eafc v\u00e0 an to\u00e0n trong qu\u00e1 tr\u00ecnh v\u1eadn h\u00e0nh<\/p>\n<p><img loading=\"lazy\" decoding=\"async\" class=\"aligncenter wp-image-10399 size-full\" src=\"https:\/\/congtybinhminh.com\/wp-content\/uploads\/2024\/11\/cau-tao-vit-tai-thuc-an-chan-nuoi-d400-2m5_result222.webp\" alt=\"cau-tao-vit-tai-thuc-an-chan-nuoi-d400-2m5_result222\" width=\"800\" height=\"616\" srcset=\"https:\/\/congtybinhminh.com\/wp-content\/uploads\/2024\/11\/cau-tao-vit-tai-thuc-an-chan-nuoi-d400-2m5_result222.webp 800w, https:\/\/congtybinhminh.com\/wp-content\/uploads\/2024\/11\/cau-tao-vit-tai-thuc-an-chan-nuoi-d400-2m5_result222-519x400.webp 519w, https:\/\/congtybinhminh.com\/wp-content\/uploads\/2024\/11\/cau-tao-vit-tai-thuc-an-chan-nuoi-d400-2m5_result222-768x591.webp 768w, https:\/\/congtybinhminh.com\/wp-content\/uploads\/2024\/11\/cau-tao-vit-tai-thuc-an-chan-nuoi-d400-2m5_result222-510x393.webp 510w\" sizes=\"auto, (max-width: 800px) 100vw, 800px\" \/><\/p>\n<p>Ph\u00eda d\u01b0\u1edbi ch\u00e2n m\u00e1y l\u1eafp \u0111\u1eb7t 4 b\u00e1nh xe thu\u1eadn ti\u1ec7n di chuy\u1ec3n v\u1ecb tr\u00ed \u0111\u1eb7t m\u00e1y<\/p>\n<h3>Toa n\u1ea1p v\u00e0 c\u1eeda x\u1ea3 nguy\u00ean li\u1ec7u<\/h3>\n<p>Toa n\u1ea1p \u0111\u01b0\u1ee3c thi\u1ebft k\u1ebf d\u1ea1ng ph\u1ec5u \u0111\u1ee9ng \u0111\u00e2y l\u00e0 b\u1ed9 ph\u1eadn \u0111\u1ea7u v\u00e0o n\u01a1i nguy\u00ean li\u1ec7u \u0111\u01b0\u1ee3c \u0111\u01b0a v\u00e0o v\u00edt t\u1ea3i, nguy\u00ean li\u1ec7u khi \u0111\u01b0\u1ee3c \u0111\u01b0a l\u00ean v\u1ecb tr\u00ed cao nh\u1ea5t, ch\u00fang \u0111\u01b0\u1ee3c t\u1eadp k\u1ebft v\u00e0 l\u1ea7n l\u01b0\u1ee3t cho ra ngo\u00e0i k\u1ebft th\u00fac 1 quy tr\u00ecnh v\u1eadn chuy\u1ec3n<\/p>\n<p><img loading=\"lazy\" decoding=\"async\" class=\"aligncenter wp-image-10400 size-full\" src=\"https:\/\/congtybinhminh.com\/wp-content\/uploads\/2024\/11\/toa-nap-bang-tai_result222.webp\" alt=\"toa-nap-bang-tai_result222\" width=\"800\" height=\"600\" srcset=\"https:\/\/congtybinhminh.com\/wp-content\/uploads\/2024\/11\/toa-nap-bang-tai_result222.webp 800w, https:\/\/congtybinhminh.com\/wp-content\/uploads\/2024\/11\/toa-nap-bang-tai_result222-533x400.webp 533w, https:\/\/congtybinhminh.com\/wp-content\/uploads\/2024\/11\/toa-nap-bang-tai_result222-768x576.webp 768w, https:\/\/congtybinhminh.com\/wp-content\/uploads\/2024\/11\/toa-nap-bang-tai_result222-510x383.webp 510w\" sizes=\"auto, (max-width: 800px) 100vw, 800px\" \/><\/p>\n<h3>Kh\u1ea3 n\u0103ng v\u1eadn chuy\u1ec3n<\/h3>\n<p>B\u0103ng t\u1ea3i b\u1ea3n l\u1ec1 nghi\u00eang c\u00f3 kh\u1ea3 n\u0103ng v\u1eadn chuy\u1ec3n c\u00e1c lo\u1ea1i nguy\u00ean li\u1ec7u th\u00f4 nh\u01b0 ng\u0169 c\u1ed1c, c\u00e1m vi\u00ean.. t\u1eeb v\u1ecb tr\u00ed th\u1ea5p l\u00ean v\u1ecb tr\u00ed cao m\u1ed9t c\u00e1ch hi\u1ec7u qu\u1ea3<\/p>\n<p><img loading=\"lazy\" decoding=\"async\" class=\"aligncenter wp-image-10401 size-full\" src=\"https:\/\/congtybinhminh.com\/wp-content\/uploads\/2024\/11\/ban-le-bang-tai_result222.webp\" alt=\"ban-le-bang-tai_result222\" width=\"800\" height=\"600\" srcset=\"https:\/\/congtybinhminh.com\/wp-content\/uploads\/2024\/11\/ban-le-bang-tai_result222.webp 800w, https:\/\/congtybinhminh.com\/wp-content\/uploads\/2024\/11\/ban-le-bang-tai_result222-533x400.webp 533w, https:\/\/congtybinhminh.com\/wp-content\/uploads\/2024\/11\/ban-le-bang-tai_result222-768x576.webp 768w, https:\/\/congtybinhminh.com\/wp-content\/uploads\/2024\/11\/ban-le-bang-tai_result222-510x383.webp 510w\" sizes=\"auto, (max-width: 800px) 100vw, 800px\" \/><\/p>\n<p>Tr\u00ean b\u1ec1 m\u1eb7t b\u0103ng t\u1ea3i k\u1ebft h\u1ee3p v\u1edbi c\u00e1c thanh ngang t\u1ea1o th\u00e0nh c\u00e1c khoang ch\u1ee9a nh\u1ea5t \u0111\u1ecbnh, gi\u00fap nguy\u00ean li\u1ec7u kh\u00f4ng r\u01a1i ra ngo\u00e0i<\/p>\n<p>B\u0103ng t\u1ea3i s\u1eed d\u1ee5ng \u0111\u1ed9ng c\u01a1 1,5kw ngu\u1ed3n \u0111i\u1ec7n 3 pha \u0111\u1ea3m b\u1ea3o b\u0103ng chuy\u1ec1n ho\u1ea1t \u0111\u1ed9ng li\u00ean t\u1ee5c v\u00e0 \u1ed5n \u0111\u1ecbnh trong su\u1ed1t qu\u00e1 tr\u00ecnh v\u1eadn h\u00e0nh<\/p>\n<h3>H\u1ec7 th\u1ed1ng b\u1ea3ng \u0111i\u1ec1u khi\u1ec3n<\/h3>\n<p>Qu\u00e1 tr\u00ecnh b\u0103ng t\u1ea3i ho\u1ea1t \u0111\u1ed9ng th\u00f4ng qua h\u1ec7 th\u1ed1ng b\u1ea3ng \u0111i\u1ec1u khi\u1ec3n cho ph\u00e9p ng\u01b0\u1eddi d\u00f9ng ki\u1ec3m so\u00e1t qu\u00e1 tr\u00ecnh v\u1eadn h\u00e0nh, bao g\u1ed3m:<\/p>\n<p><img loading=\"lazy\" decoding=\"async\" class=\"aligncenter wp-image-10402 size-full\" src=\"https:\/\/congtybinhminh.com\/wp-content\/uploads\/2024\/11\/cong-tac-dieu-khien-bang-tai_result222.webp\" alt=\"cong-tac-dieu-khien-bang-tai_result222\" width=\"800\" height=\"594\" srcset=\"https:\/\/congtybinhminh.com\/wp-content\/uploads\/2024\/11\/cong-tac-dieu-khien-bang-tai_result222.webp 800w, https:\/\/congtybinhminh.com\/wp-content\/uploads\/2024\/11\/cong-tac-dieu-khien-bang-tai_result222-539x400.webp 539w, https:\/\/congtybinhminh.com\/wp-content\/uploads\/2024\/11\/cong-tac-dieu-khien-bang-tai_result222-768x570.webp 768w, https:\/\/congtybinhminh.com\/wp-content\/uploads\/2024\/11\/cong-tac-dieu-khien-bang-tai_result222-510x379.webp 510w\" sizes=\"auto, (max-width: 800px) 100vw, 800px\" \/><\/p>\n<ul>\n<li>N\u00fat b\u1eadt kh\u1edfi \u0111\u1ed9ng b\u0103ng t\u1ea3i<\/li>\n<li>N\u00fat t\u1eaft d\u1eebng b\u0103ng t\u1ea3i<\/li>\n<li>\u0110\u00e8n v\u1ed1n hi\u1ec7n ngu\u1ed3n \u0111i\u1ec7n \u0111ang s\u1eed d\u1ee5ng<\/li>\n<\/ul>\n<h2>B\u0103ng t\u1ea3i mang t\u1edbi l\u1ee3i \u00edch g\u00ec cho b\u1ea1n ?<\/h2>\n<p>&#8221; M\u00e1y m\u00f3c thay th\u1ebf s\u1ee9c ng\u01b0\u1eddi&#8221; vi\u1ec7c \u1ee9ng d\u1ee5ng b\u0103ng t\u1ea3i v\u00e0o d\u00e2y chuy\u1ec1n s\u1ea3n xu\u1ea5t mang l\u1ea1i nhi\u1ec1u l\u1ee3i \u00edch cho ng\u01b0\u1eddi d\u00f9ng:<\/p>\n<p><img loading=\"lazy\" decoding=\"async\" class=\"aligncenter wp-image-10403 size-full\" src=\"https:\/\/congtybinhminh.com\/wp-content\/uploads\/2024\/11\/tong-hop-bang-tai_result222.webp\" alt=\"tong-hop-bang-tai_result222\" width=\"800\" height=\"648\" srcset=\"https:\/\/congtybinhminh.com\/wp-content\/uploads\/2024\/11\/tong-hop-bang-tai_result222.webp 800w, https:\/\/congtybinhminh.com\/wp-content\/uploads\/2024\/11\/tong-hop-bang-tai_result222-494x400.webp 494w, https:\/\/congtybinhminh.com\/wp-content\/uploads\/2024\/11\/tong-hop-bang-tai_result222-768x622.webp 768w, https:\/\/congtybinhminh.com\/wp-content\/uploads\/2024\/11\/tong-hop-bang-tai_result222-510x413.webp 510w\" sizes=\"auto, (max-width: 800px) 100vw, 800px\" \/><\/p>\n<ul>\n<li>B\u0103ng truy\u1ec1n thi\u1ebft k\u1ebf nghi\u00eang kh\u00f4ng t\u1ed1n nhi\u1ec1u di\u1ec7n t\u00edch, gi\u00fap ti\u1ebft ki\u1ec7m kh\u00f4ng gian v\u00e0 t\u1ed1i \u01b0u h\u00f3a di\u1ec7n t\u00edch s\u1eed d\u1ee5ng<\/li>\n<li>Ti\u1ebft ki\u1ec7m th\u1eddi gian v\u1eadn chuy\u1ec3n gi\u1ea3m \u0111\u00e1ng k\u1ec3 so v\u1edbi v\u1eadn chuy\u1ec3n th\u1ee7 c\u00f4ng<\/li>\n<li>V\u1eadn chuy\u1ec3n l\u01b0\u1ee3ng l\u1edbn nguy\u00ean li\u1ec7u li\u00ean t\u1ee5c, kh\u00f4ng b\u1ecb gi\u00e1n \u0111o\u1ea1n<\/li>\n<li>N\u00e2ng cao t\u00ednh chuy\u00ean nghi\u1ec7p v\u00e0 hi\u1ec7n \u0111\u1ea1i h\u00f3a quy tr\u00ecnh<\/li>\n<\/ul>\n<h2>\u0110\u1ecba ch\u1ec9 mua b\u0103ng t\u1ea3i gi\u00e1 g\u1ed1c t\u1ea1i x\u01b0\u1edfng<\/h2>\n<p>C\u00f4ng ty B\u00ecnh Minh t\u1ef1 h\u00e0o l\u00e0 \u0111\u01a1n v\u1ecb chuy\u00ean s\u1ea3n xu\u1ea5t v\u00e0 cung c\u1ea5p m\u00e1y n\u00f4ng nghi\u1ec7p s\u1ed1 1 Vi\u1ec7t Nam v\u1edbi h\u01a1n 30 n\u0103m kinh nghi\u1ec7m trong l\u0129nh v\u1ef1c c\u01a1 kh\u00ed<\/p>\n<p>V\u1edbi trang thi\u1ebft b\u1ecb hi\u1ec7n \u0111\u1ea1i &#8211; \u0111\u1ed9i ng\u0169 k\u1ef9 thu\u1eadt tr\u00ecnh \u0111\u1ed9 cao. Ch\u00fang t\u00f4i cam k\u1ebft mang \u0111\u1ebfn cho b\u1ea1n nh\u1eefng s\u1ea3n ph\u1ea9m CH\u00cdNH H\u00c3NG &#8211; CH\u1ea4T L\u01af\u1ee2NG &#8211; GI\u00c1 TH\u00c0NH T\u1ed0T NH\u1ea4T<\/p>\n<p><img loading=\"lazy\" decoding=\"async\" class=\"aligncenter wp-image-9867 size-full\" src=\"https:\/\/congtybinhminh.com\/wp-content\/uploads\/2024\/08\/dia-chi-ban-bo-bang-tai_result222.webp\" alt=\"dia-chi-ban-bang-tai_result222\" width=\"800\" height=\"1105\" srcset=\"https:\/\/congtybinhminh.com\/wp-content\/uploads\/2024\/08\/dia-chi-ban-bo-bang-tai_result222.webp 800w, https:\/\/congtybinhminh.com\/wp-content\/uploads\/2024\/08\/dia-chi-ban-bo-bang-tai_result222-290x400.webp 290w, https:\/\/congtybinhminh.com\/wp-content\/uploads\/2024\/08\/dia-chi-ban-bo-bang-tai_result222-579x800.webp 579w, https:\/\/congtybinhminh.com\/wp-content\/uploads\/2024\/08\/dia-chi-ban-bo-bang-tai_result222-768x1061.webp 768w, https:\/\/congtybinhminh.com\/wp-content\/uploads\/2024\/08\/dia-chi-ban-bo-bang-tai_result222-510x704.webp 510w\" sizes=\"auto, (max-width: 800px) 100vw, 800px\" \/><\/p>\n<p>\u0110\u1ec3 \u0111\u1eb7t mua h\u00e0ng ch\u00ednh h\u00e3ng, b\u00e0 con c\u00f3 th\u1ec3 \u0111\u1ebfn tr\u1ee5 s\u1edf g\u1ea7n nh\u1ea5t c\u1ee7a c\u00f4ng ty \u0111\u1ec3 xem v\u00e0 \u0111\u1eb7t mua h\u00e0ng<\/p>\n<ul>\n<li>Tr\u1ee5 s\u1edf ch\u00ednh: p. L\u00ea L\u1ee3i &#8211; Tx S\u01a1n T\u00e2y &#8211; H\u00e0 N\u1ed9i<\/li>\n<li>Chi nh\u00e1nh mi\u1ec1n Nam: x\u00e3 T\u00e2n Ki\u00ean &#8211; H. B\u00ecnh Ch\u00e1nh &#8211; Tp H\u1ed3 Ch\u00ed Minh<\/li>\n<\/ul>\n<p>Khi \u0111\u1ebfn \u0111\u00e2y, b\u00e0 con s\u1ebd \u0111\u01b0\u1ee3c tr\u1ea3i nghi\u1ec7m v\u1eadn h\u00e0nh m\u00e1y d\u01b0\u1edbi s\u1ef1 h\u01b0\u1edbng d\u1eabn c\u1ee7a \u0111\u1ed9i ng\u0169 k\u1ef9 thu\u1eadt<\/p>\n<p>\u0110\u1ed1i v\u1edbi b\u00e0 con \u1edf xa, c\u00f3 th\u1ec3 li\u00ean h\u1ec7 t\u1edbi s\u1ed1 \u0111i\u1ec7n tho\u1ea1i tr\u00ean website ho\u1eb7c \u0111\u1ec3 l\u1ea1i l\u1eddi nh\u1eafn \u0111\u1ed9i ng\u0169 t\u01b0 v\u1ea5n s\u1ebd li\u00ean h\u1ec7 b\u00e0 con trong th\u1eddi gian s\u1edbm nh\u1ea5t<\/p>\n<p><strong>Th\u00f4ng s\u1ed1 k\u1ef9 thu\u1eadt<\/strong><\/p>\n<table border=\"1\" cellspacing=\"1\" cellpadding=\"1\">\n<tbody>\n<tr>\n<td colspan=\"1\" rowspan=\"3\">\u0110\u1ed9ng c\u01a1<\/td>\n<td>C\u00f4ng su\u1ea5t \u0111\u1ed9ng c\u01a1<\/td>\n<td>\u0110\u1ed9ng c\u01a1 gi\u1ea3m t\u1ed1c 1,5kw<\/td>\n<\/tr>\n<tr>\n<td>Ngu\u1ed3n \u0111i\u1ec7n<\/td>\n<td>\u00a0380V<\/td>\n<\/tr>\n<tr>\n<td>T\u1ed1c \u0111\u1ed9<\/td>\n<td>v\/p<\/td>\n<\/tr>\n<tr>\n<td colspan=\"1\" rowspan=\"2\">B\u1ea3o h\u00e0nh<\/td>\n<td>K\u1ef9 thu\u1eadt<\/td>\n<td>\u00a006 th\u00e1ng<\/td>\n<\/tr>\n<tr>\n<td>\u0110\u1ed9ng c\u01a1<\/td>\n<td>Theo t\u1eebng h\u00e3ng s\u1ea3n xu\u1ea5t<\/td>\n<\/tr>\n<tr>\n<td>N\u0103ng su\u1ea5t<\/td>\n<td colspan=\"2\" rowspan=\"1\">\u00a0kg\/gi\u1edd<\/td>\n<\/tr>\n<tr>\n<td>K\u00edch th\u01b0\u1edbc (d*c*r)<\/td>\n<td colspan=\"2\" rowspan=\"1\">\u00a0300*293 (\u0111i\u1ec3m cao nh\u1ea5t) *71 cm<\/td>\n<\/tr>\n<tr>\n<td>H\u00ecnh th\u1ee9c thanh to\u00e1n<\/td>\n<td colspan=\"2\" rowspan=\"1\">Ti\u1ec1n m\u1eb7t ho\u1eb7c chuy\u1ec3n kho\u1ea3n<\/td>\n<\/tr>\n<\/tbody>\n<\/table>\n","protected":false},"excerpt":{"rendered":"<ul>\n<li><strong>H\u00e3ng s\u1ea3n xu\u1ea5t:<\/strong> B\u00ecnh Minh<\/li>\n<li><strong>C\u00f4ng su\u1ea5t \u0111\u1ed9ng c\u01a1;<\/strong> \u0111\u1ed9ng c\u01a1 gi\u1ea3m t\u1ed1c 1,5kw<\/li>\n<li><strong>Ngu\u1ed3n \u0111i\u1ec7n:<\/strong> 380V<\/li>\n<li><strong>K\u00edch th\u01b0\u1edbc (d*c*r):<\/strong> 300*293*71 cm<\/li>\n<li><strong>T\u00ednh n\u0103ng:<\/strong> v\u00edt t\u1ea3i b\u1ea3n l\u1ec1 nghi\u00eang thi\u1ebft b\u1ecb\u00a0 v\u1eadn chuy\u1ec3n nguy\u00ean li\u1ec7u th\u00f4 t\u1eeb v\u1ecb tr\u00ed th\u1ea5p l\u00ean v\u1ecb tr\u00ed cao<\/li>\n<\/ul>\n","protected":false},"featured_media":10393,"comment_status":"closed","ping_status":"closed","template":"","meta":[],"product_brand":[],"product_cat":[215],"product_tag":[],"class_list":{"0":"post-10392","1":"product","2":"type-product","3":"status-publish","4":"has-post-thumbnail","6":"product_cat-bang-tai","8":"first","9":"instock","10":"shipping-taxable","11":"product-type-simple"},"_links":{"self":[{"href":"https:\/\/congtybinhminh.com\/index.php?rest_route=\/wp\/v2\/product\/10392","targetHints":{"allow":["GET"]}}],"collection":[{"href":"https:\/\/congtybinhminh.com\/index.php?rest_route=\/wp\/v2\/product"}],"about":[{"href":"https:\/\/congtybinhminh.com\/index.php?rest_route=\/wp\/v2\/types\/product"}],"replies":[{"embeddable":true,"href":"https:\/\/congtybinhminh.com\/index.php?rest_route=%2Fwp%2Fv2%2Fcomments&post=10392"}],"wp:featuredmedia":[{"embeddable":true,"href":"https:\/\/congtybinhminh.com\/index.php?rest_route=\/wp\/v2\/media\/10393"}],"wp:attachment":[{"href":"https:\/\/congtybinhminh.com\/index.php?rest_route=%2Fwp%2Fv2%2Fmedia&parent=10392"}],"wp:term":[{"taxonomy":"product_brand","embeddable":true,"href":"https:\/\/congtybinhminh.com\/index.php?rest_route=%2Fwp%2Fv2%2Fproduct_brand&post=10392"},{"taxonomy":"product_cat","embeddable":true,"href":"https:\/\/congtybinhminh.com\/index.php?rest_route=%2Fwp%2Fv2%2Fproduct_cat&post=10392"},{"taxonomy":"product_tag","embeddable":true,"href":"https:\/\/congtybinhminh.com\/index.php?rest_route=%2Fwp%2Fv2%2Fproduct_tag&post=10392"}],"curies":[{"name":"wp","href":"https:\/\/api.w.org\/{rel}","templated":true}]}}