{"id":10065,"date":"2024-09-16T15:09:28","date_gmt":"2024-09-16T08:09:28","guid":{"rendered":"https:\/\/congtybinhminh.com\/?post_type=product&#038;p=10065"},"modified":"2024-09-16T15:09:29","modified_gmt":"2024-09-16T08:09:29","slug":"may-boc-vo-lac-2-quat-gio","status":"publish","type":"product","link":"https:\/\/congtybinhminh.com\/?product=may-boc-vo-lac-2-quat-gio","title":{"rendered":"M\u00e1y b\u00f3c v\u1ecf l\u1ea1c 2 qu\u1ea1t gi\u00f3"},"content":{"rendered":"<h2>Video ho\u1ea1t \u0111\u1ed9ng c\u1ee7a m\u00e1y<\/h2>\n<p><iframe loading=\"lazy\" title=\"M\u00e1y B\u00f3c V\u1ecf L\u1ea1c \u0110\u1eadu Ph\u1ed9ng 2 Qu\u1ea1t Gi\u00f3 N\u0103ng Su\u1ea5t 4 T\u1ea1 Cho C\u01a1 S\u1edf S\u1ea3n Xu\u1ea5t\" width=\"1020\" height=\"574\" src=\"https:\/\/www.youtube.com\/embed\/1o-Ef-T_fvE?feature=oembed\" frameborder=\"0\" allow=\"accelerometer; autoplay; clipboard-write; encrypted-media; gyroscope; picture-in-picture; web-share\" referrerpolicy=\"strict-origin-when-cross-origin\" allowfullscreen><\/iframe><\/p>\n<h2>Gi\u1edbi thi\u1ec7u m\u00e1y b\u00f3c v\u1ecf l\u1ea1c 2 qu\u1ea1t gi\u00f3<\/h2>\n<p>M\u00e1y b\u00f3c v\u1ecf l\u1ea1c 2 qu\u1ea1t gi\u00f3 t\u1eeb c\u00f4ng ty B\u00ecnh Minh l\u00e0 c\u00f4ng c\u1ee5 h\u1ed7 tr\u1ee3 \u0111\u1eafc l\u1ef1c cho b\u00e0 con trong m\u00f9a thu ho\u1ea1ch l\u1ea1c<\/p>\n<p><img loading=\"lazy\" decoding=\"async\" class=\"aligncenter wp-image-10071 size-full\" src=\"https:\/\/congtybinhminh.com\/wp-content\/uploads\/2024\/09\/may-boc-vo-lac-2-quat-gio-cong-ty-binh-minh_result222.webp\" alt=\"may-boc-vo-lac-2-quat-gio-cong-ty-binh-minh_result222\" width=\"800\" height=\"1078\" srcset=\"https:\/\/congtybinhminh.com\/wp-content\/uploads\/2024\/09\/may-boc-vo-lac-2-quat-gio-cong-ty-binh-minh_result222.webp 800w, https:\/\/congtybinhminh.com\/wp-content\/uploads\/2024\/09\/may-boc-vo-lac-2-quat-gio-cong-ty-binh-minh_result222-297x400.webp 297w, https:\/\/congtybinhminh.com\/wp-content\/uploads\/2024\/09\/may-boc-vo-lac-2-quat-gio-cong-ty-binh-minh_result222-594x800.webp 594w, https:\/\/congtybinhminh.com\/wp-content\/uploads\/2024\/09\/may-boc-vo-lac-2-quat-gio-cong-ty-binh-minh_result222-768x1035.webp 768w, https:\/\/congtybinhminh.com\/wp-content\/uploads\/2024\/09\/may-boc-vo-lac-2-quat-gio-cong-ty-binh-minh_result222-510x687.webp 510w\" sizes=\"auto, (max-width: 800px) 100vw, 800px\" \/><\/p>\n<p>M\u00e1y chuy\u00ean d\u00f9ng b\u00f3c t\u00e1ch v\u1ecf l\u1ea1c s\u1ed1 l\u01b0\u1ee3ng l\u1edbn, t\u1ef1 \u0111\u1ed9ng lo\u1ea1i b\u1ecf ph\u1ea7n v\u1ecf l\u1ea5y nh\u00e2n mang l\u1ea1i hi\u1ec7u qu\u1ea3 v\u01b0\u1ee3t tr\u1ed9i so v\u1edbi ph\u01b0\u01a1ng ph\u00e1p th\u1ee7 c\u00f4ng truy\u1ec1n th\u1ed1ng<\/p>\n<h2>M\u00e1y b\u00f3c v\u1ecf l\u1ea1c 2 qu\u1ea1t gi\u00f3 mang l\u1ea1i l\u1ee3i \u00edch gh\u00ec cho b\u1ea1n ?<\/h2>\n<p>B\u1ecf ra chi ph\u00ed ban \u0111\u1ea7u \u0111em l\u1ea1i hi\u1ec7u qu\u1ea3 d\u00e0i l\u00e2u, vi\u1ec7c b\u00f3c t\u00e1ch b\u1eb1ng m\u00e1y kh\u00f4ng ch\u1ec9 gi\u1ea3i quy\u1ebft nhanh &#8211; g\u1ecdn c\u00f4ng vi\u1ec7c m\u00e0 c\u00f2n t\u1ea1o c\u01a1 h\u1ed9i m\u1edf r\u1ed9ng di\u1ec7n t\u00edch tr\u1ed3ng l\u1ea1c t\u0103ng th\u00eam thu nh\u1eadp, b\u1edfi;<\/p>\n<p><img loading=\"lazy\" decoding=\"async\" class=\"aligncenter wp-image-10073 size-full\" src=\"https:\/\/congtybinhminh.com\/wp-content\/uploads\/2024\/09\/qua-trinh-boc-vo-lac-2-quat-gio_result222.webp\" alt=\"qua-trinh-boc-vo-lac-2-quat-gio_result222\" width=\"800\" height=\"1155\" srcset=\"https:\/\/congtybinhminh.com\/wp-content\/uploads\/2024\/09\/qua-trinh-boc-vo-lac-2-quat-gio_result222.webp 800w, https:\/\/congtybinhminh.com\/wp-content\/uploads\/2024\/09\/qua-trinh-boc-vo-lac-2-quat-gio_result222-277x400.webp 277w, https:\/\/congtybinhminh.com\/wp-content\/uploads\/2024\/09\/qua-trinh-boc-vo-lac-2-quat-gio_result222-554x800.webp 554w, https:\/\/congtybinhminh.com\/wp-content\/uploads\/2024\/09\/qua-trinh-boc-vo-lac-2-quat-gio_result222-768x1109.webp 768w, https:\/\/congtybinhminh.com\/wp-content\/uploads\/2024\/09\/qua-trinh-boc-vo-lac-2-quat-gio_result222-510x736.webp 510w\" sizes=\"auto, (max-width: 800px) 100vw, 800px\" \/><\/p>\n<ul>\n<li>M\u00e1y b\u00f3c t\u00e1ch l\u1ea1c nhanh h\u01a1n &#8211; n\u0103ng su\u1ea5t cao h\u01a1n &#8211; m\u00e0 t\u1ef7 l\u1ec7 h\u1ea1t v\u1ee1 th\u1ea5p<\/li>\n<li>H\u1ea1t l\u1ea1c sau khi b\u00f3c s\u1ebd \u0111\u01b0\u1ee3c \u0111\u01b0a xu\u1ed1ng l\u01b0\u1edbi s\u00e0ng lo\u1ea1i b\u1ecf h\u1ea1t l\u00e9p<\/li>\n<li>\u0110\u00e2y c\u00f2n l\u00e0 thi\u1ebft b\u1ecb h\u1ed7 tr\u1ee3 trong d\u00e2y chuy\u1ec1n \u00e9p d\u1ea7u l\u1ea1c nguy\u00ean ch\u1ea5t<\/li>\n<\/ul>\n<h2>C\u1ea5u t\u1ea1o m\u00e1y b\u00f3c v\u1ecf l\u1ea1c 2 qu\u1ea1t gi\u00f3<\/h2>\n<h3>Khung m\u00e1y ch\u1eafc ch\u1eafn<\/h3>\n<p>M\u00e1y \u0111\u01b0\u1ee3c thi\u1ebft k\u1ebf hi\u1ec7n \u0111\u1ea1i v\u1edbi ki\u1ec3u d\u00e1ng \u0111\u1ee9ng. Ph\u1ea7n khung m\u00e1y \u0111\u01b0\u1ee3c h\u00e0n g\u1eafn ch\u1eafc ch\u1eafn kh\u00f4ng g\u00e2y rung l\u1eafc khi v\u1eadn h\u00e0nh<\/p>\n<p><img loading=\"lazy\" decoding=\"async\" class=\"aligncenter wp-image-10072 size-full\" src=\"https:\/\/congtybinhminh.com\/wp-content\/uploads\/2024\/09\/cau-tao-may-boc-vo-lac-2-quat-gio-binh-minh_result222.webp\" alt=\"cau-tao-may-boc-vo-lac-2-quat-gio-binh-minh_result222\" width=\"800\" height=\"600\" srcset=\"https:\/\/congtybinhminh.com\/wp-content\/uploads\/2024\/09\/cau-tao-may-boc-vo-lac-2-quat-gio-binh-minh_result222.webp 800w, https:\/\/congtybinhminh.com\/wp-content\/uploads\/2024\/09\/cau-tao-may-boc-vo-lac-2-quat-gio-binh-minh_result222-533x400.webp 533w, https:\/\/congtybinhminh.com\/wp-content\/uploads\/2024\/09\/cau-tao-may-boc-vo-lac-2-quat-gio-binh-minh_result222-768x576.webp 768w, https:\/\/congtybinhminh.com\/wp-content\/uploads\/2024\/09\/cau-tao-may-boc-vo-lac-2-quat-gio-binh-minh_result222-510x383.webp 510w\" sizes=\"auto, (max-width: 800px) 100vw, 800px\" \/><\/p>\n<p>Ph\u00eda d\u01b0\u1edbi ch\u00e2n m\u00e1y l\u1eafp \u0111\u1eb7t 4 b\u00e1nh xe thu\u1eadn ti\u1ec7n di chuy\u1ec3n, s\u1ef1 k\u1ebft h\u1ee3p mang l\u1ea1i s\u1ef1 ti\u1ec7n l\u1ee3i cho ng\u01b0\u1eddi d\u00f9ng<\/p>\n<h3>Toa n\u1ea1p nguy\u00ean li\u1ec7u<\/h3>\n<p>Toa n\u1ea1p \u0111\u01b0\u1ee3c thi\u1ebft k\u1ebf d\u1ea1ng \u0111\u1ee9ng v\u1edbi ph\u1ea7n mi\u1ec7ng ph\u1ec5u r\u1ed9ng c\u00f3 th\u1ec3 ch\u1ee9a \u0111\u01b0\u1ee3c nhi\u1ec1u nguy\u00ean li\u1ec7u h\u01a1n<\/p>\n<p><img loading=\"lazy\" decoding=\"async\" class=\"aligncenter wp-image-10074 size-full\" src=\"https:\/\/congtybinhminh.com\/wp-content\/uploads\/2024\/09\/toa-nap-may-boc-vo-lac_result222.webp\" alt=\"toa-nap-may-boc-vo-lac_result222\" width=\"800\" height=\"762\" srcset=\"https:\/\/congtybinhminh.com\/wp-content\/uploads\/2024\/09\/toa-nap-may-boc-vo-lac_result222.webp 800w, https:\/\/congtybinhminh.com\/wp-content\/uploads\/2024\/09\/toa-nap-may-boc-vo-lac_result222-420x400.webp 420w, https:\/\/congtybinhminh.com\/wp-content\/uploads\/2024\/09\/toa-nap-may-boc-vo-lac_result222-768x732.webp 768w, https:\/\/congtybinhminh.com\/wp-content\/uploads\/2024\/09\/toa-nap-may-boc-vo-lac_result222-510x486.webp 510w\" sizes=\"auto, (max-width: 800px) 100vw, 800px\" \/><\/p>\n<p>Ph\u00eda d\u01b0\u1edbi toa n\u1ea1p c\u00f3 t\u1ea5m ch\u1eafn, gi\u00fap ng\u01b0\u1eddi d\u00f9ng \u0111i\u1ec1u ch\u1ec9nh l\u01b0\u1ee3ng l\u1ea1c \u0111i xu\u1ed1ng bu\u1ed3ng l\u00e0m vi\u1ec7c tr\u00e1nh kh\u00f4ng \u0111\u1ec3 t\u00ecnh tr\u1ea1ng l\u00e0m ngh\u1eb9n m\u00e1y<\/p>\n<h3>Bu\u1ed3ng l\u00e0m vi\u1ec7c<\/h3>\n<p>Nguy\u00ean li\u1ec7u khi \u0111\u01b0\u1ee3c \u0111\u01b0a v\u00e0o toa n\u1ea1p m\u00e1y s\u1ebd t\u1ef1 \u0111\u1ed9ng b\u00f3c t\u00e1ch v\u1ecf nh\u1edd h\u1ec7 th\u1ed1ng bu\u1ed3ng \u0111\u1eadp g\u1eafn \u0111\u1ec7m cao su quay tr\u00f2n \u0111\u1eadp d\u1eadp v\u1ecf v\u1edbi m\u1eb7t s\u00e0ng l\u1eafp trong m\u00e1y<\/p>\n<p><img loading=\"lazy\" decoding=\"async\" class=\"aligncenter wp-image-10075 size-full\" src=\"https:\/\/congtybinhminh.com\/wp-content\/uploads\/2024\/09\/buong-dap-may-boc-vo-lac_result222.webp\" alt=\"buong-dap-may-boc-vo-lac_result222\" width=\"800\" height=\"1191\" srcset=\"https:\/\/congtybinhminh.com\/wp-content\/uploads\/2024\/09\/buong-dap-may-boc-vo-lac_result222.webp 800w, https:\/\/congtybinhminh.com\/wp-content\/uploads\/2024\/09\/buong-dap-may-boc-vo-lac_result222-269x400.webp 269w, https:\/\/congtybinhminh.com\/wp-content\/uploads\/2024\/09\/buong-dap-may-boc-vo-lac_result222-537x800.webp 537w, https:\/\/congtybinhminh.com\/wp-content\/uploads\/2024\/09\/buong-dap-may-boc-vo-lac_result222-768x1143.webp 768w, https:\/\/congtybinhminh.com\/wp-content\/uploads\/2024\/09\/buong-dap-may-boc-vo-lac_result222-510x759.webp 510w\" sizes=\"auto, (max-width: 800px) 100vw, 800px\" \/><\/p>\n<p>Ph\u1ea7n nh\u00e2n sau khi \u0111\u01b0\u1ee3c b\u00f3c t\u00e1ch s\u1ebd \u0111i qua l\u1ed7 s\u00e0ng tho\u00e1t ra ngo\u00e0i. C\u00f2n ph\u1ea7n v\u1ecf s\u1ebd \u0111\u01b0\u1ee3c qu\u1ea1t gi\u00f3 th\u1ed5i bay ra ngo\u00e0i<\/p>\n<p><img loading=\"lazy\" decoding=\"async\" class=\"aligncenter wp-image-10078 size-full\" src=\"https:\/\/congtybinhminh.com\/wp-content\/uploads\/2024\/09\/cua-xa-vo_result222.webp\" alt=\"cua-xa-vo_result222\" width=\"800\" height=\"600\" srcset=\"https:\/\/congtybinhminh.com\/wp-content\/uploads\/2024\/09\/cua-xa-vo_result222.webp 800w, https:\/\/congtybinhminh.com\/wp-content\/uploads\/2024\/09\/cua-xa-vo_result222-533x400.webp 533w, https:\/\/congtybinhminh.com\/wp-content\/uploads\/2024\/09\/cua-xa-vo_result222-768x576.webp 768w, https:\/\/congtybinhminh.com\/wp-content\/uploads\/2024\/09\/cua-xa-vo_result222-510x383.webp 510w\" sizes=\"auto, (max-width: 800px) 100vw, 800px\" \/><\/p>\n<p>B\u1ed9 ph\u1eadn s\u00e0ng m\u00e1y t\u00e1ch ri\u00eang h\u1ed9t l\u1ea1c l\u00e9p v\u00e0 h\u1ea1t m\u1ea9y gi\u00fap b\u00e0 con kh\u00f4ng c\u1ea7n m\u1ea5t c\u00f4ng ph\u00e2n lo\u1ea1i<\/p>\n<p><img loading=\"lazy\" decoding=\"async\" class=\"aligncenter wp-image-10077 size-full\" src=\"https:\/\/congtybinhminh.com\/wp-content\/uploads\/2024\/09\/sang-loc-may-boc-vo-lac_result222.webp\" alt=\"sang-loc-may-boc-vo-lac_result222\" width=\"800\" height=\"600\" srcset=\"https:\/\/congtybinhminh.com\/wp-content\/uploads\/2024\/09\/sang-loc-may-boc-vo-lac_result222.webp 800w, https:\/\/congtybinhminh.com\/wp-content\/uploads\/2024\/09\/sang-loc-may-boc-vo-lac_result222-533x400.webp 533w, https:\/\/congtybinhminh.com\/wp-content\/uploads\/2024\/09\/sang-loc-may-boc-vo-lac_result222-768x576.webp 768w, https:\/\/congtybinhminh.com\/wp-content\/uploads\/2024\/09\/sang-loc-may-boc-vo-lac_result222-510x383.webp 510w\" sizes=\"auto, (max-width: 800px) 100vw, 800px\" \/><\/p>\n<h3>\u0110\u1ed9ng c\u01a1 l\u00f5i \u0111\u1ed3ng 100%<\/h3>\n<p>M\u00e1y s\u1eed d\u1ee5ng \u0111\u1ed9ng c\u01a1 2,2kw &#8211; 3 kw motor l\u00f5i d\u00e2y \u0111\u1ed3ng 100% cho n\u0103ng su\u1ea5t \u0111\u1ea1t t\u1eeb 4-5 t\u1ea1\/gi\u1edd<\/p>\n<h2>Nh\u1eefng l\u01b0u \u00fd khi s\u1eed d\u1ee5ng m\u00e1y b\u00f3c v\u1ecf l\u1ea1c 2 qu\u1ea1t gi\u00f3<\/h2>\n<p>\u0110\u1ec3 k\u00e9o d\u00e0i tu\u1ed5i th\u1ecd c\u1ee7a m\u00e1y v\u00e0 gi\u1eef \u0111\u1ed9 b\u1ec1n c\u1ee7a m\u00e1y ng\u01b0\u1eddi d\u00f9ng c\u1ea7n l\u01b0u \u00fd sau:<\/p>\n<p><img loading=\"lazy\" decoding=\"async\" class=\"aligncenter wp-image-10076 size-full\" src=\"https:\/\/congtybinhminh.com\/wp-content\/uploads\/2024\/09\/may-boc-vo-lac-2-quat-gio-cong-ty-binh-minh_result222-1.webp\" alt=\"may-boc-vo-lac-2-quat-gio-cong-ty-binh-minh_result222\" width=\"800\" height=\"492\" srcset=\"https:\/\/congtybinhminh.com\/wp-content\/uploads\/2024\/09\/may-boc-vo-lac-2-quat-gio-cong-ty-binh-minh_result222-1.webp 800w, https:\/\/congtybinhminh.com\/wp-content\/uploads\/2024\/09\/may-boc-vo-lac-2-quat-gio-cong-ty-binh-minh_result222-1-650x400.webp 650w, https:\/\/congtybinhminh.com\/wp-content\/uploads\/2024\/09\/may-boc-vo-lac-2-quat-gio-cong-ty-binh-minh_result222-1-768x472.webp 768w, https:\/\/congtybinhminh.com\/wp-content\/uploads\/2024\/09\/may-boc-vo-lac-2-quat-gio-cong-ty-binh-minh_result222-1-510x314.webp 510w\" sizes=\"auto, (max-width: 800px) 100vw, 800px\" \/><\/p>\n<ul>\n<li>Khi \u0111\u01b0a nguy\u00ean li\u1ec7u v\u00e0o toa n\u1ea1p n\u00ean chia ra t\u1eebng m\u1ebb nh\u1ecf, tr\u00e1nh \u0111\u1ed5 \u00e0o li\u00ean t\u1ee5c l\u00e0m ngh\u1eb9n m\u00e1y<\/li>\n<li>N\u00ean \u0111\u1ec3 m\u00e1y c\u00f3 th\u1eddi gian ngh\u1ec9, kh\u00f4ng n\u00ean \u0111\u1ec3 m\u00e1y v\u1eadn h\u00e0nh li\u00ean t\u1ee5c trong th\u1eddi gian d\u00e0i<\/li>\n<li>Kh\u00f4ng b\u1ecf v\u1eadt c\u1ee9ng nh\u1ecdn v\u00e0o toa n\u1ea1p, kh\u00f4ng \u0111\u1ee9ng tr\u01b0\u1edbc c\u1eeda x\u1ea3 khi m\u00e1y \u0111ang ho\u1ea1t \u0111\u1ed9ng<\/li>\n<li>N\u00ean \u0111\u1ec3 v\u1ecf l\u1ea1c kh\u00f4 tr\u01b0\u1edbc khi \u0111em t\u00e1ch \u0111i\u1ec1u n\u00e0y s\u1ebd gi\u00fap t\u1ef7 l\u1ec7 t\u00e1ch v\u1ecf \u0111\u01b0\u1ee3c s\u1ea1ch h\u01a1n<\/li>\n<li>Th\u01b0\u1eddng xuy\u00ean v\u1ec7 sinh v\u00e0 tra d\u1ea7u sau khi s\u1eed d\u1ee5ng<\/li>\n<\/ul>\n<p>Ngo\u00e0i ra, \u0111\u1ec3 ra t\u0103ng n\u0103ng su\u1ea5t b\u00e0 con n\u00ean d\u00f9ng thi\u1ebft b\u1ecb m\u00e1y tu\u1ed1t l\u1ea1c g\u00f3p ph\u1ea7n n\u00e2ng cao hi\u1ec7u qu\u1ea3 c\u00f4ng vi\u1ec7c<\/p>\n<h2>\u0110\u1ecba ch\u1ec9 mua m\u00e1y b\u00f3c v\u1ecf l\u1ea1c gi\u00e1 g\u1ed1c t\u1ea1i x\u01b0\u1edfng<\/h2>\n<p>\u0110\u1ec3 \u0111\u1eb7t mua h\u00e0ng ch\u00ednh h\u00e3ng, b\u00e0 con c\u00f3 th\u1ec3 \u0111\u1ebfn tr\u1ee5 s\u1edf g\u1ea7n nh\u1ea5t c\u1ee7a c\u00f4ng ty \u0111\u1ec3 xem v\u00e0 \u0111\u1eb7t mua h\u00e0ng:<\/p>\n<ul>\n<li>Tr\u1ee5 s\u1edf ch\u00ednh: p.L\u00ea L\u1ee3i &#8211; Tx S\u01a1n T\u00e2y &#8211; H\u00e0 N\u1ed9i<\/li>\n<li>Chi nh\u00e1nh mi\u1ec1n Nam: x\u00e3 T\u00e2n Ki\u00ean &#8211; H. B\u00ecnh Ch\u00e1nh &#8211; TP H\u1ed3 Ch\u00ed Minh<\/li>\n<\/ul>\n<p>Khi \u0111\u1ebfn \u0111\u00e2y, b\u00e0 con s\u1ebd \u0111\u01b0\u1ee3c th\u1eed nghi\u1ec7m v\u1eadn h\u00e0nh m\u00e1y d\u01b0\u1edbi s\u1ef1 h\u01b0\u1edbng d\u1eabn c\u1ee7a \u0111\u1ed9i ng\u0169 k\u1ef9 thu\u1eadt<\/p>\n<p>\u0110\u1ed1i v\u1edbi b\u00e0 con \u1edf xa, c\u00f3 th\u1ec3 li\u00ean h\u1ec7 t\u1edbi s\u1ed1 \u0111i\u1ec7n tho\u1ea1i tr\u00ean website\u00a0 ho\u1eb7c \u0111\u1ec3 l\u1ea1i l\u1eddi nh\u1eafn \u0111\u1ed9i ng\u0169 t\u01b0 v\u1ea5n s\u1ebd li\u00ean h\u1ec7 b\u00e0 con trong th\u1eddi gian s\u1edbm nh\u1ea5t<\/p>\n<p><strong>Th\u00f4ng s\u1ed1 k\u1ef9 thu\u1eadt\u00a0<\/strong><\/p>\n<table class=\"Table\" align=\"center\">\n<tbody>\n<tr>\n<td rowspan=\"3\" width=\"270\">\n<p align=\"center\">\u0110\u1ed9ng c\u01a1<\/p>\n<\/td>\n<td width=\"211\">\u00a0C\u00f4ng su\u1ea5t \u0111\u1ed9ng c\u01a1<\/td>\n<td width=\"210\">\n<p align=\"center\">2.2 \u2013 3kw<\/p>\n<\/td>\n<\/tr>\n<tr>\n<td width=\"211\">\u00a0Ngu\u1ed3n \u0111i\u1ec7n<\/td>\n<td width=\"210\">\n<p align=\"center\">220 ( V)<\/p>\n<\/td>\n<\/tr>\n<tr>\n<td width=\"211\">\u00a0T\u1ed1c \u0111\u1ed9 m\u00e1y<\/td>\n<td width=\"210\">\n<p align=\"center\">( v\/p)<\/p>\n<\/td>\n<\/tr>\n<tr>\n<td rowspan=\"2\" width=\"270\">\n<p align=\"center\">Tr\u1ecdng l\u01b0\u1ee3ng m\u00e1y<\/p>\n<\/td>\n<td width=\"211\">\u00a0Nguy\u00ean b\u1ed9<\/td>\n<td width=\"210\">\n<p align=\"center\">120( kg)<\/p>\n<\/td>\n<\/tr>\n<tr>\n<td width=\"211\">\u00a0Kh\u00f4ng \u0111\u1ed9ng c\u01a1<\/td>\n<td width=\"210\">\n<p align=\"center\">( kg)<\/p>\n<\/td>\n<\/tr>\n<tr>\n<td rowspan=\"2\" width=\"270\">\n<p align=\"center\">B\u1ea3o h\u00e0nh<\/p>\n<\/td>\n<td width=\"211\">\u00a0K\u1ef9 thu\u1eadt<\/td>\n<td width=\"210\">\n<p align=\"center\">06\u00a0th\u00e1ng<\/p>\n<\/td>\n<\/tr>\n<tr>\n<td width=\"211\">\u00a0\u0110\u1ed9ng c\u01a1<\/td>\n<td width=\"210\">\n<p align=\"center\">Theo t\u1eebng h\u00e3ng s\u1ea3n xu\u1ea5t<\/p>\n<\/td>\n<\/tr>\n<tr>\n<td width=\"270\">\n<p align=\"center\">N\u0103ng su\u1ea5t<\/p>\n<\/td>\n<td colspan=\"2\" width=\"421\">\n<p align=\"center\">4-5 (t\u1ea1\/h)<\/p>\n<\/td>\n<\/tr>\n<tr>\n<td width=\"270\">\n<p align=\"center\">K\u00edch th\u01b0\u1edbc ( D * C * R )<\/p>\n<\/td>\n<td colspan=\"2\" width=\"421\">\n<p align=\"center\">118*139*73 cm<\/p>\n<\/td>\n<\/tr>\n<tr>\n<td width=\"270\">\n<p align=\"center\">H\u00ecnh th\u1ee9c thanh to\u00e1n<\/p>\n<\/td>\n<td colspan=\"2\" width=\"421\">\n<p align=\"center\"><b>Ti\u1ec1n m\u1eb7t ho\u1eb7c chuy\u1ec3n kho\u1ea3n<\/b><\/p>\n<\/td>\n<\/tr>\n<\/tbody>\n<\/table>\n","protected":false},"excerpt":{"rendered":"<ul>\n<li><strong>H\u00e3ng s\u1ea3n xu\u1ea5t <\/strong>: B\u00ecnh Minh<\/li>\n<li><strong>C\u00f4ng su\u1ea5t<\/strong>: 2,2 \u2013 3 kw<\/li>\n<li><strong>\u0110i\u1ec7n n\u0103ng<\/strong>: 220V \u2013 380V<\/li>\n<li><strong>Tr\u1ecdng l\u01b0\u1ee3ng<\/strong>: 120 kg<\/li>\n<li><strong>N\u0103ng\u00a0su\u1ea5t<\/strong>: 4 \u2013 5 t\u1ea1\/gi\u1edd<\/li>\n<li><strong>T\u00ednh n\u0103ng<\/strong>: b\u00f3c t\u00e1ch v\u1ecf l\u1ea1c cho ra th\u00e0nh ph\u1ea9m h\u1ea1t l\u1ea1c \u0111\u01b0\u1ee3c ph\u00e2n lo\u1ea1i th\u00e0nh h\u1ea1t l\u00e9p v\u00e0 ch\u1eafc m\u1ea9y<\/li>\n<\/ul>\n","protected":false},"featured_media":10066,"comment_status":"closed","ping_status":"closed","template":"","meta":[],"product_brand":[],"product_cat":[185],"product_tag":[],"class_list":{"0":"post-10065","1":"product","2":"type-product","3":"status-publish","4":"has-post-thumbnail","6":"product_cat-may-boc-vo-lac","8":"first","9":"instock","10":"shipping-taxable","11":"product-type-simple"},"_links":{"self":[{"href":"https:\/\/congtybinhminh.com\/index.php?rest_route=\/wp\/v2\/product\/10065","targetHints":{"allow":["GET"]}}],"collection":[{"href":"https:\/\/congtybinhminh.com\/index.php?rest_route=\/wp\/v2\/product"}],"about":[{"href":"https:\/\/congtybinhminh.com\/index.php?rest_route=\/wp\/v2\/types\/product"}],"replies":[{"embeddable":true,"href":"https:\/\/congtybinhminh.com\/index.php?rest_route=%2Fwp%2Fv2%2Fcomments&post=10065"}],"wp:featuredmedia":[{"embeddable":true,"href":"https:\/\/congtybinhminh.com\/index.php?rest_route=\/wp\/v2\/media\/10066"}],"wp:attachment":[{"href":"https:\/\/congtybinhminh.com\/index.php?rest_route=%2Fwp%2Fv2%2Fmedia&parent=10065"}],"wp:term":[{"taxonomy":"product_brand","embeddable":true,"href":"https:\/\/congtybinhminh.com\/index.php?rest_route=%2Fwp%2Fv2%2Fproduct_brand&post=10065"},{"taxonomy":"product_cat","embeddable":true,"href":"https:\/\/congtybinhminh.com\/index.php?rest_route=%2Fwp%2Fv2%2Fproduct_cat&post=10065"},{"taxonomy":"product_tag","embeddable":true,"href":"https:\/\/congtybinhminh.com\/index.php?rest_route=%2Fwp%2Fv2%2Fproduct_tag&post=10065"}],"curies":[{"name":"wp","href":"https:\/\/api.w.org\/{rel}","templated":true}]}}